000
CDUS45 KGJT 220745
CLIGJT


CLIMATE REPORT
NATIONAL WEATHER SERVICE GRAND JUNCTION CO
130 AM MDT WED OCT 22 2014


...................................

...THE GRAND JUNCTION CO CLIMATE SUMMARY FOR OCTOBER 21 2014...

CLIMATE NORMAL PERIOD 1981 TO 2010
CLIMATE RECORD PERIOD 1893 TO 2014


WEATHER ITEM   OBSERVED TIME   RECORD YEAR NORMAL DEPARTURE LAST
                VALUE   (LST)  VALUE       VALUE  FROM      YEAR
                                                  NORMAL
..................................................................
TEMPERATURE (F)
 YESTERDAY
  MAXIMUM         71   1152 AM  80    2003  64      7       62
  MINIMUM         51   1159 PM  22    1905  38     13       32
  AVERAGE         61                        51     10       47

PRECIPITATION (IN)
  YESTERDAY        T             0.50 2010   0.03  -0.03     0.00
  MONTH TO DATE    0.57                      0.75  -0.18     0.93
  SINCE SEP 1      2.41                      1.94   0.47     4.02
  SINCE JAN 1     10.50                      7.79   2.71     9.99

SNOWFALL (IN)
  YESTERDAY        0.0           1.0  1908   0.0    0.0      0.0
  MONTH TO DATE    0.0                       0.2   -0.2      0.1
  SINCE SEP 1      0.0                       0.2   -0.2      0.1
  SINCE JUL 1      0.0                       0.2   -0.2      0.1
  SNOW DEPTH       0

DEGREE DAYS
 HEATING
  YESTERDAY        4                        14    -10       18
  MONTH TO DATE  199                       210    -11      329
  SINCE SEP 1    240                       281    -41      411
  SINCE JUL 1    245                       284    -39      411

 COOLING
  YESTERDAY        0                         0      0        0
  MONTH TO DATE    0                         1     -1        0
  SINCE SEP 1    120                       104     16      143
  SINCE JAN 1   1046                      1123    -77     1269
..................................................................


WIND (MPH)
  HIGHEST WIND SPEED    18   HIGHEST WIND DIRECTION     W (290)
  HIGHEST GUST SPEED    24   HIGHEST GUST DIRECTION     W (290)
  AVERAGE WIND SPEED    10.4


SKY COVER
  POSSIBLE SUNSHINE  MM
  AVERAGE SKY COVER 0.5


WEATHER CONDITIONS
 THE FOLLOWING WEATHER WAS RECORDED YESTERDAY.
  THUNDERSTORM
  LIGHT RAIN


RELATIVE HUMIDITY (PERCENT)
 HIGHEST    83           800 PM
 LOWEST     37           100 PM
 AVERAGE    60

..........................................................


THE GRAND JUNCTION CO CLIMATE NORMALS FOR TODAY
                         NORMAL    RECORD    YEAR
 MAXIMUM TEMPERATURE (F)   64        79      2003
 MINIMUM TEMPERATURE (F)   38        20      1996


SUNRISE AND SUNSET
OCTOBER 22 2014.......SUNRISE   731 AM MDT   SUNSET   626 PM MDT
OCTOBER 23 2014.......SUNRISE   732 AM MDT   SUNSET   624 PM MDT


-  INDICATES NEGATIVE NUMBERS.
R  INDICATES RECORD WAS SET OR TIED.
MM INDICATES DATA IS MISSING.
T  INDICATES TRACE AMOUNT.




$$
