000
CDUS45 KGJT 220823
CLIGJT


CLIMATE REPORT
NATIONAL WEATHER SERVICE GRAND JUNCTION CO
121 AM MST WED FEB 22 2017


...................................

...THE GRAND JUNCTION CO CLIMATE SUMMARY FOR FEBRUARY 21 2017...

CLIMATE NORMAL PERIOD 1981 TO 2010
CLIMATE RECORD PERIOD 1893 TO 2017


WEATHER ITEM   OBSERVED TIME   RECORD YEAR NORMAL DEPARTURE LAST
                VALUE   (LST)  VALUE       VALUE  FROM      YEAR
                                                  NORMAL
..................................................................
TEMPERATURE (F)
 YESTERDAY
  MAXIMUM         62    120 PM  66    1958  48     14       56
  MINIMUM         40    617 AM  -2    1903  26     14       28
  AVERAGE         51                        37     14       42

PRECIPITATION (IN)
  YESTERDAY        0.00          0.48 1996   0.03  -0.03     0.00
  MONTH TO DATE    0.34                      0.39  -0.05     0.44
  SINCE DEC 1      2.08                      1.56   0.52     2.05
  SINCE JAN 1      1.35                      0.97   0.38     1.36

SNOWFALL (IN)
  YESTERDAY        0.0           1.9  1952   0.1   -0.1      0.0
  MONTH TO DATE    0.0                       2.6   -2.6      4.7
  SINCE DEC 1     11.2                      12.4   -1.2     24.0
  SINCE JUL 1     11.7                      14.9   -3.2     27.4
  SNOW DEPTH       0

DEGREE DAYS
 HEATING
  YESTERDAY       14                        28    -14       23
  MONTH TO DATE  437                       667   -230      750
  SINCE DEC 1   2568                      2965   -397     3238
  SINCE JUL 1   3438                      4193   -755     4287

 COOLING
  YESTERDAY        0                         0      0        0
  MONTH TO DATE    0                         0      0        0
  SINCE DEC 1      0                         0      0        0
  SINCE JAN 1      0                         0      0        0
..................................................................


WIND (MPH)
  HIGHEST WIND SPEED    17   HIGHEST WIND DIRECTION    SW (240)
  HIGHEST GUST SPEED    24   HIGHEST GUST DIRECTION     W (260)
  AVERAGE WIND SPEED     6.9


SKY COVER
  POSSIBLE SUNSHINE  MM
  AVERAGE SKY COVER 0.3


WEATHER CONDITIONS
 THE FOLLOWING WEATHER WAS RECORDED YESTERDAY.
  NO SIGNIFICANT WEATHER WAS OBSERVED.


RELATIVE HUMIDITY (PERCENT)
 HIGHEST    79           200 AM
 LOWEST     41          1100 PM
 AVERAGE    60

..........................................................


THE GRAND JUNCTION CO CLIMATE NORMALS FOR TODAY
                         NORMAL    RECORD    YEAR
 MAXIMUM TEMPERATURE (F)   49        66      1995
 MINIMUM TEMPERATURE (F)   26         1      1955
                                             1903


SUNRISE AND SUNSET
FEBRUARY 22 2017......SUNRISE   656 AM MST   SUNSET   600 PM MST
FEBRUARY 23 2017......SUNRISE   655 AM MST   SUNSET   601 PM MST


-  INDICATES NEGATIVE NUMBERS.
R  INDICATES RECORD WAS SET OR TIED.
MM INDICATES DATA IS MISSING.
T  INDICATES TRACE AMOUNT.




$$
