000
CDUS45 KGJT 290743
CLIGJT


CLIMATE REPORT
NATIONAL WEATHER SERVICE GRAND JUNCTION CO
140 AM MDT THU JUN 29 2017


...................................

...THE GRAND JUNCTION CO CLIMATE SUMMARY FOR JUNE 28 2017...

CLIMATE NORMAL PERIOD 1981 TO 2010
CLIMATE RECORD PERIOD 1893 TO 2017


WEATHER ITEM   OBSERVED TIME   RECORD YEAR NORMAL DEPARTURE LAST
                VALUE   (LST)  VALUE       VALUE  FROM      YEAR
                                                  NORMAL
..................................................................
TEMPERATURE (F)
 YESTERDAY
  MAXIMUM         97    321 PM 104    1900  92      5       98
  MINIMUM         64    459 AM  46    1942  60      4       66
  AVERAGE         81                        76      5       82

PRECIPITATION (IN)
  YESTERDAY        0.00          0.43 1927   0.01  -0.01     0.00
  MONTH TO DATE    0.03                      0.43  -0.40     0.02
  SINCE JUN 1      0.03                      0.43  -0.40     0.02
  SINCE JAN 1      2.86                      4.26  -1.40     4.99

SNOWFALL (IN)
  YESTERDAY        0.0           0.0  2016   0.0    0.0      0.0
  MONTH TO DATE    0.0                       0.0    0.0      0.0
  SINCE JUN 1      0.0                       0.0    0.0      0.0
  SINCE JUL 1     13.9                      19.1   -5.2     28.5
  SNOW DEPTH       0

DEGREE DAYS
 HEATING
  YESTERDAY        0                         0      0        0
  MONTH TO DATE    4                        20    -16        1
  SINCE JUN 1      4                        20    -16        1
  SINCE JUL 1   4625                      5609   -984     5715

 COOLING
  YESTERDAY       16                        11      5       17
  MONTH TO DATE  353                       208    145      324
  SINCE JUN 1    353                       208    145      324
  SINCE JAN 1    399                       259    140      337
..................................................................


WIND (MPH)
  HIGHEST WIND SPEED    21   HIGHEST WIND DIRECTION     W (280)
  HIGHEST GUST SPEED    29   HIGHEST GUST DIRECTION     W (260)
  AVERAGE WIND SPEED     8.6


SKY COVER
  POSSIBLE SUNSHINE  MM
  AVERAGE SKY COVER 0.0


WEATHER CONDITIONS
 THE FOLLOWING WEATHER WAS RECORDED YESTERDAY.
  NO SIGNIFICANT WEATHER WAS OBSERVED.


RELATIVE HUMIDITY (PERCENT)
 HIGHEST    26           500 AM
 LOWEST      5           300 PM
 AVERAGE    16

..........................................................


THE GRAND JUNCTION CO CLIMATE NORMALS FOR TODAY
                         NORMAL    RECORD    YEAR
 MAXIMUM TEMPERATURE (F)   92       103      1990
 MINIMUM TEMPERATURE (F)   61        46      1902


SUNRISE AND SUNSET
JUNE 29 2017..........SUNRISE   551 AM MDT   SUNSET   844 PM MDT
JUNE 30 2017..........SUNRISE   552 AM MDT   SUNSET   844 PM MDT


-  INDICATES NEGATIVE NUMBERS.
R  INDICATES RECORD WAS SET OR TIED.
MM INDICATES DATA IS MISSING.
T  INDICATES TRACE AMOUNT.




$$
