000
CDUS45 KGJT 280736
CLIGJT


CLIMATE REPORT
NATIONAL WEATHER SERVICE GRAND JUNCTION CO
133 AM MDT THU AUG 28 2014


...................................

...THE GRAND JUNCTION CO CLIMATE SUMMARY FOR AUGUST 27 2014...

CLIMATE NORMAL PERIOD 1981 TO 2010
CLIMATE RECORD PERIOD 1893 TO 2014


WEATHER ITEM   OBSERVED TIME   RECORD YEAR NORMAL DEPARTURE LAST
                VALUE   (LST)  VALUE       VALUE  FROM      YEAR
                                                  NORMAL
..................................................................
TEMPERATURE (F)
 YESTERDAY
  MAXIMUM         71    241 PM  97    2001  88    -17       84
                                      1969
  MINIMUM         57   1153 AM  45    1992  59     -2       60
  AVERAGE         64                        73     -9       72

PRECIPITATION (IN)
  YESTERDAY        0.26          0.51 1953   0.03   0.23      T
  MONTH TO DATE    3.15                      0.81   2.34     1.18
  SINCE JUN 1      4.30                      1.88   2.42     2.56
  SINCE JAN 1      8.08                      5.71   2.37     5.97

SNOWFALL (IN)
  YESTERDAY        0.0           0.0  2013   0.0    0.0      0.0
  MONTH TO DATE    0.0                       0.0    0.0      0.0
  SINCE JUN 1      0.0                       0.0    0.0      0.0
  SINCE JUL 1      0.0                       0.0    0.0      0.0
  SNOW DEPTH       0

DEGREE DAYS
 HEATING
  YESTERDAY        1                         0      1        0
  MONTH TO DATE    5                         0      5        0
  SINCE JUN 1     24                        23      1        5
  SINCE JUL 1      5                         1      4        0

 COOLING
  YESTERDAY        0                         8     -8        7
  MONTH TO DATE  200                       296    -96      249
  SINCE JUN 1    848                       937    -89     1016
  SINCE JAN 1    907                       988    -81     1071
..................................................................


WIND (MPH)
  HIGHEST WIND SPEED    25   HIGHEST WIND DIRECTION    NW (330)
  HIGHEST GUST SPEED    28   HIGHEST GUST DIRECTION    NW (330)
  AVERAGE WIND SPEED     6.4


SKY COVER
  POSSIBLE SUNSHINE  MM
  AVERAGE SKY COVER 0.8


WEATHER CONDITIONS
 THE FOLLOWING WEATHER WAS RECORDED YESTERDAY.
  THUNDERSTORM
  HEAVY RAIN
  LIGHT RAIN
  FOG


RELATIVE HUMIDITY (PERCENT)
 HIGHEST    93           200 AM
 LOWEST     53           300 PM
 AVERAGE    73

..........................................................


THE GRAND JUNCTION CO CLIMATE NORMALS FOR TODAY
                         NORMAL    RECORD    YEAR
 MAXIMUM TEMPERATURE (F)   87        97      1948
 MINIMUM TEMPERATURE (F)   59        48      1964
                                             1920


SUNRISE AND SUNSET
AUGUST 28 2014........SUNRISE   639 AM MDT   SUNSET   751 PM MDT
AUGUST 29 2014........SUNRISE   640 AM MDT   SUNSET   749 PM MDT


-  INDICATES NEGATIVE NUMBERS.
R  INDICATES RECORD WAS SET OR TIED.
MM INDICATES DATA IS MISSING.
T  INDICATES TRACE AMOUNT.




$$
