000
CDUS45 KGJT 072331
CLIGJT


CLIMATE REPORT
NATIONAL WEATHER SERVICE GRAND JUNCTION CO
526 PM MDT TUE JUL 7 2015


...................................

...THE GRAND JUNCTION CO CLIMATE SUMMARY FOR JULY 7 2015...
VALID TODAY AS OF 0500 PM LOCAL TIME.

CLIMATE NORMAL PERIOD 1981 TO 2010
CLIMATE RECORD PERIOD 1893 TO 2015


WEATHER ITEM   OBSERVED TIME   RECORD YEAR NORMAL DEPARTURE LAST
                VALUE   (LST)  VALUE       VALUE  FROM      YEAR
                                                  NORMAL
..................................................................
TEMPERATURE (F)
 TODAY
  MAXIMUM         73   1251 PM 103    1989  93    -20       98
  MINIMUM         63   1104 AM  53    1902  62      1       66
  AVERAGE         68                        78    -10       82

PRECIPITATION (IN)
  TODAY            0.06          0.48 2012   0.01   0.05      T
  MONTH TO DATE    0.29                      0.10   0.19      T
  SINCE JUN 1      1.48                      0.56   0.92     0.13
  SINCE JAN 1      6.58                      4.39   2.19     3.91

SNOWFALL (IN)
  TODAY            0.0           0.0  2014   0.0    0.0      0.0
  MONTH TO DATE    0.0                       0.0    0.0      0.0
  SINCE JUN 1      0.0                       0.0    0.0      0.0
  SINCE JUL 1      0.0                       0.0    0.0      0.0
  SNOW DEPTH       0

DEGREE DAYS
 HEATING
  TODAY            0                         0      0        0
  MONTH TO DATE    0                         0      0        0
  SINCE JUN 1     12                        22    -10       19
  SINCE JUL 1      0                         0      0        0

 COOLING
  TODAY            3                        13    -10       17
  MONTH TO DATE   89                        87      2      109
  SINCE JUN 1    379                       318     61      307
  SINCE JAN 1    387                       369     18      366
..................................................................


WIND (MPH)
  HIGHEST WIND SPEED    15   HIGHEST WIND DIRECTION    NW (310)
  HIGHEST GUST SPEED    17   HIGHEST GUST DIRECTION    NW (300)
  AVERAGE WIND SPEED     4.5


SKY COVER
  POSSIBLE SUNSHINE  MM
  AVERAGE SKY COVER 0.5


WEATHER CONDITIONS
 THE FOLLOWING WEATHER WAS RECORDED TODAY.
  THUNDERSTORM
  LIGHT RAIN
  FOG


RELATIVE HUMIDITY (PERCENT)
 HIGHEST    84          1100 AM
 LOWEST     57           100 PM
 AVERAGE    71

..........................................................


THE GRAND JUNCTION CO CLIMATE NORMALS FOR TOMORROW
                         NORMAL    RECORD    YEAR
 MAXIMUM TEMPERATURE (F)   93       104      1989
 MINIMUM TEMPERATURE (F)   63        54      1906


SUNRISE AND SUNSET
JULY  7 2015..........SUNRISE   555 AM MDT   SUNSET   843 PM MDT
JULY  8 2015..........SUNRISE   556 AM MDT   SUNSET   842 PM MDT


-  INDICATES NEGATIVE NUMBERS.
R  INDICATES RECORD WAS SET OR TIED.
MM INDICATES DATA IS MISSING.
T  INDICATES TRACE AMOUNT.




$$
