000
CDUS45 KGJT 220751
CLIGJT


CLIMATE REPORT
NATIONAL WEATHER SERVICE GRAND JUNCTION CO
1249 AM MST MON JAN 22 2018


...................................

...THE GRAND JUNCTION CO CLIMATE SUMMARY FOR JANUARY 21 2018...

CLIMATE NORMAL PERIOD 1981 TO 2010
CLIMATE RECORD PERIOD 1893 TO 2018


WEATHER ITEM   OBSERVED TIME   RECORD YEAR NORMAL DEPARTURE LAST
                VALUE   (LST)  VALUE       VALUE  FROM      YEAR
                                                  NORMAL
..................................................................
TEMPERATURE (F)
 YESTERDAY
  MAXIMUM         35   1227 AM  54    1964  38     -3       36
  MINIMUM         12   1159 PM -10    1930  17     -5       30
  AVERAGE         24                        28     -4       33

PRECIPITATION (IN)
  YESTERDAY        0.41R         0.27 1927   0.02   0.39     0.10
  MONTH TO DATE    0.76                      0.41   0.35     0.92
  SINCE DEC 1      0.80                      1.00  -0.20     1.65
  SINCE JAN 1      0.76                      0.41   0.35     0.92

SNOWFALL (IN)
  YESTERDAY        3.4 R         3.1  1974   0.1    3.3      1.1
  MONTH TO DATE    4.3                       3.6    0.7      6.3
  SINCE DEC 1      4.4                       8.5   -4.1      9.8
  SINCE JUL 1      4.4                      11.0   -6.6     10.3
  SNOW DEPTH       2

DEGREE DAYS
 HEATING
  YESTERDAY       41                        37      4       32
  MONTH TO DATE  676                       801   -125      711
  SINCE DEC 1   1706                      1932   -226     1788
  SINCE JUL 1   2820                      3160   -340     2658

 COOLING
  YESTERDAY        0                         0      0        0
  MONTH TO DATE    0                         0      0        0
  SINCE DEC 1      0                         0      0        0
  SINCE JAN 1      0                         0      0        0
..................................................................


WIND (MPH)
  HIGHEST WIND SPEED    25   HIGHEST WIND DIRECTION    NW (310)
  HIGHEST GUST SPEED    28   HIGHEST GUST DIRECTION    NW (320)
  AVERAGE WIND SPEED    10.4


SKY COVER
  POSSIBLE SUNSHINE  MM
  AVERAGE SKY COVER 0.8


WEATHER CONDITIONS
 THE FOLLOWING WEATHER WAS RECORDED YESTERDAY.
  LIGHT RAIN
  SNOW
  LIGHT SNOW
  FOG


RELATIVE HUMIDITY (PERCENT)
 HIGHEST   100          1200 AM
 LOWEST     69           300 PM
 AVERAGE    85

..........................................................


THE GRAND JUNCTION CO CLIMATE NORMALS FOR TODAY
                         NORMAL    RECORD    YEAR
 MAXIMUM TEMPERATURE (F)   38        54      1981
 MINIMUM TEMPERATURE (F)   17       -18      1930


SUNRISE AND SUNSET
JANUARY 22 2018.......SUNRISE   728 AM MST   SUNSET   524 PM MST
JANUARY 23 2018.......SUNRISE   728 AM MST   SUNSET   525 PM MST


-  INDICATES NEGATIVE NUMBERS.
R  INDICATES RECORD WAS SET OR TIED.
MM INDICATES DATA IS MISSING.
T  INDICATES TRACE AMOUNT.




$$
