000
CDUS45 KGJT 260754
CLIGJT


CLIMATE REPORT
NATIONAL WEATHER SERVICE GRAND JUNCTION CO
130 AM MDT THU MAY 26 2016


...................................

...THE GRAND JUNCTION CO CLIMATE SUMMARY FOR MAY 25 2016...

CLIMATE NORMAL PERIOD 1981 TO 2010
CLIMATE RECORD PERIOD 1893 TO 2016


WEATHER ITEM   OBSERVED TIME   RECORD YEAR NORMAL DEPARTURE LAST
                VALUE   (LST)  VALUE       VALUE  FROM      YEAR
                                                  NORMAL
..................................................................
TEMPERATURE (F)
 YESTERDAY
  MAXIMUM         74    401 PM  92    2006  79     -5       67
                                      2001
  MINIMUM         48    556 AM  36    2010  50     -2       46
  AVERAGE         61                        64     -3       57

PRECIPITATION (IN)
  YESTERDAY        0.00          0.83 1997   0.03  -0.03     0.11
  MONTH TO DATE    0.85                      0.74   0.11     1.71
  SINCE MAR 1      3.54                      2.57   0.97     4.10
  SINCE JAN 1      4.91                      3.69   1.22     4.96

SNOWFALL (IN)
  YESTERDAY        0.0           0.0  2015   0.0    0.0      0.0
  MONTH TO DATE    T                         0.1   -0.1      0.1
  SINCE MAR 1      1.1                       3.6   -2.5      4.0
  SINCE JUL 1     28.5                      19.1    9.4     12.6
  SNOW DEPTH       0

DEGREE DAYS
 HEATING
  YESTERDAY        4                         3      1        8
  MONTH TO DATE  174                       140     34      204
  SINCE MAR 1   1218                      1195     23     1159
  SINCE JUL 1   5696                      5574    122     5144

 COOLING
  YESTERDAY        0                         2     -2        0
  MONTH TO DATE   12                        30    -18        2
  SINCE MAR 1     12                        33    -21        2
  SINCE JAN 1     12                        33    -21        2
..................................................................


WIND (MPH)
  HIGHEST WIND SPEED    16   HIGHEST WIND DIRECTION    NW (330)
  HIGHEST GUST SPEED    26   HIGHEST GUST DIRECTION     W (270)
  AVERAGE WIND SPEED     6.2


SKY COVER
  POSSIBLE SUNSHINE  MM
  AVERAGE SKY COVER 0.0


WEATHER CONDITIONS
 THE FOLLOWING WEATHER WAS RECORDED YESTERDAY.
  NO SIGNIFICANT WEATHER WAS OBSERVED.


RELATIVE HUMIDITY (PERCENT)
 HIGHEST    50           400 AM
 LOWEST     11           700 PM
 AVERAGE    31

..........................................................


THE GRAND JUNCTION CO CLIMATE NORMALS FOR TODAY
                         NORMAL    RECORD    YEAR
 MAXIMUM TEMPERATURE (F)   80        93      1969
                                             1958
 MINIMUM TEMPERATURE (F)   50        34      1980


SUNRISE AND SUNSET
MAY 26 2016...........SUNRISE   553 AM MDT   SUNSET   830 PM MDT
MAY 27 2016...........SUNRISE   552 AM MDT   SUNSET   831 PM MDT


-  INDICATES NEGATIVE NUMBERS.
R  INDICATES RECORD WAS SET OR TIED.
MM INDICATES DATA IS MISSING.
T  INDICATES TRACE AMOUNT.




$$
