000
CDUS43 KGLD 300744
CLIGLD

CLIMATE REPORT
NATIONAL WEATHER SERVICE GOODLAND
141 AM MDT THU OCT 30 2014

...................................

...THE GOODLAND KS CLIMATE SUMMARY FOR OCTOBER 29 2014...

CLIMATE NORMAL PERIOD 1981 TO 2010
CLIMATE RECORD PERIOD 1895 TO 2014

WEATHER ITEM   OBSERVED TIME   RECORD YEAR NORMAL DEPARTURE LAST
                VALUE   (LST)  VALUE       VALUE  FROM      YEAR
                                                  NORMAL
..................................................................
TEMPERATURE (F)
 YESTERDAY
  MAXIMUM         73    316 PM  90    2003  61     12       43
  MINIMUM         26    605 AM   1    1917  33     -7       35
  AVERAGE         50                        47      3       39

PRECIPITATION (IN)
  YESTERDAY        0.00          1.00 1896   0.03  -0.03      T
  MONTH TO DATE    0.44                      1.30  -0.86     1.23
  SINCE SEP 1      2.49                      2.52  -0.03     7.72
  SINCE JAN 1     16.39                     18.42  -2.03    16.51

SNOWFALL (IN)
  YESTERDAY        0.0                       0.1   -0.1      0.0
  MONTH TO DATE    0.0                       2.0   -2.0      4.0
  SINCE SEP 1      T                         2.4   -2.4      4.0
  SINCE JUL 1      T                         2.4   -2.4      4.0
  SNOW DEPTH       0

DEGREE DAYS
 HEATING
  YESTERDAY       15                        18     -3       26
  MONTH TO DATE  270                       377   -107      420
  SINCE SEP 1    370                       489   -119      467
  SINCE JUL 1    383                       501   -118      474

 COOLING
  YESTERDAY        0                         0      0        0
  MONTH TO DATE    1                         5     -4        0
  SINCE SEP 1    118                       105     13      183
  SINCE JAN 1    920                       938    -18     1181
..................................................................

WIND (MPH)
  HIGHEST WIND SPEED    18   HIGHEST WIND DIRECTION     W (250)
  HIGHEST GUST SPEED    23   HIGHEST GUST DIRECTION    SW (240)
  AVERAGE WIND SPEED    7.4


SKY COVER
  AVERAGE SKY COVER 0.0


WEATHER CONDITIONS
 THE FOLLOWING WEATHER WAS RECORDED YESTERDAY.
  NO SIGNIFICANT WEATHER WAS OBSERVED.


RELATIVE HUMIDITY (PERCENT)
 HIGHEST    81
 LOWEST     13
 AVERAGE    47

..........................................................


THE GOODLAND KS CLIMATE NORMALS FOR TODAY
                         NORMAL    RECORD    YEAR
 MAXIMUM TEMPERATURE (F)   61        91      1950
 MINIMUM TEMPERATURE (F)   33         7      1993


SUNRISE AND SUNSET
OCTOBER 30 2014.......SUNRISE   713 AM MDT   SUNSET   548 PM MDT
OCTOBER 31 2014.......SUNRISE   714 AM MDT   SUNSET   547 PM MDT


-  INDICATES NEGATIVE NUMBERS.
R  INDICATES RECORD WAS SET OR TIED.
MM INDICATES DATA IS MISSING.
T  INDICATES TRACE AMOUNT.

&&

THE AVERAGE SOIL TEMPERATURE AT THE FOUR INCH DEPTH... 53

$$
