000
CDUS43 KGLD 240740
CLIGLD

CLIMATE REPORT
NATIONAL WEATHER SERVICE GOODLAND
137 AM MDT THU JUL 24 2014

...................................

...THE GOODLAND KS CLIMATE SUMMARY FOR JULY 23 2014...

CLIMATE NORMAL PERIOD 1981 TO 2010
CLIMATE RECORD PERIOD 1895 TO 2014

WEATHER ITEM   OBSERVED TIME   RECORD YEAR NORMAL DEPARTURE LAST
                VALUE   (LST)  VALUE       VALUE  FROM      YEAR
                                                  NORMAL
..................................................................
TEMPERATURE (F)
 YESTERDAY
  MAXIMUM         91    433 PM 110    1936  90      1       91
  MINIMUM         67    953 AM  51    1950  62      5       60
  AVERAGE         79                        76      3       76

PRECIPITATION (IN)
  YESTERDAY        0.00          2.11 1980   0.11  -0.11     0.00
  MONTH TO DATE    1.73                      2.57  -0.84     0.16
  SINCE JUN 1      7.26                      5.82   1.44     3.20
  SINCE JAN 1     10.80                     12.30  -1.50     7.56

SNOWFALL (IN)
  YESTERDAY        0.0                       0.0    0.0      0.0
  MONTH TO DATE    0.0                       0.0    0.0      0.0
  SINCE JUN 1      0.0                       0.0    0.0      0.0
  SINCE JUL 1      0.0                       0.0    0.0      0.0
  SNOW DEPTH       0

DEGREE DAYS
 HEATING
  YESTERDAY        0                         0      0        0
  MONTH TO DATE   13                         0     13        0
  SINCE JUN 1     51                        37     14       31
  SINCE JUL 1     13                         0     13        0

 COOLING
  YESTERDAY       14                        11      3       11
  MONTH TO DATE  222                       246    -24      272
  SINCE JUN 1    371                       425    -54      529
  SINCE JAN 1    417                       466    -49      618
..................................................................

WIND (MPH)
  HIGHEST WIND SPEED    29   HIGHEST WIND DIRECTION     E (90)
  HIGHEST GUST SPEED    36   HIGHEST GUST DIRECTION     E (80)
  AVERAGE WIND SPEED    14.3


SKY COVER
  AVERAGE SKY COVER 0.3


WEATHER CONDITIONS
 THE FOLLOWING WEATHER WAS RECORDED YESTERDAY.
  FOG


RELATIVE HUMIDITY (PERCENT)
 HIGHEST    97
 LOWEST     37
 AVERAGE    67

..........................................................


THE GOODLAND KS CLIMATE NORMALS FOR TODAY
                         NORMAL    RECORD    YEAR
 MAXIMUM TEMPERATURE (F)   90       110      1940
                                             1936
 MINIMUM TEMPERATURE (F)   62        53      2004


SUNRISE AND SUNSET
JULY 24 2014..........SUNRISE   540 AM MDT   SUNSET   806 PM MDT
JULY 25 2014..........SUNRISE   541 AM MDT   SUNSET   806 PM MDT


-  INDICATES NEGATIVE NUMBERS.
R  INDICATES RECORD WAS SET OR TIED.
MM INDICATES DATA IS MISSING.
T  INDICATES TRACE AMOUNT.

&&

THE AVERAGE SOIL TEMPERATURE AT THE FOUR INCH DEPTH... 76

$$
