000
CDUS44 KJAN 250738
CLIGLH


CLIMATE REPORT
NATIONAL WEATHER SERVICE JACKSON MS
233 AM CDT TUE APR 25 2017


...................................

...THE GREENVILLE CLIMATE SUMMARY FOR APRIL 24 2017...

CLIMATE NORMAL PERIOD 1981 TO 2010
CLIMATE RECORD PERIOD 1920 TO 2017


WEATHER ITEM   OBSERVED TIME   RECORD YEAR NORMAL DEPARTURE LAST
                VALUE   (LST)  VALUE       VALUE  FROM      YEAR
                                                  NORMAL
..................................................................
TEMPERATURE (F)
 YESTERDAY
  MAXIMUM         75    435 PM  91    1953  77     -2       83
  MINIMUM         49    525 AM  43    2013  55     -6       55
                                      2012
                                      2005
  AVERAGE         62                        66     -4       69

PRECIPITATION (IN)
  YESTERDAY        0.00          2.65 1979   0.14  -0.14     0.00
  MONTH TO DATE    2.79                      3.96  -1.17     1.61
  SINCE MAR 1      4.65                      8.51  -3.86    18.93
  SINCE JAN 1     12.68                     18.50  -5.82    25.44

SNOWFALL (IN)
  YESTERDAY        0.0

DEGREE DAYS
 HEATING
  YESTERDAY        3                         2      1        0
  MONTH TO DATE   36                       107    -71       52
  SINCE MAR 1    273                       443   -170      238
  SINCE JUL 1   1806                      2752   -946     1918

 COOLING
  YESTERDAY        0                         3     -3        4
  MONTH TO DATE   90                        42     48       38
  SINCE MAR 1    135                        59     76       73
  SINCE JAN 1    164                        64    100       77
..................................................................


WIND (MPH)
  HIGHEST WIND SPEED    17   HIGHEST WIND DIRECTION    NW (320)
  HIGHEST GUST SPEED    22   HIGHEST GUST DIRECTION    NW (320)
  AVERAGE WIND SPEED     7.0


SKY COVER
  POSSIBLE SUNSHINE  MM
  AVERAGE SKY COVER 0.0


WEATHER CONDITIONS
 THE FOLLOWING WEATHER WAS RECORDED YESTERDAY.
  NO SIGNIFICANT WEATHER WAS OBSERVED.


RELATIVE HUMIDITY (PERCENT)
 HIGHEST    89          1200 AM
 LOWEST     35           400 PM
 AVERAGE    62

..........................................................


THE GREENVILLE CLIMATE NORMALS FOR TODAY
                         NORMAL    RECORD    YEAR
 MAXIMUM TEMPERATURE (F)   77        91      1965
 MINIMUM TEMPERATURE (F)   56        37      2013


SUNRISE AND SUNSET
APRIL 25 2017.........SUNRISE   622 AM CDT   SUNSET   743 PM CDT
APRIL 26 2017.........SUNRISE   621 AM CDT   SUNSET   743 PM CDT


-  INDICATES NEGATIVE NUMBERS.
R  INDICATES RECORD WAS SET OR TIED.
MM INDICATES DATA IS MISSING.
T  INDICATES TRACE AMOUNT.




$$
