000
CDUS44 KJAN 020746
CLIGLH


CLIMATE REPORT
NATIONAL WEATHER SERVICE JACKSON MS
144 AM CST MON MAR 2 2015


...................................

...THE GREENVILLE CLIMATE SUMMARY FOR MARCH 1 2015...

CLIMATE NORMAL PERIOD 1981 TO 2010
CLIMATE RECORD PERIOD 1920 TO 2015


WEATHER ITEM   OBSERVED TIME   RECORD YEAR NORMAL DEPARTURE LAST
                VALUE   (LST)  VALUE       VALUE  FROM      YEAR
                                                  NORMAL
..................................................................
TEMPERATURE (F)
 YESTERDAY
  MAXIMUM         44    929 PM  83    1932  61    -17       74
  MINIMUM         36    707 AM  22    1980  41     -5       49
  AVERAGE         40                        51    -11       62

PRECIPITATION (IN)
  YESTERDAY        0.42          3.82 1922   0.13   0.29     0.00
  MONTH TO DATE    0.42                      0.13   0.29     0.00
  SINCE MAR 1      0.42                      0.13   0.29     0.00
  SINCE JAN 1      6.87                     10.12  -3.25     4.30

SNOWFALL (IN)
  YESTERDAY        0.0

DEGREE DAYS
 HEATING
  YESTERDAY       25                        15     10        3
  MONTH TO DATE   25                        15     10        3
  SINCE MAR 1     25                        15     10        3
  SINCE JUL 1   2512                      2324    188     2610

 COOLING
  YESTERDAY        0                         0      0        0
  MONTH TO DATE    0                         0      0        0
  SINCE MAR 1      0                         0      0        0
  SINCE JAN 1      0                         5     -5        0
..................................................................


WIND (MPH)
  HIGHEST WIND SPEED    13   HIGHEST WIND DIRECTION     N (10)
  HIGHEST GUST SPEED    16   HIGHEST GUST DIRECTION     N (20)
  AVERAGE WIND SPEED     8.9


SKY COVER
  POSSIBLE SUNSHINE  MM
  AVERAGE SKY COVER 0.9


WEATHER CONDITIONS
 THE FOLLOWING WEATHER WAS RECORDED YESTERDAY.
  HEAVY RAIN
  RAIN
  LIGHT RAIN
  FOG


RELATIVE HUMIDITY (PERCENT)
 HIGHEST   100           200 PM
 LOWEST     76           300 AM
 AVERAGE    88

..........................................................


THE GREENVILLE CLIMATE NORMALS FOR TODAY
                         NORMAL    RECORD    YEAR
 MAXIMUM TEMPERATURE (F)   61        82      2012
                                             1945
 MINIMUM TEMPERATURE (F)   41        19      1980


SUNRISE AND SUNSET
MARCH  2 2015.........SUNRISE   631 AM CST   SUNSET   601 PM CST
MARCH  3 2015.........SUNRISE   630 AM CST   SUNSET   602 PM CST


-  INDICATES NEGATIVE NUMBERS.
R  INDICATES RECORD WAS SET OR TIED.
MM INDICATES DATA IS MISSING.
T  INDICATES TRACE AMOUNT.




$$
