000
CDUS44 KJAN 010828
CLIGLH


CLIMATE REPORT
NATIONAL WEATHER SERVICE JACKSON MS
322 AM CDT TUE SEP 1 2015


...................................

...THE GREENVILLE CLIMATE SUMMARY FOR AUGUST 31 2015...

CLIMATE NORMAL PERIOD 1981 TO 2010
CLIMATE RECORD PERIOD 1920 TO 2015


WEATHER ITEM   OBSERVED TIME   RECORD YEAR NORMAL DEPARTURE LAST
                VALUE   (LST)  VALUE       VALUE  FROM      YEAR
                                                  NORMAL
..................................................................
TEMPERATURE (F)
 YESTERDAY
  MAXIMUM         96    237 PM 104    1985  91      5       89
  MINIMUM         69    528 AM  54    1946  69      0       74
  AVERAGE         83                        80      3       82

PRECIPITATION (IN)
  YESTERDAY        T             4.20 1950   0.11  -0.11     0.21
  MONTH TO DATE    1.76                      2.46  -0.70     3.90
  SINCE JUN 1      7.36                     10.30  -2.94    15.59
  SINCE JAN 1     27.33                     34.56  -7.23    39.72

SNOWFALL (IN)
  YESTERDAY        0.0

DEGREE DAYS
 HEATING
  YESTERDAY        0                         0      0        0
  MONTH TO DATE    0                         0      0        0
  SINCE JUN 1      0                         0      0        0
  SINCE JUL 1      0                         0      0        0

 COOLING
  YESTERDAY       18                        15      3       17
  MONTH TO DATE  507                       510     -3      488
  SINCE JUN 1   1583                      1457    126     1352
  SINCE JAN 1   1964                      1779    185     1667
..................................................................


WIND (MPH)
  HIGHEST WIND SPEED    13   HIGHEST WIND DIRECTION    SE (140)
  HIGHEST GUST SPEED    17   HIGHEST GUST DIRECTION    SE (140)
  AVERAGE WIND SPEED     4.0


SKY COVER
  POSSIBLE SUNSHINE  MM
  AVERAGE SKY COVER 0.1


WEATHER CONDITIONS
 THE FOLLOWING WEATHER WAS RECORDED YESTERDAY.
  LIGHT RAIN
  FOG
  HAZE


RELATIVE HUMIDITY (PERCENT)
 HIGHEST    93           300 AM
 LOWEST     34           100 PM
 AVERAGE    64

..........................................................


THE GREENVILLE CLIMATE NORMALS FOR TODAY
                         NORMAL    RECORD    YEAR
 MAXIMUM TEMPERATURE (F)   91       101      1952
                                             1947
 MINIMUM TEMPERATURE (F)   68        55      1987


SUNRISE AND SUNSET
SEPTEMBER  1 2015.....SUNRISE   638 AM CDT   SUNSET   730 PM CDT
SEPTEMBER  2 2015.....SUNRISE   638 AM CDT   SUNSET   728 PM CDT


-  INDICATES NEGATIVE NUMBERS.
R  INDICATES RECORD WAS SET OR TIED.
MM INDICATES DATA IS MISSING.
T  INDICATES TRACE AMOUNT.




$$
