000
CDUS44 KJAN 202107
CLIGLH


CLIMATE REPORT
NATIONAL WEATHER SERVICE JACKSON MS
406 PM CDT SAT SEP 20 2014


...................................

...THE GREENVILLE CLIMATE SUMMARY FOR SEPTEMBER 20 2014...
VALID TODAY AS OF 0400 PM LOCAL TIME.

CLIMATE NORMAL PERIOD 1981 TO 2010
CLIMATE RECORD PERIOD 1920 TO 2014


WEATHER ITEM   OBSERVED TIME   RECORD YEAR NORMAL DEPARTURE LAST
                VALUE   (LST)  VALUE       VALUE  FROM      YEAR
                                                  NORMAL
..................................................................
TEMPERATURE (F)
 TODAY
  MAXIMUM         93    233 PM 101    2005  85      8       82
  MINIMUM         65    601 AM  47    1991  61      4       71
  AVERAGE         79                        73      6       77

PRECIPITATION (IN)
  TODAY            0.00          4.75 1958   0.09  -0.09     1.85
  MONTH TO DATE    0.77                      2.05  -1.28     4.41
  SINCE SEP 1      0.77                      2.05  -1.28     4.41
  SINCE JAN 1     40.49                     36.61   3.88    33.39

SNOWFALL (IN)
  TODAY            0.0

DEGREE DAYS
 HEATING
  TODAY            0                         0      0        0
  MONTH TO DATE    0                         0      0        0
  SINCE SEP 1      0                         0      0        0
  SINCE JUL 1      0                         0      0        0

 COOLING
  TODAY           14                         9      5       12
  MONTH TO DATE  285                       233     52      306
  SINCE SEP 1    285                       233     52      306
  SINCE JAN 1   1952                      2012    -60     2033
..................................................................


WIND (MPH)
  HIGHEST WIND SPEED    12   HIGHEST WIND DIRECTION    SE (140)
  HIGHEST GUST SPEED    14   HIGHEST GUST DIRECTION     S (160)
  AVERAGE WIND SPEED     2.1


SKY COVER
  POSSIBLE SUNSHINE  MM
  AVERAGE SKY COVER 0.1


WEATHER CONDITIONS
 THE FOLLOWING WEATHER WAS RECORDED TODAY.
  NO SIGNIFICANT WEATHER WAS OBSERVED.


RELATIVE HUMIDITY (PERCENT)
 HIGHEST    93           500 AM
 LOWEST     36           200 PM
 AVERAGE    65

..........................................................


THE GREENVILLE CLIMATE NORMALS FOR TOMORROW
                         NORMAL    RECORD    YEAR
 MAXIMUM TEMPERATURE (F)   85       100      1925
 MINIMUM TEMPERATURE (F)   61        48      1991


SUNRISE AND SUNSET
SEPTEMBER 20 2014.....SUNRISE   651 AM CDT   SUNSET   703 PM CDT
SEPTEMBER 21 2014.....SUNRISE   651 AM CDT   SUNSET   702 PM CDT


-  INDICATES NEGATIVE NUMBERS.
R  INDICATES RECORD WAS SET OR TIED.
MM INDICATES DATA IS MISSING.
T  INDICATES TRACE AMOUNT.




$$
