488
CDUS44 KJAN 070648
CLIGLH


CLIMATE REPORT
NATIONAL WEATHER SERVICE JACKSON MS
1247 AM CST SUN FEB 7 2016


...................................

...THE GREENVILLE CLIMATE SUMMARY FOR FEBRUARY 6 2016...

CLIMATE NORMAL PERIOD 1981 TO 2010
CLIMATE RECORD PERIOD 1920 TO 2016


WEATHER ITEM   OBSERVED TIME   RECORD YEAR NORMAL DEPARTURE LAST
                VALUE   (LST)  VALUE       VALUE  FROM      YEAR
                                                  NORMAL
..................................................................
TEMPERATURE (F)
 YESTERDAY
  MAXIMUM         56    336 PM  78    1921  55      1       54
  MINIMUM         35   1148 PM  13    1988  34      1       22
  AVERAGE         46                        44      2       38

PRECIPITATION (IN)
  YESTERDAY        0.00          1.66 1946   0.20  -0.20     0.00
  MONTH TO DATE    1.43                      1.29   0.14     0.17
  SINCE DEC 1      8.31                     11.88  -3.57     7.65
  SINCE JAN 1      4.50                      6.26  -1.76     3.54

SNOWFALL (IN)
  YESTERDAY        0.0

DEGREE DAYS
 HEATING
  YESTERDAY       19                        21     -2       27
  MONTH TO DATE   88                       129    -41      151
  SINCE DEC 1   1095                      1456   -361     1380
  SINCE JUL 1   1345                      1918   -573     1920

 COOLING
  YESTERDAY        0                         0      0        0
  MONTH TO DATE    2                         0      2        0
  SINCE DEC 1     37                         4     33        0
  SINCE JAN 1      2                         1      1        0
..................................................................


WIND (MPH)
  HIGHEST WIND SPEED    10   HIGHEST WIND DIRECTION    NW (320)
  HIGHEST GUST SPEED    13   HIGHEST GUST DIRECTION    NW (310)
  AVERAGE WIND SPEED     3.0


SKY COVER
  POSSIBLE SUNSHINE  MM
  AVERAGE SKY COVER 0.0


WEATHER CONDITIONS
 THE FOLLOWING WEATHER WAS RECORDED YESTERDAY.
  NO SIGNIFICANT WEATHER WAS OBSERVED.


RELATIVE HUMIDITY (PERCENT)
 HIGHEST    76          1100 PM
 LOWEST     24           100 PM
 AVERAGE    50

..........................................................


THE GREENVILLE CLIMATE NORMALS FOR TODAY
                         NORMAL    RECORD    YEAR
 MAXIMUM TEMPERATURE (F)   55        78      1921
 MINIMUM TEMPERATURE (F)   34        16      1988


SUNRISE AND SUNSET
FEBRUARY  7 2016......SUNRISE   656 AM CST   SUNSET   541 PM CST
FEBRUARY  8 2016......SUNRISE   655 AM CST   SUNSET   542 PM CST


-  INDICATES NEGATIVE NUMBERS.
R  INDICATES RECORD WAS SET OR TIED.
MM INDICATES DATA IS MISSING.
T  INDICATES TRACE AMOUNT.




$$
