000
CDUS44 KJAN 060755
CLIGLH


CLIMATE REPORT
NATIONAL WEATHER SERVICE JACKSON MS
150 AM CST TUE DEC 6 2016


...................................

...THE GREENVILLE CLIMATE SUMMARY FOR DECEMBER 5 2016...

CLIMATE NORMAL PERIOD 1981 TO 2010
CLIMATE RECORD PERIOD 1920 TO 2016


WEATHER ITEM   OBSERVED TIME   RECORD YEAR NORMAL DEPARTURE LAST
                VALUE   (LST)  VALUE       VALUE  FROM      YEAR
                                                  NORMAL
..................................................................
TEMPERATURE (F)
 YESTERDAY
  MAXIMUM         50    945 PM  79    1933  57     -7       60
  MINIMUM         45    628 AM  23    2009  37      8       33
                                      1989
  AVERAGE         48                        47      1       47

PRECIPITATION (IN)
  YESTERDAY        0.21          1.69 1930   0.20   0.01     0.00
  MONTH TO DATE    1.25                      1.02   0.23     0.02
  SINCE DEC 1      1.25                      1.02   0.23     0.02
  SINCE JAN 1     48.51                     48.04   0.47    40.35

SNOWFALL (IN)
  YESTERDAY        0.0

DEGREE DAYS
 HEATING
  YESTERDAY       17                        18     -1       18
  MONTH TO DATE   86                        88     -2       89
  SINCE DEC 1     86                        88     -2       89
  SINCE JUL 1    355                       550   -195      339

 COOLING
  YESTERDAY        0                         0      0        0
  MONTH TO DATE    0                         0      0        0
  SINCE DEC 1      0                         0      0        0
  SINCE JAN 1   2672                      2186    486     2504
..................................................................


WIND (MPH)
  HIGHEST WIND SPEED    16   HIGHEST WIND DIRECTION     E (70)
  HIGHEST GUST SPEED    21   HIGHEST GUST DIRECTION     E (80)
  AVERAGE WIND SPEED     8.8


SKY COVER
  POSSIBLE SUNSHINE  MM
  AVERAGE SKY COVER 0.9


WEATHER CONDITIONS
 THE FOLLOWING WEATHER WAS RECORDED YESTERDAY.
  HEAVY RAIN
  RAIN
  LIGHT RAIN
  FOG


RELATIVE HUMIDITY (PERCENT)
 HIGHEST    93           100 PM
 LOWEST     82           700 AM
 AVERAGE    88

..........................................................


THE GREENVILLE CLIMATE NORMALS FOR TODAY
                         NORMAL    RECORD    YEAR
 MAXIMUM TEMPERATURE (F)   57        78      1998
 MINIMUM TEMPERATURE (F)   37        19      1937


SUNRISE AND SUNSET
DECEMBER  6 2016......SUNRISE   655 AM CST   SUNSET   456 PM CST
DECEMBER  7 2016......SUNRISE   655 AM CST   SUNSET   456 PM CST


-  INDICATES NEGATIVE NUMBERS.
R  INDICATES RECORD WAS SET OR TIED.
MM INDICATES DATA IS MISSING.
T  INDICATES TRACE AMOUNT.




$$
