000
CDUS44 KJAN 260813
CLIGLH


CLIMATE REPORT
NATIONAL WEATHER SERVICE JACKSON MS
309 AM CDT SUN MAR 26 2017


...................................

...THE GREENVILLE CLIMATE SUMMARY FOR MARCH 25 2017...

CLIMATE NORMAL PERIOD 1981 TO 2010
CLIMATE RECORD PERIOD 1920 TO 2017


WEATHER ITEM   OBSERVED TIME   RECORD YEAR NORMAL DEPARTURE LAST
                VALUE   (LST)  VALUE       VALUE  FROM      YEAR
                                                  NORMAL
..................................................................
TEMPERATURE (F)
 YESTERDAY
  MAXIMUM         72    508 PM  87    1935  68      4       61
  MINIMUM         56   1147 PM  27    1940  46     10       39
  AVERAGE         64                        57      7       50

PRECIPITATION (IN)
  YESTERDAY        0.44          2.56 2009   0.17   0.27     0.00
  MONTH TO DATE    1.36                      3.45  -2.09    14.89
  SINCE MAR 1      1.36                      3.45  -2.09    14.89
  SINCE JAN 1      9.39                     13.44  -4.05    21.40

SNOWFALL (IN)
  YESTERDAY        0.0

DEGREE DAYS
 HEATING
  YESTERDAY        1                         9     -8       15
  MONTH TO DATE  230                       288    -58      167
  SINCE MAR 1    230                       288    -58      167
  SINCE JUL 1   1763                      2597   -834     1847

 COOLING
  YESTERDAY        0                         1     -1        0
  MONTH TO DATE   24                        11     13       22
  SINCE MAR 1     24                        11     13       22
  SINCE JAN 1     53                        16     37       26
..................................................................


WIND (MPH)
  HIGHEST WIND SPEED    40   HIGHEST WIND DIRECTION    SW (210)
  HIGHEST GUST SPEED    56   HIGHEST GUST DIRECTION    SW (210)
  AVERAGE WIND SPEED    11.9


SKY COVER
  POSSIBLE SUNSHINE  MM
  AVERAGE SKY COVER 0.5


WEATHER CONDITIONS
 THE FOLLOWING WEATHER WAS RECORDED YESTERDAY.
  THUNDERSTORM
  HEAVY RAIN
  RAIN
  LIGHT RAIN
  FOG
  FOG W/VISIBILITY <= 1/4 MILE
  HAZE


RELATIVE HUMIDITY (PERCENT)
 HIGHEST    93           400 AM
 LOWEST     57           500 PM
 AVERAGE    75

..........................................................


THE GREENVILLE CLIMATE NORMALS FOR TODAY
                         NORMAL    RECORD    YEAR
 MAXIMUM TEMPERATURE (F)   68        90      1928
 MINIMUM TEMPERATURE (F)   46        23      1955


SUNRISE AND SUNSET
MARCH 26 2017.........SUNRISE   659 AM CDT   SUNSET   720 PM CDT
MARCH 27 2017.........SUNRISE   658 AM CDT   SUNSET   721 PM CDT


-  INDICATES NEGATIVE NUMBERS.
R  INDICATES RECORD WAS SET OR TIED.
MM INDICATES DATA IS MISSING.
T  INDICATES TRACE AMOUNT.




$$
