000
CDUS44 KJAN 292111
CLIGLH


CLIMATE REPORT
NATIONAL WEATHER SERVICE JACKSON MS
409 PM CDT MON MAY 29 2017


...................................

...THE GREENVILLE CLIMATE SUMMARY FOR MAY 29 2017...
VALID TODAY AS OF 0400 PM LOCAL TIME.

CLIMATE NORMAL PERIOD 1981 TO 2010
CLIMATE RECORD PERIOD 1903 TO 2017


WEATHER ITEM   OBSERVED TIME   RECORD YEAR NORMAL DEPARTURE LAST
                VALUE   (LST)  VALUE       VALUE  FROM      YEAR
                                                  NORMAL
..................................................................
TEMPERATURE (F)
 TODAY
  MAXIMUM         MM        MM  98    1911  85     MM       90
  MINIMUM         MM        MM  52    1971  65     MM       64
                                      1907
  AVERAGE         MM                        75     MM       77

PRECIPITATION (IN)
  TODAY           MM             1.96 1999   0.12  MM         T
  MONTH TO DATE    1.12                      4.70  -3.58     1.21
  SINCE MAR 1      7.78                     14.06  -6.28    21.50
  SINCE JAN 1     15.81                     24.05  -8.24    28.01

SNOWFALL (IN)
  TODAY            0.0

DEGREE DAYS
 HEATING
  TODAY           MM                         0     MM        0
  MONTH TO DATE   20                        10     10        7
  SINCE MAR 1    297                       462   -165      245
  SINCE JUL 1   1830                      2771   -941     1925

 COOLING
  TODAY           MM                        10     MM       12
  MONTH TO DATE  164                       215    -51      187
  SINCE MAR 1    330                       296     34      309
  SINCE JAN 1    359                       301     58      313
..................................................................


WIND (MPH)
  HIGHEST WIND SPEED    MM   HIGHEST WIND DIRECTION    MM
  HIGHEST GUST SPEED    MM   HIGHEST GUST DIRECTION    MM
  AVERAGE WIND SPEED    MM


SKY COVER
  POSSIBLE SUNSHINE  MM
  AVERAGE SKY COVER 0.4


WEATHER CONDITIONS
 THE FOLLOWING WEATHER WAS RECORDED TODAY.
  NO SIGNIFICANT WEATHER WAS OBSERVED.


RELATIVE HUMIDITY (PERCENT)
 HIGHEST    MM
 LOWEST     MM
 AVERAGE    MM

..........................................................


THE GREENVILLE CLIMATE NORMALS FOR TOMORROW
                         NORMAL    RECORD    YEAR
 MAXIMUM TEMPERATURE (F)   86        99      1977
 MINIMUM TEMPERATURE (F)   66        47      1984


SUNRISE AND SUNSET
MAY 29 2017...........SUNRISE   556 AM CDT   SUNSET   807 PM CDT
MAY 30 2017...........SUNRISE   556 AM CDT   SUNSET   808 PM CDT


-  INDICATES NEGATIVE NUMBERS.
R  INDICATES RECORD WAS SET OR TIED.
MM INDICATES DATA IS MISSING.
T  INDICATES TRACE AMOUNT.




$$
