000
CDUS44 KHGX 252119
CLIGLS


CLIMATE REPORT
NATIONAL WEATHER SERVICE HOUSTON/GALVESTON TX
418 PM CDT SAT OCT 25 2014


...................................

...THE GALVESTON CLIMATE SUMMARY FOR OCTOBER 25 2014...
VALID TODAY AS OF 400 PM LOCAL TIME.

CLIMATE NORMAL PERIOD 1981 TO 2010
CLIMATE RECORD PERIOD 1875 TO 2014


WEATHER ITEM   OBSERVED TIME   RECORD YEAR NORMAL DEPARTURE LAST
                VALUE   (LST)  VALUE       VALUE  FROM      YEAR
                                                  NORMAL
..................................................................
TEMPERATURE (F)
 TODAY
  MAXIMUM         78    200 PM  86    2004  78      0       72
  MINIMUM         64    640 AM  49    1945  66     -2       65
  AVERAGE         71                        72     -1       69

PRECIPITATION (IN)
  TODAY            0.00          5.47 1877   0.15  -0.15     0.00
  MONTH TO DATE    1.75                      4.70  -2.95     3.14
  SINCE SEP 1      7.86                     10.73  -2.87     8.20
  SINCE JAN 1     24.11                     41.91 -17.80    32.43

SNOWFALL (IN)
  TODAY            0.0           0.0  2002  MM     MM        0.0
                                      2001
  MONTH TO DATE    0.0                      MM     MM        0.0
  SINCE SEP 1      0.0                      MM     MM        0.0
  SINCE JUL 1      0.0                      MM     MM        0.0
  SNOW DEPTH       0

DEGREE DAYS
 HEATING
  TODAY            0                         0      0        0
  MONTH TO DATE    0                         0      0        0
  SINCE SEP 1      0                         0      0        0
  SINCE JUL 1      0                         0      0        0

 COOLING
  TODAY            6                         7     -1        4
  MONTH TO DATE  294                       259     35      252
  SINCE SEP 1    799                       758     41      794
  SINCE JAN 1   3126                      3152    -26     3188
..................................................................


WIND (MPH)
  RESULTANT WIND SPEED   5   RESULTANT WIND DIRECTION  NE (60)
  HIGHEST WIND SPEED    10   HIGHEST WIND DIRECTION     E (90)
  HIGHEST GUST SPEED    14   HIGHEST GUST DIRECTION     E (80)
  AVERAGE WIND SPEED     5.9


SKY COVER
  AVERAGE SKY COVER 0.0


WEATHER CONDITIONS
 THE FOLLOWING WEATHER WAS RECORDED TODAY.
  NO SIGNIFICANT WEATHER WAS OBSERVED.


RELATIVE HUMIDITY (PERCENT)
 HIGHEST    87           600 AM
 LOWEST     48          1100 AM
 AVERAGE    68

..........................................................


THE GALVESTON CLIMATE NORMALS FOR TOMORROW
                         NORMAL    RECORD    YEAR
 MAXIMUM TEMPERATURE (F)   78        87      1927
 MINIMUM TEMPERATURE (F)   65        44      1898


SUNRISE AND SUNSET
OCTOBER 25 2014.......SUNRISE   727 AM CDT   SUNSET   639 PM CDT
OCTOBER 26 2014.......SUNRISE   728 AM CDT   SUNSET   638 PM CDT


-  INDICATES NEGATIVE NUMBERS.
R  INDICATES RECORD WAS SET OR TIED.
MM INDICATES DATA IS MISSING.
T  INDICATES TRACE AMOUNT.




$$
