000
CDUS44 KHGX 160725
CLIGLS


CLIMATE REPORT
NATIONAL WEATHER SERVICE HOUSTON/GALVESTON TX
125 AM CST MON JAN 16 2017


...................................

...THE GALVESTON CLIMATE SUMMARY FOR JANUARY 15 2017...

CLIMATE NORMAL PERIOD 1981 TO 2010
CLIMATE RECORD PERIOD 1875 TO 2017


WEATHER ITEM   OBSERVED TIME   RECORD YEAR NORMAL DEPARTURE LAST
                VALUE   (LST)  VALUE       VALUE  FROM      YEAR
                                                  NORMAL
..................................................................
TEMPERATURE (F)
 YESTERDAY
  MAXIMUM         75R  1133 AM  73    1950  62     13       72
                                      1907
  MINIMUM         65    159 AM  24    1888  48     17       52
  AVERAGE         70                        55     15       62

PRECIPITATION (IN)
  YESTERDAY        0.00          3.28 1929   0.14  -0.14     0.00
  MONTH TO DATE    0.46                      1.98  -1.52     1.00
  SINCE DEC 1     11.54                      5.50   6.04     4.49
  SINCE JAN 1      0.46                      1.98  -1.52     1.00

SNOWFALL (IN)
  YESTERDAY        0.0           T    1888  MM     MM        0.0
  MONTH TO DATE    0.0                       0.0    0.0      0.0
  SINCE DEC 1      0.0                       0.0    0.0      0.0
  SINCE JUL 1      0.0                       0.0    0.0      0.0
  SNOW DEPTH       0

DEGREE DAYS
 HEATING
  YESTERDAY        0                        10    -10        3
  MONTH TO DATE   92                       150    -58      174
  SINCE DEC 1    227                       407   -180      334
  SINCE JUL 1    239                       510   -271      387

 COOLING
  YESTERDAY        5                         0      5        0
  MONTH TO DATE   33                         0     33        0
  SINCE DEC 1    111                        19     92       50
  SINCE JAN 1     33                         0     33        0
..................................................................


WIND (MPH)
  RESULTANT WIND SPEED  13   RESULTANT WIND DIRECTION   E (110)
  HIGHEST WIND SPEED    18   HIGHEST WIND DIRECTION    SE (120)
  HIGHEST GUST SPEED    24   HIGHEST GUST DIRECTION    SE (120)
  AVERAGE WIND SPEED    13.0


SKY COVER
  AVERAGE SKY COVER 0.7


WEATHER CONDITIONS
 THE FOLLOWING WEATHER WAS RECORDED YESTERDAY.
  FOG


RELATIVE HUMIDITY (PERCENT)
 HIGHEST   100
 LOWEST     79
 AVERAGE    90

..........................................................


THE GALVESTON CLIMATE NORMALS FOR TODAY
                         NORMAL    RECORD    YEAR
 MAXIMUM TEMPERATURE (F)   62        73      2000
                                             1950
                                             1907
 MINIMUM TEMPERATURE (F)   48        23      1888


SUNRISE AND SUNSET
JANUARY 16 2017.......SUNRISE   714 AM CST   SUNSET   545 PM CST
JANUARY 17 2017.......SUNRISE   714 AM CST   SUNSET   545 PM CST


-  INDICATES NEGATIVE NUMBERS.
R  INDICATES RECORD WAS SET OR TIED.
MM INDICATES DATA IS MISSING.
T  INDICATES TRACE AMOUNT.




$$
