000
CDUS44 KHGX 212216
CLIGLS


CLIMATE REPORT
NATIONAL WEATHER SERVICE HOUSTON/GALVESTON TX
415 PM CST SUN JAN 21 2018


...................................

...THE GALVESTON CLIMATE SUMMARY FOR JANUARY 21 2018...
VALID TODAY AS OF 400 PM LOCAL TIME.

CLIMATE NORMAL PERIOD 1981 TO 2010
CLIMATE RECORD PERIOD 1875 TO 2018


WEATHER ITEM   OBSERVED TIME   RECORD YEAR NORMAL DEPARTURE LAST
                VALUE   (LST)  VALUE       VALUE  FROM      YEAR
                                                  NORMAL
..................................................................
TEMPERATURE (F)
 TODAY
  MAXIMUM         70   1256 PM  77    2010  62      8       75
  MINIMUM         59    250 AM  20    1985  49     10       66
                                      1883
  AVERAGE         65                        55     10       71

PRECIPITATION (IN)
  TODAY            0.00          3.61 1877   0.15  -0.15     0.03
  MONTH TO DATE    0.85                      2.87  -2.02     0.89
  SINCE DEC 1      7.99                      6.39   1.60    11.97
  SINCE JAN 1      0.85                      2.87  -2.02     0.89

SNOWFALL (IN)
  TODAY            0.0           T    1935  MM     MM        0.0
  MONTH TO DATE    T                         0.0    0.0      0.0
  SINCE DEC 1      T                         0.0    0.0      0.0
  SINCE JUL 1      T                         0.0    0.0      0.0
  SNOW DEPTH       0

DEGREE DAYS
 HEATING
  TODAY            0                        10    -10        0
  MONTH TO DATE  329                       210    119       92
  SINCE DEC 1    584                       467    117      227
  SINCE JUL 1    627                       570     57      239

 COOLING
  TODAY            0                         0      0        6
  MONTH TO DATE    0                         0      0       60
  SINCE DEC 1     26                        19      7      138
  SINCE JAN 1      0                         0      0       60
..................................................................


WIND (MPH)
  RESULTANT WIND SPEED  14   RESULTANT WIND DIRECTION  SE (140)
  HIGHEST WIND SPEED    18   HIGHEST WIND DIRECTION    SE (130)
  HIGHEST GUST SPEED    23   HIGHEST GUST DIRECTION    SE (130)
  AVERAGE WIND SPEED    14.2


SKY COVER
  AVERAGE SKY COVER 0.8


WEATHER CONDITIONS
 THE FOLLOWING WEATHER WAS RECORDED TODAY.
  FOG
  FOG W/VISIBILITY <= 1/4 MILE
  HAZE


RELATIVE HUMIDITY (PERCENT)
 HIGHEST   100          1200 AM
 LOWEST     84           100 PM
 AVERAGE    92

..........................................................


THE GALVESTON CLIMATE NORMALS FOR TOMORROW
                         NORMAL    RECORD    YEAR
 MAXIMUM TEMPERATURE (F)   62        77      2005
                                             1999
 MINIMUM TEMPERATURE (F)   49        19      1935


SUNRISE AND SUNSET
JANUARY 21 2018.......SUNRISE   713 AM CST   SUNSET   549 PM CST
JANUARY 22 2018.......SUNRISE   713 AM CST   SUNSET   549 PM CST


-  INDICATES NEGATIVE NUMBERS.
R  INDICATES RECORD WAS SET OR TIED.
MM INDICATES DATA IS MISSING.
T  INDICATES TRACE AMOUNT.




$$
