000
CDUS44 KHGX 290722
CLIGLS


CLIMATE REPORT
NATIONAL WEATHER SERVICE HOUSTON/GALVESTON TX
222 AM CDT FRI AUG 29 2014


...................................

...THE GALVESTON CLIMATE SUMMARY FOR AUGUST 28 2014...

CLIMATE NORMAL PERIOD 1981 TO 2010
CLIMATE RECORD PERIOD 1875 TO 2014


WEATHER ITEM   OBSERVED TIME   RECORD YEAR NORMAL DEPARTURE LAST
                VALUE   (LST)  VALUE       VALUE  FROM      YEAR
                                                  NORMAL
..................................................................
TEMPERATURE (F)
 YESTERDAY
  MAXIMUM         85    347 AM  97    2011  90     -5       88
  MINIMUM         74    752 AM  71    1961  79     -5       78
                                      1948
                                      1887
  AVERAGE         80                        85     -5       83

PRECIPITATION (IN)
  YESTERDAY        3.00          4.81 1934   0.22   2.78     0.00
  MONTH TO DATE    4.28                      3.76   0.52     3.85
  SINCE JUN 1      6.89                     13.25  -6.36     9.51
  SINCE JAN 1     15.58                     30.55 -14.97    24.23

SNOWFALL (IN)
  YESTERDAY        0.0          MM      MM  MM     MM        0.0
  MONTH TO DATE    0.0                      MM     MM        0.0
  SINCE JUN 1      0.0                      MM     MM        0.0
  SINCE JUL 1      0.0                      MM     MM        0.0
  SNOW DEPTH       0

DEGREE DAYS
 HEATING
  YESTERDAY        0                         0      0        0
  MONTH TO DATE    0                         0      0        0
  SINCE JUN 1      0                         0      0        0
  SINCE JUL 1      0                         0      0        0

 COOLING
  YESTERDAY       15                        20     -5       18
  MONTH TO DATE  590                       560     30      561
  SINCE JUN 1   1768                      1699     69     1784
  SINCE JAN 1   2276                      2334    -58     2335
..................................................................


WIND (MPH)
  RESULTANT WIND SPEED   7   RESULTANT WIND DIRECTION   E (100)
  HIGHEST WIND SPEED    26   HIGHEST WIND DIRECTION     E (110)
  HIGHEST GUST SPEED    32   HIGHEST GUST DIRECTION     E (110)
  AVERAGE WIND SPEED     8.7


SKY COVER
  AVERAGE SKY COVER 0.6


WEATHER CONDITIONS
 THE FOLLOWING WEATHER WAS RECORDED YESTERDAY.
  THUNDERSTORM
  HEAVY RAIN
  RAIN
  LIGHT RAIN
  FOG


RELATIVE HUMIDITY (PERCENT)
 HIGHEST   100
 LOWEST     74
 AVERAGE    87

..........................................................


THE GALVESTON CLIMATE NORMALS FOR TODAY
                         NORMAL    RECORD    YEAR
 MAXIMUM TEMPERATURE (F)   90        98      2011
 MINIMUM TEMPERATURE (F)   79        70      1986
                                             1980
                                             1953


SUNRISE AND SUNSET
AUGUST 29 2014........SUNRISE   655 AM CDT   SUNSET   745 PM CDT
AUGUST 30 2014........SUNRISE   656 AM CDT   SUNSET   744 PM CDT


-  INDICATES NEGATIVE NUMBERS.
R  INDICATES RECORD WAS SET OR TIED.
MM INDICATES DATA IS MISSING.
T  INDICATES TRACE AMOUNT.




$$
