000
CDUS44 KHGX 200828
CLIGLS


CLIMATE REPORT
NATIONAL WEATHER SERVICE HOUSTON/GALVESTON TX
218 AM CST SAT DEC 20 2014


...................................

...THE GALVESTON CLIMATE SUMMARY FOR DECEMBER 19 2014...

CLIMATE NORMAL PERIOD 1981 TO 2010
CLIMATE RECORD PERIOD 1875 TO 2014


WEATHER ITEM   OBSERVED TIME   RECORD YEAR NORMAL DEPARTURE LAST
                VALUE   (LST)  VALUE       VALUE  FROM      YEAR
                                                  NORMAL
..................................................................
TEMPERATURE (F)
 YESTERDAY
  MAXIMUM         64    259 AM  76    2012  63      1       72
                                      2007
                                      1998
  MINIMUM         53   1159 PM  23    1929  50      3       58
  AVERAGE         59                        57      2       65

PRECIPITATION (IN)
  YESTERDAY        2.24          3.60 1878   0.10   2.14     0.05
  MONTH TO DATE    3.11                      2.30   0.81     0.19
  SINCE DEC 1      3.11                      2.30   0.81     0.19
  SINCE JAN 1     31.13                     49.54 -18.41    38.78

SNOWFALL (IN)
  YESTERDAY        0.0           0.0  2001  MM     MM        0.0
  MONTH TO DATE    0.0                      MM     MM        0.0
  SINCE DEC 1      0.0                      MM     MM        0.0
  SINCE JUL 1      0.0                      MM     MM        0.0
  SNOW DEPTH       0

DEGREE DAYS
 HEATING
  YESTERDAY        6                         9     -3        0
  MONTH TO DATE   65                       146    -81      223
  SINCE DEC 1     65                       146    -81      223
  SINCE JUL 1    216                       249    -33      401

 COOLING
  YESTERDAY        0                         0      0        0
  MONTH TO DATE   18                        14      4       11
  SINCE DEC 1     18                        14      4       11
  SINCE JAN 1   3256                      3303    -47     3322
..................................................................


WIND (MPH)
  RESULTANT WIND SPEED  16   RESULTANT WIND DIRECTION   N (20)
  HIGHEST WIND SPEED    26   HIGHEST WIND DIRECTION     N (20)
  HIGHEST GUST SPEED    32   HIGHEST GUST DIRECTION    NE (30)
  AVERAGE WIND SPEED    17.8


SKY COVER
  AVERAGE SKY COVER 1.0


WEATHER CONDITIONS
 THE FOLLOWING WEATHER WAS RECORDED YESTERDAY.
  HEAVY RAIN
  RAIN
  LIGHT RAIN
  FOG


RELATIVE HUMIDITY (PERCENT)
 HIGHEST   100
 LOWEST     93
 AVERAGE    97

..........................................................


THE GALVESTON CLIMATE NORMALS FOR TODAY
                         NORMAL    RECORD    YEAR
 MAXIMUM TEMPERATURE (F)   63        80      2007
 MINIMUM TEMPERATURE (F)   50        28      1945
                                             1924


SUNRISE AND SUNSET
DECEMBER 20 2014......SUNRISE   709 AM CST   SUNSET   525 PM CST
DECEMBER 21 2014......SUNRISE   709 AM CST   SUNSET   526 PM CST


-  INDICATES NEGATIVE NUMBERS.
R  INDICATES RECORD WAS SET OR TIED.
MM INDICATES DATA IS MISSING.
T  INDICATES TRACE AMOUNT.




$$
