000
CDUS42 KJAX 200529
CLIGNV


CLIMATE REPORT
NATIONAL WEATHER SERVICE JACKSONVILLE FL
1227 AM EST TUE FEB 20 2018


...................................

...THE GAINESVILLE CLIMATE SUMMARY FOR FEBRUARY 19 2018...

CLIMATE NORMAL PERIOD 1981 TO 2010
CLIMATE RECORD PERIOD 1890 TO 2018


WEATHER ITEM   OBSERVED TIME   RECORD YEAR NORMAL DEPARTURE LAST
                VALUE   (LST)  VALUE       VALUE  FROM      YEAR
                                                  NORMAL
..................................................................
TEMPERATURE (F)
 YESTERDAY
  MAXIMUM         84    257 PM  88    1924  70     14       81
  MINIMUM         62    106 AM  23    1958  46     16       54
  AVERAGE         73                        58     15       68

PRECIPITATION (IN)
  YESTERDAY        0.00          3.64 1901   0.11  -0.11      T
  MONTH TO DATE    1.55                      2.12  -0.57     0.25
  SINCE DEC 1      8.52                      7.91   0.61     4.39
  SINCE JAN 1      5.87                      5.43   0.44     1.70

SNOWFALL (IN)
  YESTERDAY        0.0           0.0    MM   0.0    0.0      0.0
  MONTH TO DATE    0.0                       0.0    0.0      0.0
  SINCE DEC 1      0.0                       0.0    0.0      0.0
  SINCE JUL 1      0.0                       0.0    0.0      0.0
  SNOW DEPTH       0

DEGREE DAYS
 HEATING
  YESTERDAY        0                         8     -8        0
  MONTH TO DATE   58                       169   -111       78
  SINCE DEC 1    769                       810    -41      391
  SINCE JUL 1    903                       971    -68      497

 COOLING
  YESTERDAY        8                         1      7        3
  MONTH TO DATE   59                        15     44       12
  SINCE DEC 1    100                        49     51      134
  SINCE JAN 1     67                        27     40       58
..................................................................


WIND (MPH)
  HIGHEST WIND SPEED    16   HIGHEST WIND DIRECTION    NE (60)
  HIGHEST GUST SPEED    22   HIGHEST GUST DIRECTION    SE (140)
  AVERAGE WIND SPEED     7.3


SKY COVER
  POSSIBLE SUNSHINE  MM
  AVERAGE SKY COVER 0.5


WEATHER CONDITIONS
 THE FOLLOWING WEATHER WAS RECORDED YESTERDAY.
  FOG


RELATIVE HUMIDITY (PERCENT)
 HIGHEST   100           100 AM
 LOWEST     43           300 PM
 AVERAGE    72

..........................................................


THE GAINESVILLE CLIMATE NORMALS FOR TODAY
                         NORMAL    RECORD    YEAR
 MAXIMUM TEMPERATURE (F)   71        85      1929
 MINIMUM TEMPERATURE (F)   46        22      2015
                                             1934


SUNRISE AND SUNSET
FEBRUARY 20 2018......SUNRISE   704 AM EST   SUNSET   622 PM EST
FEBRUARY 21 2018......SUNRISE   703 AM EST   SUNSET   623 PM EST


-  INDICATES NEGATIVE NUMBERS.
R  INDICATES RECORD WAS SET OR TIED.
MM INDICATES DATA IS MISSING.
T  INDICATES TRACE AMOUNT.




$$
