000
CDUS42 KJAX 230528
CLIGNV


CLIMATE REPORT
NATIONAL WEATHER SERVICE JACKSONVILLE FL
127 AM EDT SUN APR 23 2017


...................................

...THE GAINESVILLE CLIMATE SUMMARY FOR APRIL 22 2017...

CLIMATE NORMAL PERIOD 1981 TO 2010
CLIMATE RECORD PERIOD 1890 TO 2017


WEATHER ITEM   OBSERVED TIME   RECORD YEAR NORMAL DEPARTURE LAST
                VALUE   (LST)  VALUE       VALUE  FROM      YEAR
                                                  NORMAL
..................................................................
TEMPERATURE (F)
 YESTERDAY
  MAXIMUM         88    316 PM  94    1968  82      6       83
  MINIMUM         60    621 AM  41    1901  56      4       59
  AVERAGE         74                        69      5       71

PRECIPITATION (IN)
  YESTERDAY        0.00          1.09 1958   0.08  -0.08     0.36
  MONTH TO DATE    2.74                      2.06   0.68     1.66
  SINCE MAR 1      3.41                      6.39  -2.98     4.01
  SINCE JAN 1      5.25                     12.90  -7.65    10.86

SNOWFALL (IN)
  YESTERDAY        0.0           0.0    MM   0.0    0.0      0.0
  MONTH TO DATE    0.0                       0.0    0.0      0.0
  SINCE MAR 1      0.0                       0.0    0.0      0.0
  SINCE JUL 1      0.0                       0.0    0.0      0.0
  SNOW DEPTH       0

DEGREE DAYS
 HEATING
  YESTERDAY        0                         1     -1        0
  MONTH TO DATE   18                        37    -19        9
  SINCE MAR 1    143                       174    -31       83
  SINCE JUL 1    646                      1208   -562      848

 COOLING
  YESTERDAY        9                         5      4        6
  MONTH TO DATE  105                        77     28       63
  SINCE MAR 1    178                       131     47      192
  SINCE JAN 1    262                       163     99      217
..................................................................


WIND (MPH)
  HIGHEST WIND SPEED    14   HIGHEST WIND DIRECTION     W (250)
  HIGHEST GUST SPEED    17   HIGHEST GUST DIRECTION    SW (240)
  AVERAGE WIND SPEED     4.7


SKY COVER
  POSSIBLE SUNSHINE  MM
  AVERAGE SKY COVER 0.3


WEATHER CONDITIONS
 THE FOLLOWING WEATHER WAS RECORDED YESTERDAY.
  FOG


RELATIVE HUMIDITY (PERCENT)
 HIGHEST    93           400 AM
 LOWEST     35           300 PM
 AVERAGE    64

..........................................................


THE GAINESVILLE CLIMATE NORMALS FOR TODAY
                         NORMAL    RECORD    YEAR
 MAXIMUM TEMPERATURE (F)   82        92      1970
                                             1964
 MINIMUM TEMPERATURE (F)   56        41      1993


SUNRISE AND SUNSET
APRIL 23 2017.........SUNRISE   654 AM EDT   SUNSET   801 PM EDT
APRIL 24 2017.........SUNRISE   653 AM EDT   SUNSET   802 PM EDT


-  INDICATES NEGATIVE NUMBERS.
R  INDICATES RECORD WAS SET OR TIED.
MM INDICATES DATA IS MISSING.
T  INDICATES TRACE AMOUNT.




$$
