000
CDUS42 KJAX 272131
CLIGNV


CLIMATE REPORT
NATIONAL WEATHER SERVICE JACKSONVILLE FL
531 PM EDT SAT AUG 27 2016


...................................

...THE GAINESVILLE CLIMATE SUMMARY FOR AUGUST 27 2016...
VALID TODAY AS OF 0500 PM LOCAL TIME.

CLIMATE NORMAL PERIOD 1981 TO 2010
CLIMATE RECORD PERIOD 1890 TO 2016


WEATHER ITEM   OBSERVED TIME   RECORD YEAR NORMAL DEPARTURE LAST
                VALUE   (LST)  VALUE       VALUE  FROM      YEAR
                                                  NORMAL
..................................................................
TEMPERATURE (F)
 TODAY
  MAXIMUM         95    103 PM 100    2011  90      5       87
  MINIMUM         71    555 AM  61    1930  71      0       71
  AVERAGE         83                        80      3       79

PRECIPITATION (IN)
  TODAY            0.00          3.19 1988   0.21  -0.21      T
  MONTH TO DATE    2.77                      5.58  -2.81     9.47
  SINCE JUN 1     14.25                     18.77  -4.52    21.17
  SINCE JAN 1     29.19                     34.76  -5.57    33.36

SNOWFALL (IN)
  TODAY            0.0           0.0    MM   0.0    0.0      0.0
  MONTH TO DATE    0.0                       0.0    0.0      0.0
  SINCE JUN 1      0.0                       0.0    0.0      0.0
  SINCE JUL 1      0.0                       0.0    0.0      0.0
  SNOW DEPTH       0

DEGREE DAYS
 HEATING
  TODAY            0                         0      0        0
  MONTH TO DATE    0                         0      0        0
  SINCE JUN 1      0                         0      0        0
  SINCE JUL 1      0                         0      0        0

 COOLING
  TODAY           18                        15      3       14
  MONTH TO DATE  486                       431     55      448
  SINCE JUN 1   1570                      1372    198     1477
  SINCE JAN 1   2175                      1882    293     2213
..................................................................


WIND (MPH)
  HIGHEST WIND SPEED    20   HIGHEST WIND DIRECTION    NE (60)
  HIGHEST GUST SPEED    26   HIGHEST GUST DIRECTION    NE (50)
  AVERAGE WIND SPEED     7.9


SKY COVER
  POSSIBLE SUNSHINE  MM
  AVERAGE SKY COVER 0.2


WEATHER CONDITIONS
 THE FOLLOWING WEATHER WAS RECORDED TODAY.
  NO SIGNIFICANT WEATHER WAS OBSERVED.


RELATIVE HUMIDITY (PERCENT)
 HIGHEST    93           500 AM
 LOWEST     52           100 PM
 AVERAGE    73

..........................................................


THE GAINESVILLE CLIMATE NORMALS FOR TOMORROW
                         NORMAL    RECORD    YEAR
 MAXIMUM TEMPERATURE (F)   90        98      2011
                                             1954
 MINIMUM TEMPERATURE (F)   71        63      2014
                                             1891


SUNRISE AND SUNSET
AUGUST 27 2016........SUNRISE   704 AM EDT   SUNSET   756 PM EDT
AUGUST 28 2016........SUNRISE   704 AM EDT   SUNSET   755 PM EDT


-  INDICATES NEGATIVE NUMBERS.
R  INDICATES RECORD WAS SET OR TIED.
MM INDICATES DATA IS MISSING.
T  INDICATES TRACE AMOUNT.




$$
