000
CDUS42 KJAX 102226
CLIGNV


CLIMATE REPORT
NATIONAL WEATHER SERVICE JACKSONVILLE FL
526 PM EST SUN DEC 10 2017


...................................

...THE GAINESVILLE CLIMATE SUMMARY FOR DECEMBER 10 2017...
VALID TODAY AS OF 0500 PM LOCAL TIME.

CLIMATE NORMAL PERIOD 1981 TO 2010
CLIMATE RECORD PERIOD 1890 TO 2017


WEATHER ITEM   OBSERVED TIME   RECORD YEAR NORMAL DEPARTURE LAST
                VALUE   (LST)  VALUE       VALUE  FROM      YEAR
                                                  NORMAL
..................................................................
TEMPERATURE (F)
 TODAY
  MAXIMUM         54    407 PM  84    1972  69    -15       66
                                      1961
  MINIMUM         31    416 AM  23    1917  45    -14       39
  AVERAGE         43                        57    -14       53

PRECIPITATION (IN)
  TODAY            0.00          3.56 2012   0.07  -0.07     0.00
  MONTH TO DATE    2.62                      0.74   1.88     1.64
  SINCE DEC 1      2.62                      0.74   1.88     1.64
  SINCE JAN 1     71.28                     45.67  25.61    41.00

SNOWFALL (IN)
  TODAY            0.0           0.0    MM   0.0    0.0      0.0
  MONTH TO DATE    0.0                       0.0    0.0      0.0
  SINCE DEC 1      0.0                       0.0    0.0      0.0
  SINCE JUL 1      0.0                       0.0    0.0      0.0
  SNOW DEPTH       0

DEGREE DAYS
 HEATING
  TODAY           22                         9     13       12
  MONTH TO DATE   72                        79     -7       53
  SINCE DEC 1     72                        79     -7       53
  SINCE JUL 1    206                       240    -34      159

 COOLING
  TODAY            0                         1     -1        0
  MONTH TO DATE    7                        10     -3       15
  SINCE DEC 1      7                        10     -3       15
  SINCE JAN 1   2895                      2626    269     3049
..................................................................


WIND (MPH)
  HIGHEST WIND SPEED    12   HIGHEST WIND DIRECTION     W (270)
  HIGHEST GUST SPEED    15   HIGHEST GUST DIRECTION     W (270)
  AVERAGE WIND SPEED     5.4


SKY COVER
  POSSIBLE SUNSHINE  MM
  AVERAGE SKY COVER 0.0


WEATHER CONDITIONS
 THE FOLLOWING WEATHER WAS RECORDED TODAY.
  NO SIGNIFICANT WEATHER WAS OBSERVED.


RELATIVE HUMIDITY (PERCENT)
 HIGHEST    96          1200 AM
 LOWEST     35           400 PM
 AVERAGE    66

..........................................................


THE GAINESVILLE CLIMATE NORMALS FOR TOMORROW
                         NORMAL    RECORD    YEAR
 MAXIMUM TEMPERATURE (F)   69        84      1971
                                             1931
 MINIMUM TEMPERATURE (F)   45        23      1981
                                             1937


SUNRISE AND SUNSET
DECEMBER 10 2017......SUNRISE   713 AM EST   SUNSET   530 PM EST
DECEMBER 11 2017......SUNRISE   714 AM EST   SUNSET   531 PM EST


-  INDICATES NEGATIVE NUMBERS.
R  INDICATES RECORD WAS SET OR TIED.
MM INDICATES DATA IS MISSING.
T  INDICATES TRACE AMOUNT.




$$
