279
CDUS42 KJAX 060532
CLIGNV


CLIMATE REPORT
NATIONAL WEATHER SERVICE JACKSONVILLE FL
1231 AM EST SAT FEB 6 2016


...................................

...THE GAINESVILLE CLIMATE SUMMARY FOR FEBRUARY 5 2016...

CLIMATE NORMAL PERIOD 1981 TO 2010
CLIMATE RECORD PERIOD 1890 TO 2016


WEATHER ITEM   OBSERVED TIME   RECORD YEAR NORMAL DEPARTURE LAST
                VALUE   (LST)  VALUE       VALUE  FROM      YEAR
                                                  NORMAL
..................................................................
TEMPERATURE (F)
 YESTERDAY
  MAXIMUM         57    431 PM  86    1957  68    -11       65
  MINIMUM         38    754 AM  18    1996  44     -6       40
  AVERAGE         48                        56     -8       53

PRECIPITATION (IN)
  YESTERDAY        0.00          2.10 1987   0.10  -0.10     0.35
  MONTH TO DATE    3.22                      0.55   2.67     0.61
  SINCE DEC 1      7.92                      6.34   1.58     7.23
  SINCE JAN 1      5.95                      3.86   2.09     3.85

SNOWFALL (IN)
  YESTERDAY        0.0           0.0    MM   0.0    0.0      0.0
  MONTH TO DATE    0.0                       0.0    0.0      0.0
  SINCE DEC 1      0.0                       0.0    0.0      0.0
  SINCE JUL 1      0.0                       0.0    0.0      0.0
  SNOW DEPTH       0

DEGREE DAYS
 HEATING
  YESTERDAY       17                        10      7       12
  MONTH TO DATE   23                        50    -27       63
  SINCE DEC 1    481                       691   -210      613
  SINCE JUL 1    520                       852   -332      878

 COOLING
  YESTERDAY        0                         1     -1        0
  MONTH TO DATE   14                         1     13        0
  SINCE DEC 1    162                        35    127       50
  SINCE JAN 1     16                        13      3       14
..................................................................


WIND (MPH)
  HIGHEST WIND SPEED    16   HIGHEST WIND DIRECTION     N (20)
  HIGHEST GUST SPEED    24   HIGHEST GUST DIRECTION    NW (320)
  AVERAGE WIND SPEED    10.1


SKY COVER
  POSSIBLE SUNSHINE  MM
  AVERAGE SKY COVER 0.0


WEATHER CONDITIONS
 THE FOLLOWING WEATHER WAS RECORDED YESTERDAY.
  NO SIGNIFICANT WEATHER WAS OBSERVED.


RELATIVE HUMIDITY (PERCENT)
 HIGHEST    80          1200 AM
 LOWEST     35           100 PM
 AVERAGE    58

..........................................................


THE GAINESVILLE CLIMATE NORMALS FOR TODAY
                         NORMAL    RECORD    YEAR
 MAXIMUM TEMPERATURE (F)   68        88      1957
 MINIMUM TEMPERATURE (F)   44        21      2009


SUNRISE AND SUNSET
FEBRUARY  6 2016......SUNRISE   716 AM EST   SUNSET   611 PM EST
FEBRUARY  7 2016......SUNRISE   715 AM EST   SUNSET   611 PM EST


-  INDICATES NEGATIVE NUMBERS.
R  INDICATES RECORD WAS SET OR TIED.
MM INDICATES DATA IS MISSING.
T  INDICATES TRACE AMOUNT.




$$
