000
CDUS45 KMSO 280737
CLIGPI


CLIMATE REPORT
NATIONAL WEATHER SERVICE MISSOULA, MT
137 AM MDT WED JUN 28 2017


...................................

...THE KALISPELL MT CLIMATE SUMMARY FOR JUNE 27 2017...

CLIMATE NORMAL PERIOD 1981 TO 2010
CLIMATE RECORD PERIOD 1894 TO 2017


WEATHER ITEM   OBSERVED TIME   RECORD YEAR NORMAL DEPARTURE LAST
                VALUE   (LST)  VALUE       VALUE  FROM      YEAR
                                                  NORMAL
..................................................................
TEMPERATURE (F)
 YESTERDAY
  MAXIMUM         83    300 PM  97    2015  75      8       87
  MINIMUM         49   1159 PM  34    1997  46      3       44
  AVERAGE         66                        60      6       66

PRECIPITATION (IN)
  YESTERDAY        0.02          1.05 1913   0.07  -0.05     0.00
  MONTH TO DATE    1.48                      2.34  -0.86     1.34
  SINCE OCT 1     18.33                     12.95   5.38    13.68
  SINCE JAN 1     11.10                      8.95   2.15     9.63

SNOWFALL (IN)
  YESTERDAY        0.0
  MONTH TO DATE    0.0
  SINCE JAN 1     54.5
  SINCE JUL 1     89.8
  SNOW DEPTH       0

DEGREE DAYS
 HEATING
  YESTERDAY        0                         5     -5        0
  MONTH TO DATE  150                       201    -51      179
  SINCE JUN 1    150                       201    -51      179
  SINCE JUL 1   8273                      8024    249     7129

 COOLING
  YESTERDAY        1                         1      0        1
  MONTH TO DATE   16                         8      8       22
  SINCE JUN 1     16                         8      8       22
  SINCE JAN 1     21                        11     10       22
..................................................................


WIND (MPH)
  HIGHEST WIND SPEED    17   HIGHEST WIND DIRECTION     W (280)
  HIGHEST GUST SPEED    22   HIGHEST GUST DIRECTION     W (270)
  AVERAGE WIND SPEED     5.6


SKY COVER
  POSSIBLE SUNSHINE  MM
  AVERAGE SKY COVER 0.2


WEATHER CONDITIONS
 THE FOLLOWING WEATHER WAS RECORDED YESTERDAY.
  HEAVY RAIN
  LIGHT RAIN
  FOG


RELATIVE HUMIDITY (PERCENT)
 HIGHEST   100           200 AM
 LOWEST     19           600 PM
 AVERAGE    60

..........................................................


THE KALISPELL MT CLIMATE NORMALS FOR TODAY
                         NORMAL    RECORD    YEAR
 MAXIMUM TEMPERATURE (F)   76       102      2015
 MINIMUM TEMPERATURE (F)   46        32      1964


SUNRISE AND SUNSET
JUNE 28 2017..........SUNRISE   539 AM MDT   SUNSET   942 PM MDT
JUNE 29 2017..........SUNRISE   539 AM MDT   SUNSET   942 PM MDT


-  INDICATES NEGATIVE NUMBERS.
R  INDICATES RECORD WAS SET OR TIED.
MM INDICATES DATA IS MISSING.
T  INDICATES TRACE AMOUNT.




$$
