000
CDUS45 KMSO 300737
CLIGPI


CLIMATE REPORT
NATIONAL WEATHER SERVICE MISSOULA, MT
137 AM MDT WED JUL 30 2014


...................................

...THE KALISPELL MT CLIMATE SUMMARY FOR JULY 29 2014...

CLIMATE NORMAL PERIOD 1981 TO 2010
CLIMATE RECORD PERIOD 1894 TO 2014


WEATHER ITEM   OBSERVED TIME   RECORD YEAR NORMAL DEPARTURE LAST
                VALUE   (LST)  VALUE       VALUE  FROM      YEAR
                                                  NORMAL
..................................................................
TEMPERATURE (F)
 YESTERDAY
  MAXIMUM         94    514 PM  98    1934  84     10       80
  MINIMUM         51    426 AM  33    1959  49      2       59
  AVERAGE         73                        67      6       70

PRECIPITATION (IN)
  YESTERDAY        0.00          0.66 1957   0.03  -0.03     0.00
  MONTH TO DATE    0.39                      1.39  -1.00     0.31
  SINCE OCT 1     17.33                     14.56   2.77    14.70
  SINCE JAN 1     12.88                     10.56   2.32     9.32

SNOWFALL (IN)
  YESTERDAY        0.0
  MONTH TO DATE    0.0
  SINCE JAN 1     38.2
  SINCE JUL 1      0.0
  SNOW DEPTH       0

DEGREE DAYS
 HEATING
  YESTERDAY        0                         1     -1        0
  MONTH TO DATE   14                        75    -61       19
  SINCE JUN 1    267                       291    -24      205
  SINCE JUL 1     14                        75    -61       19

 COOLING
  YESTERDAY        8                         3      5        5
  MONTH TO DATE  114                        61     53      116
  SINCE JUN 1    114                        74     40      135
  SINCE JAN 1    114                        77     37      135
..................................................................


WIND (MPH)
  HIGHEST WIND SPEED    20   HIGHEST WIND DIRECTION    NE (40)
  HIGHEST GUST SPEED    24   HIGHEST GUST DIRECTION    NE (40)
  AVERAGE WIND SPEED     5.1


SKY COVER
  POSSIBLE SUNSHINE  MM
  AVERAGE SKY COVER 0.0


WEATHER CONDITIONS
 THE FOLLOWING WEATHER WAS RECORDED YESTERDAY.
  NO SIGNIFICANT WEATHER WAS OBSERVED.


RELATIVE HUMIDITY (PERCENT)
 HIGHEST    89          1200 AM
 LOWEST     15           500 PM
 AVERAGE    52

..........................................................


THE KALISPELL MT CLIMATE NORMALS FOR TODAY
                         NORMAL    RECORD    YEAR
 MAXIMUM TEMPERATURE (F)   84        99      1960
 MINIMUM TEMPERATURE (F)   49        35      2001


SUNRISE AND SUNSET
JULY 30 2014..........SUNRISE   610 AM MDT   SUNSET   916 PM MDT
JULY 31 2014..........SUNRISE   611 AM MDT   SUNSET   915 PM MDT


-  INDICATES NEGATIVE NUMBERS.
R  INDICATES RECORD WAS SET OR TIED.
MM INDICATES DATA IS MISSING.
T  INDICATES TRACE AMOUNT.




$$
