000
CDUS45 KMSO 010737
CLIGPI


CLIMATE REPORT
NATIONAL WEATHER SERVICE MISSOULA, MT
137 AM MDT SAT AUG 1 2015


...................................

...THE KALISPELL MT CLIMATE SUMMARY FOR JULY 31 2015...

CLIMATE NORMAL PERIOD 1981 TO 2010
CLIMATE RECORD PERIOD 1894 TO 2015


WEATHER ITEM   OBSERVED TIME   RECORD YEAR NORMAL DEPARTURE LAST
                VALUE   (LST)  VALUE       VALUE  FROM      YEAR
                                                  NORMAL
..................................................................
TEMPERATURE (F)
 YESTERDAY
  MAXIMUM         94    527 PM  98    1989  84     10       93
  MINIMUM         43    510 AM  34    2008  49     -6       52
  AVERAGE         69                        67      2       73

PRECIPITATION (IN)
  YESTERDAY        0.00          0.60 2001   0.03  -0.03      T
  MONTH TO DATE    0.36                      1.45  -1.09     0.39
  SINCE OCT 1     12.80                     14.62  -1.82    17.33
  SINCE JAN 1      6.72                     10.62  -3.90    12.88

SNOWFALL (IN)
  YESTERDAY        0.0
  MONTH TO DATE    0.0
  SINCE JAN 1     32.9
  SINCE JUL 1      0.0
  SNOW DEPTH       0

DEGREE DAYS
 HEATING
  YESTERDAY        0                         1     -1        0
  MONTH TO DATE   60                        77    -17       14
  SINCE JUN 1    141                       293   -152      267
  SINCE JUL 1     60                        77    -17       14

 COOLING
  YESTERDAY        4                         3      1        8
  MONTH TO DATE   79                        67     12      130
  SINCE JUN 1    165                        80     85      130
  SINCE JAN 1    165                        83     82      130
..................................................................


WIND (MPH)
  HIGHEST WIND SPEED    18   HIGHEST WIND DIRECTION     S (170)
  HIGHEST GUST SPEED    23   HIGHEST GUST DIRECTION    SE (150)
  AVERAGE WIND SPEED     4.9


SKY COVER
  POSSIBLE SUNSHINE  MM
  AVERAGE SKY COVER 0.0


WEATHER CONDITIONS
 THE FOLLOWING WEATHER WAS RECORDED YESTERDAY.
  NO SIGNIFICANT WEATHER WAS OBSERVED.


RELATIVE HUMIDITY (PERCENT)
 HIGHEST    76           300 AM
 LOWEST     12           400 PM
 AVERAGE    44

..........................................................


THE KALISPELL MT CLIMATE NORMALS FOR TODAY
                         NORMAL    RECORD    YEAR
 MAXIMUM TEMPERATURE (F)   84        98      1971
 MINIMUM TEMPERATURE (F)   49        37      1953


SUNRISE AND SUNSET
AUGUST  1 2015........SUNRISE   612 AM MDT   SUNSET   914 PM MDT
AUGUST  2 2015........SUNRISE   613 AM MDT   SUNSET   912 PM MDT


-  INDICATES NEGATIVE NUMBERS.
R  INDICATES RECORD WAS SET OR TIED.
MM INDICATES DATA IS MISSING.
T  INDICATES TRACE AMOUNT.




$$
