000
CDUS45 KMSO 122335
CLIGPI


CLIMATE REPORT
NATIONAL WEATHER SERVICE MISSOULA, MT
435 PM MST FRI FEB 12 2016


...................................

...THE KALISPELL MT CLIMATE SUMMARY FOR FEBRUARY 12 2016...
VALID TODAY AS OF 0400 PM LOCAL TIME.

CLIMATE NORMAL PERIOD 1981 TO 2010
CLIMATE RECORD PERIOD 1894 TO 2016


WEATHER ITEM   OBSERVED TIME   RECORD YEAR NORMAL DEPARTURE LAST
                VALUE   (LST)  VALUE       VALUE  FROM      YEAR
                                                  NORMAL
..................................................................
TEMPERATURE (F)
 TODAY
  MAXIMUM         38    157 PM  54    1924  35      3       46
  MINIMUM         33    910 AM -21    1905  18     15       29
  AVERAGE         36                        26     10       38

PRECIPITATION (IN)
  TODAY            0.10          0.49 1977   0.03   0.07     0.00
  MONTH TO DATE    0.29                      0.40  -0.11     1.02
  SINCE OCT 1      5.82                      5.73   0.09     9.51
  SINCE JAN 1      1.77                      1.73   0.04     3.43

SNOWFALL (IN)
  TODAY            0.0
  MONTH TO DATE    2.5
  SINCE JAN 1     14.1
  SINCE JUL 1     40.9
  SNOW DEPTH       4

DEGREE DAYS
 HEATING
  TODAY           29                        39    -10       27
  MONTH TO DATE  433                       468    -35      356
  SINCE DEC 1   2812                      3055   -243     2887
  SINCE JUL 1   4831                      5259   -428     4885

 COOLING
  TODAY            0                         0      0        0
  MONTH TO DATE    0                         0      0        0
  SINCE DEC 1      0                         0      0        0
  SINCE JAN 1      0                         0      0        0
..................................................................


WIND (MPH)
  HIGHEST WIND SPEED     6   HIGHEST WIND DIRECTION     E (110)
  HIGHEST GUST SPEED     6   HIGHEST GUST DIRECTION    NW (300)
  AVERAGE WIND SPEED     1.2


SKY COVER
  POSSIBLE SUNSHINE  MM
  AVERAGE SKY COVER 1.0


WEATHER CONDITIONS
 THE FOLLOWING WEATHER WAS RECORDED TODAY.
  LIGHT RAIN
  FOG


RELATIVE HUMIDITY (PERCENT)
 HIGHEST   100           300 PM
 LOWEST     82           200 AM
 AVERAGE    91

..........................................................


THE KALISPELL MT CLIMATE NORMALS FOR TOMORROW
                         NORMAL    RECORD    YEAR
 MAXIMUM TEMPERATURE (F)   35        56      2015
 MINIMUM TEMPERATURE (F)   18       -24      1936


SUNRISE AND SUNSET
FEBRUARY 12 2016......SUNRISE   750 AM MST   SUNSET   554 PM MST
FEBRUARY 13 2016......SUNRISE   748 AM MST   SUNSET   555 PM MST


-  INDICATES NEGATIVE NUMBERS.
R  INDICATES RECORD WAS SET OR TIED.
MM INDICATES DATA IS MISSING.
T  INDICATES TRACE AMOUNT.




$$
