000
CDUS45 KMSO 230011
CLIGPI


CLIMATE REPORT
NATIONAL WEATHER SERVICE MISSOULA, MT
514 PM MDT MON MAY 22 2017


...................................

...THE KALISPELL MT CLIMATE SUMMARY FOR MAY 22 2017...
VALID TODAY AS OF 0500 PM LOCAL TIME.

CLIMATE NORMAL PERIOD 1981 TO 2010
CLIMATE RECORD PERIOD 1894 TO 2017


WEATHER ITEM   OBSERVED TIME   RECORD YEAR NORMAL DEPARTURE LAST
                VALUE   (LST)  VALUE       VALUE  FROM      YEAR
                                                  NORMAL
..................................................................
TEMPERATURE (F)
 TODAY
  MAXIMUM         78    250 PM  86    1988  67     11       48
  MINIMUM         38    528 AM  26    1987  40     -2       45
  AVERAGE         58                        54      4       47

PRECIPITATION (IN)
  TODAY            0.00          1.38 1948   0.07  -0.07     0.88
  MONTH TO DATE    0.74                      1.25  -0.51     2.33
  SINCE OCT 1     16.79                      9.88   6.91    11.55
  SINCE JAN 1      9.56                      5.88   3.68     7.50

SNOWFALL (IN)
  TODAY            0.0
  MONTH TO DATE    0.0
  SINCE JAN 1     54.5
  SINCE JUL 1     89.8
  SNOW DEPTH       0

DEGREE DAYS
 HEATING
  TODAY            7                        12     -5       18
  MONTH TO DATE  314                       319     -5      240
  SINCE MAR 1   1878                      1878      0     1533
  SINCE JUL 1   8078                      7730    348     6835

 COOLING
  TODAY            0                         0      0        0
  MONTH TO DATE    0                         0      0        0
  SINCE MAR 1      0                         0      0        0
  SINCE JAN 1      0                         0      0        0
..................................................................


WIND (MPH)
  HIGHEST WIND SPEED     7   HIGHEST WIND DIRECTION     E (70)
  HIGHEST GUST SPEED    11   HIGHEST GUST DIRECTION    NE (50)
  AVERAGE WIND SPEED     2.7


SKY COVER
  POSSIBLE SUNSHINE  MM
  AVERAGE SKY COVER 0.0


WEATHER CONDITIONS
 THE FOLLOWING WEATHER WAS RECORDED TODAY.
  NO SIGNIFICANT WEATHER WAS OBSERVED.


RELATIVE HUMIDITY (PERCENT)
 HIGHEST   100           300 AM
 LOWEST     21           300 PM
 AVERAGE    61

..........................................................


THE KALISPELL MT CLIMATE NORMALS FOR TOMORROW
                         NORMAL    RECORD    YEAR
 MAXIMUM TEMPERATURE (F)   67        87      2001
 MINIMUM TEMPERATURE (F)   41        26      1953


SUNRISE AND SUNSET
MAY 22 2017...........SUNRISE   549 AM MDT   SUNSET   919 PM MDT
MAY 23 2017...........SUNRISE   548 AM MDT   SUNSET   921 PM MDT


-  INDICATES NEGATIVE NUMBERS.
R  INDICATES RECORD WAS SET OR TIED.
MM INDICATES DATA IS MISSING.
T  INDICATES TRACE AMOUNT.




$$
