000
CDUS45 KMSO 180738
CLIGPI


CLIMATE REPORT
NATIONAL WEATHER SERVICE MISSOULA, MT
1237 AM MST THU DEC 18 2014


...................................

...THE KALISPELL MT CLIMATE SUMMARY FOR DECEMBER 17 2014...

CLIMATE NORMAL PERIOD 1981 TO 2010
CLIMATE RECORD PERIOD 1894 TO 2014


WEATHER ITEM   OBSERVED TIME   RECORD YEAR NORMAL DEPARTURE LAST
                VALUE   (LST)  VALUE       VALUE  FROM      YEAR
                                                  NORMAL
..................................................................
TEMPERATURE (F)
 YESTERDAY
  MAXIMUM         37    345 PM  47    1980  29      8       38
  MINIMUM         23    628 PM -24    1964  15      8       15
  AVERAGE         30                        22      8       27

PRECIPITATION (IN)
  YESTERDAY        0.00          0.47 1961   0.05  -0.05     0.00
  MONTH TO DATE    0.93                      0.82   0.11     0.94
  SINCE OCT 1      4.66                      3.26   1.40     3.81
  SINCE JAN 1     20.14                     16.25   3.89    16.84

SNOWFALL (IN)
  YESTERDAY        0.0
  MONTH TO DATE    6.5
  SINCE JAN 1     55.0
  SINCE JUL 1     16.8
  SNOW DEPTH       T

DEGREE DAYS
 HEATING
  YESTERDAY       35                        43     -8       38
  MONTH TO DATE  652                       702    -50      798
  SINCE DEC 1    652                       702    -50      798
  SINCE JUL 1   2650                      2906   -256     2875

 COOLING
  YESTERDAY        0                         0      0        0
  MONTH TO DATE    0                         0      0        0
  SINCE DEC 1      0                         0      0        0
  SINCE JAN 1    217                       147     70      264
..................................................................


WIND (MPH)
  HIGHEST WIND SPEED     5   HIGHEST WIND DIRECTION     N (10)
  HIGHEST GUST SPEED     6   HIGHEST GUST DIRECTION     E (110)
  AVERAGE WIND SPEED     0.1


SKY COVER
  POSSIBLE SUNSHINE  MM
  AVERAGE SKY COVER 0.9


WEATHER CONDITIONS
 THE FOLLOWING WEATHER WAS RECORDED YESTERDAY.
  NO SIGNIFICANT WEATHER WAS OBSERVED.


RELATIVE HUMIDITY (PERCENT)
 HIGHEST    92          1200 AM
 LOWEST     69           200 PM
 AVERAGE    81

..........................................................


THE KALISPELL MT CLIMATE NORMALS FOR TODAY
                         NORMAL    RECORD    YEAR
 MAXIMUM TEMPERATURE (F)   29        53      1917
 MINIMUM TEMPERATURE (F)   15       -27      1924


SUNRISE AND SUNSET
DECEMBER 18 2014......SUNRISE   824 AM MST   SUNSET   444 PM MST
DECEMBER 19 2014......SUNRISE   824 AM MST   SUNSET   444 PM MST


-  INDICATES NEGATIVE NUMBERS.
R  INDICATES RECORD WAS SET OR TIED.
MM INDICATES DATA IS MISSING.
T  INDICATES TRACE AMOUNT.




$$
