000
CDUS43 KGRB 232228
CLIGRB


CLIMATE REPORT
NATIONAL WEATHER SERVICE GREEN BAY
427 PM CST TUE JAN 23 2018


...................................

...THE GREEN BAY WI CLIMATE SUMMARY FOR JANUARY 23 2018...
VALID TODAY AS OF 0400 PM LOCAL TIME.

CLIMATE NORMAL PERIOD 1981 TO 2010
CLIMATE RECORD PERIOD 1886 TO 2018


WEATHER ITEM   OBSERVED TIME   RECORD YEAR NORMAL DEPARTURE LAST
                VALUE   (LST)  VALUE       VALUE  FROM      YEAR
                                                  NORMAL
..................................................................
TEMPERATURE (F)
 TODAY
  MAXIMUM         30   1248 AM  46    1989  24      6       40
                                      1942
  MINIMUM         26   1003 AM -27    1963   9     17       35
  AVERAGE         28                        16     12       38

PRECIPITATION (IN)
  TODAY            0.02          0.76 1887   0.03  -0.01     0.00
  MONTH TO DATE    0.94                      0.86   0.08     1.79
  SINCE DEC 1      2.23                      2.37  -0.14     4.04
  SINCE JAN 1      0.94                      0.86   0.08     1.79

SNOWFALL (IN)
  TODAY            0.1           8.0  1887   0.5   -0.4      0.0
  MONTH TO DATE    4.8                       9.6   -4.8      6.2
  SINCE DEC 1     16.8                      22.7   -5.9     29.3
  SINCE JUL 1     17.4                      26.9   -9.5     30.2
  SNOW DEPTH       T

DEGREE DAYS
 HEATING
  TODAY           37                        49    -12       27
  MONTH TO DATE 1082                      1117    -35      994
  SINCE DEC 1   2509                      2467     42     2245
  SINCE JUL 1   3925                      4207   -282     3307

 COOLING
  TODAY            0                         0      0        0
  MONTH TO DATE    0                         0      0        0
  SINCE DEC 1      0                         0      0        0
  SINCE JAN 1      0                         0      0        0
..................................................................


WIND (MPH)
  HIGHEST WIND SPEED    24   HIGHEST WIND DIRECTION     N (360)
  HIGHEST GUST SPEED    32   HIGHEST GUST DIRECTION     N (360)
  AVERAGE WIND SPEED    14.9


SKY COVER
  POSSIBLE SUNSHINE  MM
  AVERAGE SKY COVER 1.0


WEATHER CONDITIONS
 THE FOLLOWING WEATHER WAS RECORDED TODAY.
  LIGHT SNOW
  FOG


RELATIVE HUMIDITY (PERCENT)
 HIGHEST    92           100 AM
 LOWEST     69           400 PM
 AVERAGE    81

..........................................................


THE GREEN BAY WI CLIMATE NORMALS FOR TOMORROW
                         NORMAL    RECORD    YEAR
 MAXIMUM TEMPERATURE (F)   24        47      1916
 MINIMUM TEMPERATURE (F)    9       -25      1935


SUNRISE AND SUNSET
JANUARY 23 2018.......SUNRISE   720 AM CST   SUNSET   449 PM CST
JANUARY 24 2018.......SUNRISE   719 AM CST   SUNSET   451 PM CST


-  INDICATES NEGATIVE NUMBERS.
R  INDICATES RECORD WAS SET OR TIED.
MM INDICATES DATA IS MISSING.
T  INDICATES TRACE AMOUNT.




$$
