650
CDUS43 KGRB 140626
CLIGRB


CLIMATE REPORT
NATIONAL WEATHER SERVICE GREEN BAY
1226 AM CST SUN FEB 14 2016


...................................

...THE GREEN BAY WI CLIMATE SUMMARY FOR FEBRUARY 13 2016...

CLIMATE NORMAL PERIOD 1981 TO 2010
CLIMATE RECORD PERIOD 1886 TO 2016


WEATHER ITEM   OBSERVED TIME   RECORD YEAR NORMAL DEPARTURE LAST
                VALUE   (LST)  VALUE       VALUE  FROM      YEAR
                                                  NORMAL
..................................................................
TEMPERATURE (F)
 YESTERDAY
  MAXIMUM         11    415 PM  43    1990  28    -17       21
                                      1984
                                      1976
  MINIMUM         -7   1156 PM -22    1905  12    -19       -7
  AVERAGE          2                        20    -18        7

PRECIPITATION (IN)
  YESTERDAY        0.00          0.75 1906   0.03  -0.03      T
  MONTH TO DATE    0.98                      0.44   0.54     0.25
  SINCE DEC 1      8.02                      3.08   4.94     2.49
  SINCE JAN 1      2.31                      1.57   0.74     0.81

SNOWFALL (IN)
  YESTERDAY        0.0           7.1  1906   0.4   -0.4      0.3
  MONTH TO DATE   10.7                       4.8    5.9      3.8
  SINCE DEC 1     32.1                      30.9    1.2     16.1
  SINCE JUL 1     32.3                      35.1   -2.8     24.3
  SNOW DEPTH       9

DEGREE DAYS
 HEATING
  YESTERDAY       63                        45     18       58
  MONTH TO DATE  599                       607     -8      658
  SINCE DEC 1   2947                      3456   -509     3328
  SINCE JUL 1   4219                      5196   -977     5165

 COOLING
  YESTERDAY        0                         0      0        0
  MONTH TO DATE    0                         0      0        0
  SINCE DEC 1      0                         0      0        0
  SINCE JAN 1      0                         0      0        0
..................................................................


WIND (MPH)
  HIGHEST WIND SPEED    16   HIGHEST WIND DIRECTION    NW (300)
  HIGHEST GUST SPEED    19   HIGHEST GUST DIRECTION    NW (310)
  AVERAGE WIND SPEED     8.2


SKY COVER
  POSSIBLE SUNSHINE  MM
  AVERAGE SKY COVER 0.0


WEATHER CONDITIONS
 THE FOLLOWING WEATHER WAS RECORDED YESTERDAY.
  NO SIGNIFICANT WEATHER WAS OBSERVED.


RELATIVE HUMIDITY (PERCENT)
 HIGHEST    72           800 AM
 LOWEST     50           300 PM
 AVERAGE    61

..........................................................


THE GREEN BAY WI CLIMATE NORMALS FOR TODAY
                         NORMAL    RECORD    YEAR
 MAXIMUM TEMPERATURE (F)   28        46      1954
                                             1934
 MINIMUM TEMPERATURE (F)   12       -18      1951


SUNRISE AND SUNSET
FEBRUARY 14 2016......SUNRISE   655 AM CST   SUNSET   519 PM CST
FEBRUARY 15 2016......SUNRISE   653 AM CST   SUNSET   521 PM CST


-  INDICATES NEGATIVE NUMBERS.
R  INDICATES RECORD WAS SET OR TIED.
MM INDICATES DATA IS MISSING.
T  INDICATES TRACE AMOUNT.




$$
