000
CDUS43 KGRB 240726
CLIGRB


CLIMATE REPORT
NATIONAL WEATHER SERVICE GREEN BAY
226 AM CDT SUN JUL 24 2016


...................................

...THE GREEN BAY WI CLIMATE SUMMARY FOR JULY 23 2016...

CLIMATE NORMAL PERIOD 1981 TO 2010
CLIMATE RECORD PERIOD 1886 TO 2016


WEATHER ITEM   OBSERVED TIME   RECORD YEAR NORMAL DEPARTURE LAST
                VALUE   (LST)  VALUE       VALUE  FROM      YEAR
                                                  NORMAL
..................................................................
TEMPERATURE (F)
 YESTERDAY
  MAXIMUM         88   1110 AM  96    1940  80      8       85
  MINIMUM         64    308 AM  46    2000  59      5       61
                                      1985
                                      1887
  AVERAGE         76                        69      7       73

PRECIPITATION (IN)
  YESTERDAY        0.13          4.39 1912   0.11   0.02     0.00
  MONTH TO DATE    2.15                      2.65  -0.50     1.79
  SINCE JUN 1      6.59                      6.53   0.06     5.03
  SINCE JAN 1     17.77                     16.18   1.59    11.97

SNOWFALL (IN)
  YESTERDAY        0.0           0.0  2010   0.0    0.0      0.0
  MONTH TO DATE    0.0                       0.0    0.0      0.0
  SINCE JUN 1      0.0                       0.0    0.0      0.0
  SINCE JUL 1      0.0                       0.0    0.0      0.0
  SNOW DEPTH       0

DEGREE DAYS
 HEATING
  YESTERDAY        0                         1     -1        0
  MONTH TO DATE    6                        23    -17       19
  SINCE JUN 1     31                       115    -84       72
  SINCE JUL 1      6                        23    -17       19

 COOLING
  YESTERDAY       11                         5      6        8
  MONTH TO DATE  150                       115     35      103
  SINCE JUN 1    250                       198     52      170
  SINCE JAN 1    283                       216     67      198
..................................................................


WIND (MPH)
  HIGHEST WIND SPEED    18   HIGHEST WIND DIRECTION     S (180)
  HIGHEST GUST SPEED    23   HIGHEST GUST DIRECTION     S (170)
  AVERAGE WIND SPEED     5.2


SKY COVER
  POSSIBLE SUNSHINE  MM
  AVERAGE SKY COVER 0.2


WEATHER CONDITIONS
 THE FOLLOWING WEATHER WAS RECORDED YESTERDAY.
  HEAVY RAIN
  LIGHT RAIN
  FOG


RELATIVE HUMIDITY (PERCENT)
 HIGHEST   100           100 AM
 LOWEST     57          1100 AM
 AVERAGE    79

..........................................................


THE GREEN BAY WI CLIMATE NORMALS FOR TODAY
                         NORMAL    RECORD    YEAR
 MAXIMUM TEMPERATURE (F)   80        95      1945
 MINIMUM TEMPERATURE (F)   59        45      1953


SUNRISE AND SUNSET
JULY 24 2016..........SUNRISE   531 AM CDT   SUNSET   826 PM CDT
JULY 25 2016..........SUNRISE   532 AM CDT   SUNSET   825 PM CDT


-  INDICATES NEGATIVE NUMBERS.
R  INDICATES RECORD WAS SET OR TIED.
MM INDICATES DATA IS MISSING.
T  INDICATES TRACE AMOUNT.




$$
