000
CDUS43 KGID 280626
CLIGRI


CLIMATE REPORT
NATIONAL WEATHER SERVICE HASTINGS NE
125 AM CDT TUE MAR 28 2017


...................................

...THE GRAND ISLAND NE CLIMATE SUMMARY FOR MARCH 27 2017...

CLIMATE NORMAL PERIOD 1981 TO 2010
CLIMATE RECORD PERIOD 1895 TO 2017


WEATHER ITEM   OBSERVED TIME   RECORD YEAR NORMAL DEPARTURE LAST
                VALUE   (LST)  VALUE       VALUE  FROM      YEAR
                                                  NORMAL
..................................................................
TEMPERATURE (F)
 YESTERDAY
  MAXIMUM         55    450 PM  90    1907  56     -1       60
  MINIMUM         37   1141 PM   7    1913  31      6       18
  AVERAGE         46                        44      2       39

PRECIPITATION (IN)
  YESTERDAY        0.00          1.57 1998   0.07  -0.07     0.00
  MONTH TO DATE    0.39                      1.49  -1.10     0.46
  SINCE MAR 1      0.39                      1.49  -1.10     0.46
  SINCE JAN 1      1.71                      2.70  -0.99     2.64

SNOWFALL (IN)
  YESTERDAY        0.0           6.0  1931   0.2   -0.2      0.0
  MONTH TO DATE    1.2                       4.8   -3.6      2.6
  SINCE MAR 1      1.2                       4.8   -3.6      2.6
  SINCE JUL 1      8.9                      26.9  -18.0     33.8
  SNOW DEPTH       0

DEGREE DAYS
 HEATING
  YESTERDAY       19                        22     -3       26
  MONTH TO DATE  605                       713   -108      531
  SINCE MAR 1    605                       713   -108      531
  SINCE JUL 1   4671                      5474   -803     4529

 COOLING
  YESTERDAY        0                         0      0        0
  MONTH TO DATE    0                         0      0        0
  SINCE MAR 1      0                         0      0        0
  SINCE JAN 1      0                         0      0        0
..................................................................


WIND (MPH)
  HIGHEST WIND SPEED    10   HIGHEST WIND DIRECTION    NE (40)
  HIGHEST GUST SPEED    13   HIGHEST GUST DIRECTION    NE (60)
  AVERAGE WIND SPEED     5.0


SKY COVER
  AVERAGE SKY COVER 0.6


WEATHER CONDITIONS
 THE FOLLOWING WEATHER WAS RECORDED YESTERDAY.
  FOG


RELATIVE HUMIDITY (PERCENT)
 HIGHEST   100          1200 AM
 LOWEST     59           600 PM
 AVERAGE    80

..........................................................


THE GRAND ISLAND NE CLIMATE NORMALS FOR TODAY
                         NORMAL    RECORD    YEAR
 MAXIMUM TEMPERATURE (F)   56        89      1986
 MINIMUM TEMPERATURE (F)   31         6      1926


SUNRISE AND SUNSET
MARCH 28 2017.........SUNRISE   723 AM CDT   SUNSET   754 PM CDT
MARCH 29 2017.........SUNRISE   721 AM CDT   SUNSET   755 PM CDT


-  INDICATES NEGATIVE NUMBERS.
R  INDICATES RECORD WAS SET OR TIED.
MM INDICATES DATA IS MISSING.
T  INDICATES TRACE AMOUNT.




$$
