000
CDUS43 KGID 240632
CLIGRI


CLIMATE REPORT
NATIONAL WEATHER SERVICE HASTINGS NE
131 AM CDT FRI OCT 24 2014


...................................

...THE GRAND ISLAND NE CLIMATE SUMMARY FOR OCTOBER 23 2014...

CLIMATE NORMAL PERIOD 1981 TO 2010
CLIMATE RECORD PERIOD 1895 TO 2014


WEATHER ITEM   OBSERVED TIME   RECORD YEAR NORMAL DEPARTURE LAST
                VALUE   (LST)  VALUE       VALUE  FROM      YEAR
                                                  NORMAL
..................................................................
TEMPERATURE (F)
 YESTERDAY
  MAXIMUM         65    354 PM  88    1927  62      3       66
  MINIMUM         45    757 AM  16    1981  37      8       36
  AVERAGE         55                        49      6       51

PRECIPITATION (IN)
  YESTERDAY        0.00          2.11 1906   0.05  -0.05     0.00
  MONTH TO DATE    1.28                      1.47  -0.19     3.64
  SINCE SEP 1      4.31                      3.70   0.61     6.02
  SINCE JAN 1     26.51                     24.47   2.04    25.43

SNOWFALL (IN)
  YESTERDAY        0.0           3.8  2002   0.1   -0.1      0.0
  MONTH TO DATE    0.0                       0.6   -0.6      0.0
  SINCE SEP 1      0.0                       0.7   -0.7      0.0
  SINCE JUL 1      0.0                       0.7   -0.7      0.0
  SNOW DEPTH       0

DEGREE DAYS
 HEATING
  YESTERDAY       10                        16     -6       14
  MONTH TO DATE  208                       268    -60      247
  SINCE SEP 1    310                       373    -63      268
  SINCE JUL 1    314                       383    -69      271

 COOLING
  YESTERDAY        0                         0      0        0
  MONTH TO DATE    4                        10     -6       15
  SINCE SEP 1    101                       119    -18      202
  SINCE JAN 1   1031                      1033     -2     1265
..................................................................


WIND (MPH)
  HIGHEST WIND SPEED    14   HIGHEST WIND DIRECTION     S (200)
  HIGHEST GUST SPEED    17   HIGHEST GUST DIRECTION    SW (210)
  AVERAGE WIND SPEED     6.4


SKY COVER
  AVERAGE SKY COVER 0.5


WEATHER CONDITIONS
 THE FOLLOWING WEATHER WAS RECORDED YESTERDAY.
  FOG
  FOG W/VISIBILITY <= 1/4 MILE
  HAZE


RELATIVE HUMIDITY (PERCENT)
 HIGHEST   100           100 AM
 LOWEST     72           300 PM
 AVERAGE    86

..........................................................


THE GRAND ISLAND NE CLIMATE NORMALS FOR TODAY
                         NORMAL    RECORD    YEAR
 MAXIMUM TEMPERATURE (F)   61        86      1927
 MINIMUM TEMPERATURE (F)   37        18      1938


SUNRISE AND SUNSET
OCTOBER 24 2014.......SUNRISE   755 AM CDT   SUNSET   640 PM CDT
OCTOBER 25 2014.......SUNRISE   756 AM CDT   SUNSET   638 PM CDT


-  INDICATES NEGATIVE NUMBERS.
R  INDICATES RECORD WAS SET OR TIED.
MM INDICATES DATA IS MISSING.
T  INDICATES TRACE AMOUNT.




$$
