000
CDUS43 KGID 210624
CLIGRI


CLIMATE REPORT
NATIONAL WEATHER SERVICE HASTINGS NE
123 AM CDT THU SEP 21 2017


...................................

...THE GRAND ISLAND NE CLIMATE SUMMARY FOR SEPTEMBER 20 2017...

CLIMATE NORMAL PERIOD 1981 TO 2010
CLIMATE RECORD PERIOD 1895 TO 2017


WEATHER ITEM   OBSERVED TIME   RECORD YEAR NORMAL DEPARTURE LAST
                VALUE   (LST)  VALUE       VALUE  FROM      YEAR
                                                  NORMAL
..................................................................
TEMPERATURE (F)
 YESTERDAY
  MAXIMUM         78    345 PM  95    1920  76      2       93
  MINIMUM         51    540 AM  32    1995  50      1       56
                                      1918
  AVERAGE         65                        63      2       75

PRECIPITATION (IN)
  YESTERDAY        0.00          1.19 1965   0.07  -0.07     0.00
  MONTH TO DATE    0.81                      1.52  -0.71     2.32
  SINCE SEP 1      0.81                      1.52  -0.71     2.32
  SINCE JAN 1     22.20                     22.29  -0.09    21.72

SNOWFALL (IN)
  YESTERDAY        0.0                       0.0    0.0      0.0
  MONTH TO DATE    0.0                       0.0    0.0      0.0
  SINCE SEP 1      0.0                       0.0    0.0      0.0
  SINCE JUL 1      0.0                       0.0    0.0      0.0
  SNOW DEPTH       0

DEGREE DAYS
 HEATING
  YESTERDAY        0                         4     -4        0
  MONTH TO DATE   28                        46    -18       23
  SINCE SEP 1     28                        46    -18       23
  SINCE JUL 1     32                        56    -24       30

 COOLING
  YESTERDAY        0                         3     -3       10
  MONTH TO DATE  106                        92     14       94
  SINCE SEP 1    106                        92     14       94
  SINCE JAN 1   1017                      1006     11     1108
..................................................................


WIND (MPH)
  HIGHEST WIND SPEED    20   HIGHEST WIND DIRECTION    NW (330)
  HIGHEST GUST SPEED    24   HIGHEST GUST DIRECTION    NW (310)
  AVERAGE WIND SPEED     7.7


SKY COVER
  AVERAGE SKY COVER 0.0


WEATHER CONDITIONS
 THE FOLLOWING WEATHER WAS RECORDED YESTERDAY.
  NO SIGNIFICANT WEATHER WAS OBSERVED.


RELATIVE HUMIDITY (PERCENT)
 HIGHEST    89           500 AM
 LOWEST     25           300 PM
 AVERAGE    57

..........................................................


THE GRAND ISLAND NE CLIMATE NORMALS FOR TODAY
                         NORMAL    RECORD    YEAR
 MAXIMUM TEMPERATURE (F)   76        97      2005
                                             1936
 MINIMUM TEMPERATURE (F)   50        28      1995


SUNRISE AND SUNSET
SEPTEMBER 21 2017.....SUNRISE   720 AM CDT   SUNSET   732 PM CDT
SEPTEMBER 22 2017.....SUNRISE   721 AM CDT   SUNSET   730 PM CDT


-  INDICATES NEGATIVE NUMBERS.
R  INDICATES RECORD WAS SET OR TIED.
MM INDICATES DATA IS MISSING.
T  INDICATES TRACE AMOUNT.




$$
