000
CDUS43 KGID 262226
CLIGRI


CLIMATE REPORT
NATIONAL WEATHER SERVICE HASTINGS NE
525 PM CDT WED JUL 26 2017


...................................

...THE GRAND ISLAND NE CLIMATE SUMMARY FOR JULY 26 2017...
VALID TODAY AS OF 0500 PM LOCAL TIME.

CLIMATE NORMAL PERIOD 1981 TO 2010
CLIMATE RECORD PERIOD 1895 TO 2017


WEATHER ITEM   OBSERVED TIME   RECORD YEAR NORMAL DEPARTURE LAST
                VALUE   (LST)  VALUE       VALUE  FROM      YEAR
                                                  NORMAL
..................................................................
TEMPERATURE (F)
 TODAY
  MAXIMUM         81    304 PM 111    1936  87     -6       88
  MINIMUM         69    457 AM  48    1962  65      4       61
  AVERAGE         75                        76     -1       75

PRECIPITATION (IN)
  TODAY            0.48          3.27 1905   0.10   0.38     0.00
  MONTH TO DATE    2.85                      2.87  -0.02     2.20
  SINCE JUN 1      4.95                      7.17  -2.22     2.25
  SINCE JAN 1     15.00                     17.12  -2.12    16.93

SNOWFALL (IN)
  TODAY            0.0                       0.0    0.0      0.0
  MONTH TO DATE    0.0                       0.0    0.0      0.0
  SINCE JUN 1      0.0                       0.0    0.0      0.0
  SINCE JUL 1      0.0                       0.0    0.0      0.0
  SNOW DEPTH       0

DEGREE DAYS
 HEATING
  TODAY            0                         0      0        0
  MONTH TO DATE    0                         0      0        6
  SINCE JUN 1      3                        24    -21        6
  SINCE JUL 1      0                         0      0        6

 COOLING
  TODAY           10                        11     -1       10
  MONTH TO DATE  366                       295     71      310
  SINCE JUN 1    658                       508    150      659
  SINCE JAN 1    708                       573    135      693
..................................................................


WIND (MPH)
  HIGHEST WIND SPEED    24   HIGHEST WIND DIRECTION     W (250)
  HIGHEST GUST SPEED    32   HIGHEST GUST DIRECTION     W (260)
  AVERAGE WIND SPEED    10.4


SKY COVER
  POSSIBLE SUNSHINE  MM
  AVERAGE SKY COVER 0.7


WEATHER CONDITIONS
 THE FOLLOWING WEATHER WAS RECORDED TODAY.
  THUNDERSTORM
  HEAVY RAIN
  RAIN
  LIGHT RAIN
  FOG


RELATIVE HUMIDITY (PERCENT)
 HIGHEST   100           300 AM
 LOWEST     69          1200 AM
 AVERAGE    85

..........................................................


THE GRAND ISLAND NE CLIMATE NORMALS FOR TOMORROW
                         NORMAL    RECORD    YEAR
 MAXIMUM TEMPERATURE (F)   87       106      1935
                                             1930
 MINIMUM TEMPERATURE (F)   65        49      2005


SUNRISE AND SUNSET
JULY 26 2017..........SUNRISE   624 AM CDT   SUNSET   855 PM CDT
JULY 27 2017..........SUNRISE   625 AM CDT   SUNSET   854 PM CDT


-  INDICATES NEGATIVE NUMBERS.
R  INDICATES RECORD WAS SET OR TIED.
MM INDICATES DATA IS MISSING.
T  INDICATES TRACE AMOUNT.




$$
