444
CDUS43 KGID 240628
CLIGRI


CLIMATE REPORT
NATIONAL WEATHER SERVICE HASTINGS NE
128 AM CDT TUE MAY 24 2016


...................................

...THE GRAND ISLAND NE CLIMATE SUMMARY FOR MAY 23 2016...

CLIMATE NORMAL PERIOD 1981 TO 2010
CLIMATE RECORD PERIOD 1895 TO 2016


WEATHER ITEM   OBSERVED TIME   RECORD YEAR NORMAL DEPARTURE LAST
                VALUE   (LST)  VALUE       VALUE  FROM      YEAR
                                                  NORMAL
..................................................................
TEMPERATURE (F)
 YESTERDAY
  MAXIMUM         77    124 PM  97    1926  75      2       61
  MINIMUM         58    752 PM  38    1947  52      6       52
  AVERAGE         68                        64      4       57

PRECIPITATION (IN)
  YESTERDAY        2.06          2.58 2008   0.16   1.90      T
  MONTH TO DATE    4.77                      3.20   1.57     3.40
  SINCE MAR 1     10.43                      7.53   2.90     5.70
  SINCE JAN 1     12.61                      8.74   3.87     6.87

SNOWFALL (IN)
  YESTERDAY        0.0           T    1998   0.0    0.0      0.0
  MONTH TO DATE    0.0                       0.1   -0.1      0.0
  SINCE MAR 1      2.6                       7.0   -4.4      1.4
  SINCE JUL 1     33.8                      29.1    4.7     24.3
  SNOW DEPTH       0

DEGREE DAYS
 HEATING
  YESTERDAY        0                         4     -4        8
  MONTH TO DATE  175                       149     26      179
  SINCE MAR 1   1132                      1390   -258     1205
  SINCE JUL 1   5130                      6151  -1021     5942

 COOLING
  YESTERDAY        3                         2      1        0
  MONTH TO DATE   13                        31    -18       16
  SINCE MAR 1     13                        42    -29       20
  SINCE JAN 1     13                        42    -29       20
..................................................................


WIND (MPH)
  HIGHEST WIND SPEED    32   HIGHEST WIND DIRECTION    SE (150)
  HIGHEST GUST SPEED    40   HIGHEST GUST DIRECTION    SE (150)
  AVERAGE WIND SPEED    10.0


SKY COVER
  AVERAGE SKY COVER 0.7


WEATHER CONDITIONS
 THE FOLLOWING WEATHER WAS RECORDED YESTERDAY.
  THUNDERSTORM
  HEAVY RAIN
  RAIN
  LIGHT RAIN
  FOG
  FOG W/VISIBILITY <= 1/4 MILE


RELATIVE HUMIDITY (PERCENT)
 HIGHEST    90          1100 PM
 LOWEST     60           100 PM
 AVERAGE    75

..........................................................


THE GRAND ISLAND NE CLIMATE NORMALS FOR TODAY
                         NORMAL    RECORD    YEAR
 MAXIMUM TEMPERATURE (F)   75       101      1967
 MINIMUM TEMPERATURE (F)   52        29      1924


SUNRISE AND SUNSET
MAY 24 2016...........SUNRISE   608 AM CDT   SUNSET   853 PM CDT
MAY 25 2016...........SUNRISE   607 AM CDT   SUNSET   854 PM CDT


-  INDICATES NEGATIVE NUMBERS.
R  INDICATES RECORD WAS SET OR TIED.
MM INDICATES DATA IS MISSING.
T  INDICATES TRACE AMOUNT.




$$
