000
CDUS43 KGID 190729
CLIGRI


CLIMATE REPORT
NATIONAL WEATHER SERVICE HASTINGS NE
128 AM CST FRI DEC 19 2014


...................................

...THE GRAND ISLAND NE CLIMATE SUMMARY FOR DECEMBER 18 2014...

CLIMATE NORMAL PERIOD 1981 TO 2010
CLIMATE RECORD PERIOD 1895 TO 2014


WEATHER ITEM   OBSERVED TIME   RECORD YEAR NORMAL DEPARTURE LAST
                VALUE   (LST)  VALUE       VALUE  FROM      YEAR
                                                  NORMAL
..................................................................
TEMPERATURE (F)
 YESTERDAY
  MAXIMUM         30    736 PM  67    2013  36     -6       67
                                      1976
  MINIMUM         23    822 AM -14    1983  16      7       28
                                      1963
  AVERAGE         27                        26      1       48

PRECIPITATION (IN)
  YESTERDAY        0.03          1.11 1968   0.02   0.01     0.00
  MONTH TO DATE    0.45                      0.40   0.05     0.10
  SINCE DEC 1      0.45                      0.40   0.05     0.10
  SINCE JAN 1     27.25                     26.43   0.82    26.91

SNOWFALL (IN)
  YESTERDAY        0.4          11.0  1968   0.1    0.3      0.0
  MONTH TO DATE    0.4                       2.8   -2.4      2.1
  SINCE DEC 1      0.4                       2.8   -2.4      2.1
  SINCE JUL 1      2.6                       7.0   -4.4      2.3
  SNOW DEPTH       T

DEGREE DAYS
 HEATING
  YESTERDAY       38                        39     -1       17
  MONTH TO DATE  571                       671   -100      725
  SINCE DEC 1    571                       671   -100      725
  SINCE JUL 1   1904                      2001    -97     1953

 COOLING
  YESTERDAY        0                         0      0        0
  MONTH TO DATE    0                         0      0        0
  SINCE DEC 1      0                         0      0        0
  SINCE JAN 1   1031                      1034     -3     1265
..................................................................


WIND (MPH)
  HIGHEST WIND SPEED    10   HIGHEST WIND DIRECTION    SW (240)
  HIGHEST GUST SPEED    13   HIGHEST GUST DIRECTION    SW (240)
  AVERAGE WIND SPEED     4.8


SKY COVER
  AVERAGE SKY COVER 1.0


WEATHER CONDITIONS
 THE FOLLOWING WEATHER WAS RECORDED YESTERDAY.
  LIGHT SNOW
  FOG
  HAZE


RELATIVE HUMIDITY (PERCENT)
 HIGHEST    96           200 AM
 LOWEST     74          1200 AM
 AVERAGE    85

..........................................................


THE GRAND ISLAND NE CLIMATE NORMALS FOR TODAY
                         NORMAL    RECORD    YEAR
 MAXIMUM TEMPERATURE (F)   36        61      1966
 MINIMUM TEMPERATURE (F)   16       -19      1989


SUNRISE AND SUNSET
DECEMBER 19 2014......SUNRISE   753 AM CST   SUNSET   507 PM CST
DECEMBER 20 2014......SUNRISE   754 AM CST   SUNSET   508 PM CST


-  INDICATES NEGATIVE NUMBERS.
R  INDICATES RECORD WAS SET OR TIED.
MM INDICATES DATA IS MISSING.
T  INDICATES TRACE AMOUNT.




$$
