000
CDUS43 KGID 302224
CLIGRI


CLIMATE REPORT
NATIONAL WEATHER SERVICE HASTINGS NE
524 PM CDT TUE JUN 30 2015


...................................

...THE GRAND ISLAND NE CLIMATE SUMMARY FOR JUNE 30 2015...
VALID TODAY AS OF 0500 PM LOCAL TIME.

CLIMATE NORMAL PERIOD 1981 TO 2010
CLIMATE RECORD PERIOD 1895 TO 2015


WEATHER ITEM   OBSERVED TIME   RECORD YEAR NORMAL DEPARTURE LAST
                VALUE   (LST)  VALUE       VALUE  FROM      YEAR
                                                  NORMAL
..................................................................
TEMPERATURE (F)
 TODAY
  MAXIMUM         92    319 PM 107    1933  87      5       82
  MINIMUM         64    552 AM  48    1951  63      1       64
  AVERAGE         78                        75      3       73

PRECIPITATION (IN)
  TODAY            0.00          1.20 1982   0.12  -0.12      T
  MONTH TO DATE    5.67                      4.30   1.37     9.65
  SINCE JUN 1      5.67                      4.30   1.37     9.65
  SINCE JAN 1     12.83                     14.25  -1.42    14.14

SNOWFALL (IN)
  TODAY            0.0                       0.0    0.0      0.0
  MONTH TO DATE    0.0                       0.0    0.0      0.0
  SINCE JUN 1      0.0                       0.0    0.0      0.0
  SINCE JUL 1     24.3                      29.0   -4.7     16.4
  SNOW DEPTH       0

DEGREE DAYS
 HEATING
  TODAY            0                         0      0        0
  MONTH TO DATE    5                        21    -16       10
  SINCE JUN 1      5                        24    -19       10
  SINCE JUL 1   5966                      6199   -233     6266

 COOLING
  TODAY           13                        10      3        8
  MONTH TO DATE  209                       213     -4      250
  SINCE JUN 1    209                       213     -4      250
  SINCE JAN 1    236                       278    -42      369
..................................................................


WIND (MPH)
  HIGHEST WIND SPEED    16   HIGHEST WIND DIRECTION     E (100)
  HIGHEST GUST SPEED    19   HIGHEST GUST DIRECTION    SE (120)
  AVERAGE WIND SPEED     6.1


SKY COVER
  POSSIBLE SUNSHINE  MM
  AVERAGE SKY COVER 0.0


WEATHER CONDITIONS
 THE FOLLOWING WEATHER WAS RECORDED TODAY.
  FOG
  HAZE


RELATIVE HUMIDITY (PERCENT)
 HIGHEST    87           300 AM
 LOWEST     42          1000 AM
 AVERAGE    65

..........................................................


THE GRAND ISLAND NE CLIMATE NORMALS FOR TOMORROW
                         NORMAL    RECORD    YEAR
 MAXIMUM TEMPERATURE (F)   88       105      1974
                                             1933
 MINIMUM TEMPERATURE (F)   63        47      1995


SUNRISE AND SUNSET
JUNE 30 2015..........SUNRISE   604 AM CDT   SUNSET   909 PM CDT
JULY  1 2015..........SUNRISE   605 AM CDT   SUNSET   909 PM CDT


-  INDICATES NEGATIVE NUMBERS.
R  INDICATES RECORD WAS SET OR TIED.
MM INDICATES DATA IS MISSING.
T  INDICATES TRACE AMOUNT.




$$
