000
CDUS43 KGID 272224
CLIGRI


CLIMATE REPORT
NATIONAL WEATHER SERVICE HASTINGS NE
523 PM CDT SAT AUG 27 2016


...................................

...THE GRAND ISLAND NE CLIMATE SUMMARY FOR AUGUST 27 2016...
VALID TODAY AS OF 0500 PM LOCAL TIME.

CLIMATE NORMAL PERIOD 1981 TO 2010
CLIMATE RECORD PERIOD 1895 TO 2016


WEATHER ITEM   OBSERVED TIME   RECORD YEAR NORMAL DEPARTURE LAST
                VALUE   (LST)  VALUE       VALUE  FROM      YEAR
                                                  NORMAL
..................................................................
TEMPERATURE (F)
 TODAY
  MAXIMUM         85    356 PM 104    1936  84      1       84
  MINIMUM         56    554 AM  44    1906  60     -4       67
  AVERAGE         71                        72     -1       76

PRECIPITATION (IN)
  TODAY            T             2.12 1989   0.09  -0.09      T
  MONTH TO DATE    0.44                      2.77  -2.33     1.24
  SINCE JUN 1      4.59                     10.47  -5.88     9.49
  SINCE JAN 1     19.27                     20.42  -1.15    16.65

SNOWFALL (IN)
  TODAY            0.0                       0.0    0.0      0.0
  MONTH TO DATE    0.0                       0.0    0.0      0.0
  SINCE JUN 1      0.0                       0.0    0.0      0.0
  SINCE JUL 1      0.0                       0.0    0.0      0.0
  SNOW DEPTH       0

DEGREE DAYS
 HEATING
  TODAY            0                         0      0        0
  MONTH TO DATE    1                         0      1        8
  SINCE JUN 1      7                        26    -19       18
  SINCE JUL 1      7                         2      5       13

 COOLING
  TODAY            6                         8     -2       11
  MONTH TO DATE  238                       258    -20      216
  SINCE JUN 1    944                       820    124      769
  SINCE JAN 1    978                       885     93      796
..................................................................


WIND (MPH)
  HIGHEST WIND SPEED    14   HIGHEST WIND DIRECTION    SE (150)
  HIGHEST GUST SPEED    20   HIGHEST GUST DIRECTION    SE (150)
  AVERAGE WIND SPEED     5.8


SKY COVER
  POSSIBLE SUNSHINE  MM
  AVERAGE SKY COVER 0.4


WEATHER CONDITIONS
 THE FOLLOWING WEATHER WAS RECORDED TODAY.
  FOG
  FOG W/VISIBILITY <= 1/4 MILE


RELATIVE HUMIDITY (PERCENT)
 HIGHEST   100           200 AM
 LOWEST     40           300 PM
 AVERAGE    70

..........................................................


THE GRAND ISLAND NE CLIMATE NORMALS FOR TOMORROW
                         NORMAL    RECORD    YEAR
 MAXIMUM TEMPERATURE (F)   84       106      1913
 MINIMUM TEMPERATURE (F)   60        42      1917
                                             1911


SUNRISE AND SUNSET
AUGUST 27 2016........SUNRISE   656 AM CDT   SUNSET   813 PM CDT
AUGUST 28 2016........SUNRISE   657 AM CDT   SUNSET   811 PM CDT


-  INDICATES NEGATIVE NUMBERS.
R  INDICATES RECORD WAS SET OR TIED.
MM INDICATES DATA IS MISSING.
T  INDICATES TRACE AMOUNT.




$$
