000
CDUS43 KGID 232333
CLIGRI


CLIMATE REPORT
NATIONAL WEATHER SERVICE HASTINGS NE
533 PM CST SUN NOV 23 2014


...................................

...THE GRAND ISLAND NE CLIMATE SUMMARY FOR NOVEMBER 23 2014...
VALID TODAY AS OF 0500 PM LOCAL TIME.

CLIMATE NORMAL PERIOD 1981 TO 2010
CLIMATE RECORD PERIOD 1895 TO 2014


WEATHER ITEM   OBSERVED TIME   RECORD YEAR NORMAL DEPARTURE LAST
                VALUE   (LST)  VALUE       VALUE  FROM      YEAR
                                                  NORMAL
..................................................................
TEMPERATURE (F)
 TODAY
  MAXIMUM         53   1248 AM  66    2011  45      8       26
                                      2005
  MINIMUM         40   1140 AM   1    1898  23     17       15
  AVERAGE         47                        34     13       21

PRECIPITATION (IN)
  TODAY            0.11          0.77 2001   0.04   0.07     0.00
  MONTH TO DATE    0.29                      0.93  -0.64     0.97
  SINCE SEP 1      4.60                      5.02  -0.42     7.40
  SINCE JAN 1     26.80                     25.79   1.01    26.81

SNOWFALL (IN)
  TODAY            0.0           0.5  1950   0.1   -0.1      0.0
  MONTH TO DATE    2.2                       2.1    0.1      0.2
  SINCE SEP 1      2.2                       3.2   -1.0      0.2
  SINCE JUL 1      2.2                       3.2   -1.0      0.2
  SNOW DEPTH       0

DEGREE DAYS
 HEATING
  TODAY           18                        31    -13       44
  MONTH TO DATE  692                       577    115      561
  SINCE SEP 1   1104                      1090     14      985
  SINCE JUL 1   1108                      1100      8      988

 COOLING
  TODAY            0                         0      0        0
  MONTH TO DATE    0                         0      0        0
  SINCE SEP 1    101                       120    -19      202
  SINCE JAN 1   1031                      1034     -3     1265
..................................................................


WIND (MPH)
  HIGHEST WIND SPEED    30   HIGHEST WIND DIRECTION     N (340)
  HIGHEST GUST SPEED    37   HIGHEST GUST DIRECTION     N (340)
  AVERAGE WIND SPEED    MM


SKY COVER
  POSSIBLE SUNSHINE  MM
  AVERAGE SKY COVER  MM


WEATHER CONDITIONS
 THE FOLLOWING WEATHER WAS RECORDED TODAY.
  LIGHT RAIN


RELATIVE HUMIDITY (PERCENT)
 HIGHEST    MM
 LOWEST     MM
 AVERAGE    MM

..........................................................


THE GRAND ISLAND NE CLIMATE NORMALS FOR TOMORROW
                         NORMAL    RECORD    YEAR
 MAXIMUM TEMPERATURE (F)   45        72      1990
 MINIMUM TEMPERATURE (F)   23        -2      1938


SUNRISE AND SUNSET
NOVEMBER 23 2014......SUNRISE   730 AM CST   SUNSET   509 PM CST
NOVEMBER 24 2014......SUNRISE   731 AM CST   SUNSET   509 PM CST


-  INDICATES NEGATIVE NUMBERS.
R  INDICATES RECORD WAS SET OR TIED.
MM INDICATES DATA IS MISSING.
T  INDICATES TRACE AMOUNT.




$$
