000
CDUS43 KGID 102224
CLIGRI


CLIMATE REPORT
NATIONAL WEATHER SERVICE HASTINGS NE
523 PM CDT THU JUL 10 2014


...................................

...THE GRAND ISLAND NE CLIMATE SUMMARY FOR JULY 10 2014...
VALID TODAY AS OF 0500 PM LOCAL TIME.

CLIMATE NORMAL PERIOD 1981 TO 2010
CLIMATE RECORD PERIOD 1895 TO 2014


WEATHER ITEM   OBSERVED TIME   RECORD YEAR NORMAL DEPARTURE LAST
                VALUE   (LST)  VALUE       VALUE  FROM      YEAR
                                                  NORMAL
..................................................................
TEMPERATURE (F)
 TODAY
  MAXIMUM         84    342 PM 106    1935  88     -4       86
  MINIMUM         64    520 AM  48    1902  65     -1       67
  AVERAGE         74                        76     -2       77

PRECIPITATION (IN)
  TODAY            0.00          0.96 1972   0.11  -0.11      T
  MONTH TO DATE    1.37                      1.15   0.22     0.10
  SINCE JUN 1     11.02                      5.45   5.57     1.73
  SINCE JAN 1     15.51                     15.40   0.11    15.10

SNOWFALL (IN)
  TODAY            0.0                       0.0    0.0      0.0
  MONTH TO DATE    0.0                       0.0    0.0      0.0
  SINCE JUN 1      0.0                       0.0    0.0      0.0
  SINCE JUL 1      0.0                       0.0    0.0      0.0
  SNOW DEPTH       0

DEGREE DAYS
 HEATING
  TODAY            0                         0      0        0
  MONTH TO DATE    1                         0      1        0
  SINCE JUN 1     11                        24    -13       21
  SINCE JUL 1      1                         0      1        0

 COOLING
  TODAY            9                        11     -2       12
  MONTH TO DATE   83                       110    -27      132
  SINCE JUN 1    333                       323     10      391
  SINCE JAN 1    452                       388     64      486
..................................................................


WIND (MPH)
  HIGHEST WIND SPEED    22   HIGHEST WIND DIRECTION     S (160)
  HIGHEST GUST SPEED    30   HIGHEST GUST DIRECTION     S (170)
  AVERAGE WIND SPEED    12.3


SKY COVER
  POSSIBLE SUNSHINE  MM
  AVERAGE SKY COVER 0.2


WEATHER CONDITIONS
 THE FOLLOWING WEATHER WAS RECORDED TODAY.
  NO SIGNIFICANT WEATHER WAS OBSERVED.


RELATIVE HUMIDITY (PERCENT)
 HIGHEST    93           200 AM
 LOWEST     63           200 PM
 AVERAGE    78

..........................................................


THE GRAND ISLAND NE CLIMATE NORMALS FOR TOMORROW
                         NORMAL    RECORD    YEAR
 MAXIMUM TEMPERATURE (F)   88       109      1954
 MINIMUM TEMPERATURE (F)   65        51      1999
                                             1926


SUNRISE AND SUNSET
JULY 10 2014..........SUNRISE   610 AM CDT   SUNSET   907 PM CDT
JULY 11 2014..........SUNRISE   611 AM CDT   SUNSET   906 PM CDT


-  INDICATES NEGATIVE NUMBERS.
R  INDICATES RECORD WAS SET OR TIED.
MM INDICATES DATA IS MISSING.
T  INDICATES TRACE AMOUNT.




$$
