000
CDUS43 KGRR 230527
CLIGRR


CLIMATE REPORT
NATIONAL WEATHER SERVICE GRAND RAPIDS, MI
126 AM EDT SUN APR 23 2017


...................................

...THE GRAND RAPIDS MI CLIMATE SUMMARY FOR APRIL 22 2017...

CLIMATE NORMAL PERIOD 1981 TO 2010
CLIMATE RECORD PERIOD 1892 TO 2017


WEATHER ITEM   OBSERVED TIME   RECORD YEAR NORMAL DEPARTURE LAST
                VALUE   (LST)  VALUE       VALUE  FROM      YEAR
                                                  NORMAL
..................................................................
TEMPERATURE (F)
 YESTERDAY
  MAXIMUM         64    458 PM  86    1980  61      3       62
  MINIMUM         36    635 AM  24    1986  40     -4       46
                                      1950
  AVERAGE         50                        51     -1       54

PRECIPITATION (IN)
  YESTERDAY        0.00          1.72 1999   0.11  -0.11     0.00
  MONTH TO DATE    4.04                      2.45   1.59     2.34
  SINCE MAR 1      7.31                      4.82   2.49     7.28
  SINCE JAN 1     12.87                      8.70   4.17    12.21

SNOWFALL (IN)
  YESTERDAY        0.0           0.1  2015   0.0    0.0      0.0
                                      2002
                                      1984
  MONTH TO DATE    0.4                       1.7   -1.3      9.4
  SINCE MAR 1      5.1                      10.0   -4.9     19.5
  SINCE JUL 1     60.1                      74.8  -14.7     61.1
  SNOW DEPTH       0

DEGREE DAYS
 HEATING
  YESTERDAY       15                        15      0       11
  MONTH TO DATE  303                       413   -110      445
  SINCE MAR 1   1224                      1323    -99     1194
  SINCE JUL 1   5278                      6100   -822     5271

 COOLING
  YESTERDAY        0                         0      0        0
  MONTH TO DATE    0                         0      0        0
  SINCE MAR 1      0                         1     -1        0
  SINCE JAN 1      0                         1     -1        0
..................................................................


WIND (MPH)
  RESULTANT WIND SPEED   5   RESULTANT WIND DIRECTION   N (20)
  HIGHEST WIND SPEED    17   HIGHEST WIND DIRECTION    NE (60)
  HIGHEST GUST SPEED    22   HIGHEST GUST DIRECTION    NE (40)
  AVERAGE WIND SPEED     6.7


SKY COVER
  POSSIBLE SUNSHINE  96 PERCENT
  AVERAGE SKY COVER 0.3


WEATHER CONDITIONS
 THE FOLLOWING WEATHER WAS RECORDED YESTERDAY.
  NO SIGNIFICANT WEATHER WAS OBSERVED.


RELATIVE HUMIDITY (PERCENT)
 HIGHEST    92           600 AM
 LOWEST     26           400 PM
 AVERAGE    59

..........................................................


THE GRAND RAPIDS MI CLIMATE NORMALS FOR TODAY
                         NORMAL    RECORD    YEAR
 MAXIMUM TEMPERATURE (F)   62        84      1925
                                             1915
 MINIMUM TEMPERATURE (F)   40        20      1986


SUNRISE AND SUNSET
APRIL 23 2017.........SUNRISE   647 AM EDT   SUNSET   834 PM EDT
APRIL 24 2017.........SUNRISE   646 AM EDT   SUNSET   835 PM EDT


-  INDICATES NEGATIVE NUMBERS.
R  INDICATES RECORD WAS SET OR TIED.
MM INDICATES DATA IS MISSING.
T  INDICATES TRACE AMOUNT.




$$

jam
