000
CDUS43 KGRR 310522
CLIGRR


CLIMATE REPORT
NATIONAL WEATHER SERVICE GRAND RAPIDS, MI
121 AM EDT SUN AUG 31 2014


...................................

...THE GRAND RAPIDS MI CLIMATE SUMMARY FOR AUGUST 30 2014...

CLIMATE NORMAL PERIOD 1981 TO 2010
CLIMATE RECORD PERIOD 1892 TO 2014


WEATHER ITEM   OBSERVED TIME   RECORD YEAR NORMAL DEPARTURE LAST
                VALUE   (LST)  VALUE       VALUE  FROM      YEAR
                                                  NORMAL
..................................................................
TEMPERATURE (F)
 YESTERDAY
  MAXIMUM         83    129 PM  95    1899  79      4       89
  MINIMUM         71   1159 PM  39    1976  59     12       68
  AVERAGE         77                        69      8       79

PRECIPITATION (IN)
  YESTERDAY        0.20          2.00 1955   0.12   0.08      T
  MONTH TO DATE    3.68                      3.46   0.22     1.90
  SINCE JUN 1     13.25                     11.01   2.24     9.63
  SINCE JAN 1     26.52                     24.59   1.93    32.32

SNOWFALL (IN)
  YESTERDAY        0.0           0.0    MM   0.0    0.0      0.0
  MONTH TO DATE    0.0                       0.0    0.0      0.0
  SINCE JUN 1      0.0                       0.0    0.0      0.0
  SINCE JUL 1      0.0                       0.0    0.0      0.0
  SNOW DEPTH       0

DEGREE DAYS
 HEATING
  YESTERDAY        0                         1     -1        0
  MONTH TO DATE   10                         8      2       15
  SINCE JUN 1     32                        59    -27       66
  SINCE JUL 1     19                        14      5       26

 COOLING
  YESTERDAY       12                         5      7       14
  MONTH TO DATE  193                       189      4      173
  SINCE JUN 1    496                       573    -77      580
  SINCE JAN 1    549                       620    -71      662
..................................................................


WIND (MPH)
  RESULTANT WIND SPEED  11   RESULTANT WIND DIRECTION  SW (210)
  HIGHEST WIND SPEED    28   HIGHEST WIND DIRECTION    SW (230)
  HIGHEST GUST SPEED    33   HIGHEST GUST DIRECTION     W (250)
  AVERAGE WIND SPEED    12.3


SKY COVER
  POSSIBLE SUNSHINE  48 PERCENT
  AVERAGE SKY COVER 0.7


WEATHER CONDITIONS
 THE FOLLOWING WEATHER WAS RECORDED YESTERDAY.
  RAIN
  LIGHT RAIN
  FOG


RELATIVE HUMIDITY (PERCENT)
 HIGHEST   100           200 AM
 LOWEST     74           600 PM
 AVERAGE    87

..........................................................


THE GRAND RAPIDS MI CLIMATE NORMALS FOR TODAY
                         NORMAL    RECORD    YEAR
 MAXIMUM TEMPERATURE (F)   79        97      1953
 MINIMUM TEMPERATURE (F)   58        43      1967
                                             1915


SUNRISE AND SUNSET
AUGUST 31 2014........SUNRISE   706 AM EDT   SUNSET   818 PM EDT
SEPTEMBER  1 2014.....SUNRISE   707 AM EDT   SUNSET   817 PM EDT


-  INDICATES NEGATIVE NUMBERS.
R  INDICATES RECORD WAS SET OR TIED.
MM INDICATES DATA IS MISSING.
T  INDICATES TRACE AMOUNT.




$$
