000
CDUS43 KGRR 280518
CLIGRR


CLIMATE REPORT
NATIONAL WEATHER SERVICE GRAND RAPIDS, MI
1217 AM EST TUE FEB 28 2017


...................................

...THE GRAND RAPIDS MI CLIMATE SUMMARY FOR FEBRUARY 27 2017...

CLIMATE NORMAL PERIOD 1981 TO 2010
CLIMATE RECORD PERIOD 1892 TO 2017


WEATHER ITEM   OBSERVED TIME   RECORD YEAR NORMAL DEPARTURE LAST
                VALUE   (LST)  VALUE       VALUE  FROM      YEAR
                                                  NORMAL
..................................................................
TEMPERATURE (F)
 YESTERDAY
  MAXIMUM         50    503 PM  67    1976  37     13       47
  MINIMUM         26    728 AM -12    1994  22      4       27
  AVERAGE         38                        30      8       37

PRECIPITATION (IN)
  YESTERDAY        0.00          0.81 1948   0.08  -0.08     0.00
  MONTH TO DATE    1.43                      1.72  -0.29     2.57
  SINCE DEC 1      7.90                      6.31   1.59     8.05
  SINCE JAN 1      4.94                      3.81   1.13     4.72

SNOWFALL (IN)
  YESTERDAY        0.0           2.5  1897   0.5   -0.5      0.0
  MONTH TO DATE    2.4                      14.4  -12.0     14.4
  SINCE DEC 1     54.2                      57.1   -2.9     37.7
  SINCE JUL 1     55.0                      64.4   -9.4     41.2
  SNOW DEPTH       0

DEGREE DAYS
 HEATING
  YESTERDAY       27                        35     -8       28
  MONTH TO DATE  824                      1033   -209      970
  SINCE DEC 1   3088                      3402   -314     2967
  SINCE JUL 1   4036                      4740   -704     4025

 COOLING
  YESTERDAY        0                         0      0        0
  MONTH TO DATE    0                         0      0        0
  SINCE DEC 1      0                         0      0        0
  SINCE JAN 1      0                         0      0        0
..................................................................


WIND (MPH)
  RESULTANT WIND SPEED   7   RESULTANT WIND DIRECTION  SW (210)
  HIGHEST WIND SPEED    18   HIGHEST WIND DIRECTION    SW (240)
  HIGHEST GUST SPEED    26   HIGHEST GUST DIRECTION    SW (240)
  AVERAGE WIND SPEED     8.1


SKY COVER
  POSSIBLE SUNSHINE  87 PERCENT
  AVERAGE SKY COVER 0.4


WEATHER CONDITIONS
 THE FOLLOWING WEATHER WAS RECORDED YESTERDAY.
  LIGHT SNOW


RELATIVE HUMIDITY (PERCENT)
 HIGHEST    85           600 AM
 LOWEST     39           400 PM
 AVERAGE    62

..........................................................


THE GRAND RAPIDS MI CLIMATE NORMALS FOR TODAY
                         NORMAL    RECORD    YEAR
 MAXIMUM TEMPERATURE (F)   38        57      2016
 MINIMUM TEMPERATURE (F)   22       -12      2014


SUNRISE AND SUNSET
FEBRUARY 28 2017......SUNRISE   719 AM EST   SUNSET   631 PM EST
MARCH  1 2017.........SUNRISE   717 AM EST   SUNSET   632 PM EST


-  INDICATES NEGATIVE NUMBERS.
R  INDICATES RECORD WAS SET OR TIED.
MM INDICATES DATA IS MISSING.
T  INDICATES TRACE AMOUNT.




$$
