000
CDUS42 KRAH 162052
CLIGSO


CLIMATE REPORT
NATIONAL WEATHER SERVICE RALEIGH NC
450 PM EDT WED APR 16 2014


...................................

...THE PIEDMONT TRIAD INTL AIRPORT NC CLIMATE SUMMARY FOR APRIL 16 2014...
VALID TODAY AS OF 0450 PM LOCAL TIME.

CLIMATE NORMAL PERIOD 1981 TO 2010
CLIMATE RECORD PERIOD 1903 TO 2014


WEATHER ITEM   OBSERVED TIME   RECORD YEAR NORMAL DEPARTURE LAST
                VALUE   (LST)  VALUE       VALUE  FROM      YEAR
                                                  NORMAL
..................................................................
TEMPERATURE (F)
 TODAY
  MAXIMUM         53    345 PM  88    2002  71    -18       77
  MINIMUM         30    509 AM  25    1943  47    -17       57
  AVERAGE         42                        59    -17       67

PRECIPITATION (IN)
  TODAY            0.00          2.42 1993   0.11  -0.11     0.00
  MONTH TO DATE    3.56                      1.92   1.64     1.72
  SINCE MAR 1      7.92                      5.65   2.27     4.57
  SINCE JAN 1     14.14                     11.67   2.47    13.24

SNOWFALL (IN)
  TODAY            0.0           0.0    MM   0.0    0.0      0.0
  MONTH TO DATE    0.0                       0.1   -0.1       T
  SINCE MAR 1      4.7                       0.9    3.8       T
  SINCE JUL 1     15.3                       7.6    7.7      3.6
  SNOW DEPTH       0

DEGREE DAYS
 HEATING
  TODAY           23                         7     16        0
  MONTH TO DATE   94                       143    -49      110
  SINCE MAR 1    721                       613    108      751
  SINCE JUL 1   3698                      3468    230     3455

 COOLING
  TODAY            0                         1     -1        2
  MONTH TO DATE   15                        15      0       25
  SINCE MAR 1     15                        20     -5       25
  SINCE JAN 1     15                        20     -5       25
..................................................................


WIND (MPH)
  HIGHEST WIND SPEED    17   HIGHEST WIND DIRECTION    NE (50)
  HIGHEST GUST SPEED    26   HIGHEST GUST DIRECTION    NE (40)
  AVERAGE WIND SPEED     9.1


SKY COVER
  POSSIBLE SUNSHINE  MM
  AVERAGE SKY COVER 0.0


WEATHER CONDITIONS
 THE FOLLOWING WEATHER WAS RECORDED TODAY.
  NO SIGNIFICANT WEATHER WAS OBSERVED.


RELATIVE HUMIDITY (PERCENT)
 HIGHEST    63           500 AM
 LOWEST     32           300 PM
 AVERAGE    48

..........................................................


THE PIEDMONT TRIAD INTL AIRPORT NC CLIMATE NORMALS FOR TOMORROW
                         NORMAL    RECORD    YEAR
 MAXIMUM TEMPERATURE (F)   71        90      1967
 MINIMUM TEMPERATURE (F)   48        29      1953
                                             1949
                                             1904


SUNRISE AND SUNSET
APRIL 16 2014.........SUNRISE   645 AM EDT   SUNSET   754 PM EDT
APRIL 17 2014.........SUNRISE   644 AM EDT   SUNSET   755 PM EDT


-  INDICATES NEGATIVE NUMBERS.
R  INDICATES RECORD WAS SET OR TIED.
MM INDICATES DATA IS MISSING.
T  INDICATES TRACE AMOUNT.




$$
