000
CDUS42 KRAH 260831
CLIGSO

CLIMATE REPORT
NATIONAL WEATHER SERVICE RALEIGH NC
330 AM EST MON JAN 26 2015
...................................

...THE PIEDMONT TRIAD INTL AIRPORT NC CLIMATE SUMMARY FOR JANUARY 25 2015...

CLIMATE NORMAL PERIOD 1981 TO 2010
CLIMATE RECORD PERIOD 1903 TO 2015


WEATHER ITEM   OBSERVED TIME   RECORD YEAR NORMAL DEPARTURE LAST
                VALUE   (LST)  VALUE       VALUE  FROM      YEAR
                                                  NORMAL
..................................................................
TEMPERATURE (F)
 YESTERDAY
  MAXIMUM         54    416 PM  75    1950  49      5       39
  MINIMUM         27    656 AM   7    1963  30     -3       18
                                      1948
  AVERAGE         41                        39      2       29

PRECIPITATION (IN)
  YESTERDAY        0.00          2.55 1978   0.10  -0.10     0.00
  MONTH TO DATE    2.04                      2.49  -0.45     3.87
  SINCE DEC 1      4.25                      5.47  -1.22     9.06
  SINCE JAN 1      2.04                      2.49  -0.45     3.87

SNOWFALL (IN)
  YESTERDAY        0.0           6.2  2000   0.1   -0.1      0.0
  MONTH TO DATE    T                         2.8   -2.8      0.4
  SINCE DEC 1      T                         3.6   -3.6      0.4
  SINCE JUL 1      T                         3.7   -3.7      0.4
  SNOW DEPTH       0

DEGREE DAYS
 HEATING
  YESTERDAY       24                        26     -2       36
  MONTH TO DATE  649                       650     -1      759
  SINCE DEC 1   1300                      1384    -84     1395
  SINCE JUL 1   2050                      2064    -14     2129

 COOLING
  YESTERDAY        0                         0      0        0
  MONTH TO DATE    0                         0      0        0
  SINCE DEC 1      0                         1     -1        8
  SINCE JAN 1      0                         0      0        0
..................................................................


WIND (MPH)
  HIGHEST WIND SPEED    16   HIGHEST WIND DIRECTION     S (170)
  HIGHEST GUST SPEED    22   HIGHEST GUST DIRECTION     S (160)
  AVERAGE WIND SPEED     8.4


SKY COVER
  POSSIBLE SUNSHINE  MM
  AVERAGE SKY COVER 0.4


WEATHER CONDITIONS
 THE FOLLOWING WEATHER WAS RECORDED YESTERDAY.
  NO SIGNIFICANT WEATHER WAS OBSERVED.


RELATIVE HUMIDITY (PERCENT)
 HIGHEST    92           700 AM
 LOWEST     41           300 PM
 AVERAGE    67

..........................................................


THE PIEDMONT TRIAD INTL AIRPORT NC CLIMATE NORMALS FOR TODAY
                         NORMAL    RECORD    YEAR
 MAXIMUM TEMPERATURE (F)   49        74      1950
 MINIMUM TEMPERATURE (F)   30         3      1940


SUNRISE AND SUNSET
JANUARY 26 2015.......SUNRISE   725 AM EST   SUNSET   540 PM EST
JANUARY 27 2015.......SUNRISE   724 AM EST   SUNSET   541 PM EST


-  INDICATES NEGATIVE NUMBERS.
R  INDICATES RECORD WAS SET OR TIED.
MM INDICATES DATA IS MISSING.
T  INDICATES TRACE AMOUNT.


$$
