000
CDUS42 KRAH 282042
CLIGSO


CLIMATE REPORT
NATIONAL WEATHER SERVICE RALEIGH NC
441 PM EDT THU APR 28 2016


...................................

...THE PIEDMONT TRIAD INTL AIRPORT NC CLIMATE SUMMARY FOR APRIL 28 2016...
VALID TODAY AS OF 0441 PM LOCAL TIME.

CLIMATE NORMAL PERIOD 1981 TO 2010
CLIMATE RECORD PERIOD 1903 TO 2016


WEATHER ITEM   OBSERVED TIME   RECORD YEAR NORMAL DEPARTURE LAST
                VALUE   (LST)  VALUE       VALUE  FROM      YEAR
                                                  NORMAL
..................................................................
TEMPERATURE (F)
 TODAY
  MAXIMUM         83    131 PM  95    1915  74      9       67
  MINIMUM         64    406 AM  32    1931  51     13       41
  AVERAGE         74                        62     12       54

PRECIPITATION (IN)
  TODAY            0.44          2.32 1997   0.11   0.33     0.00
  MONTH TO DATE    2.05                      3.35  -1.30     2.48
  SINCE MAR 1      4.01                      7.08  -3.07     5.20
  SINCE JAN 1     10.15                     13.10  -2.95     9.88

SNOWFALL (IN)
  TODAY            0.0           0.0    MM   0.0    0.0      0.0
  MONTH TO DATE    0.0                       0.1   -0.1      0.0
  SINCE MAR 1      0.0                       0.9   -0.9       T
  SINCE JUL 1      4.5                       7.6   -3.1      9.6
  SNOW DEPTH       0

DEGREE DAYS
 HEATING
  TODAY            0                         5     -5       11
  MONTH TO DATE  182                       212    -30      149
  SINCE MAR 1    450                       682   -232      577
  SINCE JUL 1   2836                      3537   -701     3662

 COOLING
  TODAY            9                         2      7        0
  MONTH TO DATE   45                        33     12       35
  SINCE MAR 1     71                        38     33       37
  SINCE JAN 1     71                        38     33       37
..................................................................


WIND (MPH)
  HIGHEST WIND SPEED    21   HIGHEST WIND DIRECTION    SW (210)
  HIGHEST GUST SPEED    26   HIGHEST GUST DIRECTION    SW (210)
  AVERAGE WIND SPEED     4.6


SKY COVER
  POSSIBLE SUNSHINE  MM
  AVERAGE SKY COVER 0.8


WEATHER CONDITIONS
 THE FOLLOWING WEATHER WAS RECORDED TODAY.
  THUNDERSTORM
  HEAVY RAIN
  RAIN
  LIGHT RAIN
  FOG
  HAZE


RELATIVE HUMIDITY (PERCENT)
 HIGHEST   100          1200 AM
 LOWEST     55           200 PM
 AVERAGE    78

..........................................................


THE PIEDMONT TRIAD INTL AIRPORT NC CLIMATE NORMALS FOR TOMORROW
                         NORMAL    RECORD    YEAR
 MAXIMUM TEMPERATURE (F)   74        93      1915
 MINIMUM TEMPERATURE (F)   51        35      1973


SUNRISE AND SUNSET
APRIL 28 2016.........SUNRISE   630 AM EDT   SUNSET   805 PM EDT
APRIL 29 2016.........SUNRISE   629 AM EDT   SUNSET   806 PM EDT


-  INDICATES NEGATIVE NUMBERS.
R  INDICATES RECORD WAS SET OR TIED.
MM INDICATES DATA IS MISSING.
T  INDICATES TRACE AMOUNT.




$$
