000
CDUS42 KRAH 282048
CLIGSO


CLIMATE REPORT
NATIONAL WEATHER SERVICE RALEIGH NC
446 PM EDT THU JUL 28 2016


...................................

...THE PIEDMONT TRIAD INTL AIRPORT NC CLIMATE SUMMARY FOR JULY 28 2016...
VALID TODAY AS OF 0445 PM LOCAL TIME.

CLIMATE NORMAL PERIOD 1981 TO 2010
CLIMATE RECORD PERIOD 1903 TO 2016


WEATHER ITEM   OBSERVED TIME   RECORD YEAR NORMAL DEPARTURE LAST
                VALUE   (LST)  VALUE       VALUE  FROM      YEAR
                                                  NORMAL
..................................................................
TEMPERATURE (F)
 TODAY
  MAXIMUM         96    337 PM 100    1952  88      8       89
  MINIMUM         73    544 AM  54    1962  69      4       71
                                      1920
  AVERAGE         85                        78      7       80

PRECIPITATION (IN)
  TODAY            0.00          2.52 1984   0.15  -0.15     0.07
  MONTH TO DATE    4.77                      4.00   0.77     2.71
  SINCE JUN 1      6.55                      7.73  -1.18     4.77
  SINCE JAN 1     25.52                     24.43   1.09    17.73

DEGREE DAYS
 HEATING
  TODAY            0                         0      0        0
  MONTH TO DATE    0                         0      0        0
  SINCE JUN 1      0                         6     -6        3
  SINCE JUL 1      0                         0      0        0

 COOLING
  TODAY           20                        13      7       15
  MONTH TO DATE  465                       383     82      419
  SINCE JUN 1    832                       690    142      838
  SINCE JAN 1   1032                       849    183     1072
..................................................................


WIND (MPH)
  HIGHEST WIND SPEED    20   HIGHEST WIND DIRECTION    SW (240)
  HIGHEST GUST SPEED    26   HIGHEST GUST DIRECTION    SW (240)
  AVERAGE WIND SPEED     3.9


SKY COVER
  POSSIBLE SUNSHINE  MM
  AVERAGE SKY COVER 0.5


WEATHER CONDITIONS
 THE FOLLOWING WEATHER WAS RECORDED TODAY.
  NO SIGNIFICANT WEATHER WAS OBSERVED.


RELATIVE HUMIDITY (PERCENT)
 HIGHEST   100           200 AM
 LOWEST     46           200 PM
 AVERAGE    73

..........................................................


THE PIEDMONT TRIAD INTL AIRPORT NC CLIMATE NORMALS FOR TOMORROW
                         NORMAL    RECORD    YEAR
 MAXIMUM TEMPERATURE (F)   88       101      1952
 MINIMUM TEMPERATURE (F)   69        55      1946
                                             1920


SUNRISE AND SUNSET
JULY 28 2016..........SUNRISE   624 AM EDT   SUNSET   828 PM EDT
JULY 29 2016..........SUNRISE   625 AM EDT   SUNSET   827 PM EDT


-  INDICATES NEGATIVE NUMBERS.
R  INDICATES RECORD WAS SET OR TIED.
MM INDICATES DATA IS MISSING.
T  INDICATES TRACE AMOUNT.




$$
