000
CDUS42 KRAH 250610
CLIGSO


CLIMATE REPORT
NATIONAL WEATHER SERVICE RALEIGH NC
207 AM EDT TUE APR 25 2017


...................................

...THE PIEDMONT TRIAD INTL AIRPORT NC CLIMATE SUMMARY FOR APRIL 24 2017...

CLIMATE NORMAL PERIOD 1981 TO 2010
CLIMATE RECORD PERIOD 1903 TO 2017


WEATHER ITEM   OBSERVED TIME   RECORD YEAR NORMAL DEPARTURE LAST
                VALUE   (LST)  VALUE       VALUE  FROM      YEAR
                                                  NORMAL
..................................................................
TEMPERATURE (F)
 YESTERDAY
  MAXIMUM         52   1159 PM  94    1925  73    -21       74
  MINIMUM         49    806 AM  27    1986  50     -1       50
  AVERAGE         51                        61    -10       62

PRECIPITATION (IN)
  YESTERDAY        2.44R         1.65 1987   0.12   2.32     0.00
  MONTH TO DATE    5.30                      2.89   2.41     0.99
  SINCE MAR 1      7.86                      6.62   1.24     2.95
  SINCE JAN 1     13.47                     12.64   0.83     9.09

SNOWFALL (IN)
  YESTERDAY        0.0           T    1955   0.0    0.0      0.0
  MONTH TO DATE    0.0                       0.1   -0.1      0.0
  SINCE MAR 1      T                         0.9   -0.9      0.0
  SINCE JUL 1      8.0                       7.6    0.4      4.5
  SNOW DEPTH       0

DEGREE DAYS
 HEATING
  YESTERDAY       14                         5      9        3
  MONTH TO DATE  108                       192    -84      182
  SINCE MAR 1    544                       662   -118      450
  SINCE JUL 1   2714                      3517   -803     2836

 COOLING
  YESTERDAY        0                         2     -2        0
  MONTH TO DATE   48                        25     23       18
  SINCE MAR 1     56                        30     26       44
  SINCE JAN 1     60                        30     30       44
..................................................................


WIND (MPH)
  HIGHEST WIND SPEED    22   HIGHEST WIND DIRECTION    NE (60)
  HIGHEST GUST SPEED    29   HIGHEST GUST DIRECTION    NE (40)
  AVERAGE WIND SPEED    12.9


SKY COVER
  POSSIBLE SUNSHINE  MM
  AVERAGE SKY COVER 1.0


WEATHER CONDITIONS
 THE FOLLOWING WEATHER WAS RECORDED YESTERDAY.
  HEAVY RAIN
  RAIN
  LIGHT RAIN
  FOG


RELATIVE HUMIDITY (PERCENT)
 HIGHEST   100           100 AM
 LOWEST     96          1200 PM
 AVERAGE    98

..........................................................


THE PIEDMONT TRIAD INTL AIRPORT NC CLIMATE NORMALS FOR TODAY
                         NORMAL    RECORD    YEAR
 MAXIMUM TEMPERATURE (F)   73        94      1925
 MINIMUM TEMPERATURE (F)   50        32      1930


SUNRISE AND SUNSET
APRIL 25 2017.........SUNRISE   634 AM EDT   SUNSET   802 PM EDT
APRIL 26 2017.........SUNRISE   632 AM EDT   SUNSET   803 PM EDT


-  INDICATES NEGATIVE NUMBERS.
R  INDICATES RECORD WAS SET OR TIED.
MM INDICATES DATA IS MISSING.
T  INDICATES TRACE AMOUNT.




$$
