000
CDUS42 KRAH 011503
CLIGSO


CLIMATE REPORT
NATIONAL WEATHER SERVICE RALEIGH NC
1001 AM EST WED MAR 1 2017


...................................

...THE PIEDMONT TRIAD INTL AIRPORT NC CLIMATE SUMMARY FOR MARCH 1 2017...
VALID AS OF 1000 AM LOCAL TIME.

CLIMATE NORMAL PERIOD 1981 TO 2010
CLIMATE RECORD PERIOD 1903 TO 2017


WEATHER ITEM   OBSERVED TIME   RECORD YEAR NORMAL DEPARTURE LAST
                VALUE   (LST)  VALUE       VALUE  FROM      YEAR
                                                  NORMAL
..................................................................
TEMPERATURE (F)
 TODAY
  MAXIMUM                             2012  56     10       72
                                      2006
  MINIMUM         58    236 AM  11    1937  35     23       39
  AVERAGE                                   46     16       56

PRECIPITATION (IN)
  TODAY            0.00          1.16 2009   0.12  -0.12      T
  MONTH TO DATE    0.00                      0.12  -0.12      T
  SINCE MAR 1      0.00                      0.12  -0.12      T
  SINCE JAN 1      5.61                      6.14  -0.53     6.14

SNOWFALL (IN)
  TODAY            0.0          10.7  1969   0.1   -0.1      0.0
  MONTH TO DATE    0.0                       0.1   -0.1      0.0
  SINCE MAR 1      0.0                       0.1   -0.1      0.0
  SINCE JUL 1      8.0                       6.8    1.2      4.5
  SNOW DEPTH       0

..................................................................


WIND (MPH)
  HIGHEST WIND SPEED    22   HIGHEST WIND DIRECTION    SW (230)
  HIGHEST GUST SPEED    29   HIGHEST GUST DIRECTION    SW (210)
  AVERAGE WIND SPEED    10.1


SKY COVER
  POSSIBLE SUNSHINE  MM
  AVERAGE SKY COVER 0.8


WEATHER CONDITIONS
 THE FOLLOWING WEATHER WAS RECORDED TODAY.
  FOG


RELATIVE HUMIDITY (PERCENT)
 HIGHEST   100           200 AM
 LOWEST     87           900 AM
 AVERAGE    94

..........................................................


THE PIEDMONT TRIAD INTL AIRPORT NC CLIMATE NORMALS FOR TOMORROW
                         NORMAL    RECORD    YEAR
 MAXIMUM TEMPERATURE (F)   57        83      1918
 MINIMUM TEMPERATURE (F)   36        13      1980


SUNRISE AND SUNSET
MARCH  1 2017.........SUNRISE   650 AM EST   SUNSET   615 PM EST
MARCH  2 2017.........SUNRISE   648 AM EST   SUNSET   616 PM EST


-  INDICATES NEGATIVE NUMBERS.
R  INDICATES RECORD WAS SET OR TIED.
MM INDICATES DATA IS MISSING.
T  INDICATES TRACE AMOUNT.




$$
