000
CDUS42 KRAH 272049
CLIGSO


CLIMATE REPORT
NATIONAL WEATHER SERVICE RALEIGH NC
446 PM EDT WED AUG 27 2014


...................................

...THE PIEDMONT TRIAD INTL AIRPORT NC CLIMATE SUMMARY FOR AUGUST 27 2014...
VALID TODAY AS OF 0446 PM LOCAL TIME.

CLIMATE NORMAL PERIOD 1981 TO 2010
CLIMATE RECORD PERIOD 1903 TO 2014


WEATHER ITEM   OBSERVED TIME   RECORD YEAR NORMAL DEPARTURE LAST
                VALUE   (LST)  VALUE       VALUE  FROM      YEAR
                                                  NORMAL
..................................................................
TEMPERATURE (F)
 TODAY
  MAXIMUM         87    334 PM  97    1918  85      2       88
  MINIMUM         60    608 AM  50    1945  67     -7       65
  AVERAGE         74                        76     -2       77

PRECIPITATION (IN)
  TODAY            0.00          4.94 2008   0.13  -0.13     0.00
  MONTH TO DATE    2.66                      3.38  -0.72     5.62
  SINCE JUN 1      8.39                     11.59  -3.20    20.01
  SINCE JAN 1     25.88                     28.29  -2.41    38.36

DEGREE DAYS
 HEATING
  TODAY            0                         0      0        0
  MONTH TO DATE    0                         0      0        2
  SINCE JUN 1      0                         6     -6        2
  SINCE JUL 1      0                         0      0        2

 COOLING
  TODAY            9                        11     -2       12
  MONTH TO DATE  257                       335    -78      258
  SINCE JUN 1    998                      1061    -63      957
  SINCE JAN 1   1195                      1220    -25     1107
..................................................................


WIND (MPH)
  HIGHEST WIND SPEED    12   HIGHEST WIND DIRECTION    NE (50)
  HIGHEST GUST SPEED    20   HIGHEST GUST DIRECTION     N (350)
  AVERAGE WIND SPEED     3.4


SKY COVER
  POSSIBLE SUNSHINE  MM
  AVERAGE SKY COVER 0.2


WEATHER CONDITIONS
 THE FOLLOWING WEATHER WAS RECORDED TODAY.
  NO SIGNIFICANT WEATHER WAS OBSERVED.


RELATIVE HUMIDITY (PERCENT)
 HIGHEST    93           300 AM
 LOWEST     37           300 PM
 AVERAGE    65

..........................................................


THE PIEDMONT TRIAD INTL AIRPORT NC CLIMATE NORMALS FOR TOMORROW
                         NORMAL    RECORD    YEAR
 MAXIMUM TEMPERATURE (F)   85       100      1924
 MINIMUM TEMPERATURE (F)   67        52      1969


SUNRISE AND SUNSET
AUGUST 27 2014........SUNRISE   648 AM EDT   SUNSET   754 PM EDT
AUGUST 28 2014........SUNRISE   648 AM EDT   SUNSET   753 PM EDT


-  INDICATES NEGATIVE NUMBERS.
R  INDICATES RECORD WAS SET OR TIED.
MM INDICATES DATA IS MISSING.
T  INDICATES TRACE AMOUNT.




$$
