000
CDUS42 KRAH 262047
CLIGSO

CLIMATE REPORT
NATIONAL WEATHER SERVICE RALEIGH NC
444 PM EDT TUE MAY 26 2015
...................................

...THE PIEDMONT TRIAD INTL AIRPORT NC CLIMATE SUMMARY FOR MAY 26 2015...
VALID TODAY AS OF 0400 PM LOCAL TIME.

CLIMATE NORMAL PERIOD 1981 TO 2010
CLIMATE RECORD PERIOD 1903 TO 2015


WEATHER ITEM   OBSERVED TIME   RECORD YEAR NORMAL DEPARTURE LAST
                VALUE   (LST)  VALUE       VALUE  FROM      YEAR
                                                  NORMAL
..................................................................
TEMPERATURE (F)
 TODAY
  MAXIMUM         85    250 PM  95    1926  80      5       86
                                      1914
                                      1911
  MINIMUM         65    517 AM  42    1930  59      6       61
                                      1925
  AVERAGE         75                        70      5       74

PRECIPITATION (IN)
  TODAY            0.00          1.97 1987   0.12  -0.12     0.02
  MONTH TO DATE    2.64                      2.77  -0.13     1.94
  SINCE MAR 1      7.86                     10.07  -2.21    10.60
  SINCE JAN 1     12.54                     16.09  -3.55    16.82

DEGREE DAYS
 HEATING
  TODAY            0                         1     -1        0
  MONTH TO DATE   20                        62    -42       31
  SINCE MAR 1    610                       753   -143      841
  SINCE JUL 1   3695                      3608     87     3818

 COOLING
  TODAY           10                         6      4        9
  MONTH TO DATE  141                        90     51      129
  SINCE MAR 1    178                       128     50      149
  SINCE JAN 1    178                       128     50      149
..................................................................


WIND (MPH)
  HIGHEST WIND SPEED    15   HIGHEST WIND DIRECTION     S (180)
  HIGHEST GUST SPEED    22   HIGHEST GUST DIRECTION     S (180)
  AVERAGE WIND SPEED     8.1


SKY COVER
  POSSIBLE SUNSHINE  MM
  AVERAGE SKY COVER 0.7


WEATHER CONDITIONS
 THE FOLLOWING WEATHER WAS RECORDED TODAY.
  NO SIGNIFICANT WEATHER WAS OBSERVED.


RELATIVE HUMIDITY (PERCENT)
 HIGHEST    93           500 AM
 LOWEST     48           200 PM
 AVERAGE    71

..........................................................


THE PIEDMONT TRIAD INTL AIRPORT NC CLIMATE NORMALS FOR TOMORROW
                         NORMAL    RECORD    YEAR
 MAXIMUM TEMPERATURE (F)   80       100      1911
 MINIMUM TEMPERATURE (F)   60        40      1961
                                             1910


SUNRISE AND SUNSET
MAY 26 2015...........SUNRISE   607 AM EDT   SUNSET   827 PM EDT
MAY 27 2015...........SUNRISE   606 AM EDT   SUNSET   828 PM EDT


-  INDICATES NEGATIVE NUMBERS.
R  INDICATES RECORD WAS SET OR TIED.
MM INDICATES DATA IS MISSING.
T  INDICATES TRACE AMOUNT.

$$
