000
CDUS42 KRAH 162141
CLIGSO


CLIMATE REPORT
NATIONAL WEATHER SERVICE RALEIGH NC
439 PM EST SAT DEC 16 2017


...................................

...THE PIEDMONT TRIAD INTL AIRPORT NC CLIMATE SUMMARY FOR DECEMBER 16 2017...
VALID TODAY AS OF 0400 PM LOCAL TIME.

CLIMATE NORMAL PERIOD 1981 TO 2010
CLIMATE RECORD PERIOD 1903 TO 2017


WEATHER ITEM   OBSERVED TIME   RECORD YEAR NORMAL DEPARTURE LAST
                VALUE   (LST)  VALUE       VALUE  FROM      YEAR
                                                  NORMAL
..................................................................
TEMPERATURE (F)
 TODAY
  MAXIMUM         48    259 PM  78    1971  50     -2       29
  MINIMUM         26    748 AM   5    1958  32     -6       18
  AVERAGE         37                        41     -4       24

PRECIPITATION (IN)
  TODAY            0.00          1.35 1918   0.09  -0.09      T
  MONTH TO DATE    1.14                      1.57  -0.43     1.21
  SINCE DEC 1      1.14                      1.57  -0.43     1.21
  SINCE JAN 1     42.37                     40.79   1.58    39.16

SNOWFALL (IN)
  TODAY            0.0           4.6  1973   0.0    0.0      0.0
  MONTH TO DATE    2.2                       0.2    2.0      0.0
  SINCE DEC 1      2.2                       0.2    2.0      0.0
  SINCE JUL 1      2.2                       0.3    1.9      0.0
  SNOW DEPTH       0

DEGREE DAYS
 HEATING
  TODAY           28                        24      4       41
  MONTH TO DATE  373                       355     18      390
  SINCE DEC 1    373                       355     18      390
  SINCE JUL 1   1000                      1035    -35      840

 COOLING
  TODAY            0                         0      0        0
  MONTH TO DATE    0                         0      0        0
  SINCE DEC 1      0                         0      0        0
  SINCE JAN 1   1612                      1483    129     1974
..................................................................


WIND (MPH)
  HIGHEST WIND SPEED    16   HIGHEST WIND DIRECTION    SW (240)
  HIGHEST GUST SPEED    22   HIGHEST GUST DIRECTION     W (250)
  AVERAGE WIND SPEED     7.4


SKY COVER
  POSSIBLE SUNSHINE  MM
  AVERAGE SKY COVER 0.2


WEATHER CONDITIONS
 THE FOLLOWING WEATHER WAS RECORDED TODAY.
  NO SIGNIFICANT WEATHER WAS OBSERVED.


RELATIVE HUMIDITY (PERCENT)
 HIGHEST    75          1200 AM
 LOWEST     38           200 PM
 AVERAGE    57

..........................................................


THE PIEDMONT TRIAD INTL AIRPORT NC CLIMATE NORMALS FOR TOMORROW
                         NORMAL    RECORD    YEAR
 MAXIMUM TEMPERATURE (F)   50        78      1924
 MINIMUM TEMPERATURE (F)   32         6      1943


SUNRISE AND SUNSET
DECEMBER 16 2017......SUNRISE   724 AM EST   SUNSET   507 PM EST
DECEMBER 17 2017......SUNRISE   725 AM EST   SUNSET   507 PM EST


-  INDICATES NEGATIVE NUMBERS.
R  INDICATES RECORD WAS SET OR TIED.
MM INDICATES DATA IS MISSING.
T  INDICATES TRACE AMOUNT.




$$
