000
CDUS42 KRAH 260734
CLIGSO


CLIMATE REPORT
NATIONAL WEATHER SERVICE RALEIGH NC
334 AM EDT TUE SEP 26 2017


...................................

...THE PIEDMONT TRIAD INTL AIRPORT NC CLIMATE SUMMARY FOR SEPTEMBER 25 2017...

CLIMATE NORMAL PERIOD 1981 TO 2010
CLIMATE RECORD PERIOD 1903 TO 2017


WEATHER ITEM   OBSERVED TIME   RECORD YEAR NORMAL DEPARTURE LAST
                VALUE   (LST)  VALUE       VALUE  FROM      YEAR
                                                  NORMAL
..................................................................
TEMPERATURE (F)
 YESTERDAY
  MAXIMUM         85    124 PM  95    1933  77      8       74
  MINIMUM         66    337 AM  37    1983  57      9       69
  AVERAGE         76                        67      9       72

PRECIPITATION (IN)
  YESTERDAY        0.00          2.11 2015   0.12  -0.12     0.00
  MONTH TO DATE    2.80                      3.58  -0.78     0.52
  SINCE SEP 1      2.80                      3.58  -0.78     0.52
  SINCE JAN 1     37.25                     32.37   4.88    31.32

DEGREE DAYS
 HEATING
  YESTERDAY        0                         2     -2        0
  MONTH TO DATE   22                        17      5        0
  SINCE SEP 1     22                        17      5        0
  SINCE JUL 1     22                        18      4        0

 COOLING
  YESTERDAY       11                         4      7        7
  MONTH TO DATE  147                       169    -22      298
  SINCE SEP 1    147                       169    -22      298
  SINCE JAN 1   1501                      1431     70     1865
..................................................................


WIND (MPH)
  HIGHEST WIND SPEED    20   HIGHEST WIND DIRECTION    NE (50)
  HIGHEST GUST SPEED    25   HIGHEST GUST DIRECTION    NE (60)
  AVERAGE WIND SPEED     8.1


SKY COVER
  POSSIBLE SUNSHINE  MM
  AVERAGE SKY COVER 0.8


WEATHER CONDITIONS
 THE FOLLOWING WEATHER WAS RECORDED YESTERDAY.
  NO SIGNIFICANT WEATHER WAS OBSERVED.


RELATIVE HUMIDITY (PERCENT)
 HIGHEST    93           300 AM
 LOWEST     51           200 PM
 AVERAGE    72

..........................................................


THE PIEDMONT TRIAD INTL AIRPORT NC CLIMATE NORMALS FOR TODAY
                         NORMAL    RECORD    YEAR
 MAXIMUM TEMPERATURE (F)   76        93      1986
 MINIMUM TEMPERATURE (F)   56        37      1950


SUNRISE AND SUNSET
SEPTEMBER 26 2017.....SUNRISE   711 AM EDT   SUNSET   710 PM EDT
SEPTEMBER 27 2017.....SUNRISE   712 AM EDT   SUNSET   709 PM EDT


-  INDICATES NEGATIVE NUMBERS.
R  INDICATES RECORD WAS SET OR TIED.
MM INDICATES DATA IS MISSING.
T  INDICATES TRACE AMOUNT.




$$
