000
CDUS42 KRAH 030800
CLIGSO


CLIMATE REPORT
NATIONAL WEATHER SERVICE RALEIGH NC
358 AM EDT WED SEP 3 2014


...................................

...THE PIEDMONT TRIAD INTL AIRPORT NC CLIMATE SUMMARY FOR SEPTEMBER 2 2014...

CLIMATE NORMAL PERIOD 1981 TO 2010
CLIMATE RECORD PERIOD 1903 TO 2014


WEATHER ITEM   OBSERVED TIME   RECORD YEAR NORMAL DEPARTURE LAST
                VALUE   (LST)  VALUE       VALUE  FROM      YEAR
                                                  NORMAL
..................................................................
TEMPERATURE (F)
 YESTERDAY
  MAXIMUM         95    238 PM 101    1921  84     11       86
  MINIMUM         71    625 AM  48    1948  65      6       68
  AVERAGE         83                        75      8       77

PRECIPITATION (IN)
  YESTERDAY        0.00          1.01 2000   0.15  -0.15     0.00
                                      1945
  MONTH TO DATE    0.00                      0.30  -0.30     0.99
  SINCE SEP 1      0.00                      0.30  -0.30     0.99
  SINCE JAN 1     25.88                     29.09  -3.21    39.38

DEGREE DAYS
 HEATING
  YESTERDAY        0                         0      0        0
  MONTH TO DATE    0                         0      0        0
  SINCE SEP 1      0                         0      0        0
  SINCE JUL 1      0                         1     -1        2

 COOLING
  YESTERDAY       18                        10      8       12
  MONTH TO DATE   35                        20     15       24
  SINCE SEP 1     35                        20     15       24
  SINCE JAN 1   1288                      1282      6     1183
..................................................................


WIND (MPH)
  HIGHEST WIND SPEED    21   HIGHEST WIND DIRECTION     S (180)
  HIGHEST GUST SPEED    25   HIGHEST GUST DIRECTION     S (180)
  AVERAGE WIND SPEED     7.7


SKY COVER
  POSSIBLE SUNSHINE  MM
  AVERAGE SKY COVER 0.5


WEATHER CONDITIONS
 THE FOLLOWING WEATHER WAS RECORDED YESTERDAY.
  NO SIGNIFICANT WEATHER WAS OBSERVED.


RELATIVE HUMIDITY (PERCENT)
 HIGHEST    93           400 AM
 LOWEST     41           100 PM
 AVERAGE    67

..........................................................


THE PIEDMONT TRIAD INTL AIRPORT NC CLIMATE NORMALS FOR TODAY
                         NORMAL    RECORD    YEAR
 MAXIMUM TEMPERATURE (F)   84       101      1921
 MINIMUM TEMPERATURE (F)   65        50      1967
                                             1909


SUNRISE AND SUNSET
SEPTEMBER  3 2014.....SUNRISE   653 AM EDT   SUNSET   745 PM EDT
SEPTEMBER  4 2014.....SUNRISE   654 AM EDT   SUNSET   743 PM EDT


-  INDICATES NEGATIVE NUMBERS.
R  INDICATES RECORD WAS SET OR TIED.
MM INDICATES DATA IS MISSING.
T  INDICATES TRACE AMOUNT.




$$
