000
CDUS42 KRAH 300741
CLIGSO

CLIMATE REPORT
NATIONAL WEATHER SERVICE RALEIGH NC
341 AM EDT TUE SEP 30 2014

...................................

...THE PIEDMONT TRIAD INTL AIRPORT NC CLIMATE SUMMARY FOR SEPTEMBER 29 2014...

CLIMATE NORMAL PERIOD 1981 TO 2010
CLIMATE RECORD PERIOD 1903 TO 2014


WEATHER ITEM   OBSERVED TIME   RECORD YEAR NORMAL DEPARTURE LAST
                VALUE   (LST)  VALUE       VALUE  FROM      YEAR
                                                  NORMAL
..................................................................
TEMPERATURE (F)
 YESTERDAY
  MAXIMUM         67    516 PM  90    1921  75     -8       72
                                      1905
                                      1904
  MINIMUM         58   1159 PM  35    1942  55      3       52
  AVERAGE         63                        65     -2       62

PRECIPITATION (IN)
  YESTERDAY        0.14          2.74 1944   0.12   0.02     0.00
  MONTH TO DATE    2.93                      4.07  -1.14     2.13
  SINCE SEP 1      2.93                      4.07  -1.14     2.13
  SINCE JAN 1     28.81                     32.86  -4.05    40.52

DEGREE DAYS
 HEATING
  YESTERDAY        2                         3     -1        3
  MONTH TO DATE   17                        26     -9       14
  SINCE SEP 1     17                        26     -9       14
  SINCE JUL 1     17                        27    -10       16

 COOLING
  YESTERDAY        0                         3     -3        0
  MONTH TO DATE  194                       181     13      172
  SINCE SEP 1    194                       181     13      172
  SINCE JAN 1   1447                      1443      4     1331
..................................................................


WIND (MPH)
  HIGHEST WIND SPEED     9   HIGHEST WIND DIRECTION     S (190)
  HIGHEST GUST SPEED    12   HIGHEST GUST DIRECTION     S (180)
  AVERAGE WIND SPEED     2.3


SKY COVER
  POSSIBLE SUNSHINE  MM
  AVERAGE SKY COVER 0.9


WEATHER CONDITIONS
 THE FOLLOWING WEATHER WAS RECORDED YESTERDAY.
  LIGHT RAIN
  FOG
  FOG W/VISIBILITY <= 1/4 MILE


RELATIVE HUMIDITY (PERCENT)
 HIGHEST   100           800 PM
 LOWEST     87           200 AM
 AVERAGE    94

..........................................................


THE PIEDMONT TRIAD INTL AIRPORT NC CLIMATE NORMALS FOR TODAY
                         NORMAL    RECORD    YEAR
 MAXIMUM TEMPERATURE (F)   75        89      1954
 MINIMUM TEMPERATURE (F)   55        37      1942


SUNRISE AND SUNSET
SEPTEMBER 30 2014.....SUNRISE   714 AM EDT   SUNSET   705 PM EDT
OCTOBER  1 2014.......SUNRISE   715 AM EDT   SUNSET   703 PM EDT


-  INDICATES NEGATIVE NUMBERS.
R  INDICATES RECORD WAS SET OR TIED.
MM INDICATES DATA IS MISSING.
T  INDICATES TRACE AMOUNT.

$$

DJF
