000
CDUS42 KRAH 270041
CLIGSO


CLIMATE REPORT
NATIONAL WEATHER SERVICE RALEIGH NC
839 PM EDT FRI MAY 26 2017


...................................

...THE PIEDMONT TRIAD INTL AIRPORT NC CLIMATE SUMMARY FOR MAY 26 2017...
VALID AS OF 0839 PM LOCAL TIME.

CLIMATE NORMAL PERIOD 1981 TO 2010
CLIMATE RECORD PERIOD 1903 TO 2017


WEATHER ITEM   OBSERVED TIME   RECORD YEAR NORMAL DEPARTURE LAST
                VALUE   (LST)  VALUE       VALUE  FROM      YEAR
                                                  NORMAL
..................................................................
TEMPERATURE (F)
 TODAY
  MAXIMUM         80    422 PM  95    1926  80      0       86
                                      1914
                                      1911
  MINIMUM         55    517 AM  42    1930  59     -4       63
                                      1925
  AVERAGE         68                        70     -2       75

PRECIPITATION (IN)
  TODAY            0.00          1.97 1987   0.12  -0.12     0.00
  MONTH TO DATE    6.59                      2.77   3.82     8.49
  SINCE MAR 1     14.89                     10.07   4.82    12.65
  SINCE JAN 1     20.50                     16.09   4.41    18.79

..................................................................


WIND (MPH)
  HIGHEST WIND SPEED    18   HIGHEST WIND DIRECTION     W (260)
  HIGHEST GUST SPEED    24   HIGHEST GUST DIRECTION    NW (300)
  AVERAGE WIND SPEED    11.0


SKY COVER
  POSSIBLE SUNSHINE  MM
  AVERAGE SKY COVER 0.4


WEATHER CONDITIONS
 THE FOLLOWING WEATHER WAS RECORDED TODAY.
  NO SIGNIFICANT WEATHER WAS OBSERVED.


RELATIVE HUMIDITY (PERCENT)
 HIGHEST    93           500 AM
 LOWEST     39           400 PM
 AVERAGE    66

..........................................................


THE PIEDMONT TRIAD INTL AIRPORT NC CLIMATE NORMALS FOR TOMORROW
                         NORMAL    RECORD    YEAR
 MAXIMUM TEMPERATURE (F)   80       100      1911
 MINIMUM TEMPERATURE (F)   60        40      1961
                                             1910


SUNRISE AND SUNSET
MAY 26 2017...........SUNRISE   607 AM EDT   SUNSET   828 PM EDT
MAY 27 2017...........SUNRISE   606 AM EDT   SUNSET   828 PM EDT


-  INDICATES NEGATIVE NUMBERS.
R  INDICATES RECORD WAS SET OR TIED.
MM INDICATES DATA IS MISSING.
T  INDICATES TRACE AMOUNT.




$$
