000
CDUS42 KRAH 020628
CLIGSO


CLIMATE REPORT
NATIONAL WEATHER SERVICE RALEIGH NC
127 AM EST MON MAR 2 2015


...................................

...THE PIEDMONT TRIAD INTL AIRPORT NC CLIMATE SUMMARY FOR MARCH 1 2015...

CLIMATE NORMAL PERIOD 1981 TO 2010
CLIMATE RECORD PERIOD 1903 TO 2015


WEATHER ITEM   OBSERVED TIME   RECORD YEAR NORMAL DEPARTURE LAST
                VALUE   (LST)  VALUE       VALUE  FROM      YEAR
                                                  NORMAL
..................................................................
TEMPERATURE (F)
 YESTERDAY
  MAXIMUM         37    347 PM  77    2012  56    -19       53
                                      2006
  MINIMUM         29    901 AM  11    1937  35     -6       27
  AVERAGE         33                        46    -13       40

PRECIPITATION (IN)
  YESTERDAY        0.16          1.16 2009   0.12   0.04     0.00
  MONTH TO DATE    0.16                      0.12   0.04     0.00
  SINCE MAR 1      0.16                      0.12   0.04     0.00
  SINCE JAN 1      4.84                      6.14  -1.30     6.22

SNOWFALL (IN)
  YESTERDAY        0.0          10.7  1969   0.1   -0.1      0.0
  MONTH TO DATE    0.0                       0.1   -0.1      0.0
  SINCE MAR 1      0.0                       0.1   -0.1      0.0
  SINCE JUL 1      9.6                       6.8    2.8     10.6
  SNOW DEPTH       2

DEGREE DAYS
 HEATING
  YESTERDAY       32                        19     13       25
  MONTH TO DATE   32                        19     13       25
  SINCE MAR 1     32                        19     13       25
  SINCE JUL 1   3117                      2874    243     3002

 COOLING
  YESTERDAY        0                         0      0        0
  MONTH TO DATE    0                         0      0        0
  SINCE MAR 1      0                         0      0        0
  SINCE JAN 1      0                         0      0        0
..................................................................


WIND (MPH)
  HIGHEST WIND SPEED    12   HIGHEST WIND DIRECTION     W (250)
  HIGHEST GUST SPEED    14   HIGHEST GUST DIRECTION     W (250)
  AVERAGE WIND SPEED     4.6


SKY COVER
  POSSIBLE SUNSHINE  MM
  AVERAGE SKY COVER 1.0


WEATHER CONDITIONS
 THE FOLLOWING WEATHER WAS RECORDED YESTERDAY.
  LIGHT RAIN
  LT FREEZING RAIN
  FOG


RELATIVE HUMIDITY (PERCENT)
 HIGHEST   100          1000 PM
 LOWEST     53          1200 AM
 AVERAGE    77

..........................................................


THE PIEDMONT TRIAD INTL AIRPORT NC CLIMATE NORMALS FOR TODAY
                         NORMAL    RECORD    YEAR
 MAXIMUM TEMPERATURE (F)   57        83      1918
 MINIMUM TEMPERATURE (F)   36        13      1980


SUNRISE AND SUNSET
MARCH  2 2015.........SUNRISE   649 AM EST   SUNSET   615 PM EST
MARCH  3 2015.........SUNRISE   648 AM EST   SUNSET   616 PM EST


-  INDICATES NEGATIVE NUMBERS.
R  INDICATES RECORD WAS SET OR TIED.
MM INDICATES DATA IS MISSING.
T  INDICATES TRACE AMOUNT.




$$
