000
CDUS42 KRAH 040751
CLIGSO


CLIMATE REPORT
NATIONAL WEATHER SERVICE RALEIGH NC
346 AM EDT FRI SEP 4 2015


...................................

...THE PIEDMONT TRIAD INTL AIRPORT NC CLIMATE SUMMARY FOR SEPTEMBER 3 2015...

CLIMATE NORMAL PERIOD 1981 TO 2010
CLIMATE RECORD PERIOD 1903 TO 2015


WEATHER ITEM   OBSERVED TIME   RECORD YEAR NORMAL DEPARTURE LAST
                VALUE   (LST)  VALUE       VALUE  FROM      YEAR
                                                  NORMAL
..................................................................
TEMPERATURE (F)
 YESTERDAY
  MAXIMUM         89    444 PM 101    1921  84      5       91
  MINIMUM         68    538 AM  50    1967  65      3       70
                                      1909
  AVERAGE         79                        74      5       81

PRECIPITATION (IN)
  YESTERDAY        0.00          3.94 1996   0.15  -0.15     0.58
  MONTH TO DATE    0.00                      0.45  -0.45     0.58
  SINCE SEP 1      0.00                      0.45  -0.45     0.58
  SINCE JAN 1     25.21                     29.24  -4.03    26.46

DEGREE DAYS
 HEATING
  YESTERDAY        0                         0      0        0
  MONTH TO DATE    0                         0      0        0
  SINCE SEP 1      0                         0      0        0
  SINCE JUL 1      0                         1     -1        0

 COOLING
  YESTERDAY       14                         9      5       16
  MONTH TO DATE   45                        29     16       51
  SINCE SEP 1     45                        29     16       51
  SINCE JAN 1   1559                      1291    268     1304
..................................................................


WIND (MPH)
  HIGHEST WIND SPEED     9   HIGHEST WIND DIRECTION    NW (320)
  HIGHEST GUST SPEED    13   HIGHEST GUST DIRECTION    NW (330)
  AVERAGE WIND SPEED     2.4


SKY COVER
  POSSIBLE SUNSHINE  MM
  AVERAGE SKY COVER 0.6


WEATHER CONDITIONS
 THE FOLLOWING WEATHER WAS RECORDED YESTERDAY.
  NO SIGNIFICANT WEATHER WAS OBSERVED.


RELATIVE HUMIDITY (PERCENT)
 HIGHEST    90           500 AM
 LOWEST     40           500 PM
 AVERAGE    65

..........................................................


THE PIEDMONT TRIAD INTL AIRPORT NC CLIMATE NORMALS FOR TODAY
                         NORMAL    RECORD    YEAR
 MAXIMUM TEMPERATURE (F)   83       100      1925
                                             1921
 MINIMUM TEMPERATURE (F)   65        51      1908


SUNRISE AND SUNSET
SEPTEMBER  4 2015.....SUNRISE   654 AM EDT   SUNSET   743 PM EDT
SEPTEMBER  5 2015.....SUNRISE   654 AM EDT   SUNSET   742 PM EDT


-  INDICATES NEGATIVE NUMBERS.
R  INDICATES RECORD WAS SET OR TIED.
MM INDICATES DATA IS MISSING.
T  INDICATES TRACE AMOUNT.




$$
