000
CDUS42 KGSP 170631
CLIGSP

CLIMATE REPORT
NATIONAL WEATHER SERVICE GREENVILLE-SPARTANBURG SC
131 AM EST WED JAN 17 2018


...................................

...THE GREENVILLE-SPARTANBURG SC CLIMATE SUMMARY FOR JANUARY 16 2018...

CLIMATE NORMAL PERIOD 1981 TO 2010
CLIMATE RECORD PERIOD 1884 TO 2018


WEATHER ITEM   OBSERVED TIME   RECORD YEAR NORMAL DEPARTURE LAST
                VALUE   (LST)  VALUE       VALUE  FROM      YEAR
                                                  NORMAL
..................................................................
TEMPERATURE (F)
 YESTERDAY
  MAXIMUM         50    302 PM  77    1974  52     -2       58
  MINIMUM         22    700 AM  -5    1893  32    -10       53
  AVERAGE         36                        42     -6       56

PRECIPITATION (IN)
  YESTERDAY        0.00          1.96 1924   0.12  -0.12     0.00
  MONTH TO DATE    1.50                      1.98  -0.48     2.60
  SINCE DEC 1      4.41                      6.09  -1.68     5.29
  SINCE JAN 1      1.50                      1.98  -0.48     2.60

SNOWFALL (IN)
  YESTERDAY        0.0           5.7  1965   0.1   -0.1      0.0
  MONTH TO DATE    T                         1.2   -1.2      3.1
  SINCE DEC 1      1.6                       1.6    0.0      3.1
  SINCE JUL 1      1.6                       1.7   -0.1      3.1
  SNOW DEPTH       0

DEGREE DAYS
 HEATING
  YESTERDAY       29                        23      6        9
  MONTH TO DATE  505                       368    137      303
  SINCE DEC 1   1124                      1018    106      899
  SINCE JUL 1   1618                      1571     47     1225

 COOLING
  YESTERDAY        0                         0      0        0
  MONTH TO DATE    0                         0      0        0
  SINCE DEC 1      0                         1     -1        0
  SINCE JAN 1      0                         0      0        0
..................................................................


WIND (MPH)
  HIGHEST WIND SPEED    16   HIGHEST WIND DIRECTION    SW (210)
  HIGHEST GUST SPEED    21   HIGHEST GUST DIRECTION    SW (220)
  AVERAGE WIND SPEED     5.5


SKY COVER
  POSSIBLE SUNSHINE  MM
  AVERAGE SKY COVER 0.3


WEATHER CONDITIONS
 THE FOLLOWING WEATHER WAS RECORDED YESTERDAY.
  NO SIGNIFICANT WEATHER WAS OBSERVED.


RELATIVE HUMIDITY (PERCENT)
 HIGHEST    92           600 AM
 LOWEST     36           200 PM
 AVERAGE    64

..........................................................


THE GREENVILLE-SPARTANBURG SC CLIMATE NORMALS FOR TODAY
                         NORMAL    RECORD    YEAR
 MAXIMUM TEMPERATURE (F)   52        77      1943
 MINIMUM TEMPERATURE (F)   32        -4      1893


SUNRISE AND SUNSET
JANUARY 17 2018.......SUNRISE   736 AM EST   SUNSET   543 PM EST
JANUARY 18 2018.......SUNRISE   735 AM EST   SUNSET   544 PM EST


-  INDICATES NEGATIVE NUMBERS.
R  INDICATES RECORD WAS SET OR TIED.
MM INDICATES DATA IS MISSING.
T  INDICATES TRACE AMOUNT.




$$
JPT
