000
CDUS42 KGSP 220640
CLIGSP

CLIMATE REPORT
NATIONAL WEATHER SERVICE GREENVILLE-SPARTANBURG SC
236 AM EDT FRI MAY 22 2015


...................................

...THE GREENVILLE-SPARTANBURG SC CLIMATE SUMMARY FOR MAY 21 2015...

CLIMATE NORMAL PERIOD 1981 TO 2010
CLIMATE RECORD PERIOD 1884 TO 2015


WEATHER ITEM   OBSERVED TIME   RECORD YEAR NORMAL DEPARTURE LAST
                VALUE   (LST)  VALUE       VALUE  FROM      YEAR
                                                  NORMAL
..................................................................
TEMPERATURE (F)
 YESTERDAY
  MAXIMUM         88    324 PM  96    1941  81      7       87
  MINIMUM         61   1159 PM  40    1993  59      2       61
  AVERAGE         75                        70      5       74

PRECIPITATION (IN)
  YESTERDAY        0.00          2.07 1979   0.12  -0.12     0.00
  MONTH TO DATE    2.46                      2.55  -0.09     2.27
  SINCE MAR 1     10.73                     10.43   0.30    11.41
  SINCE JAN 1     18.05                     18.22  -0.17    17.65

SNOWFALL (IN)
  YESTERDAY        0.0           0.0    MM   0.0    0.0      0.0
  MONTH TO DATE    0.0                       0.0    0.0      0.0
  SINCE MAR 1      0.0                       0.9   -0.9       T
  SINCE JUL 1      3.7                       4.7   -1.0      7.2
  SNOW DEPTH       0

DEGREE DAYS
 HEATING
  YESTERDAY        0                         1     -1        0
  MONTH TO DATE    8                        34    -26       36
  SINCE MAR 1    403                       591   -188      649
  SINCE JUL 1   3017                      3040    -23     3208

 COOLING
  YESTERDAY       10                         6      4        9
  MONTH TO DATE  152                        82     70      110
  SINCE MAR 1    208                       130     78      152
  SINCE JAN 1    208                       130     78      152
..................................................................


WIND (MPH)
  HIGHEST WIND SPEED    18   HIGHEST WIND DIRECTION     W (250)
  HIGHEST GUST SPEED    25   HIGHEST GUST DIRECTION     W (270)
  AVERAGE WIND SPEED     5.3


SKY COVER
  POSSIBLE SUNSHINE  MM
  AVERAGE SKY COVER 0.2


WEATHER CONDITIONS
 THE FOLLOWING WEATHER WAS RECORDED YESTERDAY.
  NO SIGNIFICANT WEATHER WAS OBSERVED.


RELATIVE HUMIDITY (PERCENT)
 HIGHEST    87          1200 AM
 LOWEST     25           600 PM
 AVERAGE    56

..........................................................


THE GREENVILLE-SPARTANBURG SC CLIMATE NORMALS FOR TODAY
                         NORMAL    RECORD    YEAR
 MAXIMUM TEMPERATURE (F)   82        98      1941
 MINIMUM TEMPERATURE (F)   59        40      1993


SUNRISE AND SUNSET
MAY 22 2015...........SUNRISE   621 AM EDT   SUNSET   830 PM EDT
MAY 23 2015...........SUNRISE   620 AM EDT   SUNSET   831 PM EDT


-  INDICATES NEGATIVE NUMBERS.
R  INDICATES RECORD WAS SET OR TIED.
MM INDICATES DATA IS MISSING.
T  INDICATES TRACE AMOUNT.




$$
