000
CDUS42 KGSP 222107
CLIGSP

CLIMATE REPORT
NATIONAL WEATHER SERVICE GREENVILLE-SPARTANBURG SC
448 PM EDT SUN OCT 22 2017


...................................

...THE GREENVILLE-SPARTANBURG SC CLIMATE SUMMARY FOR OCTOBER 22 2017...
VALID TODAY AS OF 0430 PM LOCAL TIME.

CLIMATE NORMAL PERIOD 1981 TO 2010
CLIMATE RECORD PERIOD 1884 TO 2017


WEATHER ITEM   OBSERVED TIME   RECORD YEAR NORMAL DEPARTURE LAST
                VALUE   (LST)  VALUE       VALUE  FROM      YEAR
                                                  NORMAL
..................................................................
TEMPERATURE (F)
 TODAY
  MAXIMUM         78    150 PM  85    1941  71      7       65
  MINIMUM         52    439 AM  26    1987  48      4       46
  AVERAGE         65                        60      5       56

PRECIPITATION (IN)
  TODAY            0.00          3.05 1919   0.11  -0.11     0.00
  MONTH TO DATE    2.91                      2.50   0.41     0.44
  SINCE SEP 1      7.13                      5.93   1.20     1.43
  SINCE JAN 1     45.10                     38.44   6.66    29.66

SNOWFALL (IN)
  TODAY            0.0           0.0    MM   0.0    0.0      0.0
  MONTH TO DATE    0.0                       0.0    0.0      0.0
  SINCE SEP 1      0.0                       0.0    0.0      0.0
  SINCE JUL 1      0.0                       0.0    0.0      0.0
  SNOW DEPTH       0

DEGREE DAYS
 HEATING
  TODAY            0                         6     -6        9
  MONTH TO DATE   37                        86    -49       23
  SINCE SEP 1     48                       103    -55       23
  SINCE JUL 1     48                       103    -55       23

 COOLING
  TODAY            0                         1     -1        0
  MONTH TO DATE   96                        41     55       69
  SINCE SEP 1    328                       268     60      441
  SINCE JAN 1   1794                      1703     91     2160
..................................................................


WIND (MPH)
  HIGHEST WIND SPEED    12   HIGHEST WIND DIRECTION     E (100)
  HIGHEST GUST SPEED    16   HIGHEST GUST DIRECTION     E (90)
  AVERAGE WIND SPEED     5.1


SKY COVER
  POSSIBLE SUNSHINE   0 PERCENT
  AVERAGE SKY COVER 0.0


WEATHER CONDITIONS
 THE FOLLOWING WEATHER WAS RECORDED TODAY.
  NO SIGNIFICANT WEATHER WAS OBSERVED.


RELATIVE HUMIDITY (PERCENT)
 HIGHEST     0          1200 AM
 LOWEST      0          1200 AM
 AVERAGE     0

..........................................................


THE GREENVILLE-SPARTANBURG SC CLIMATE NORMALS FOR TOMORROW
                         NORMAL    RECORD    YEAR
 MAXIMUM TEMPERATURE (F)   71        87      1941
 MINIMUM TEMPERATURE (F)   48        26      1891


SUNRISE AND SUNSET
OCTOBER 22 2017.......SUNRISE   741 AM EDT   SUNSET   645 PM EDT
OCTOBER 23 2017.......SUNRISE   742 AM EDT   SUNSET   644 PM EDT


-  INDICATES NEGATIVE NUMBERS.
R  INDICATES RECORD WAS SET OR TIED.
MM INDICATES DATA IS MISSING.
T  INDICATES TRACE AMOUNT.




$$
