000
CDUS45 KTFX 022257
CLIGTF


CLIMATE REPORT
NATIONAL WEATHER SERVICE GREAT FALLS MT
456 PM MDT TUE JUN 2 2015


...................................

...THE GREAT FALLS MT CLIMATE SUMMARY FOR JUNE 2 2015...
VALID TODAY AS OF 0400 PM LOCAL TIME.

CLIMATE NORMAL PERIOD 1981 TO 2010
CLIMATE RECORD PERIOD 1886 TO 2015


WEATHER ITEM   OBSERVED TIME   RECORD YEAR NORMAL DEPARTURE LAST
                VALUE   (LST)  VALUE       VALUE  FROM      YEAR
                                                  NORMAL
..................................................................
TEMPERATURE (F)
 TODAY
  MAXIMUM         69    206 PM  89    1986  69      0       76
  MINIMUM         49    331 AM  32    1984  43      6       41
  AVERAGE         59                        56      3       59

PRECIPITATION (IN)
  TODAY            T             2.42 2005   0.11  -0.11     0.00
  MONTH TO DATE    0.20                      0.21  -0.01     0.43
  SINCE OCT 1      8.95                      7.94   1.01     9.59
  SINCE JAN 1      6.00                      5.94   0.06     7.54

SNOWFALL (IN)
  TODAY            0.0           0.2  1998   0.1   -0.1      0.0
                                      2001
                                      1999
  MONTH TO DATE    0.0                       0.1   -0.1      0.0
  SINCE JUN 1      0.0                       0.1   -0.1      0.0
  SINCE JUL 1     57.9                      63.3   -5.4     76.4
  SNOW DEPTH       0

DEGREE DAYS
 HEATING
  TODAY            6                         9     -3        6
  MONTH TO DATE    7                        18    -11       15
  SINCE JUN 1      7                        18    -11       15
  SINCE JUL 1   6855                      7553   -698     7803

 COOLING
  TODAY            0                         0      0        0
  MONTH TO DATE    0                         0      0        0
  SINCE JUN 1      0                         0      0        0
  SINCE JAN 1      0                         7     -7        0
..................................................................


WIND (MPH)
  HIGHEST WIND SPEED    29   HIGHEST WIND DIRECTION     N (340)
  HIGHEST GUST SPEED    37   HIGHEST GUST DIRECTION     N (340)
  AVERAGE WIND SPEED     6.7


SKY COVER
  AVERAGE SKY COVER 0.7


WEATHER CONDITIONS
 THE FOLLOWING WEATHER WAS RECORDED TODAY.
  THUNDERSTORM
  LIGHT RAIN


RELATIVE HUMIDITY (PERCENT)
 HIGHEST   100          1200 AM
 LOWEST     45           200 PM
 AVERAGE    73

..........................................................


THE GREAT FALLS MT CLIMATE NORMALS FOR TOMORROW
                         NORMAL    RECORD    YEAR
 MAXIMUM TEMPERATURE (F)   69        93      1988
 MINIMUM TEMPERATURE (F)   44        33      1943


SUNRISE AND SUNSET
JUNE  2 2015..........SUNRISE   532 AM MDT   SUNSET   916 PM MDT
JUNE  3 2015..........SUNRISE   531 AM MDT   SUNSET   916 PM MDT


-  INDICATES NEGATIVE NUMBERS.
R  INDICATES RECORD WAS SET OR TIED.
MM INDICATES DATA IS MISSING.
T  INDICATES TRACE AMOUNT.




$$
