000
CDUS45 KTFX 281004
CLIGTF


CLIMATE REPORT
NATIONAL WEATHER SERVICE GREAT FALLS MT
404 AM MDT TUE MAR 28 2017


...................................

...THE GREAT FALLS MT CLIMATE SUMMARY FOR MARCH 27 2017...

CLIMATE NORMAL PERIOD 1981 TO 2010
CLIMATE RECORD PERIOD 1886 TO 2017


WEATHER ITEM   OBSERVED TIME   RECORD YEAR NORMAL DEPARTURE LAST
                VALUE   (LST)  VALUE       VALUE  FROM      YEAR
                                                  NORMAL
..................................................................
TEMPERATURE (F)
 YESTERDAY
  MAXIMUM         56    255 PM  74    2015  49      7       56
  MINIMUM         34    634 AM  -8    1898  26      8       23
  AVERAGE         45                        38      7       40

PRECIPITATION (IN)
  YESTERDAY        0.02          0.59 1961   0.03  -0.01      T
  MONTH TO DATE    0.41                      0.76  -0.35     0.41
  SINCE OCT 1      4.76                      3.74   1.02     6.16
  SINCE JAN 1      1.83                      1.74   0.09     1.06

SNOWFALL (IN)
  YESTERDAY        0.0           6.4  1961   0.4   -0.4      0.0
  MONTH TO DATE    5.6                      10.3   -4.7      1.8
  SINCE MAR 1      5.6                      10.3   -4.7      1.8
  SINCE JUL 1     43.4                      50.3   -6.9     39.7
  SNOW DEPTH       0

DEGREE DAYS
 HEATING
  YESTERDAY       20                        27     -7       25
  MONTH TO DATE  759                       847    -88      674
  SINCE MAR 1    759                       847    -88      674
  SINCE JUL 1   6457                      6352    105     5612

 COOLING
  YESTERDAY        0                         0      0        0
  MONTH TO DATE    0                         0      0        0
  SINCE MAR 1      0                         0      0        0
  SINCE JAN 1      0                         0      0        0
..................................................................


WIND (MPH)
  HIGHEST WIND SPEED    20   HIGHEST WIND DIRECTION    NW (300)
  HIGHEST GUST SPEED    24   HIGHEST GUST DIRECTION    NW (300)
  AVERAGE WIND SPEED    10.0


SKY COVER
  AVERAGE SKY COVER 0.7


WEATHER CONDITIONS
 THE FOLLOWING WEATHER WAS RECORDED YESTERDAY.
  LIGHT RAIN


RELATIVE HUMIDITY (PERCENT)
 HIGHEST    82           700 AM
 LOWEST     32          1200 PM
 AVERAGE    57

..........................................................


THE GREAT FALLS MT CLIMATE NORMALS FOR TODAY
                         NORMAL    RECORD    YEAR
 MAXIMUM TEMPERATURE (F)   50        71      1986
 MINIMUM TEMPERATURE (F)   26        -7      1954


SUNRISE AND SUNSET
MARCH 28 2017.........SUNRISE   712 AM MDT   SUNSET   750 PM MDT
MARCH 29 2017.........SUNRISE   710 AM MDT   SUNSET   751 PM MDT


-  INDICATES NEGATIVE NUMBERS.
R  INDICATES RECORD WAS SET OR TIED.
MM INDICATES DATA IS MISSING.
T  INDICATES TRACE AMOUNT.




$$
