000
CDUS45 KTFX 222338
CLIGTF


CLIMATE REPORT
NATIONAL WEATHER SERVICE GREAT FALLS MT
434 PM MST MON DEC 22 2014


...................................

...THE GREAT FALLS MT CLIMATE SUMMARY FOR DECEMBER 22 2014...
VALID TODAY AS OF 0400 PM LOCAL TIME.

CLIMATE NORMAL PERIOD 1981 TO 2010
CLIMATE RECORD PERIOD 1886 TO 2014


WEATHER ITEM   OBSERVED TIME   RECORD YEAR NORMAL DEPARTURE LAST
                VALUE   (LST)  VALUE       VALUE  FROM      YEAR
                                                  NORMAL
..................................................................
TEMPERATURE (F)
 TODAY
  MAXIMUM         42    149 PM  57    1933  34      8       16
  MINIMUM         28    753 AM -27    1892  14     14        2
  AVERAGE         35                        24     11        9

PRECIPITATION (IN)
  TODAY            0.00          0.36 1974   0.02  -0.02     0.02
  MONTH TO DATE    0.24                      0.39  -0.15     0.89
  SINCE OCT 1      2.09                      1.84   0.25     2.00
  SINCE JAN 1     19.27                     14.59   4.68    11.73

SNOWFALL (IN)
  TODAY            0.0           5.0  1926   0.3   -0.3      0.5
  MONTH TO DATE    2.2                       6.5   -4.3     12.9
  SINCE DEC 1      2.2                       6.5   -4.3     12.9
  SINCE JUL 1     19.6                      20.2   -0.6     22.6
  SNOW DEPTH       0

DEGREE DAYS
 HEATING
  TODAY           30                        41    -11       56
  MONTH TO DATE  694                       879   -185     1065
  SINCE DEC 1    694                       879   -185     1065
  SINCE JUL 1   2583                      2848   -265     2865

 COOLING
  TODAY            0                         0      0        0
  MONTH TO DATE    0                         0      0        0
  SINCE DEC 1      0                         0      0        0
  SINCE JAN 1    350                       298     52      449
..................................................................


WIND (MPH)
  HIGHEST WIND SPEED    23   HIGHEST WIND DIRECTION    NW (320)
  HIGHEST GUST SPEED    29   HIGHEST GUST DIRECTION    NW (320)
  AVERAGE WIND SPEED    12.1


SKY COVER
  AVERAGE SKY COVER 0.7


WEATHER CONDITIONS
 THE FOLLOWING WEATHER WAS RECORDED TODAY.
  NO SIGNIFICANT WEATHER WAS OBSERVED.


RELATIVE HUMIDITY (PERCENT)
 HIGHEST    92           800 AM
 LOWEST     41           100 PM
 AVERAGE    67

..........................................................


THE GREAT FALLS MT CLIMATE NORMALS FOR TOMORROW
                         NORMAL    RECORD    YEAR
 MAXIMUM TEMPERATURE (F)   34        56      1960
                                             1936
 MINIMUM TEMPERATURE (F)   14       -30      1983


SUNRISE AND SUNSET
DECEMBER 22 2014......SUNRISE   811 AM MST   SUNSET   437 PM MST
DECEMBER 23 2014......SUNRISE   811 AM MST   SUNSET   438 PM MST


-  INDICATES NEGATIVE NUMBERS.
R  INDICATES RECORD WAS SET OR TIED.
MM INDICATES DATA IS MISSING.
T  INDICATES TRACE AMOUNT.




$$
