000
CDUS44 KAMA 260637
CLIGUY


CLIMATE REPORT
NATIONAL WEATHER SERVICE AMARILLO TX
136 AM CDT SUN OCT 26 2014


...................................

...THE GUYMON CLIMATE SUMMARY FOR OCTOBER 25 2014...

CLIMATE NORMAL PERIOD 1981 TO 2010
CLIMATE RECORD PERIOD 1998 TO 2014


WEATHER ITEM   OBSERVED TIME   NORMAL DEPARTURE LAST
                VALUE   (LST)  VALUE  FROM      YEAR
                                      NORMAL
......................................................
TEMPERATURE (F)
 YESTERDAY
  MAXIMUM         92    324 PM  69     23       66
  MINIMUM         44    634 AM  39      5       33
  AVERAGE         68            54     14       50

PRECIPITATION (IN)
  YESTERDAY        0.00          0.05  -0.05      T
  MONTH TO DATE    1.88          1.40   0.48     0.69
  SINCE SEP 1      3.73          3.19   0.54     3.46
  SINCE JAN 1     12.17         17.96  -5.79    14.01

SNOWFALL (IN)
  YESTERDAY        0.0                           0.0
  MONTH TO DATE    T                              T
  SINCE SEP 1      T                              T
  SINCE JUL 1      T                              T
  SNOW DEPTH       0

DEGREE DAYS
 HEATING
  YESTERDAY        0            11    -11       15
  MONTH TO DATE   85           191   -106      205
  SINCE SEP 1    111           233   -122      213
  SINCE JUL 1    115           234   -119      213

 COOLING
  YESTERDAY        3             0      3        0
  MONTH TO DATE   24            25     -1       25
  SINCE SEP 1    251           230     21      295
  SINCE JAN 1   1697          1479    218     1846
......................................................


WIND (MPH)
  RESULTANT WIND SPEED   7   RESULTANT WIND DIRECTION   S (190)
  HIGHEST WIND SPEED    21   HIGHEST WIND DIRECTION    SW (210)
  HIGHEST GUST SPEED    26   HIGHEST GUST DIRECTION     S (200)
  AVERAGE WIND SPEED     8.1


SKY COVER
  AVERAGE SKY COVER 0.0


WEATHER CONDITIONS
 THE FOLLOWING WEATHER WAS RECORDED YESTERDAY.
  NO SIGNIFICANT WEATHER WAS OBSERVED.


RELATIVE HUMIDITY (PERCENT)
 HIGHEST    77           600 AM
 LOWEST     15           400 PM
 AVERAGE    46

..........................................................


THE GUYMON CLIMATE NORMALS FOR TODAY
                         NORMAL
 MAXIMUM TEMPERATURE (F)   69
 MINIMUM TEMPERATURE (F)   39


SUNRISE AND SUNSET
OCTOBER 26 2014.......SUNRISE   804 AM CDT   SUNSET   656 PM CDT
OCTOBER 27 2014.......SUNRISE   805 AM CDT   SUNSET   655 PM CDT


-  INDICATES NEGATIVE NUMBERS.
R  INDICATES RECORD WAS SET OR TIED.
MM INDICATES DATA IS MISSING.
T  INDICATES TRACE AMOUNT.




$$
