000
CDUS44 KAMA 060732
CLIGUY


CLIMATE REPORT
NATIONAL WEATHER SERVICE AMARILLO TX
130 AM CST FRI MAR 6 2015


...THE GUYMON CLIMATE SUMMARY FOR MARCH 5 2015...

CLIMATE NORMAL PERIOD 1981 TO 2010
CLIMATE RECORD PERIOD 1998 TO 2015


WEATHER ITEM   OBSERVED TIME   RECORD YEAR NORMAL DEPARTURE LAST
                VALUE   (LST)  VALUE       VALUE  FROM      YEAR
                                                  NORMAL
..................................................................
TEMPERATURE (F)
 YESTERDAY
  MAXIMUM         49    506 PM  MM      MM  58     -9       50
  MINIMUM         15    531 AM  MM      MM  28    -13       29
  AVERAGE         32                        43    -11       40

PRECIPITATION (IN)
  YESTERDAY        0.00         MM      MM   0.04  -0.04     0.03
  MONTH TO DATE    0.19                      0.17   0.02     0.21
  SINCE MAR 1      0.19                      0.17   0.02     0.21
  SINCE JAN 1      2.14                      1.04   1.10     0.55

SNOWFALL (IN)
  YESTERDAY        0.0          MM      MM  MM     MM         T
  MONTH TO DATE    2.0                      MM     MM        1.5
  SINCE MAR 1      2.0                      MM     MM        1.5
  SINCE JUL 1     23.3                      MM     MM       14.2
  SNOW DEPTH       0

DEGREE DAYS
 HEATING
  YESTERDAY       33                        22     11       25
  MONTH TO DATE  165                       113     52      186
  SINCE MAR 1    165                       113     52      186
  SINCE JUL 1   3382                      3580   -198     3752

 COOLING
  YESTERDAY        0                         0      0        0
  MONTH TO DATE    0                         0      0        0
  SINCE MAR 1      0                         0      0        0
  SINCE JAN 1      0                         0      0        0
..................................................................


WIND (MPH)
  RESULTANT WIND SPEED   9   RESULTANT WIND DIRECTION  SW (240)
  HIGHEST WIND SPEED    20   HIGHEST WIND DIRECTION    SW (240)
  HIGHEST GUST SPEED    24   HIGHEST GUST DIRECTION    SW (240)
  AVERAGE WIND SPEED   10.1


SKY COVER
  AVERAGE SKY COVER 0.0


WEATHER CONDITIONS
 THE FOLLOWING WEATHER WAS RECORDED YESTERDAY.
  NO SIGNIFICANT WEATHER WAS OBSERVED.


RELATIVE HUMIDITY (PERCENT)
 HIGHEST    80           400 AM
 LOWEST     21           500 PM
 AVERAGE    51

..................................................................


THE GUYMON CLIMATE NORMALS FOR TODAY
                         NORMAL    RECORD    YEAR
 MAXIMUM TEMPERATURE (F)   58        MM        MM
 MINIMUM TEMPERATURE (F)   29        MM        MM


SUNRISE AND SUNSET
MARCH  6 2015.........SUNRISE   710 AM CST   SUNSET   645 PM CST
MARCH  7 2015.........SUNRISE   709 AM CST   SUNSET   646 PM CST


-  INDICATES NEGATIVE NUMBERS.
R  INDICATES RECORD WAS SET OR TIED.
MM INDICATES DATA IS MISSING.
T  INDICATES TRACE AMOUNT.


$$
