982
CDUS44 KAMA 170801
CLIGUY


CLIMATE REPORT
NATIONAL WEATHER SERVICE AMARILLO TX
201 AM CST TUE JAN 17 2017


...................................

...THE GUYMON CLIMATE SUMMARY FOR JANUARY 16 2017...

CLIMATE NORMAL PERIOD 1981 TO 2010
CLIMATE RECORD PERIOD 1998 TO 2017


WEATHER ITEM   OBSERVED TIME   RECORD YEAR NORMAL DEPARTURE LAST
                VALUE   (LST)  VALUE       VALUE  FROM      YEAR
                                                  NORMAL
..................................................................
TEMPERATURE (F)
 YESTERDAY
  MAXIMUM         40    412 PM  69    2012  50    -10       48
  MINIMUM         31    817 AM   7    2007  22      9       21
  AVERAGE         36                        36      0       35

PRECIPITATION (IN)
  YESTERDAY        0.10         MM      MM   0.02   0.08      T
  MONTH TO DATE    1.84                      0.12   1.72     0.14
  SINCE DEC 1      2.28                      0.76   1.52     0.98
  SINCE JAN 1      1.84                      0.12   1.72     0.14

SNOWFALL (IN)
  YESTERDAY       MM            MM      MM  MM     MM       MM
  MONTH TO DATE    0.0                      MM     MM        0.0
  SINCE DEC 1      0.8                      MM     MM        0.0
  SINCE JUL 1      0.8                      MM     MM        0.0
  SNOW DEPTH      MM

DEGREE DAYS
 HEATING
  YESTERDAY       29                        29      0       30
  MONTH TO DATE  545                       481     64      502
  SINCE DEC 1   1497                      1407     90     1309
  SINCE JUL 1   2035                      2298   -263     2023

 COOLING
  YESTERDAY        0                         0      0        0
  MONTH TO DATE    0                         0      0        0
  SINCE DEC 1      0                         0      0        0
  SINCE JAN 1      0                         0      0        0
..................................................................


WIND (MPH)
  RESULTANT WIND SPEED  12   RESULTANT WIND DIRECTION  NW (330)
  HIGHEST WIND SPEED    23   HIGHEST WIND DIRECTION    NW (320)
  HIGHEST GUST SPEED    29   HIGHEST GUST DIRECTION    NW (320)
  AVERAGE WIND SPEED    12.0


SKY COVER
  AVERAGE SKY COVER 1.0


WEATHER CONDITIONS
 THE FOLLOWING WEATHER WAS RECORDED YESTERDAY.
  LIGHT RAIN
  LIGHT SNOW
  FOG


RELATIVE HUMIDITY (PERCENT)
 HIGHEST   100           300 AM
 LOWEST     79           300 PM
 AVERAGE    90

..........................................................


THE GUYMON CLIMATE NORMALS FOR TODAY
                         NORMAL    RECORD    YEAR
 MAXIMUM TEMPERATURE (F)   50        66      2011
 MINIMUM TEMPERATURE (F)   22         4      2008


SUNRISE AND SUNSET
JANUARY 17 2017.......SUNRISE   757 AM CST   SUNSET   556 PM CST
JANUARY 18 2017.......SUNRISE   756 AM CST   SUNSET   557 PM CST


-  INDICATES NEGATIVE NUMBERS.
R  INDICATES RECORD WAS SET OR TIED.
MM INDICATES DATA IS MISSING.
T  INDICATES TRACE AMOUNT.




$$
