000
CDUS44 KAMA 312133
CLIGUY


CLIMATE REPORT
NATIONAL WEATHER SERVICE AMARILLO TX
432 PM CDT MON AUG 31 2015


...................................

...THE GUYMON CLIMATE SUMMARY FOR AUGUST 31 2015...
VALID TODAY AS OF 0400 PM LOCAL TIME.

CLIMATE NORMAL PERIOD 1981 TO 2010
CLIMATE RECORD PERIOD 1998 TO 2015


WEATHER ITEM   OBSERVED TIME   RECORD YEAR NORMAL DEPARTURE LAST
                VALUE   (LST)  VALUE       VALUE  FROM      YEAR
                                                  NORMAL
..................................................................
TEMPERATURE (F)
 TODAY
  MAXIMUM         95    224 PM  MM      MM  90      5      105
  MINIMUM         59    631 AM  MM      MM  62     -3       65
  AVERAGE         77                        76      1       85

PRECIPITATION (IN)
  TODAY            0.00         MM      MM   0.10  -0.10      T
  MONTH TO DATE    4.87                      2.92   1.95     0.73
  SINCE JUN 1     11.66                      8.52   3.14     5.05
  SINCE JAN 1     22.61                     14.77   7.84     8.44

SNOWFALL (IN)
  TODAY            0.0          MM      MM  MM     MM        0.0
  MONTH TO DATE    0.0                      MM     MM        0.0
  SINCE JUN 1      0.0                      MM     MM        0.0
  SINCE JUL 1      0.0                      MM     MM        0.0
  SNOW DEPTH       0

DEGREE DAYS
 HEATING
  TODAY            0                         0      0        0
  MONTH TO DATE    0                         0      0        0
  SINCE JUN 1      0                         9     -9        9
  SINCE JUL 1      0                         1     -1        4

 COOLING
  TODAY           12                        11      1       20
  MONTH TO DATE  381                       407    -26      493
  SINCE JUN 1   1236                      1141     95     1268
  SINCE JAN 1   1300                      1249     51     1446
..................................................................


WIND (MPH)
  RESULTANT WIND SPEED  14   RESULTANT WIND DIRECTION   S (200)
  HIGHEST WIND SPEED    29   HIGHEST WIND DIRECTION    SW (210)
  HIGHEST GUST SPEED    35   HIGHEST GUST DIRECTION     S (200)
  AVERAGE WIND SPEED    13.6


SKY COVER
  AVERAGE SKY COVER 0.0


WEATHER CONDITIONS
 THE FOLLOWING WEATHER WAS RECORDED TODAY.
  NO SIGNIFICANT WEATHER WAS OBSERVED.


RELATIVE HUMIDITY (PERCENT)
 HIGHEST    78           300 AM
 LOWEST     22           300 PM
 AVERAGE    50

..........................................................


THE GUYMON CLIMATE NORMALS FOR TOMORROW
                         NORMAL    RECORD    YEAR
 MAXIMUM TEMPERATURE (F)   90        MM        MM
 MINIMUM TEMPERATURE (F)   62        MM        MM


SUNRISE AND SUNSET
AUGUST 31 2015........SUNRISE   716 AM CDT   SUNSET   816 PM CDT
SEPTEMBER  1 2015.....SUNRISE   717 AM CDT   SUNSET   815 PM CDT


-  INDICATES NEGATIVE NUMBERS.
R  INDICATES RECORD WAS SET OR TIED.
MM INDICATES DATA IS MISSING.
T  INDICATES TRACE AMOUNT.




$$
