000
CDUS44 KAMA 160729
CLIGUY


CLIMATE REPORT
NATIONAL WEATHER SERVICE AMARILLO TX
128 AM CST TUE JAN 16 2018


...................................

...THE GUYMON CLIMATE SUMMARY FOR JANUARY 15 2018...

CLIMATE NORMAL PERIOD 1981 TO 2010
CLIMATE RECORD PERIOD 1998 TO 2018


WEATHER ITEM   OBSERVED TIME   RECORD YEAR NORMAL DEPARTURE LAST
                VALUE   (LST)  VALUE       VALUE  FROM      YEAR
                                                  NORMAL
..................................................................
TEMPERATURE (F)
 YESTERDAY
  MAXIMUM         33    554 AM  74    2006  50    -17       32
                                      1999
  MINIMUM          6R  1147 PM   7    2007  22    -16       31
  AVERAGE         20                        36    -16       32

PRECIPITATION (IN)
  YESTERDAY        0.00         MM      MM   0.01  -0.01     1.23
  MONTH TO DATE    0.01                      0.10  -0.09     1.74
  SINCE DEC 1      0.04                      0.74  -0.70     2.18
  SINCE JAN 1      0.01                      0.10  -0.09     1.74

SNOWFALL (IN)
  YESTERDAY        0.0          MM      MM  MM     MM       MM
  MONTH TO DATE    0.0                      MM     MM        0.0
  SINCE DEC 1      T                        MM     MM        0.8
  SINCE JUL 1      T                        MM     MM        0.8
  SNOW DEPTH       0

DEGREE DAYS
 HEATING
  YESTERDAY       45                        29     16       33
  MONTH TO DATE  452                       452      0      516
  SINCE DEC 1   1343                      1378    -35     1468
  SINCE JUL 1   2071                      2269   -198     2006

 COOLING
  YESTERDAY        0                         0      0        0
  MONTH TO DATE    0                         0      0        0
  SINCE DEC 1      0                         0      0        0
  SINCE JAN 1      0                         0      0        0
..................................................................


WIND (MPH)
  RESULTANT WIND SPEED  12   RESULTANT WIND DIRECTION   N (20)
  HIGHEST WIND SPEED    29   HIGHEST WIND DIRECTION    NE (40)
  HIGHEST GUST SPEED    38   HIGHEST GUST DIRECTION    NE (40)
  AVERAGE WIND SPEED    13.9


SKY COVER
  AVERAGE SKY COVER 0.7


WEATHER CONDITIONS
 THE FOLLOWING WEATHER WAS RECORDED YESTERDAY.
  NO SIGNIFICANT WEATHER WAS OBSERVED.


RELATIVE HUMIDITY (PERCENT)
 HIGHEST    92           700 AM
 LOWEST     32           200 PM
 AVERAGE    62

..........................................................


THE GUYMON CLIMATE NORMALS FOR TODAY
                         NORMAL    RECORD    YEAR
 MAXIMUM TEMPERATURE (F)   50        69      2012
 MINIMUM TEMPERATURE (F)   22         7      2007


SUNRISE AND SUNSET
JANUARY 16 2018.......SUNRISE   757 AM CST   SUNSET   555 PM CST
JANUARY 17 2018.......SUNRISE   757 AM CST   SUNSET   556 PM CST


-  INDICATES NEGATIVE NUMBERS.
R  INDICATES RECORD WAS SET OR TIED.
MM INDICATES DATA IS MISSING.
T  INDICATES TRACE AMOUNT.




$$
