000
CDUS44 KAMA 052129
CLIGUY


CLIMATE REPORT
NATIONAL WEATHER SERVICE AMARILLO TX
428 PM CDT THU MAY 5 2016


...................................

...THE GUYMON CLIMATE SUMMARY FOR MAY 5 2016...
VALID TODAY AS OF 0400 PM LOCAL TIME.

CLIMATE NORMAL PERIOD 1981 TO 2010
CLIMATE RECORD PERIOD 1998 TO 2016


WEATHER ITEM   OBSERVED TIME   RECORD YEAR NORMAL DEPARTURE LAST
                VALUE   (LST)  VALUE       VALUE  FROM      YEAR
                                                  NORMAL
..................................................................
TEMPERATURE (F)
 TODAY
  MAXIMUM         86    328 PM  MM      MM  76     10       70
  MINIMUM         45    628 AM  MM      MM  47     -2       52
  AVERAGE         66                        62      4       61

PRECIPITATION (IN)
  TODAY            0.00         MM      MM   0.07  -0.07     1.51
  MONTH TO DATE    0.19                      0.26  -0.07     1.79
  SINCE MAR 1      5.71                      3.20   2.51     4.26
  SINCE JAN 1      6.14                      4.07   2.07     6.21

SNOWFALL (IN)
  TODAY            0.0          MM      MM  MM     MM        0.0
  MONTH TO DATE    0.0                      MM     MM        0.0
  SINCE MAR 1      T                        MM     MM        2.0
  SINCE JUL 1      T                        MM     MM       23.3
  SNOW DEPTH       0

DEGREE DAYS
 HEATING
  TODAY            0                         5     -5        4
  MONTH TO DATE   50                        27     23        4
  SINCE MAR 1    733                       913   -180      670
  SINCE JUL 1   3700                      4380   -680     3887

 COOLING
  TODAY            1                         2     -1        0
  MONTH TO DATE    1                         6     -5       17
  SINCE MAR 1     18                        21     -3       34
  SINCE JAN 1     21                        21      0       34
..................................................................


WIND (MPH)
  RESULTANT WIND SPEED   7   RESULTANT WIND DIRECTION   S (180)
  HIGHEST WIND SPEED    21   HIGHEST WIND DIRECTION     S (200)
  HIGHEST GUST SPEED    25   HIGHEST GUST DIRECTION     S (170)
  AVERAGE WIND SPEED     7.4


SKY COVER
  AVERAGE SKY COVER 0.0


WEATHER CONDITIONS
 THE FOLLOWING WEATHER WAS RECORDED TODAY.
  NO SIGNIFICANT WEATHER WAS OBSERVED.


RELATIVE HUMIDITY (PERCENT)
 HIGHEST    83           400 AM
 LOWEST     20           300 PM
 AVERAGE    52

..........................................................


THE GUYMON CLIMATE NORMALS FOR TOMORROW
                         NORMAL    RECORD    YEAR
 MAXIMUM TEMPERATURE (F)   77        MM        MM
 MINIMUM TEMPERATURE (F)   47        MM        MM


SUNRISE AND SUNSET
MAY  5 2016...........SUNRISE   647 AM CDT   SUNSET   838 PM CDT
MAY  6 2016...........SUNRISE   646 AM CDT   SUNSET   839 PM CDT


-  INDICATES NEGATIVE NUMBERS.
R  INDICATES RECORD WAS SET OR TIED.
MM INDICATES DATA IS MISSING.
T  INDICATES TRACE AMOUNT.




$$
