000
CDUS44 KAMA 240628
CLIGUY


CLIMATE REPORT
NATIONAL WEATHER SERVICE AMARILLO TX
126 AM CDT THU APR 24 2014


...................................

...THE GUYMON CLIMATE SUMMARY FOR APRIL 23 2014...

CLIMATE NORMAL PERIOD 1981 TO 2010
CLIMATE RECORD PERIOD 1998 TO 2014


WEATHER ITEM   OBSERVED TIME   NORMAL DEPARTURE LAST
                VALUE   (LST)  VALUE  FROM      YEAR
                                      NORMAL
......................................................
TEMPERATURE (F)
 YESTERDAY
  MAXIMUM         90    401 PM  73     17       34
  MINIMUM         62    653 AM  42     20       25
  AVERAGE         76            58     18       30

PRECIPITATION (IN)
  YESTERDAY        0.00          0.06  -0.06      T
  MONTH TO DATE    0.53          1.15  -0.62     0.18
  SINCE MAR 1      0.74          2.58  -1.84     0.32
  SINCE JAN 1      1.08          3.45  -2.37     1.88

SNOWFALL (IN)
  YESTERDAY        0.0                            T
  MONTH TO DATE    2.0                            T
  SINCE MAR 1      3.5                           2.5
  SINCE JUL 1     16.2                          22.0
  SNOW DEPTH       0

DEGREE DAYS
 HEATING
  YESTERDAY        0             8     -8       35
  MONTH TO DATE  230           258    -28      375
  SINCE MAR 1    835           839     -4      933
  SINCE JUL 1   4401          4306     95     4166

 COOLING
  YESTERDAY       11             1     10        0
  MONTH TO DATE   18             3     15        6
  SINCE MAR 1     19             5     14        6
  SINCE JAN 1     19             5     14        6
......................................................


WIND (MPH)
  RESULTANT WIND SPEED  21   RESULTANT WIND DIRECTION   S (200)
  HIGHEST WIND SPEED    45   HIGHEST WIND DIRECTION     N (350)
  HIGHEST GUST SPEED    55   HIGHEST GUST DIRECTION     N (360)
  AVERAGE WIND SPEED    23.1


SKY COVER
  AVERAGE SKY COVER 0.0


WEATHER CONDITIONS
 THE FOLLOWING WEATHER WAS RECORDED YESTERDAY.
  HAZE


RELATIVE HUMIDITY (PERCENT)
 HIGHEST    63          1000 PM
 LOWEST      7           600 PM
 AVERAGE    35

..........................................................


THE GUYMON CLIMATE NORMALS FOR TODAY
                         NORMAL
 MAXIMUM TEMPERATURE (F)   73
 MINIMUM TEMPERATURE (F)   43


SUNRISE AND SUNSET
APRIL 24 2014.........SUNRISE   700 AM CDT   SUNSET   828 PM CDT
APRIL 25 2014.........SUNRISE   659 AM CDT   SUNSET   829 PM CDT


-  INDICATES NEGATIVE NUMBERS.
R  INDICATES RECORD WAS SET OR TIED.
MM INDICATES DATA IS MISSING.
T  INDICATES TRACE AMOUNT.




$$
