000
CDUS44 KAMA 220643
CLIGUY


CLIMATE REPORT
NATIONAL WEATHER SERVICE AMARILLO TX
142 AM CDT WED OCT 22 2014


...................................

...THE GUYMON CLIMATE SUMMARY FOR OCTOBER 21 2014...

CLIMATE NORMAL PERIOD 1981 TO 2010
CLIMATE RECORD PERIOD 1998 TO 2014


WEATHER ITEM   OBSERVED TIME   NORMAL DEPARTURE LAST
                VALUE   (LST)  VALUE  FROM      YEAR
                                      NORMAL
......................................................
TEMPERATURE (F)
 YESTERDAY
  MAXIMUM         81    144 PM  70     11       64
  MINIMUM         47    710 AM  41      6       42
  AVERAGE         64            55      9       53

PRECIPITATION (IN)
  YESTERDAY        0.00          0.05  -0.05      T
  MONTH TO DATE    1.87          1.20   0.67     0.69
  SINCE SEP 1      3.72          2.99   0.73     3.46
  SINCE JAN 1     12.16         17.76  -5.60    14.01

SNOWFALL (IN)
  YESTERDAY        0.0                           0.0
  MONTH TO DATE    T                              T
  SINCE SEP 1      T                              T
  SINCE JUL 1      T                              T
  SNOW DEPTH       0

DEGREE DAYS
 HEATING
  YESTERDAY        1            10     -9       12
  MONTH TO DATE   85           148    -63      163
  SINCE SEP 1    111           190    -79      171
  SINCE JUL 1    115           191    -76      171

 COOLING
  YESTERDAY        0             0      0        0
  MONTH TO DATE   15            25    -10       25
  SINCE SEP 1    242           230     12      295
  SINCE JAN 1   1688          1479    209     1846
......................................................


WIND (MPH)
  RESULTANT WIND SPEED   8   RESULTANT WIND DIRECTION   S (190)
  HIGHEST WIND SPEED    23   HIGHEST WIND DIRECTION    SW (210)
  HIGHEST GUST SPEED    29   HIGHEST GUST DIRECTION    SW (210)
  AVERAGE WIND SPEED     9.6


SKY COVER
  AVERAGE SKY COVER 0.1


WEATHER CONDITIONS
 THE FOLLOWING WEATHER WAS RECORDED YESTERDAY.
  FOG


RELATIVE HUMIDITY (PERCENT)
 HIGHEST   100           400 AM
 LOWEST     32           500 PM
 AVERAGE    66

..........................................................


THE GUYMON CLIMATE NORMALS FOR TODAY
                         NORMAL
 MAXIMUM TEMPERATURE (F)   70
 MINIMUM TEMPERATURE (F)   40


SUNRISE AND SUNSET
OCTOBER 22 2014.......SUNRISE   800 AM CDT   SUNSET   701 PM CDT
OCTOBER 23 2014.......SUNRISE   801 AM CDT   SUNSET   659 PM CDT


-  INDICATES NEGATIVE NUMBERS.
R  INDICATES RECORD WAS SET OR TIED.
MM INDICATES DATA IS MISSING.
T  INDICATES TRACE AMOUNT.




$$
