000
CDUS42 KFFC 050819
CLIGVL


CLIMATE REPORT
NATIONAL WEATHER SERVICE PEACHTREE CITY GA
419 AM EDT SUN JUL 5 2015


...................................

...THE GAINESVILLE   CLIMATE SUMMARY FOR JULY 4 2015...

CLIMATE NORMAL PERIOD 1981 TO 2010
CLIMATE RECORD PERIOD 9999 TO 9999


WEATHER ITEM   OBSERVED TIME   RECORD YEAR NORMAL DEPARTURE LAST
                VALUE   (LST)  VALUE       VALUE  FROM      YEAR
                                                  NORMAL
..................................................................
TEMPERATURE (F)
 YESTERDAY
  MAXIMUM         82    613 PM  MM      MM  87     -5       87
  MINIMUM         68    858 AM  MM      MM  70     -2       65
  AVERAGE         75                        78     -3       76

PRECIPITATION (IN)
  YESTERDAY        0.17         MM      MM   0.16   0.01     0.00
  MONTH TO DATE    2.71                      0.65   2.06     0.00
  SINCE JUN 1      6.18                      5.04   1.14     1.76
  SINCE JAN 1     23.50                     27.96  -4.46    20.93

DEGREE DAYS
 COOLING
  YESTERDAY       10                        13     -3       11
  MONTH TO DATE   39                        52    -13       60
  SINCE JUN 1    435                       373     62      417
  SINCE JAN 1    688                       548    140      646
..................................................................


WIND (MPH)
  RESULTANT WIND SPEED   5   RESULTANT WIND DIRECTION   W (250)
  HIGHEST WIND SPEED    18   HIGHEST WIND DIRECTION     W (250)
  HIGHEST GUST SPEED    24   HIGHEST GUST DIRECTION     W (250)
  AVERAGE WIND SPEED     7.7


SKY COVER
  AVERAGE SKY COVER 0.5


WEATHER CONDITIONS
 THE FOLLOWING WEATHER WAS RECORDED YESTERDAY.
  THUNDERSTORM
  LIGHT RAIN
  FOG


RELATIVE HUMIDITY (PERCENT)
 HIGHEST    93           900 AM
 LOWEST     58           500 PM
 AVERAGE    76

..........................................................


THE GAINESVILLE   CLIMATE NORMALS FOR TODAY
                         NORMAL    RECORD    YEAR
 MAXIMUM TEMPERATURE (F)   88        MM        MM
 MINIMUM TEMPERATURE (F)   70        MM        MM


SUNRISE AND SUNSET
JULY  5 2015..........SUNRISE   629 AM EDT   SUNSET   851 PM EDT
JULY  6 2015..........SUNRISE   629 AM EDT   SUNSET   851 PM EDT


-  INDICATES NEGATIVE NUMBERS.
R  INDICATES RECORD WAS SET OR TIED.
MM INDICATES DATA IS MISSING.
T  INDICATES TRACE AMOUNT.




$$
