000
CDUS42 KFFC 280817
CLIGVL


CLIMATE REPORT
NATIONAL WEATHER SERVICE PEACHTREE CITY GA
417 AM EDT FRI APR 28 2017


...................................

...THE GAINESVILLE   CLIMATE SUMMARY FOR APRIL 27 2017...

CLIMATE NORMAL PERIOD 1981 TO 2010
CLIMATE RECORD PERIOD 9999 TO 9999


WEATHER ITEM   OBSERVED TIME   RECORD YEAR NORMAL DEPARTURE LAST
                VALUE   (LST)  VALUE       VALUE  FROM      YEAR
                                                  NORMAL
..................................................................
TEMPERATURE (F)
 YESTERDAY
  MAXIMUM         78    430 PM  MM      MM  74      4       83
  MINIMUM         61    646 AM  MM      MM  53      8       61
  AVERAGE         70                        63      7       72

PRECIPITATION (IN)
  YESTERDAY        0.01         MM      MM   0.13  -0.12     0.26
  MONTH TO DATE    5.38                      3.21   2.17     2.23
  SINCE MAR 1      9.22                      8.63   0.59     4.09
  SINCE JAN 1     16.97                     18.53  -1.56    14.04

SNOWFALL (IN)
  YESTERDAY        0.0          MM      MM  MM     MM       MM
  MONTH TO DATE    0.0                      MM     MM        0.0
  SINCE MAR 1      0.0                      MM     MM        0.0
  SINCE JUL 1      0.0                      MM     MM         T
  SNOW DEPTH       0

DEGREE DAYS
 HEATING
  YESTERDAY        0                         3     -3        0
  MONTH TO DATE   69                       165    -96      126
  SINCE MAR 1    393                       553   -160      359
  SINCE JUL 1   2123                      3017   -894     2411

 COOLING
  YESTERDAY        5                         2      3        7
  MONTH TO DATE   68                        28     40       29
  SINCE MAR 1     87                        33     54       50
  SINCE JAN 1     87                        33     54       50
..................................................................


WIND (MPH)
  RESULTANT WIND SPEED   3   RESULTANT WIND DIRECTION   S (170)
  HIGHEST WIND SPEED    14   HIGHEST WIND DIRECTION     S (190)
  HIGHEST GUST SPEED    19   HIGHEST GUST DIRECTION    SW (230)
  AVERAGE WIND SPEED     4.8


SKY COVER
  AVERAGE SKY COVER 0.6


WEATHER CONDITIONS
 THE FOLLOWING WEATHER WAS RECORDED YESTERDAY.
  THUNDERSTORM
  LIGHT RAIN
  FOG


RELATIVE HUMIDITY (PERCENT)
 HIGHEST   100          1200 PM
 LOWEST     73           100 AM
 AVERAGE    87

..........................................................


THE GAINESVILLE   CLIMATE NORMALS FOR TODAY
                         NORMAL    RECORD    YEAR
 MAXIMUM TEMPERATURE (F)   74        MM        MM
 MINIMUM TEMPERATURE (F)   53        MM        MM


SUNRISE AND SUNSET
APRIL 28 2017.........SUNRISE   649 AM EDT   SUNSET   817 PM EDT
APRIL 29 2017.........SUNRISE   648 AM EDT   SUNSET   818 PM EDT


-  INDICATES NEGATIVE NUMBERS.
R  INDICATES RECORD WAS SET OR TIED.
MM INDICATES DATA IS MISSING.
T  INDICATES TRACE AMOUNT.




$$
