000
CDUS44 KJAN 270856
CLIGWO


CLIMATE REPORT
NATIONAL WEATHER SERVICE JACKSON MS
253 AM CST SAT DEC 27 2014


...................................

...THE GREENWOOD CLIMATE SUMMARY FOR DECEMBER 26 2014...

CLIMATE NORMAL PERIOD 1981 TO 2010
CLIMATE RECORD PERIOD 1948 TO 2014


WEATHER ITEM   OBSERVED TIME   RECORD YEAR NORMAL DEPARTURE LAST
                VALUE   (LST)  VALUE       VALUE  FROM      YEAR
                                                  NORMAL
..................................................................
TEMPERATURE (F)
 YESTERDAY
  MAXIMUM         MM        MM  75    2008  54     MM       55
  MINIMUM         MM        MM  10    1983  34     MM       24
  AVERAGE         MM                        44     MM       40

PRECIPITATION (IN)
  YESTERDAY       MM             1.52 1982   0.17  MM        0.00
  MONTH TO DATE    3.95                      4.87  -0.92     4.40
  SINCE DEC 1      3.95                      4.87  -0.92     4.40
  SINCE JAN 1     54.55                     50.99   3.56    58.10

SNOWFALL (IN)
  YESTERDAY       MM

DEGREE DAYS
 HEATING
  YESTERDAY       MM                        21     MM       25
  MONTH TO DATE  394                       492    -98      527
  SINCE DEC 1    394                       492    -98      527
  SINCE JUL 1    982                       960     22     1094

 COOLING
  YESTERDAY       MM                         0     MM        0
  MONTH TO DATE    1                         0      1       11
  SINCE DEC 1      1                         0      1       11
  SINCE JAN 1   2044                      2159   -115     2109
..................................................................


WIND (MPH)
  HIGHEST WIND SPEED    MM   HIGHEST WIND DIRECTION    MM
  HIGHEST GUST SPEED    MM   HIGHEST GUST DIRECTION    MM
  AVERAGE WIND SPEED    MM


SKY COVER
  POSSIBLE SUNSHINE  MM
  AVERAGE SKY COVER  MM


WEATHER CONDITIONS
 THE FOLLOWING WEATHER WAS RECORDED YESTERDAY.
  NO SIGNIFICANT WEATHER WAS OBSERVED.


RELATIVE HUMIDITY (PERCENT)
 HIGHEST    MM           100 AM
 LOWEST     MM           800 PM
 AVERAGE    MM

..........................................................


THE GREENWOOD CLIMATE NORMALS FOR TODAY
                         NORMAL    RECORD    YEAR
 MAXIMUM TEMPERATURE (F)   54        78      2008
 MINIMUM TEMPERATURE (F)   34        16      2010


SUNRISE AND SUNSET
DECEMBER 27 2014......SUNRISE   703 AM CST   SUNSET   500 PM CST
DECEMBER 28 2014......SUNRISE   703 AM CST   SUNSET   501 PM CST


-  INDICATES NEGATIVE NUMBERS.
R  INDICATES RECORD WAS SET OR TIED.
MM INDICATES DATA IS MISSING.
T  INDICATES TRACE AMOUNT.




$$
