000
CDUS44 KJAN 190634
CLIGWO


CLIMATE REPORT
NATIONAL WEATHER SERVICE JACKSON MS
1228 AM CST THU JAN 19 2017


...................................

...THE GREENWOOD CLIMATE SUMMARY FOR JANUARY 18 2017...

CLIMATE NORMAL PERIOD 1981 TO 2010
CLIMATE RECORD PERIOD 1948 TO 2017


WEATHER ITEM   OBSERVED TIME   RECORD YEAR NORMAL DEPARTURE LAST
                VALUE   (LST)  VALUE       VALUE  FROM      YEAR
                                                  NORMAL
..................................................................
TEMPERATURE (F)
 YESTERDAY
  MAXIMUM         63   1136 PM  75    1974  53     10       34
  MINIMUM         53    832 AM   9    1948  33     20       20
  AVERAGE         58                        43     15       27

PRECIPITATION (IN)
  YESTERDAY        0.17          2.99 2001   0.14   0.03     0.00
  MONTH TO DATE    1.99                      2.59  -0.60     0.37
  SINCE DEC 1      6.68                      8.24  -1.56     5.47
  SINCE JAN 1      1.99                      2.59  -0.60     0.37

SNOWFALL (IN)
  YESTERDAY        0.0

DEGREE DAYS
 HEATING
  YESTERDAY        7                        22    -15       38
  MONTH TO DATE  233                       396   -163      423
  SINCE DEC 1    766                       994   -228      729
  SINCE JUL 1   1058                      1462   -404      957

 COOLING
  YESTERDAY        0                         0      0        0
  MONTH TO DATE   10                         0     10        0
  SINCE DEC 1     23                         5     18       65
  SINCE JAN 1     10                         0     10        0
..................................................................


WIND (MPH)
  HIGHEST WIND SPEED    18   HIGHEST WIND DIRECTION    SE (120)
  HIGHEST GUST SPEED    26   HIGHEST GUST DIRECTION    SE (120)
  AVERAGE WIND SPEED     6.4


SKY COVER
  POSSIBLE SUNSHINE  MM
  AVERAGE SKY COVER 0.9


WEATHER CONDITIONS
 THE FOLLOWING WEATHER WAS RECORDED YESTERDAY.
  HEAVY RAIN
  RAIN
  LIGHT RAIN
  FOG
  HAZE


RELATIVE HUMIDITY (PERCENT)
 HIGHEST    93          1200 AM
 LOWEST     78           100 PM
 AVERAGE    86

..........................................................


THE GREENWOOD CLIMATE NORMALS FOR TODAY
                         NORMAL    RECORD    YEAR
 MAXIMUM TEMPERATURE (F)   53        78      1972
 MINIMUM TEMPERATURE (F)   33        -2      1977


SUNRISE AND SUNSET
JANUARY 19 2017.......SUNRISE   703 AM CST   SUNSET   519 PM CST
JANUARY 20 2017.......SUNRISE   703 AM CST   SUNSET   520 PM CST


-  INDICATES NEGATIVE NUMBERS.
R  INDICATES RECORD WAS SET OR TIED.
MM INDICATES DATA IS MISSING.
T  INDICATES TRACE AMOUNT.




$$
