000
CDUS44 KJAN 212206
CLIGWO


CLIMATE REPORT
NATIONAL WEATHER SERVICE JACKSON MS
505 PM CDT FRI JUL 21 2017


...................................

...THE GREENWOOD CLIMATE SUMMARY FOR JULY 21 2017...
VALID AS OF 0500 PM LOCAL TIME.

CLIMATE NORMAL PERIOD 1981 TO 2010
CLIMATE RECORD PERIOD 1948 TO 2017


WEATHER ITEM   OBSERVED TIME   RECORD YEAR NORMAL DEPARTURE LAST
                VALUE   (LST)  VALUE       VALUE  FROM      YEAR
                                                  NORMAL
..................................................................
TEMPERATURE (F)
 TODAY
  MAXIMUM         97    306 PM 101    2008  92      5       98
                                      1993
  MINIMUM         75    337 AM  62    1971  71      4       75
  AVERAGE         86                        81      5       87

PRECIPITATION (IN)
  TODAY            0.00          2.74 1980   0.10  -0.10     0.00
  MONTH TO DATE    1.94                      2.57  -0.63     1.56
  SINCE JUN 1      7.67                      6.88   0.79     4.93
  SINCE JAN 1     29.11                     30.21  -1.10    30.72

DEGREE DAYS
 HEATING
  TODAY            0                         0      0        0
  MONTH TO DATE    0                         0      0        0
  SINCE JUN 1      0                         0      0        0
  SINCE JUL 1      0                         0      0        0

 COOLING
  TODAY           21                        16      5       22
  MONTH TO DATE  369                       336     33      389
  SINCE JUN 1    751                       749      2      862
  SINCE JAN 1   1195                      1079    116     1191
..................................................................


WIND (MPH)
  HIGHEST WIND SPEED     7   HIGHEST WIND DIRECTION    SW (230)
  HIGHEST GUST SPEED     9   HIGHEST GUST DIRECTION    SW (210)
  AVERAGE WIND SPEED     1.5


SKY COVER
  POSSIBLE SUNSHINE  MM
  AVERAGE SKY COVER 0.0


WEATHER CONDITIONS
 THE FOLLOWING WEATHER WAS RECORDED TODAY.
  FOG


RELATIVE HUMIDITY (PERCENT)
 HIGHEST   100           200 AM
 LOWEST     49           200 PM
 AVERAGE    75

..........................................................


THE GREENWOOD CLIMATE NORMALS FOR TOMORROW
                         NORMAL    RECORD    YEAR
 MAXIMUM TEMPERATURE (F)   92       102      1952
 MINIMUM TEMPERATURE (F)   71        62      2007


SUNRISE AND SUNSET
JULY 21 2017..........SUNRISE   605 AM CDT   SUNSET   808 PM CDT
JULY 22 2017..........SUNRISE   606 AM CDT   SUNSET   807 PM CDT


-  INDICATES NEGATIVE NUMBERS.
R  INDICATES RECORD WAS SET OR TIED.
MM INDICATES DATA IS MISSING.
T  INDICATES TRACE AMOUNT.




$$
