000
CDUS41 KGYX 160805
CLIGYX


CLIMATE REPORT
NATIONAL WEATHER SERVICE GRAY ME
405 AM EDT MON OCT 16 2017


...................................

...THE GRAY ME CLIMATE SUMMARY FOR OCTOBER 15 2017...

CLIMATE NORMAL PERIOD 1981 TO 2010
CLIMATE RECORD PERIOD 1995 TO 2017


WEATHER ITEM   OBSERVED TIME   RECORD YEAR NORMAL DEPARTURE LAST
                VALUE   (LST)  VALUE       VALUE  FROM      YEAR
                                                  NORMAL
..................................................................
TEMPERATURE (F)
 YESTERDAY
  MAXIMUM         70        MM  MM      MM  58     12       54
  MINIMUM         53        MM  MM      MM  40     13       32
  AVERAGE         62                        49     13       43

PRECIPITATION (IN)
  YESTERDAY        0.00         MM      MM   0.18  -0.18     0.00
  MONTH TO DATE    0.13                      2.48  -2.35     0.79
  SINCE SEP 1      2.70                      6.67  -3.97     1.85
  SINCE JAN 1     30.63                     38.15  -7.52    31.02

SNOWFALL (IN)
  YESTERDAY        0.0          MM      MM   0.0    0.0      0.0
  MONTH TO DATE    0.0                       0.0    0.0      0.0
  SINCE SEP 1      0.0                       0.0    0.0      0.0
  SINCE JUL 1      0.0                       0.0    0.0      0.0
  SNOW DEPTH       0

DEGREE DAYS
 HEATING
  YESTERDAY        3                        16    -13       22
  MONTH TO DATE   89                       200   -111      165
  SINCE SEP 1    155                       368   -213      260
  SINCE JUL 1    186                       404   -218      279

 COOLING
  YESTERDAY        0                         0      0        0
  MONTH TO DATE   11                         0     11        0
  SINCE SEP 1     93                        28     65       80
  SINCE JAN 1    531                       387    144      607
..................................................................







THE GRAY ME CLIMATE NORMALS FOR TODAY
                         NORMAL
 MAXIMUM TEMPERATURE (F)   58
 MINIMUM TEMPERATURE (F)   40


SUNRISE AND SUNSET
OCTOBER 16 2017.......SUNRISE   657 AM EDT   SUNSET   555 PM EDT
OCTOBER 17 2017.......SUNRISE   658 AM EDT   SUNSET   554 PM EDT


-  INDICATES NEGATIVE NUMBERS.
R  INDICATES RECORD WAS SET OR TIED.
MM INDICATES DATA IS MISSING.
T  INDICATES TRACE AMOUNT.




$$
