000
CDUS41 KGYX 230812
CLIGYX


CLIMATE REPORT
NATIONAL WEATHER SERVICE GRAY ME
412 AM EDT WED AUG 23 2017


...................................

...THE GRAY ME CLIMATE SUMMARY FOR AUGUST 22 2017...

CLIMATE NORMAL PERIOD 1981 TO 2010
CLIMATE RECORD PERIOD 1995 TO 2017


WEATHER ITEM   OBSERVED TIME   RECORD YEAR NORMAL DEPARTURE LAST
                VALUE   (LST)  VALUE       VALUE  FROM      YEAR
                                                  NORMAL
..................................................................
TEMPERATURE (F)
 YESTERDAY
  MAXIMUM         85        MM  MM      MM  78      7       73
  MINIMUM         63        MM  MM      MM  58      5       56
  AVERAGE         74                        68      6       65

PRECIPITATION (IN)
  YESTERDAY        0.13         MM      MM   0.11   0.02     1.00
  MONTH TO DATE    2.35                      2.51  -0.16     3.15
  SINCE JUN 1      7.11                     11.11  -4.00    11.38
  SINCE JAN 1     27.65                     30.40  -2.75    29.01

SNOWFALL (IN)
  YESTERDAY        0.0          MM      MM   0.0    0.0      0.0
  MONTH TO DATE    0.0                       0.0    0.0      0.0
  SINCE JUN 1      0.0                       0.0    0.0      0.0
  SINCE JUL 1      0.0                       0.0    0.0      0.0
  SNOW DEPTH       0

DEGREE DAYS
 HEATING
  YESTERDAY        0                         1     -1        0
  MONTH TO DATE    3                        10     -7        1
  SINCE JUN 1     93                       118    -25       89
  SINCE JUL 1     16                        24     -8       19

 COOLING
  YESTERDAY        9                         4      5        0
  MONTH TO DATE  129                       104     25      165
  SINCE JUN 1    408                       319     89      444
  SINCE JAN 1    429                       330     99      466
..................................................................







THE GRAY ME CLIMATE NORMALS FOR TODAY
                         NORMAL
 MAXIMUM TEMPERATURE (F)   78
 MINIMUM TEMPERATURE (F)   58


SUNRISE AND SUNSET
AUGUST 23 2017........SUNRISE   554 AM EDT   SUNSET   732 PM EDT
AUGUST 24 2017........SUNRISE   556 AM EDT   SUNSET   730 PM EDT


-  INDICATES NEGATIVE NUMBERS.
R  INDICATES RECORD WAS SET OR TIED.
MM INDICATES DATA IS MISSING.
T  INDICATES TRACE AMOUNT.




$$
