000
CDUS41 KGYX 220906
CLIGYX


CLIMATE REPORT
NATIONAL WEATHER SERVICE GRAY ME
406 AM EST THU FEB 22 2018


...................................

...THE GRAY ME CLIMATE SUMMARY FOR FEBRUARY 21 2018...

CLIMATE NORMAL PERIOD 1981 TO 2010
CLIMATE RECORD PERIOD 1995 TO 2018


WEATHER ITEM   OBSERVED TIME   RECORD YEAR NORMAL DEPARTURE LAST
                VALUE   (LST)  VALUE       VALUE  FROM      YEAR
                                                  NORMAL
..................................................................
TEMPERATURE (F)
 YESTERDAY
  MAXIMUM         54        MM  MM      MM  35     19       39
  MINIMUM         42        MM  MM      MM  18     24       20
  AVERAGE         48                        26     22       30

PRECIPITATION (IN)
  YESTERDAY        0.00         MM      MM   0.12  -0.12     0.00
  MONTH TO DATE    2.90                      2.39   0.51     3.28
  SINCE DEC 1      9.97                      9.98  -0.01    11.08
  SINCE JAN 1      6.50                      5.92   0.58     6.26

SNOWFALL (IN)
  YESTERDAY        0.0          MM      MM   0.7   -0.7      0.0
  MONTH TO DATE   21.2                      12.0    9.2     44.6
  SINCE DEC 1     63.9                      51.5   12.4     88.5
  SINCE JUL 1     65.1                      54.6   10.5     89.8
  SNOW DEPTH      11

DEGREE DAYS
 HEATING
  YESTERDAY       17                        39    -22       35
  MONTH TO DATE  785                       867    -82      865
  SINCE DEC 1   3501                      3400    101     3242
  SINCE JUL 1   4694                      4897   -203     4521

 COOLING
  YESTERDAY        0                         0      0        0
  MONTH TO DATE    0                         0      0        0
  SINCE DEC 1      0                         0      0        0
  SINCE JAN 1      0                         0      0        0
..................................................................







THE GRAY ME CLIMATE NORMALS FOR TODAY
                         NORMAL
 MAXIMUM TEMPERATURE (F)   36
 MINIMUM TEMPERATURE (F)   18


SUNRISE AND SUNSET
FEBRUARY 22 2018......SUNRISE   629 AM EST   SUNSET   520 PM EST
FEBRUARY 23 2018......SUNRISE   628 AM EST   SUNSET   522 PM EST


-  INDICATES NEGATIVE NUMBERS.
R  INDICATES RECORD WAS SET OR TIED.
MM INDICATES DATA IS MISSING.
T  INDICATES TRACE AMOUNT.




$$
