000
CDUS41 KGYX 290804
CLIGYX


CLIMATE REPORT
NATIONAL WEATHER SERVICE GRAY ME
404 AM EDT FRI APR 29 2016


...................................

...THE GRAY ME CLIMATE SUMMARY FOR APRIL 28 2016...

CLIMATE NORMAL PERIOD 1981 TO 2010
CLIMATE RECORD PERIOD 1995 TO 2016


WEATHER ITEM   OBSERVED TIME   RECORD YEAR NORMAL DEPARTURE LAST
                VALUE   (LST)  VALUE       VALUE  FROM      YEAR
                                                  NORMAL
..................................................................
TEMPERATURE (F)
 YESTERDAY
  MAXIMUM         53        MM  91    2009  59     -6       59
  MINIMUM         29        MM  MM      MM  40    -11       40
  AVERAGE         41                        49     -8       50

PRECIPITATION (IN)
  YESTERDAY        0.00         MM      MM   0.15  -0.15      T
  MONTH TO DATE    2.81                      4.09  -1.28     3.49
  SINCE MAR 1      7.35                      8.26  -0.91     5.01
  SINCE JAN 1     15.61                     15.10   0.51    10.98

SNOWFALL (IN)
  YESTERDAY        0.0          MM      MM   0.1   -0.1      0.0
  MONTH TO DATE    5.2                       4.8    0.4      3.0
  SINCE MAR 1     14.5                      24.7  -10.2      8.2
  SINCE JUL 1     51.8                      83.8  -32.0    107.3
  SNOW DEPTH       T

DEGREE DAYS
 HEATING
  YESTERDAY       24                        16      8       15
  MONTH TO DATE  626                       593     33      613
  SINCE MAR 1   1518                      1586    -68     1748
  SINCE JUL 1   6038                      6744   -706     7224

 COOLING
  YESTERDAY        0                         0      0        0
  MONTH TO DATE    0                         0      0        0
  SINCE MAR 1      0                         0      0        0
  SINCE JAN 1      0                         0      0        0
..................................................................







THE GRAY ME CLIMATE NORMALS FOR TODAY
                         NORMAL
 MAXIMUM TEMPERATURE (F)   59
 MINIMUM TEMPERATURE (F)   40


SUNRISE AND SUNSET
APRIL 29 2016.........SUNRISE   535 AM EDT   SUNSET   742 PM EDT
APRIL 30 2016.........SUNRISE   534 AM EDT   SUNSET   743 PM EDT


-  INDICATES NEGATIVE NUMBERS.
R  INDICATES RECORD WAS SET OR TIED.
MM INDICATES DATA IS MISSING.
T  INDICATES TRACE AMOUNT.




$$
