000
CDUS41 KGYX 230911
CLIGYX


CLIMATE REPORT
NATIONAL WEATHER SERVICE GRAY ME
411 AM EST MON JAN 23 2017


...................................

...THE GRAY ME CLIMATE SUMMARY FOR JANUARY 22 2017...

CLIMATE NORMAL PERIOD 1981 TO 2010
CLIMATE RECORD PERIOD 1995 TO 2017


WEATHER ITEM   OBSERVED TIME   RECORD YEAR NORMAL DEPARTURE LAST
                VALUE   (LST)  VALUE       VALUE  FROM      YEAR
                                                  NORMAL
..................................................................
TEMPERATURE (F)
 YESTERDAY
  MAXIMUM         38        MM  MM      MM  29      9       27
  MINIMUM         30        MM  MM      MM  12     18       11
  AVERAGE         34                        20     14       19

PRECIPITATION (IN)
  YESTERDAY        0.00         MM      MM   0.12  -0.12     0.00
  MONTH TO DATE    1.53                      2.54  -1.01     3.71
  SINCE DEC 1      6.35                      6.60  -0.25     8.27
  SINCE JAN 1      1.53                      2.54  -1.01     3.71

SNOWFALL (IN)
  YESTERDAY        0.0          MM      MM   0.7   -0.7      0.0
  MONTH TO DATE    6.5                      15.3   -8.8     15.5
  SINCE DEC 1     42.0                      33.6    8.4     20.7
  SINCE JUL 1     43.3                      36.7    6.6     20.9
  SNOW DEPTH       9

DEGREE DAYS
 HEATING
  YESTERDAY       31                        45    -14       46
  MONTH TO DATE  841                       968   -127      903
  SINCE DEC 1   2062                      2137    -75     1804
  SINCE JUL 1   3341                      3634   -293     3103

 COOLING
  YESTERDAY        0                         0      0        0
  MONTH TO DATE    0                         0      0        0
  SINCE DEC 1      0                         0      0        0
  SINCE JAN 1      0                         0      0        0
..................................................................







THE GRAY ME CLIMATE NORMALS FOR TODAY
                         NORMAL
 MAXIMUM TEMPERATURE (F)   29
 MINIMUM TEMPERATURE (F)   12


SUNRISE AND SUNSET
JANUARY 23 2017.......SUNRISE   707 AM EST   SUNSET   440 PM EST
JANUARY 24 2017.......SUNRISE   706 AM EST   SUNSET   441 PM EST


-  INDICATES NEGATIVE NUMBERS.
R  INDICATES RECORD WAS SET OR TIED.
MM INDICATES DATA IS MISSING.
T  INDICATES TRACE AMOUNT.




$$
