000
CDUS41 KGYX 300807
CLIGYX


CLIMATE REPORT
NATIONAL WEATHER SERVICE GRAY ME
407 AM EDT SAT JUL 30 2016


...................................

...THE GRAY ME CLIMATE SUMMARY FOR JULY 29 2016...

CLIMATE NORMAL PERIOD 1981 TO 2010
CLIMATE RECORD PERIOD 1995 TO 2016


WEATHER ITEM   OBSERVED TIME   RECORD YEAR NORMAL DEPARTURE LAST
                VALUE   (LST)  VALUE       VALUE  FROM      YEAR
                                                  NORMAL
..................................................................
TEMPERATURE (F)
 YESTERDAY
  MAXIMUM         82        MM  MM      MM  80      2       87
  MINIMUM         67        MM  MM      MM  60      7       66
  AVERAGE         75                        70      5       77

PRECIPITATION (IN)
  YESTERDAY        0.00         MM      MM   0.13  -0.13     0.00
  MONTH TO DATE    4.47                      4.05   0.42     2.27
  SINCE JUN 1      8.23                      8.35  -0.12     8.34
  SINCE JAN 1     25.86                     27.64  -1.78    21.39

SNOWFALL (IN)
  YESTERDAY        0.0          MM      MM   0.0    0.0      0.0
  MONTH TO DATE    0.0                       0.0    0.0      0.0
  SINCE JUN 1      0.0                       0.0    0.0      0.0
  SINCE JUL 1      0.0                       0.0    0.0      0.0
  SNOW DEPTH       0

DEGREE DAYS
 HEATING
  YESTERDAY        0                         0      0        0
  MONTH TO DATE   18                         7     11       13
  SINCE JUN 1     88                       101    -13      170
  SINCE JUL 1     18                         7     11       13

 COOLING
  YESTERDAY       10                         5      5       12
  MONTH TO DATE  215                       138     77      111
  SINCE JUN 1    267                       203     64      146
  SINCE JAN 1    289                       214     75      186
..................................................................







THE GRAY ME CLIMATE NORMALS FOR TODAY
                         NORMAL
 MAXIMUM TEMPERATURE (F)   80
 MINIMUM TEMPERATURE (F)   60


SUNRISE AND SUNSET
JULY 30 2016..........SUNRISE   528 AM EDT   SUNSET   806 PM EDT
JULY 31 2016..........SUNRISE   529 AM EDT   SUNSET   805 PM EDT


-  INDICATES NEGATIVE NUMBERS.
R  INDICATES RECORD WAS SET OR TIED.
MM INDICATES DATA IS MISSING.
T  INDICATES TRACE AMOUNT.




$$
