000
CDUS44 KJAN 220632
CLIHBG


CLIMATE REPORT
NATIONAL WEATHER SERVICE JACKSON MS
1231 AM CST WED FEB 22 2017


...................................

...THE HATTIESBURG CLIMATE SUMMARY FOR FEBRUARY 21 2017...

CLIMATE NORMAL PERIOD 1981 TO 2010
CLIMATE RECORD PERIOD 1948 TO 2017


WEATHER ITEM   OBSERVED TIME   RECORD YEAR NORMAL DEPARTURE LAST
                VALUE   (LST)  VALUE       VALUE  FROM      YEAR
                                                  NORMAL
..................................................................
TEMPERATURE (F)
 YESTERDAY
  MAXIMUM         69    350 PM  82    1986  65      4       75
                                      1962
  MINIMUM         52   1129 PM  25    1959  42     10       63
                                      1958
  AVERAGE         61                        53      8       69

PRECIPITATION (IN)
  YESTERDAY        0.73          2.77 1961   0.20   0.53      T
  MONTH TO DATE    1.99                      4.02  -2.03     1.71
  SINCE DEC 1     18.12                     14.67   3.45    16.24
  SINCE JAN 1     11.06                      9.76   1.30     6.23

SNOWFALL (IN)
  YESTERDAY        0.0

DEGREE DAYS
 HEATING
  YESTERDAY        4                        12     -8        0
  MONTH TO DATE  127                       302   -175      245
  SINCE DEC 1    740                      1273   -533      983
  SINCE JUL 1    936                      1601   -665     1161

 COOLING
  YESTERDAY        0                         0      0        4
  MONTH TO DATE   25                         0     25       21
  SINCE DEC 1     96                        19     77       92
  SINCE JAN 1     57                         6     51       21
..................................................................


WIND (MPH)
  HIGHEST WIND SPEED    28   HIGHEST WIND DIRECTION     W (290)
  HIGHEST GUST SPEED    34   HIGHEST GUST DIRECTION     W (280)
  AVERAGE WIND SPEED     4.1


SKY COVER
  POSSIBLE SUNSHINE  MM
  AVERAGE SKY COVER 0.7


WEATHER CONDITIONS
 THE FOLLOWING WEATHER WAS RECORDED YESTERDAY.
  HEAVY RAIN
  RAIN
  LIGHT RAIN
  FOG


RELATIVE HUMIDITY (PERCENT)
 HIGHEST   100           900 PM
 LOWEST     63           500 PM
 AVERAGE    82

..........................................................


THE HATTIESBURG CLIMATE NORMALS FOR TODAY
                         NORMAL    RECORD    YEAR
 MAXIMUM TEMPERATURE (F)   65        82      2006
                                             1949
 MINIMUM TEMPERATURE (F)   42        19      1978


SUNRISE AND SUNSET
FEBRUARY 22 2017......SUNRISE   631 AM CST   SUNSET   550 PM CST
FEBRUARY 23 2017......SUNRISE   630 AM CST   SUNSET   551 PM CST


-  INDICATES NEGATIVE NUMBERS.
R  INDICATES RECORD WAS SET OR TIED.
MM INDICATES DATA IS MISSING.
T  INDICATES TRACE AMOUNT.




$$
