000
CDUS44 KJAN 230729
CLIHBG


CLIMATE REPORT
NATIONAL WEATHER SERVICE JACKSON MS
127 AM CST THU NOV 23 2017


...................................

...THE HATTIESBURG CLIMATE SUMMARY FOR NOVEMBER 22 2017...

CLIMATE NORMAL PERIOD 1981 TO 2010
CLIMATE RECORD PERIOD 1948 TO 2017


WEATHER ITEM   OBSERVED TIME   RECORD YEAR NORMAL DEPARTURE LAST
                VALUE   (LST)  VALUE       VALUE  FROM      YEAR
                                                  NORMAL
..................................................................
TEMPERATURE (F)
 YESTERDAY
  MAXIMUM         66    214 PM  82    1965  68     -2       72
  MINIMUM         43   1159 PM  22    2008  43      0       28
  AVERAGE         55                        56     -1       50

PRECIPITATION (IN)
  YESTERDAY        0.00          2.80 1948   0.15  -0.15     0.00
  MONTH TO DATE    0.58                      2.98  -2.40     0.10
  SINCE SEP 1      5.50                     10.81  -5.31     4.29
  SINCE JAN 1     61.92                     52.97   8.95    55.30

SNOWFALL (IN)
  YESTERDAY        0.0

DEGREE DAYS
 HEATING
  YESTERDAY       10                        10      0       15
  MONTH TO DATE  129                       162    -33      124
  SINCE SEP 1    213                       237    -24      143
  SINCE JUL 1    213                       237    -24      143

 COOLING
  YESTERDAY        0                         1     -1        0
  MONTH TO DATE   50                        26     24       24
  SINCE SEP 1    599                       517     82      688
  SINCE JAN 1   2544                      2388    156     2802
..................................................................


WIND (MPH)
  HIGHEST WIND SPEED    17   HIGHEST WIND DIRECTION    NE (30)
  HIGHEST GUST SPEED    23   HIGHEST GUST DIRECTION    NE (30)
  AVERAGE WIND SPEED     7.1


SKY COVER
  POSSIBLE SUNSHINE  MM
  AVERAGE SKY COVER 0.1


WEATHER CONDITIONS
 THE FOLLOWING WEATHER WAS RECORDED YESTERDAY.
  NO SIGNIFICANT WEATHER WAS OBSERVED.


RELATIVE HUMIDITY (PERCENT)
 HIGHEST   100           200 AM
 LOWEST     44           100 PM
 AVERAGE    72

..........................................................


THE HATTIESBURG CLIMATE NORMALS FOR TODAY
                         NORMAL    RECORD    YEAR
 MAXIMUM TEMPERATURE (F)   67        82      2010
                                             1973
 MINIMUM TEMPERATURE (F)   43        23      1956


SUNRISE AND SUNSET
NOVEMBER 23 2017......SUNRISE   631 AM CST   SUNSET   455 PM CST
NOVEMBER 24 2017......SUNRISE   632 AM CST   SUNSET   455 PM CST


-  INDICATES NEGATIVE NUMBERS.
R  INDICATES RECORD WAS SET OR TIED.
MM INDICATES DATA IS MISSING.
T  INDICATES TRACE AMOUNT.




$$
