000
CDUS44 KJAN 040919
CLIHBG


CLIMATE REPORT
NATIONAL WEATHER SERVICE JACKSON MS
316 AM CST WED MAR 4 2015


...................................

...THE HATTIESBURG CLIMATE SUMMARY FOR MARCH 3 2015...

CLIMATE NORMAL PERIOD 1981 TO 2010
CLIMATE RECORD PERIOD 1948 TO 2015


WEATHER ITEM   OBSERVED TIME   RECORD YEAR NORMAL DEPARTURE LAST
                VALUE   (LST)  VALUE       VALUE  FROM      YEAR
                                                  NORMAL
..................................................................
TEMPERATURE (F)
 YESTERDAY
  MAXIMUM         77    316 PM  86    1951  68      9       68
  MINIMUM         60    717 AM  17    1980  44     16       31
  AVERAGE         69                        56     13       50

PRECIPITATION (IN)
  YESTERDAY        T             3.14 2001   0.19  -0.19     0.19
  MONTH TO DATE    1.58                      0.57   1.01     0.19
  SINCE MAR 1      1.58                      0.57   1.01     0.19
  SINCE JAN 1      9.41                     11.70  -2.29    10.09

SNOWFALL (IN)
  YESTERDAY        0.0

DEGREE DAYS
 HEATING
  YESTERDAY        0                         9     -9       15
  MONTH TO DATE   12                        29    -17       15
  SINCE MAR 1     12                        29    -17       15
  SINCE JUL 1   1793                      1707     86     1938

 COOLING
  YESTERDAY        4                         1      3        0
  MONTH TO DATE    4                         3      1        4
  SINCE MAR 1      4                         3      1        4
  SINCE JAN 1     10                        18     -8       21
..................................................................


WIND (MPH)
  HIGHEST WIND SPEED    20   HIGHEST WIND DIRECTION     S (190)
  HIGHEST GUST SPEED    24   HIGHEST GUST DIRECTION     S (180)
  AVERAGE WIND SPEED     7.5


SKY COVER
  POSSIBLE SUNSHINE  MM
  AVERAGE SKY COVER 0.9


WEATHER CONDITIONS
 THE FOLLOWING WEATHER WAS RECORDED YESTERDAY.
  LIGHT RAIN
  FOG
  FOG W/VISIBILITY <= 1/4 MILE
  HAZE


RELATIVE HUMIDITY (PERCENT)
 HIGHEST   100          1200 AM
 LOWEST     69           100 PM
 AVERAGE    85

..........................................................


THE HATTIESBURG CLIMATE NORMALS FOR TODAY
                         NORMAL    RECORD    YEAR
 MAXIMUM TEMPERATURE (F)   68        87      1951
 MINIMUM TEMPERATURE (F)   45        23      1960


SUNRISE AND SUNSET
MARCH  4 2015.........SUNRISE   621 AM CST   SUNSET   557 PM CST
MARCH  5 2015.........SUNRISE   619 AM CST   SUNSET   558 PM CST


-  INDICATES NEGATIVE NUMBERS.
R  INDICATES RECORD WAS SET OR TIED.
MM INDICATES DATA IS MISSING.
T  INDICATES TRACE AMOUNT.




$$
