820
CDUS44 KJAN 270644
CLIHBG


CLIMATE REPORT
NATIONAL WEATHER SERVICE JACKSON MS
140 AM CDT SAT MAY 27 2017


...................................

...THE HATTIESBURG CLIMATE SUMMARY FOR MAY 26 2017...

CLIMATE NORMAL PERIOD 1981 TO 2010
CLIMATE RECORD PERIOD 1948 TO 2017


WEATHER ITEM   OBSERVED TIME   RECORD YEAR NORMAL DEPARTURE LAST
                VALUE   (LST)  VALUE       VALUE  FROM      YEAR
                                                  NORMAL
..................................................................
TEMPERATURE (F)
 YESTERDAY
  MAXIMUM         87    326 PM  96    1996  88     -1       89
  MINIMUM         60    522 AM  44    1979  64     -4       69
  AVERAGE         74                        76     -2       79

PRECIPITATION (IN)
  YESTERDAY        0.00          2.22 1981   0.16  -0.16     0.00
  MONTH TO DATE    5.80                      4.16   1.64     2.46
  SINCE MAR 1     17.82                     14.59   3.23    21.78
  SINCE JAN 1     29.42                     25.72   3.70    31.15

SNOWFALL (IN)
  YESTERDAY        0.0

DEGREE DAYS
 HEATING
  YESTERDAY        0                         0      0        0
  MONTH TO DATE   14                         5      9        4
  SINCE MAR 1    190                       305   -115      145
  SINCE JUL 1   1157                      1983   -826     1383

 COOLING
  YESTERDAY        9                        11     -2       14
  MONTH TO DATE  168                       217    -49      186
  SINCE MAR 1    394                       342     52      366
  SINCE JAN 1    463                       357    106      391
..................................................................


WIND (MPH)
  HIGHEST WIND SPEED    18   HIGHEST WIND DIRECTION     S (170)
  HIGHEST GUST SPEED    23   HIGHEST GUST DIRECTION     S (170)
  AVERAGE WIND SPEED     7.6


SKY COVER
  POSSIBLE SUNSHINE  MM
  AVERAGE SKY COVER 0.0


WEATHER CONDITIONS
 THE FOLLOWING WEATHER WAS RECORDED YESTERDAY.
  NO SIGNIFICANT WEATHER WAS OBSERVED.


RELATIVE HUMIDITY (PERCENT)
 HIGHEST    97           500 AM
 LOWEST     37           100 PM
 AVERAGE    67

..........................................................


THE HATTIESBURG CLIMATE NORMALS FOR TODAY
                         NORMAL    RECORD    YEAR
 MAXIMUM TEMPERATURE (F)   88        98      2012
 MINIMUM TEMPERATURE (F)   65        45      1961


SUNRISE AND SUNSET
MAY 27 2017...........SUNRISE   555 AM CDT   SUNSET   754 PM CDT
MAY 28 2017...........SUNRISE   555 AM CDT   SUNSET   754 PM CDT


-  INDICATES NEGATIVE NUMBERS.
R  INDICATES RECORD WAS SET OR TIED.
MM INDICATES DATA IS MISSING.
T  INDICATES TRACE AMOUNT.




$$
