000
CDUS44 KJAN 240632
CLIHBG


CLIMATE REPORT
NATIONAL WEATHER SERVICE JACKSON MS
1229 AM CST SAT FEB 24 2018


...................................

...THE HATTIESBURG CLIMATE SUMMARY FOR FEBRUARY 23 2018...

CLIMATE NORMAL PERIOD 1981 TO 2010
CLIMATE RECORD PERIOD 1948 TO 2018


WEATHER ITEM   OBSERVED TIME   RECORD YEAR NORMAL DEPARTURE LAST
                VALUE   (LST)  VALUE       VALUE  FROM      YEAR
                                                  NORMAL
..................................................................
TEMPERATURE (F)
 YESTERDAY
  MAXIMUM         75    129 PM  83    2011  66      9       81
                                      1962
  MINIMUM         62    337 AM  19    1963  42     20       48
  AVERAGE         69                        54     15       65

PRECIPITATION (IN)
  YESTERDAY        0.12          3.11 2004   0.21  -0.09     0.00
  MONTH TO DATE    3.36                      4.42  -1.06     1.99
  SINCE DEC 1     14.72                     15.07  -0.35    18.12
  SINCE JAN 1     10.00                     10.16  -0.16    11.06

SNOWFALL (IN)
  YESTERDAY        0.0

DEGREE DAYS
 HEATING
  YESTERDAY        0                        11    -11        0
  MONTH TO DATE  138                       325   -187      130
  SINCE DEC 1   1266                      1296    -30      743
  SINCE JUL 1   1571                      1624    -53      939

 COOLING
  YESTERDAY        4                         0      4        0
  MONTH TO DATE   63                         0     63       25
  SINCE DEC 1     68                        19     49       96
  SINCE JAN 1     63                         6     57       57
..................................................................


WIND (MPH)
  HIGHEST WIND SPEED    14   HIGHEST WIND DIRECTION    SE (150)
  HIGHEST GUST SPEED    17   HIGHEST GUST DIRECTION    SE (150)
  AVERAGE WIND SPEED     5.0


SKY COVER
  POSSIBLE SUNSHINE  MM
  AVERAGE SKY COVER 0.9


WEATHER CONDITIONS
 THE FOLLOWING WEATHER WAS RECORDED YESTERDAY.
  RAIN
  LIGHT RAIN
  FOG
  FOG W/VISIBILITY <= 1/4 MILE


RELATIVE HUMIDITY (PERCENT)
 HIGHEST   100          1200 AM
 LOWEST     79          1100 AM
 AVERAGE    90

..........................................................


THE HATTIESBURG CLIMATE NORMALS FOR TODAY
                         NORMAL    RECORD    YEAR
 MAXIMUM TEMPERATURE (F)   66        83      1996
 MINIMUM TEMPERATURE (F)   43        20      1989


SUNRISE AND SUNSET
FEBRUARY 24 2018......SUNRISE   629 AM CST   SUNSET   552 PM CST
FEBRUARY 25 2018......SUNRISE   628 AM CST   SUNSET   552 PM CST


-  INDICATES NEGATIVE NUMBERS.
R  INDICATES RECORD WAS SET OR TIED.
MM INDICATES DATA IS MISSING.
T  INDICATES TRACE AMOUNT.




$$
