000
CDUS44 KJAN 210859
CLIHBG


CLIMATE REPORT
NATIONAL WEATHER SERVICE JACKSON MS
255 AM CST SUN DEC 21 2014


...................................

...THE HATTIESBURG CLIMATE SUMMARY FOR DECEMBER 20 2014...

CLIMATE NORMAL PERIOD 1981 TO 2010
CLIMATE RECORD PERIOD 1948 TO 2014


WEATHER ITEM   OBSERVED TIME   RECORD YEAR NORMAL DEPARTURE LAST
                VALUE   (LST)  VALUE       VALUE  FROM      YEAR
                                                  NORMAL
..................................................................
TEMPERATURE (F)
 YESTERDAY
  MAXIMUM         53    506 PM  80    1967  61     -8       77
                                      1951
  MINIMUM         46   1159 PM  16    1996  39      7       58
  AVERAGE         50                        50      0       68

PRECIPITATION (IN)
  YESTERDAY        0.05          2.74 1971   0.15  -0.10      T
  MONTH TO DATE    1.42                      3.20  -1.78     1.74
  SINCE DEC 1      1.42                      3.20  -1.78     1.74
  SINCE JAN 1     47.53                     57.46  -9.93    63.82

SNOWFALL (IN)
  YESTERDAY        0.0

DEGREE DAYS
 HEATING
  YESTERDAY       15                        15      0        0
  MONTH TO DATE  208                       282    -74      267
  SINCE DEC 1    208                       282    -74      267
  SINCE JUL 1    624                       610     14      634

 COOLING
  YESTERDAY        0                         0      0        3
  MONTH TO DATE    5                        12     -7       25
  SINCE DEC 1      5                        12     -7       25
  SINCE JAN 1   2469                      2402     67     2433
..................................................................


WIND (MPH)
  HIGHEST WIND SPEED    13   HIGHEST WIND DIRECTION    NE (40)
  HIGHEST GUST SPEED    18   HIGHEST GUST DIRECTION    NE (30)
  AVERAGE WIND SPEED     6.6


SKY COVER
  POSSIBLE SUNSHINE  MM
  AVERAGE SKY COVER 0.9


WEATHER CONDITIONS
 THE FOLLOWING WEATHER WAS RECORDED YESTERDAY.
  LIGHT RAIN
  FOG


RELATIVE HUMIDITY (PERCENT)
 HIGHEST    93          1200 AM
 LOWEST     77           100 PM
 AVERAGE    85

..........................................................


THE HATTIESBURG CLIMATE NORMALS FOR TODAY
                         NORMAL    RECORD    YEAR
 MAXIMUM TEMPERATURE (F)   61        80      1948
 MINIMUM TEMPERATURE (F)   39        17      1996


SUNRISE AND SUNSET
DECEMBER 21 2014......SUNRISE   652 AM CST   SUNSET   459 PM CST
DECEMBER 22 2014......SUNRISE   652 AM CST   SUNSET   459 PM CST


-  INDICATES NEGATIVE NUMBERS.
R  INDICATES RECORD WAS SET OR TIED.
MM INDICATES DATA IS MISSING.
T  INDICATES TRACE AMOUNT.




$$
