000
CDUS44 KJAN 280634
CLIHBG


CLIMATE REPORT
NATIONAL WEATHER SERVICE JACKSON MS
126 AM CDT FRI AUG 28 2015


...................................

...THE HATTIESBURG CLIMATE SUMMARY FOR AUGUST 27 2015...

CLIMATE NORMAL PERIOD 1981 TO 2010
CLIMATE RECORD PERIOD 1948 TO 2015


WEATHER ITEM   OBSERVED TIME   RECORD YEAR NORMAL DEPARTURE LAST
                VALUE   (LST)  VALUE       VALUE  FROM      YEAR
                                                  NORMAL
..................................................................
TEMPERATURE (F)
 YESTERDAY
  MAXIMUM         88    428 PM 100    1963  92     -4       96
  MINIMUM         58    514 AM  56    1958  70    -12       68
  AVERAGE         73                        81     -8       82

PRECIPITATION (IN)
  YESTERDAY        0.00          2.52 1992   0.15  -0.15     0.00
  MONTH TO DATE    2.46                      4.13  -1.67     1.03
  SINCE JUN 1     13.39                     15.02  -1.63     8.23
  SINCE JAN 1     37.21                     41.56  -4.35    36.71

SNOWFALL (IN)
  YESTERDAY        0.0

DEGREE DAYS
 HEATING
  YESTERDAY        0                         0      0        0
  MONTH TO DATE    0                         0      0        0
  SINCE JUN 1      0                         0      0        0
  SINCE JUL 1      0                         0      0        0

 COOLING
  YESTERDAY        8                        16     -8       17
  MONTH TO DATE  480                       450     30      484
  SINCE JUN 1   1578                      1395    183     1430
  SINCE JAN 1   2155                      1810    345     1806
..................................................................


WIND (MPH)
  HIGHEST WIND SPEED    15   HIGHEST WIND DIRECTION    NE (30)
  HIGHEST GUST SPEED    26   HIGHEST GUST DIRECTION     E (90)
  AVERAGE WIND SPEED     3.8


SKY COVER
  POSSIBLE SUNSHINE  MM
  AVERAGE SKY COVER 0.0


WEATHER CONDITIONS
 THE FOLLOWING WEATHER WAS RECORDED YESTERDAY.
  NO SIGNIFICANT WEATHER WAS OBSERVED.


RELATIVE HUMIDITY (PERCENT)
 HIGHEST    90          1200 AM
 LOWEST     35           100 PM
 AVERAGE    63

..........................................................


THE HATTIESBURG CLIMATE NORMALS FOR TODAY
                         NORMAL    RECORD    YEAR
 MAXIMUM TEMPERATURE (F)   92        99      2000
 MINIMUM TEMPERATURE (F)   70        55      1952


SUNRISE AND SUNSET
AUGUST 28 2015........SUNRISE   630 AM CDT   SUNSET   726 PM CDT
AUGUST 29 2015........SUNRISE   631 AM CDT   SUNSET   724 PM CDT


-  INDICATES NEGATIVE NUMBERS.
R  INDICATES RECORD WAS SET OR TIED.
MM INDICATES DATA IS MISSING.
T  INDICATES TRACE AMOUNT.




$$
