000
CDUS44 KJAN 250659
CLIHBG


CLIMATE REPORT
NATIONAL WEATHER SERVICE JACKSON MS
152 AM CDT MON SEP 25 2017


...................................

...THE HATTIESBURG CLIMATE SUMMARY FOR SEPTEMBER 24 2017...

CLIMATE NORMAL PERIOD 1981 TO 2010
CLIMATE RECORD PERIOD 1948 TO 2017


WEATHER ITEM   OBSERVED TIME   RECORD YEAR NORMAL DEPARTURE LAST
                VALUE   (LST)  VALUE       VALUE  FROM      YEAR
                                                  NORMAL
..................................................................
TEMPERATURE (F)
 YESTERDAY
  MAXIMUM         89    120 PM  97    1965  86      3       96
  MINIMUM         66    452 AM  46    1982  63      3       71
  AVERAGE         78                        74      4       84

PRECIPITATION (IN)
  YESTERDAY        0.01          1.70 1956   0.11  -0.10     0.00
  MONTH TO DATE    2.16                      3.33  -1.17     3.48
  SINCE SEP 1      2.16                      3.33  -1.17     3.48
  SINCE JAN 1     58.58                     45.49  13.09    54.49

SNOWFALL (IN)
  YESTERDAY        0.0

DEGREE DAYS
 HEATING
  YESTERDAY        0                         0      0        0
  MONTH TO DATE    0                         0      0        0
  SINCE SEP 1      0                         0      0        0
  SINCE JUL 1      0                         0      0        0

 COOLING
  YESTERDAY       13                        10      3       19
  MONTH TO DATE  272                       305    -33      407
  SINCE SEP 1    272                       305    -33      407
  SINCE JAN 1   2217                      2176     41     2521
..................................................................


WIND (MPH)
  HIGHEST WIND SPEED    21   HIGHEST WIND DIRECTION    SE (140)
  HIGHEST GUST SPEED    25   HIGHEST GUST DIRECTION    SE (140)
  AVERAGE WIND SPEED     2.3


SKY COVER
  POSSIBLE SUNSHINE  MM
  AVERAGE SKY COVER 0.0


WEATHER CONDITIONS
 THE FOLLOWING WEATHER WAS RECORDED YESTERDAY.
  THUNDERSTORM
  RAIN
  LIGHT RAIN
  FOG


RELATIVE HUMIDITY (PERCENT)
 HIGHEST   100          1200 AM
 LOWEST     55           100 PM
 AVERAGE    78

..........................................................


THE HATTIESBURG CLIMATE NORMALS FOR TODAY
                         NORMAL    RECORD    YEAR
 MAXIMUM TEMPERATURE (F)   85        96      2016
 MINIMUM TEMPERATURE (F)   63        49      1990
                                             1975


SUNRISE AND SUNSET
SEPTEMBER 25 2017.....SUNRISE   647 AM CDT   SUNSET   649 PM CDT
SEPTEMBER 26 2017.....SUNRISE   648 AM CDT   SUNSET   648 PM CDT


-  INDICATES NEGATIVE NUMBERS.
R  INDICATES RECORD WAS SET OR TIED.
MM INDICATES DATA IS MISSING.
T  INDICATES TRACE AMOUNT.




$$
