000
CDUS44 KJAN 272116
CLIHBG


CLIMATE REPORT
NATIONAL WEATHER SERVICE JACKSON MS
415 PM CDT WED JUL 27 2016


...................................

...THE HATTIESBURG CLIMATE SUMMARY FOR JULY 27 2016...
VALID TODAY AS OF 0400 PM LOCAL TIME.

CLIMATE NORMAL PERIOD 1981 TO 2010
CLIMATE RECORD PERIOD 1948 TO 2016


WEATHER ITEM   OBSERVED TIME   RECORD YEAR NORMAL DEPARTURE LAST
                VALUE   (LST)  VALUE       VALUE  FROM      YEAR
                                                  NORMAL
..................................................................
TEMPERATURE (F)
 TODAY
  MAXIMUM         89   1251 PM  98    2008  93     -4       95
  MINIMUM         75    503 AM  64    1953  72      3       72
  AVERAGE         82                        82      0       84

PRECIPITATION (IN)
  TODAY            0.01          2.40 1995   0.15  -0.14     0.00
  MONTH TO DATE    5.77                      4.78   0.99     5.46
  SINCE JUN 1     13.90                     10.28   3.62    10.19
  SINCE JAN 1     45.06                     36.82   8.24    34.01

SNOWFALL (IN)
  TODAY            0.0

DEGREE DAYS
 HEATING
  TODAY            0                         0      0        0
  MONTH TO DATE    0                         0      0        0
  SINCE JUN 1      0                         0      0        0
  SINCE JUL 1      0                         0      0        0

 COOLING
  TODAY           17                        17      0       19
  MONTH TO DATE  500                       454     46      536
  SINCE JUN 1   1007                       877    130     1015
  SINCE JAN 1   1471                      1292    179     1592
..................................................................


WIND (MPH)
  HIGHEST WIND SPEED    23   HIGHEST WIND DIRECTION     S (190)
  HIGHEST GUST SPEED    34   HIGHEST GUST DIRECTION     S (190)
  AVERAGE WIND SPEED     8.4


SKY COVER
  POSSIBLE SUNSHINE  MM
  AVERAGE SKY COVER 0.4


WEATHER CONDITIONS
 THE FOLLOWING WEATHER WAS RECORDED TODAY.
  LIGHT RAIN
  FOG


RELATIVE HUMIDITY (PERCENT)
 HIGHEST    94           200 AM
 LOWEST     59          1200 PM
 AVERAGE    77

..........................................................


THE HATTIESBURG CLIMATE NORMALS FOR TOMORROW
                         NORMAL    RECORD    YEAR
 MAXIMUM TEMPERATURE (F)   93       100      1952
 MINIMUM TEMPERATURE (F)   72        64      1994


SUNRISE AND SUNSET
JULY 27 2016..........SUNRISE   611 AM CDT   SUNSET   756 PM CDT
JULY 28 2016..........SUNRISE   612 AM CDT   SUNSET   755 PM CDT


-  INDICATES NEGATIVE NUMBERS.
R  INDICATES RECORD WAS SET OR TIED.
MM INDICATES DATA IS MISSING.
T  INDICATES TRACE AMOUNT.




$$
