000
CDUS41 KLWX 160535
CLIHGR


CLIMATE REPORT
NATIONAL WEATHER SERVICE BALTIMORE MD/WASHINGTON DC
134 AM EDT WED AUG 16 2017


...................................

...THE HAGERSTOWN MD CLIMATE SUMMARY FOR AUGUST 15 2017...

CLIMATE NORMAL PERIOD 1981 TO 2010
CLIMATE RECORD PERIOD 1998 TO 2017


WEATHER ITEM   OBSERVED TIME   RECORD YEAR NORMAL DEPARTURE LAST
                VALUE   (LST)  VALUE       VALUE  FROM      YEAR
                                                  NORMAL
..................................................................
TEMPERATURE (F)
 YESTERDAY
  MAXIMUM         81    556 PM  MM      MM  83     -2       90
  MINIMUM         67   1200 AM  MM      MM  64      3       70
  AVERAGE         74                        74      0       80

PRECIPITATION (IN)
  YESTERDAY        T            MM      MM   0.10  -0.10     0.11
  MONTH TO DATE    2.20                      1.49   0.71     0.52
  SINCE JUN 1     10.29                      8.78   1.51     6.79
  SINCE JAN 1     24.91                     24.98  -0.07    19.83

DEGREE DAYS
 HEATING
  YESTERDAY        0                         0      0        0
  MONTH TO DATE    0                         0      0        0
  SINCE JUN 1      7                        18    -11        3
  SINCE JUL 1      0                         0      0        0

 COOLING
  YESTERDAY        9                         9      0       15
  MONTH TO DATE  128                       140    -12      223
  SINCE JUN 1    832                       670    162      934
  SINCE JAN 1    967                       746    221     1038
..................................................................


WIND (MPH)
  HIGHEST WIND SPEED     6   HIGHEST WIND DIRECTION    NE (50)
  HIGHEST GUST SPEED     9   HIGHEST GUST DIRECTION    NE (30)
  AVERAGE WIND SPEED     1.5


SKY COVER
  POSSIBLE SUNSHINE  MM
  AVERAGE SKY COVER 0.7


WEATHER CONDITIONS
 THE FOLLOWING WEATHER WAS RECORDED YESTERDAY.
  FOG
  HAZE


RELATIVE HUMIDITY (PERCENT)
 HIGHEST   100          1200 AM
 LOWEST     69           400 PM
 AVERAGE    85

..........................................................


THE HAGERSTOWN MD CLIMATE NORMALS FOR TODAY
                         NORMAL    RECORD    YEAR
 MAXIMUM TEMPERATURE (F)   83        MM        MM
 MINIMUM TEMPERATURE (F)   64        MM        MM


SUNRISE AND SUNSET
AUGUST 16 2017........SUNRISE   624 AM EDT   SUNSET   805 PM EDT
AUGUST 17 2017........SUNRISE   625 AM EDT   SUNSET   804 PM EDT


-  INDICATES NEGATIVE NUMBERS.
R  INDICATES RECORD WAS SET OR TIED.
MM INDICATES DATA IS MISSING.
T  INDICATES TRACE AMOUNT.




$$
