000
CDUS41 KLWX 242136
CLIHGR


CLIMATE REPORT
NATIONAL WEATHER SERVICE BALTIMORE MD/WASHINGTON DC
536 PM EDT FRI OCT 24 2014


...................................

...THE HAGERSTOWN MD CLIMATE SUMMARY FOR OCTOBER 24 2014...
VALID TODAY AS OF 0500 PM LOCAL TIME.

CLIMATE NORMAL PERIOD 1981 TO 2010
CLIMATE RECORD PERIOD 9999 TO 9999


WEATHER ITEM   OBSERVED TIME   RECORD YEAR NORMAL DEPARTURE LAST
                VALUE   (LST)  VALUE       VALUE  FROM      YEAR
                                                  NORMAL
..................................................................
TEMPERATURE (F)
 TODAY
  MAXIMUM         67    211 PM  MM      MM  63      4       48
  MINIMUM         50    653 AM  MM      MM  42      8       37
  AVERAGE         59                        52      7       43

PRECIPITATION (IN)
  TODAY            0.00         MM      MM   0.08  -0.08      T
  MONTH TO DATE    2.25                      2.35  -0.10     5.30
  SINCE SEP 1      4.49                      6.02  -1.53     8.51
  SINCE JAN 1     31.40                     32.65  -1.25    27.66

DEGREE DAYS
 HEATING
  TODAY            6                        13     -7       22
  MONTH TO DATE  163                       230    -67      162
  SINCE SEP 1    215                       299    -84      242
  SINCE JUL 1    217                       304    -87      245

 COOLING
  TODAY            0                         0      0        0
  MONTH TO DATE    6                         9     -3       44
  SINCE SEP 1    125                       100     25      148
  SINCE JAN 1    938                       968    -30     1133
..................................................................


WIND (MPH)
  HIGHEST WIND SPEED    21   HIGHEST WIND DIRECTION    NW (300)
  HIGHEST GUST SPEED    30   HIGHEST GUST DIRECTION    NW (310)
  AVERAGE WIND SPEED    12.4


SKY COVER
  POSSIBLE SUNSHINE  MM
  AVERAGE SKY COVER 0.0


WEATHER CONDITIONS
 THE FOLLOWING WEATHER WAS RECORDED TODAY.
  NO SIGNIFICANT WEATHER WAS OBSERVED.


RELATIVE HUMIDITY (PERCENT)
 HIGHEST    71           200 AM
 LOWEST     29           200 PM
 AVERAGE    50

..........................................................


THE HAGERSTOWN MD CLIMATE NORMALS FOR TOMORROW
                         NORMAL    RECORD    YEAR
 MAXIMUM TEMPERATURE (F)   62        MM        MM
 MINIMUM TEMPERATURE (F)   42        MM        MM


SUNRISE AND SUNSET
OCTOBER 24 2014.......SUNRISE   731 AM EDT   SUNSET   619 PM EDT
OCTOBER 25 2014.......SUNRISE   732 AM EDT   SUNSET   618 PM EDT


-  INDICATES NEGATIVE NUMBERS.
R  INDICATES RECORD WAS SET OR TIED.
MM INDICATES DATA IS MISSING.
T  INDICATES TRACE AMOUNT.




$$
