000
CDUS41 KLWX 140543
CLIHGR


CLIMATE REPORT
NATIONAL WEATHER SERVICE BALTIMORE MD/WASHINGTON DC
1240 AM EST THU DEC 14 2017


...................................

...THE HAGERSTOWN MD CLIMATE SUMMARY FOR DECEMBER 13 2017...

CLIMATE NORMAL PERIOD 1981 TO 2010
CLIMATE RECORD PERIOD 1998 TO 2017


WEATHER ITEM   OBSERVED TIME   RECORD YEAR NORMAL DEPARTURE LAST
                VALUE   (LST)  VALUE       VALUE  FROM      YEAR
                                                  NORMAL
..................................................................
TEMPERATURE (F)
 YESTERDAY
  MAXIMUM         30    325 PM  MM      MM  42    -12       43
  MINIMUM         20    811 AM  MM      MM  27     -7       29
  AVERAGE         25                        34     -9       36

PRECIPITATION (IN)
  YESTERDAY        T            MM      MM   0.10  -0.10     0.00
  MONTH TO DATE    0.32                      1.37  -1.05     1.13
  SINCE DEC 1      0.32                      1.37  -1.05     1.13
  SINCE JAN 1     32.54                     37.77  -5.23    26.63

DEGREE DAYS
 HEATING
  YESTERDAY       40                        31      9       29
  MONTH TO DATE  345                       371    -26      338
  SINCE DEC 1    345                       371    -26      338
  SINCE JUL 1   1126                      1376   -250     1046

 COOLING
  YESTERDAY        0                         0      0        0
  MONTH TO DATE    0                         0      0        0
  SINCE DEC 1      0                         0      0        0
  SINCE JAN 1   1333                       969    364     1551
..................................................................


WIND (MPH)
  HIGHEST WIND SPEED    30   HIGHEST WIND DIRECTION     W (290)
  HIGHEST GUST SPEED    40   HIGHEST GUST DIRECTION     W (280)
  AVERAGE WIND SPEED    15.1


SKY COVER
  POSSIBLE SUNSHINE  MM
  AVERAGE SKY COVER 0.5


WEATHER CONDITIONS
 THE FOLLOWING WEATHER WAS RECORDED YESTERDAY.
  SNOW
  LIGHT SNOW
  FOG


RELATIVE HUMIDITY (PERCENT)
 HIGHEST    84          1000 PM
 LOWEST     32           200 PM
 AVERAGE    58

..........................................................


THE HAGERSTOWN MD CLIMATE NORMALS FOR TODAY
                         NORMAL    RECORD    YEAR
 MAXIMUM TEMPERATURE (F)   41        MM        MM
 MINIMUM TEMPERATURE (F)   27        MM        MM


SUNRISE AND SUNSET
DECEMBER 14 2017......SUNRISE   724 AM EST   SUNSET   447 PM EST
DECEMBER 15 2017......SUNRISE   725 AM EST   SUNSET   448 PM EST


-  INDICATES NEGATIVE NUMBERS.
R  INDICATES RECORD WAS SET OR TIED.
MM INDICATES DATA IS MISSING.
T  INDICATES TRACE AMOUNT.




$$
