000
CDUS41 KLWX 290529
CLIHGR


CLIMATE REPORT
NATIONAL WEATHER SERVICE BALTIMORE MD/WASHINGTON DC
127 AM EDT FRI MAY 29 2015


...................................

...THE HAGERSTOWN MD CLIMATE SUMMARY FOR MAY 28 2015...

CLIMATE NORMAL PERIOD 1981 TO 2010
CLIMATE RECORD PERIOD 9999 TO 9999


WEATHER ITEM   OBSERVED TIME   RECORD YEAR NORMAL DEPARTURE LAST
                VALUE   (LST)  VALUE       VALUE  FROM      YEAR
                                                  NORMAL
..................................................................
TEMPERATURE (F)
 YESTERDAY
  MAXIMUM         87    409 PM  MM      MM  76     11       81
  MINIMUM         68   1140 PM  MM      MM  56     12       60
  AVERAGE         78                        66     12       71

PRECIPITATION (IN)
  YESTERDAY        T            MM      MM   0.14  -0.14     0.01
  MONTH TO DATE    1.55                      3.60  -2.05     4.42
  SINCE MAR 1      7.08                     10.54  -3.46     8.64
  SINCE JAN 1      9.36                     15.77  -6.41    12.42

DEGREE DAYS
 HEATING
  YESTERDAY        0                         3     -3        0
  MONTH TO DATE   50                       147    -97       98
  SINCE MAR 1   1123                      1258   -135     1348
  SINCE JUL 1   5129                      5161    -32     5363

 COOLING
  YESTERDAY       13                         3     10        6
  MONTH TO DATE  163                        48    115       70
  SINCE MAR 1    165                        63    102       80
  SINCE JAN 1    165                        63    102       80
..................................................................


WIND (MPH)
  HIGHEST WIND SPEED    13   HIGHEST WIND DIRECTION     N (340)
  HIGHEST GUST SPEED    21   HIGHEST GUST DIRECTION    NW (320)
  AVERAGE WIND SPEED     4.8


SKY COVER
  POSSIBLE SUNSHINE  MM
  AVERAGE SKY COVER 0.2


WEATHER CONDITIONS
 THE FOLLOWING WEATHER WAS RECORDED YESTERDAY.
  NO SIGNIFICANT WEATHER WAS OBSERVED.


RELATIVE HUMIDITY (PERCENT)
 HIGHEST    90           200 AM
 LOWEST     40           600 PM
 AVERAGE    65

..........................................................


THE HAGERSTOWN MD CLIMATE NORMALS FOR TODAY
                         NORMAL    RECORD    YEAR
 MAXIMUM TEMPERATURE (F)   76        MM        MM
 MINIMUM TEMPERATURE (F)   56        MM        MM


SUNRISE AND SUNSET
MAY 29 2015...........SUNRISE   547 AM EDT   SUNSET   830 PM EDT
MAY 30 2015...........SUNRISE   546 AM EDT   SUNSET   831 PM EDT


-  INDICATES NEGATIVE NUMBERS.
R  INDICATES RECORD WAS SET OR TIED.
MM INDICATES DATA IS MISSING.
T  INDICATES TRACE AMOUNT.




$$
