000
CDUS41 KLWX 270532
CLIHGR


CLIMATE REPORT
NATIONAL WEATHER SERVICE BALTIMORE MD/WASHINGTON DC
130 AM EDT THU APR 27 2017


...................................

...THE HAGERSTOWN MD CLIMATE SUMMARY FOR APRIL 26 2017...

CLIMATE NORMAL PERIOD 1981 TO 2010
CLIMATE RECORD PERIOD 9999 TO 9999


WEATHER ITEM   OBSERVED TIME   RECORD YEAR NORMAL DEPARTURE LAST
                VALUE   (LST)  VALUE       VALUE  FROM      YEAR
                                                  NORMAL
..................................................................
TEMPERATURE (F)
 YESTERDAY
  MAXIMUM         72    403 PM  MM      MM  67      5       81
  MINIMUM         55    323 AM  MM      MM  46      9       61
  AVERAGE         64                        56      8       71

PRECIPITATION (IN)
  YESTERDAY        0.00         MM      MM   0.11  -0.11      T
  MONTH TO DATE    2.16                      3.13  -0.97     1.61
  SINCE MAR 1      4.99                      6.51  -1.52     3.23
  SINCE JAN 1      9.09                     11.74  -2.65     8.60

DEGREE DAYS
 HEATING
  YESTERDAY        1                         9     -8        0
  MONTH TO DATE  180                       346   -166      306
  SINCE MAR 1    877                      1075   -198      758
  SINCE JUL 1   3884                      4978  -1094     3995

 COOLING
  YESTERDAY        0                         1     -1        6
  MONTH TO DATE   26                         8     18       12
  SINCE MAR 1     27                         9     18       16
  SINCE JAN 1     28                         9     19       16
..................................................................


WIND (MPH)
  HIGHEST WIND SPEED    12   HIGHEST WIND DIRECTION     N (10)
  HIGHEST GUST SPEED    15   HIGHEST GUST DIRECTION     N (10)
  AVERAGE WIND SPEED     5.5


SKY COVER
  POSSIBLE SUNSHINE  MM
  AVERAGE SKY COVER 0.7


WEATHER CONDITIONS
 THE FOLLOWING WEATHER WAS RECORDED YESTERDAY.
  FOG


RELATIVE HUMIDITY (PERCENT)
 HIGHEST   100          1200 AM
 LOWEST     61           500 PM
 AVERAGE    81

..........................................................


THE HAGERSTOWN MD CLIMATE NORMALS FOR TODAY
                         NORMAL    RECORD    YEAR
 MAXIMUM TEMPERATURE (F)   67        MM        MM
 MINIMUM TEMPERATURE (F)   46        MM        MM


SUNRISE AND SUNSET
APRIL 27 2017.........SUNRISE   616 AM EDT   SUNSET   801 PM EDT
APRIL 28 2017.........SUNRISE   615 AM EDT   SUNSET   802 PM EDT


-  INDICATES NEGATIVE NUMBERS.
R  INDICATES RECORD WAS SET OR TIED.
MM INDICATES DATA IS MISSING.
T  INDICATES TRACE AMOUNT.




$$
