000
CDUS41 KLWX 260534
CLIHGR


CLIMATE REPORT
NATIONAL WEATHER SERVICE BALTIMORE MD/WASHINGTON DC
129 AM EDT MON JUN 26 2017


...................................

...THE HAGERSTOWN MD CLIMATE SUMMARY FOR JUNE 25 2017...

CLIMATE NORMAL PERIOD 1981 TO 2010
CLIMATE RECORD PERIOD 1998 TO 2017


WEATHER ITEM   OBSERVED TIME   RECORD YEAR NORMAL DEPARTURE LAST
                VALUE   (LST)  VALUE       VALUE  FROM      YEAR
                                                  NORMAL
..................................................................
TEMPERATURE (F)
 YESTERDAY
  MAXIMUM         83    300 PM  MM      MM  84     -1       83
  MINIMUM         65    525 AM  MM      MM  64      1       67
  AVERAGE         74                        74      0       75

PRECIPITATION (IN)
  YESTERDAY        0.00         MM      MM   0.10  -0.10     0.00
  MONTH TO DATE    2.73                      3.44  -0.71     2.93
  SINCE JUN 1      2.73                      3.44  -0.71     2.93
  SINCE JAN 1     17.35                     19.64  -2.29    15.97

DEGREE DAYS
 HEATING
  YESTERDAY        0                         0      0        0
  MONTH TO DATE    7                        17    -10        3
  SINCE JUN 1      7                        17    -10        3
  SINCE JUL 1   4020                      5184  -1164     4202

 COOLING
  YESTERDAY        9                         9      0       10
  MONTH TO DATE  248                       161     87      216
  SINCE JUN 1    248                       161     87      216
  SINCE JAN 1    383                       237    146      320
..................................................................


WIND (MPH)
  HIGHEST WIND SPEED    21   HIGHEST WIND DIRECTION     W (270)
  HIGHEST GUST SPEED    26   HIGHEST GUST DIRECTION     W (280)
  AVERAGE WIND SPEED     7.5


SKY COVER
  POSSIBLE SUNSHINE  MM
  AVERAGE SKY COVER 0.2


WEATHER CONDITIONS
 THE FOLLOWING WEATHER WAS RECORDED YESTERDAY.
  NO SIGNIFICANT WEATHER WAS OBSERVED.


RELATIVE HUMIDITY (PERCENT)
 HIGHEST    76           600 AM
 LOWEST     30           500 PM
 AVERAGE    53

..........................................................


THE HAGERSTOWN MD CLIMATE NORMALS FOR TODAY
                         NORMAL    RECORD    YEAR
 MAXIMUM TEMPERATURE (F)   84        MM        MM
 MINIMUM TEMPERATURE (F)   64        MM        MM


SUNRISE AND SUNSET
JUNE 26 2017..........SUNRISE   545 AM EDT   SUNSET   843 PM EDT
JUNE 27 2017..........SUNRISE   545 AM EDT   SUNSET   843 PM EDT


-  INDICATES NEGATIVE NUMBERS.
R  INDICATES RECORD WAS SET OR TIED.
MM INDICATES DATA IS MISSING.
T  INDICATES TRACE AMOUNT.




$$
