000
CDUS46 KPQR 191142
CLIHIO


CLIMATE REPORT
NATIONAL WEATHER SERVICE PORTLAND OREGON
442 AM PDT TUE SEP 19 2017


...................................

...THE HILLSBORO OR CLIMATE SUMMARY FOR SEPTEMBER 18 2017...

CLIMATE NORMAL PERIOD 1981 TO 2010
CLIMATE RECORD PERIOD 1929 TO 2017


WEATHER ITEM   OBSERVED TIME   RECORD YEAR NORMAL DEPARTURE LAST
                VALUE   (LST)  VALUE       VALUE  FROM      YEAR
                                                  NORMAL
..................................................................
TEMPERATURE (F)
 YESTERDAY
  MAXIMUM         62    210 PM  92    1952  74    -12       73
  MINIMUM         52   1159 PM  30    1965  46      6       47
  AVERAGE         57                        60     -3       60

PRECIPITATION (IN)
  YESTERDAY        0.35          1.12 1968   0.05   0.30
  MONTH TO DATE    0.44                      0.61  -0.17
  SINCE OCT 1     47.81                     39.07   8.74
  SINCE JAN 1     28.13                     22.68   5.45

SNOWFALL (IN)
  YESTERDAY        0.0
  MONTH TO DATE    0.0
  SINCE SEP 1      0.0
  SINCE JUL 1      0.0
  SNOW DEPTH       0

DEGREE DAYS
 HEATING
  YESTERDAY        8                         5      3
  MONTH TO DATE   30                        68    -38
  SINCE JUL 1     46                       175   -129

 COOLING
  YESTERDAY        0                         0      0
  MONTH TO DATE   95                        16     79
  SINCE JAN 1    489                       194    295
..................................................................


WIND (MPH)
  HIGHEST WIND SPEED    17   HIGHEST WIND DIRECTION    SW (210)
  HIGHEST GUST SPEED    24   HIGHEST GUST DIRECTION    SW (240)
  AVERAGE WIND SPEED     6.6


SKY COVER
  POSSIBLE SUNSHINE  MM
  AVERAGE SKY COVER 0.8


WEATHER CONDITIONS
 THE FOLLOWING WEATHER WAS RECORDED YESTERDAY.
  RAIN
  LIGHT RAIN
  FOG
  HAZE


RELATIVE HUMIDITY (PERCENT)
 HIGHEST    93           400 AM
 LOWEST     62           300 PM
 AVERAGE    78

..........................................................


THE HILLSBORO OR CLIMATE NORMALS FOR TODAY
                         NORMAL    RECORD    YEAR
 MAXIMUM TEMPERATURE (F)   74        95      1952
 MINIMUM TEMPERATURE (F)   46        33      1947


SUNRISE AND SUNSET
SEPTEMBER 19 2017.....SUNRISE   656 AM PDT   SUNSET   714 PM PDT
SEPTEMBER 20 2017.....SUNRISE   657 AM PDT   SUNSET   712 PM PDT


-  INDICATES NEGATIVE NUMBERS.
R  INDICATES RECORD WAS SET OR TIED.
MM INDICATES DATA IS MISSING.
T  INDICATES TRACE AMOUNT.




$$
