000
CDUS46 KPQR 271141
CLIHIO


CLIMATE REPORT
NATIONAL WEATHER SERVICE PORTLAND OREGON
440 AM PDT SUN JUL 27 2014


...................................

...THE HILLSBORO OR CLIMATE SUMMARY FOR JULY 26 2014...

CLIMATE NORMAL PERIOD 1981 TO 2010
CLIMATE RECORD PERIOD 1929 TO 2014


WEATHER ITEM   OBSERVED TIME   RECORD YEAR NORMAL DEPARTURE LAST
                VALUE   (LST)  VALUE       VALUE  FROM      YEAR
                                                  NORMAL
..................................................................
TEMPERATURE (F)
 YESTERDAY
  MAXIMUM         85    443 PM 103    1939  82      3       90
  MINIMUM         50    518 AM  37    1930  52     -2       47
  AVERAGE         68                        67      1       69

PRECIPITATION (IN)
  YESTERDAY        0.00          0.38 1947   0.01  -0.01
  MONTH TO DATE    0.52                      0.48   0.04
  SINCE OCT 1     24.78                     37.76 -12.98
  SINCE JAN 1     20.10                     21.37  -1.27

SNOWFALL (IN)
  YESTERDAY        0.0
  MONTH TO DATE    0.0
  SINCE JUN 1      0.0
  SINCE JUL 1      0.0
  SNOW DEPTH       0

DEGREE DAYS
 HEATING
  YESTERDAY        0                         1     -1
  MONTH TO DATE    6                        49    -43
  SINCE JUL 1      6                        49    -43

 COOLING
  YESTERDAY        3                         3      0
  MONTH TO DATE  127                        60     67
  SINCE JAN 1    139                        86     53
..................................................................


WIND (MPH)
  HIGHEST WIND SPEED    15   HIGHEST WIND DIRECTION    NW (320)
  HIGHEST GUST SPEED    21   HIGHEST GUST DIRECTION    NW (310)
  AVERAGE WIND SPEED     5.4


SKY COVER
  POSSIBLE SUNSHINE  MM
  AVERAGE SKY COVER 0.0


WEATHER CONDITIONS
 THE FOLLOWING WEATHER WAS RECORDED YESTERDAY.
  NO SIGNIFICANT WEATHER WAS OBSERVED.


RELATIVE HUMIDITY (PERCENT)
 HIGHEST    89           400 AM
 LOWEST     29           500 PM
 AVERAGE    59

..........................................................


THE HILLSBORO OR CLIMATE NORMALS FOR TODAY
                         NORMAL    RECORD    YEAR
 MAXIMUM TEMPERATURE (F)   82       105      1998
 MINIMUM TEMPERATURE (F)   52        37      1930


SUNRISE AND SUNSET
JULY 27 2014..........SUNRISE   550 AM PDT   SUNSET   846 PM PDT
JULY 28 2014..........SUNRISE   551 AM PDT   SUNSET   845 PM PDT


-  INDICATES NEGATIVE NUMBERS.
R  INDICATES RECORD WAS SET OR TIED.
MM INDICATES DATA IS MISSING.
T  INDICATES TRACE AMOUNT.




$$
