000
CDUS46 KPQR 220220
CLIHIO


CLIMATE REPORT
NATIONAL WEATHER SERVICE PORTLAND OREGON
720 PM PDT FRI JUL 21 2017


...................................

...THE HILLSBORO OR CLIMATE SUMMARY FOR JULY 21 2017...
VALID TODAY AS OF 0700 PM LOCAL TIME.

CLIMATE NORMAL PERIOD 1981 TO 2010
CLIMATE RECORD PERIOD 1929 TO 2017


WEATHER ITEM   OBSERVED TIME   RECORD YEAR NORMAL DEPARTURE LAST
                VALUE   (LST)  VALUE       VALUE  FROM      YEAR
                                                  NORMAL
..................................................................
TEMPERATURE (F)
 TODAY
  MAXIMUM         84    505 PM 108    2006  82      2       88
  MINIMUM         50    512 AM  41    1932  52     -2       55
  AVERAGE         67                        66      1       72

PRECIPITATION (IN)
  TODAY            0.00                      0.01  -0.01      T
  MONTH TO DATE    T                         0.43  -0.43     0.30
  SINCE OCT 1     47.24                     37.71   9.53    43.13
  SINCE JAN 1     27.56                     21.32   6.24    21.11

DEGREE DAYS
 HEATING
  TODAY            0                                         0
  MONTH TO DATE   12                                        21
  SINCE JUN 1    111                                       132
  SINCE JUL 1     12                                        21

 COOLING
  TODAY            2                                         7
  MONTH TO DATE   41                                        25
  SINCE JUN 1     99                                        96
  SINCE JAN 1    129                                       115
..................................................................


WIND (MPH)
  HIGHEST WIND SPEED    12   HIGHEST WIND DIRECTION    NE (30)
  HIGHEST GUST SPEED    17   HIGHEST GUST DIRECTION    NW (300)
  AVERAGE WIND SPEED     2.2


SKY COVER
  POSSIBLE SUNSHINE  MM
  AVERAGE SKY COVER 0.1


WEATHER CONDITIONS
 THE FOLLOWING WEATHER WAS RECORDED TODAY.
  NO SIGNIFICANT WEATHER WAS OBSERVED.


RELATIVE HUMIDITY (PERCENT)
 HIGHEST    96           100 AM
 LOWEST     36           200 PM
 AVERAGE    66

..........................................................


THE HILLSBORO OR CLIMATE NORMALS FOR TOMORROW
                         NORMAL    RECORD    YEAR
 MAXIMUM TEMPERATURE (F)   82       103      1938
                                             1994
 MINIMUM TEMPERATURE (F)   52        40      1933


SUNRISE AND SUNSET
JULY 21 2017..........SUNRISE   544 AM PDT   SUNSET   852 PM PDT
JULY 22 2017..........SUNRISE   545 AM PDT   SUNSET   851 PM PDT


-  INDICATES NEGATIVE NUMBERS.
R  INDICATES RECORD WAS SET OR TIED.
MM INDICATES DATA IS MISSING.
T  INDICATES TRACE AMOUNT.




$$
