000
CDUS46 KPQR 231141
CLIHIO


CLIMATE REPORT
NATIONAL WEATHER SERVICE PORTLAND OREGON
440 AM PDT SAT JUL 23 2016


...................................

...THE HILLSBORO OR CLIMATE SUMMARY FOR JULY 22 2016...

CLIMATE NORMAL PERIOD 1981 TO 2010
CLIMATE RECORD PERIOD 1929 TO 2016


WEATHER ITEM   OBSERVED TIME   RECORD YEAR NORMAL DEPARTURE LAST
                VALUE   (LST)  VALUE       VALUE  FROM      YEAR
                                                  NORMAL
..................................................................
TEMPERATURE (F)
 YESTERDAY
  MAXIMUM         71    300 PM 103    1938  82    -11       70
                                      1994
  MINIMUM         58   1151 PM  40    1933  52      6       52
  AVERAGE         65                        67     -2       61

PRECIPITATION (IN)
  YESTERDAY        0.03          0.10 2014   0.01   0.02
  MONTH TO DATE    0.33                      0.44  -0.11
  SINCE OCT 1     43.16                     37.72   5.44
  SINCE JAN 1     21.14                     21.33  -0.19

SNOWFALL (IN)
  YESTERDAY        0.0
  MONTH TO DATE    0.0
  SINCE JUN 1      0.0
  SINCE JUL 1      0.0
  SNOW DEPTH       0

DEGREE DAYS
 HEATING
  YESTERDAY        0                         1     -1
  MONTH TO DATE   21                        45    -24
  SINCE JUL 1     21                        45    -24

 COOLING
  YESTERDAY        0                         3     -3
  MONTH TO DATE   25                        48    -23
  SINCE JAN 1    115                        74     41
..................................................................


WIND (MPH)
  HIGHEST WIND SPEED    10   HIGHEST WIND DIRECTION     N (350)
  HIGHEST GUST SPEED    14   HIGHEST GUST DIRECTION     N (360)
  AVERAGE WIND SPEED     3.9


SKY COVER
  POSSIBLE SUNSHINE  MM
  AVERAGE SKY COVER 1.0


WEATHER CONDITIONS
 THE FOLLOWING WEATHER WAS RECORDED YESTERDAY.
  LIGHT RAIN
  FOG


RELATIVE HUMIDITY (PERCENT)
 HIGHEST    93           600 AM
 LOWEST     53           200 PM
 AVERAGE    73

..........................................................


THE HILLSBORO OR CLIMATE NORMALS FOR TODAY
                         NORMAL    RECORD    YEAR
 MAXIMUM TEMPERATURE (F)   82       105      2006
 MINIMUM TEMPERATURE (F)   52        42      1932


SUNRISE AND SUNSET
JULY 23 2016..........SUNRISE   546 AM PDT   SUNSET   850 PM PDT
JULY 24 2016..........SUNRISE   547 AM PDT   SUNSET   849 PM PDT


-  INDICATES NEGATIVE NUMBERS.
R  INDICATES RECORD WAS SET OR TIED.
MM INDICATES DATA IS MISSING.
T  INDICATES TRACE AMOUNT.




$$
