000
CDUS46 KPQR 091141
CLIHIO


CLIMATE REPORT
NATIONAL WEATHER SERVICE PORTLAND OREGON
440 AM PDT WED JUL 9 2014


...................................

...THE HILLSBORO OR CLIMATE SUMMARY FOR JULY 8 2014...

CLIMATE NORMAL PERIOD 1981 TO 2010
CLIMATE RECORD PERIOD 1929 TO 2014


WEATHER ITEM   OBSERVED TIME   RECORD YEAR NORMAL DEPARTURE LAST
                VALUE   (LST)  VALUE       VALUE  FROM      YEAR
                                                  NORMAL
..................................................................
TEMPERATURE (F)
 YESTERDAY
  MAXIMUM         89    249 PM 100    1952  79     10       84
  MINIMUM         58    440 AM  39    1981  51      7       48
  AVERAGE         74                        64     10       66

PRECIPITATION (IN)
  YESTERDAY        0.00          0.71 1946   0.03  -0.03
  MONTH TO DATE    0.00                      0.24  -0.24
  SINCE OCT 1     24.26                     37.52 -13.26
  SINCE JAN 1     19.58                     21.13  -1.55

SNOWFALL (IN)
  YESTERDAY        0.0
  MONTH TO DATE    0.0
  SINCE JUN 1      0.0
  SINCE JUL 1      0.0
  SNOW DEPTH       0

DEGREE DAYS
 HEATING
  YESTERDAY        0                         2     -2
  MONTH TO DATE    0                        21    -21
  SINCE JUL 1      0                        21    -21

 COOLING
  YESTERDAY        9                         2      7
  MONTH TO DATE   49                        13     36
  SINCE JAN 1     61                        39     22
..................................................................


WIND (MPH)
  HIGHEST WIND SPEED    20   HIGHEST WIND DIRECTION    NW (310)
  HIGHEST GUST SPEED    26   HIGHEST GUST DIRECTION    NW (310)
  AVERAGE WIND SPEED     8.8


SKY COVER
  POSSIBLE SUNSHINE  MM
  AVERAGE SKY COVER 0.0


WEATHER CONDITIONS
 THE FOLLOWING WEATHER WAS RECORDED YESTERDAY.
  NO SIGNIFICANT WEATHER WAS OBSERVED.


RELATIVE HUMIDITY (PERCENT)
 HIGHEST    87           400 AM
 LOWEST     34           100 PM
 AVERAGE    61

..........................................................


THE HILLSBORO OR CLIMATE NORMALS FOR TODAY
                         NORMAL    RECORD    YEAR
 MAXIMUM TEMPERATURE (F)   79       101      1952
 MINIMUM TEMPERATURE (F)   51        43      1935


SUNRISE AND SUNSET
JULY  9 2014..........SUNRISE   532 AM PDT   SUNSET   901 PM PDT
JULY 10 2014..........SUNRISE   533 AM PDT   SUNSET   901 PM PDT


-  INDICATES NEGATIVE NUMBERS.
R  INDICATES RECORD WAS SET OR TIED.
MM INDICATES DATA IS MISSING.
T  INDICATES TRACE AMOUNT.




$$
