418
CDUS46 KHNX 240024
CLIHJO


CLIMATE REPORT
NATIONAL WEATHER SERVICE SAN JOAQUIN VALLEY, CA
523 PM PDT THU MAR 23 2017


...................................

...THE HANFORD CA CLIMATE SUMMARY FOR MARCH 23 2017...
VALID AS OF 0400 PM LOCAL TIME.

CLIMATE NORMAL PERIOD 1981 TO 2010
CLIMATE RECORD PERIOD 1998 TO 2017


WEATHER ITEM   OBSERVED TIME   RECORD YEAR NORMAL DEPARTURE LAST
                VALUE   (LST)  VALUE       VALUE  FROM      YEAR
                                                  NORMAL
..................................................................
TEMPERATURE (F)
 TODAY
  MAXIMUM         62    333 PM  81    2008  69     -7       68
  MINIMUM         42    643 AM  31    2013  43     -1       38
  AVERAGE         52                        56     -4       53

PRECIPITATION (IN)
  TODAY            0.00          0.44 2011   0.04  -0.04     0.00
  MONTH TO DATE    0.26                      1.30  -1.04     2.00
  SINCE OCT 1      9.36                      8.20   1.16     7.48
  SINCE JAN 1      6.49                      5.07   1.42     4.88

SNOWFALL (IN)
  TODAY            0.0
  MONTH TO DATE    0.0
  SINCE MAR 1      0.0
  SINCE JUL 1      0.0
  SNOW DEPTH       0

DEGREE DAYS
 HEATING
  TODAY           13                                        12
  MONTH TO DATE  179                                       162
  SINCE MAR 1    179                                       162
  SINCE JUL 1   1906                                      2052

 COOLING
  TODAY            0                                         0
  MONTH TO DATE    8                                         1
  SINCE MAR 1      8                                         1
  SINCE JAN 1      8                                         1
..................................................................


WIND (MPH)
  HIGHEST WIND SPEED    16   HIGHEST WIND DIRECTION    NW (320)
  HIGHEST GUST SPEED    23   HIGHEST GUST DIRECTION    NW (330)
  AVERAGE WIND SPEED     6.3




RELATIVE HUMIDITY (PERCENT)
 HIGHEST    96
 LOWEST     60
 AVERAGE    78

..........................................................


THE HANFORD CA CLIMATE NORMALS FOR TOMORROW
                         NORMAL    RECORD    YEAR
 MAXIMUM TEMPERATURE (F)   69        83      2014
 MINIMUM TEMPERATURE (F)   43        34      2009


SUNRISE AND SUNSET
MARCH 23 2017.........SUNRISE   657 AM PDT   SUNSET   713 PM PDT
MARCH 24 2017.........SUNRISE   656 AM PDT   SUNSET   714 PM PDT


-  INDICATES NEGATIVE NUMBERS.
R  INDICATES RECORD WAS SET OR TIED.
MM INDICATES DATA IS MISSING.
T  INDICATES TRACE AMOUNT.




$$
