000
CDUS46 KHNX 210826
CLIHJO


CLIMATE REPORT
NATIONAL WEATHER SERVICE SAN JOAQUIN VALLEY, CA
126 AM PDT MON APR 21 2014


...................................

...THE HANFORD CA CLIMATE SUMMARY FOR APRIL 20 2014...

CLIMATE NORMAL PERIOD 1981 TO 2010
CLIMATE RECORD PERIOD 1998 TO 2014


WEATHER ITEM   OBSERVED TIME   RECORD YEAR NORMAL DEPARTURE
                VALUE   (LST)  VALUE       VALUE  FROM
                                                  NORMAL
...............................................................
TEMPERATURE (F)
 YESTERDAY
  MAXIMUM         83    405 PM  97    2009  76      7
  MINIMUM         47    548 AM  38    2007  47      0
  AVERAGE         65                        62      3

PRECIPITATION (IN)
  YESTERDAY        0.00          0.64 2010   0.03  -0.03
  MONTH TO DATE    T                         0.52  -0.52
  SINCE JUL 1      2.62                      9.26  -6.64
  SINCE JAN 1      2.23                      5.92  -3.69

SNOWFALL (IN)
  YESTERDAY        0.0
  MONTH TO DATE    0.0
  SINCE MAR 1      0.0
  SINCE JUL 1      0.0
  SNOW DEPTH       0

DEGREE DAYS
 HEATING
  YESTERDAY        0
  MONTH TO DATE   61
  SINCE MAR 1    236
  SINCE JUL 1   2013

 COOLING
  YESTERDAY        0
  MONTH TO DATE   60
  SINCE MAR 1     60
  SINCE JAN 1     60
...............................................................


WIND (MPH)
  HIGHEST WIND SPEED    15   HIGHEST WIND DIRECTION    NW (330)
  HIGHEST GUST SPEED    19   HIGHEST GUST DIRECTION    NW (320)
  AVERAGE WIND SPEED     5.8




RELATIVE HUMIDITY (PERCENT)
 HIGHEST    86
 LOWEST     22
 AVERAGE    54

..........................................................


THE HANFORD CA CLIMATE NORMALS FOR TODAY
                         NORMAL    RECORD    YEAR
 MAXIMUM TEMPERATURE (F)   77        97      2009
 MINIMUM TEMPERATURE (F)   48        38      2004


SUNRISE AND SUNSET
APRIL 21 2014.........SUNRISE   617 AM PDT   SUNSET   738 PM PDT
APRIL 22 2014.........SUNRISE   616 AM PDT   SUNSET   739 PM PDT


-  INDICATES NEGATIVE NUMBERS.
R  INDICATES RECORD WAS SET OR TIED.
MM INDICATES DATA IS MISSING.
T  INDICATES TRACE AMOUNT.




$$
