000
CDUS46 KHNX 280826
CLIHJO


CLIMATE REPORT
NATIONAL WEATHER SERVICE SAN JOAQUIN VALLEY, CA
124 AM PDT SAT MAY 28 2016


...................................

...THE HANFORD CA CLIMATE SUMMARY FOR MAY 27 2016...

CLIMATE NORMAL PERIOD 1981 TO 2010
CLIMATE RECORD PERIOD 1998 TO 2016


WEATHER ITEM   OBSERVED TIME   RECORD YEAR NORMAL DEPARTURE
                VALUE   (LST)  VALUE       VALUE  FROM
                                                  NORMAL
...............................................................
TEMPERATURE (F)
 YESTERDAY
  MAXIMUM         90    311 PM  98    2009  87      3
  MINIMUM         57    518 AM  46    1998  56      1
  AVERAGE         74                        71      3

PRECIPITATION (IN)
  YESTERDAY        0.00          0.04 2010   0.01  -0.01
  MONTH TO DATE    0.17                      0.38  -0.21
  SINCE OCT 1      8.22                      9.70  -1.48
  SINCE JAN 1      5.62                      6.57  -0.95

SNOWFALL (IN)
  YESTERDAY        0.0
  MONTH TO DATE    0.0
  SINCE MAR 1      0.0
  SINCE JUL 1      0.0
  SNOW DEPTH       0

DEGREE DAYS
 HEATING
  YESTERDAY        0
  MONTH TO DATE   10
  SINCE MAR 1    276
  SINCE JUL 1   2166

 COOLING
  YESTERDAY        9
  MONTH TO DATE  141
  SINCE MAR 1    182
  SINCE JAN 1    182
...............................................................


WIND (MPH)
  HIGHEST WIND SPEED    16   HIGHEST WIND DIRECTION    NW (330)
  HIGHEST GUST SPEED    23   HIGHEST GUST DIRECTION    NW (320)
  AVERAGE WIND SPEED     7.2




RELATIVE HUMIDITY (PERCENT)
 HIGHEST    80
 LOWEST     18
 AVERAGE    49

..........................................................


THE HANFORD CA CLIMATE NORMALS FOR TODAY
                         NORMAL    RECORD    YEAR
 MAXIMUM TEMPERATURE (F)   87       104      2003
 MINIMUM TEMPERATURE (F)   56        45      2006


SUNRISE AND SUNSET
MAY 28 2016...........SUNRISE   544 AM PDT   SUNSET   808 PM PDT
MAY 29 2016...........SUNRISE   543 AM PDT   SUNSET   809 PM PDT


-  INDICATES NEGATIVE NUMBERS.
R  INDICATES RECORD WAS SET OR TIED.
MM INDICATES DATA IS MISSING.
T  INDICATES TRACE AMOUNT.




$$
