000
CDUS46 KHNX 300834
CLIHJO


CLIMATE REPORT
NATIONAL WEATHER SERVICE SAN JOAQUIN VALLEY, CA
134 AM PDT SAT APR 30 2016


...................................

...THE HANFORD CA CLIMATE SUMMARY FOR APRIL 29 2016...

CLIMATE NORMAL PERIOD 1981 TO 2010
CLIMATE RECORD PERIOD 1998 TO 2016


WEATHER ITEM   OBSERVED TIME   RECORD YEAR NORMAL DEPARTURE
                VALUE   (LST)  VALUE       VALUE  FROM
                                                  NORMAL
...............................................................
TEMPERATURE (F)
 YESTERDAY
  MAXIMUM         82    359 PM  94    2015  79      3
                                      2004
  MINIMUM         49    307 AM  41    2010  50     -1
  AVERAGE         66                        64      2

PRECIPITATION (IN)
  YESTERDAY        0.00          T    2002   0.03  -0.03
  MONTH TO DATE    0.57                      0.77  -0.20
  SINCE OCT 1      8.05                      9.30  -1.25
  SINCE JAN 1      5.45                      6.17  -0.72

SNOWFALL (IN)
  YESTERDAY        0.0
  MONTH TO DATE    0.0
  SINCE MAR 1      0.0
  SINCE JUL 1      0.0
  SNOW DEPTH       0

DEGREE DAYS
 HEATING
  YESTERDAY        0
  MONTH TO DATE   45
  SINCE MAR 1    266
  SINCE JUL 1   2156

 COOLING
  YESTERDAY        1
  MONTH TO DATE   40
  SINCE MAR 1     41
  SINCE JAN 1     41
...............................................................


WIND (MPH)
  HIGHEST WIND SPEED    18   HIGHEST WIND DIRECTION    NW (320)
  HIGHEST GUST SPEED    21   HIGHEST GUST DIRECTION     N (340)
  AVERAGE WIND SPEED     6.6




RELATIVE HUMIDITY (PERCENT)
 HIGHEST    86
 LOWEST     21
 AVERAGE    54

..........................................................


THE HANFORD CA CLIMATE NORMALS FOR TODAY
                         NORMAL    RECORD    YEAR
 MAXIMUM TEMPERATURE (F)   80        96      2015
 MINIMUM TEMPERATURE (F)   50        37      2010


SUNRISE AND SUNSET
APRIL 30 2016.........SUNRISE   606 AM PDT   SUNSET   746 PM PDT
MAY  1 2016...........SUNRISE   605 AM PDT   SUNSET   747 PM PDT


-  INDICATES NEGATIVE NUMBERS.
R  INDICATES RECORD WAS SET OR TIED.
MM INDICATES DATA IS MISSING.
T  INDICATES TRACE AMOUNT.




$$
