000
CDUS46 KHNX 230820
CLIHJO


CLIMATE REPORT
NATIONAL WEATHER SERVICE SAN JOAQUIN VALLEY, CA
120 AM PDT THU OCT 23 2014


...................................

...THE HANFORD CA CLIMATE SUMMARY FOR OCTOBER 22 2014...

CLIMATE NORMAL PERIOD 1981 TO 2010
CLIMATE RECORD PERIOD 1998 TO 2014


WEATHER ITEM   OBSERVED TIME   RECORD YEAR NORMAL DEPARTURE
                VALUE   (LST)  VALUE       VALUE  FROM
                                                  NORMAL
...............................................................
TEMPERATURE (F)
 YESTERDAY
  MAXIMUM         77    322 PM  88    2003  77      0
  MINIMUM         46    646 AM  38    2007  46      0
  AVERAGE         62                        61      1

PRECIPITATION (IN)
  YESTERDAY        0.00          0.12 2012   0.02  -0.02
  MONTH TO DATE    T                         0.25  -0.25
  SINCE JUL 1      0.01                      0.46  -0.45
  SINCE JAN 1      2.44                      7.22  -4.78

SNOWFALL (IN)
  YESTERDAY        0.0
  MONTH TO DATE    0.0
  SINCE SEP 1      0.0
  SINCE JUL 1      0.0
  SNOW DEPTH       0

DEGREE DAYS
 HEATING
  YESTERDAY        3
  MONTH TO DATE    4
  SINCE SEP 1      4
  SINCE JUL 1      4

 COOLING
  YESTERDAY        0
  MONTH TO DATE  125
  SINCE SEP 1    514
  SINCE JAN 1   2271
...............................................................


WIND (MPH)
  HIGHEST WIND SPEED     9   HIGHEST WIND DIRECTION    NW (330)
  HIGHEST GUST SPEED    12   HIGHEST GUST DIRECTION    NW (330)
  AVERAGE WIND SPEED     3.5




RELATIVE HUMIDITY (PERCENT)
 HIGHEST    86
 LOWEST     29
 AVERAGE    58

..........................................................


THE HANFORD CA CLIMATE NORMALS FOR TODAY
                         NORMAL    RECORD    YEAR
 MAXIMUM TEMPERATURE (F)   76        87      2008
 MINIMUM TEMPERATURE (F)   46        40      2012


SUNRISE AND SUNSET
OCTOBER 23 2014.......SUNRISE   713 AM PDT   SUNSET   612 PM PDT
OCTOBER 24 2014.......SUNRISE   714 AM PDT   SUNSET   611 PM PDT


-  INDICATES NEGATIVE NUMBERS.
R  INDICATES RECORD WAS SET OR TIED.
MM INDICATES DATA IS MISSING.
T  INDICATES TRACE AMOUNT.




$$
