000
CDUS46 KHNX 030021
CLIHJO


CLIMATE REPORT
NATIONAL WEATHER SERVICE SAN JOAQUIN VALLEY, CA
421 PM PST MON MAR 2 2015


...................................

...THE HANFORD CA CLIMATE SUMMARY FOR MARCH 2 2015...
VALID AS OF 0400 PM LOCAL TIME.

CLIMATE NORMAL PERIOD 1981 TO 2010
CLIMATE RECORD PERIOD 1998 TO 2015


WEATHER ITEM   OBSERVED TIME   RECORD YEAR NORMAL DEPARTURE LAST
                VALUE   (LST)  VALUE       VALUE  FROM      YEAR
                                                  NORMAL
..................................................................
TEMPERATURE (F)
 TODAY
  MAXIMUM         61    239 PM  77    2013  66     -5       63
  MINIMUM         45   1212 AM  37    2012  42      3       47
                                      2006
  AVERAGE         53                        54     -1       55

PRECIPITATION (IN)
  TODAY            0.14          0.17 2005   0.08   0.06     0.00
  MONTH TO DATE    0.14                      0.17  -0.03      T
  SINCE OCT 1      4.05                      7.07  -3.02     2.14
  SINCE JAN 1      0.93                      3.94  -3.01     1.76

SNOWFALL (IN)
  TODAY           MM
  MONTH TO DATE   MM
  SINCE MAR 1     MM
  SINCE JUL 1      0.0
  SNOW DEPTH       0

DEGREE DAYS
 HEATING
  TODAY           12                                        10
  MONTH TO DATE   25                                        18
  SINCE MAR 1     25                                        18
  SINCE JUL 1   1567                                      1795

 COOLING
  TODAY            0                                         0
  MONTH TO DATE    0                                         0
  SINCE MAR 1      0                                         0
  SINCE JAN 1      0                                         0
..................................................................


WIND (MPH)
  HIGHEST WIND SPEED    17   HIGHEST WIND DIRECTION     S (170)
  HIGHEST GUST SPEED    20   HIGHEST GUST DIRECTION     S (170)
  AVERAGE WIND SPEED     8.2




RELATIVE HUMIDITY (PERCENT)
 HIGHEST    93
 LOWEST     55
 AVERAGE    74

..........................................................


THE HANFORD CA CLIMATE NORMALS FOR TOMORROW
                         NORMAL    RECORD    YEAR
 MAXIMUM TEMPERATURE (F)   66        72      2013
 MINIMUM TEMPERATURE (F)   42        32      2012


SUNRISE AND SUNSET
MARCH  2 2015.........SUNRISE   628 AM PST   SUNSET   554 PM PST
MARCH  3 2015.........SUNRISE   626 AM PST   SUNSET   555 PM PST


-  INDICATES NEGATIVE NUMBERS.
R  INDICATES RECORD WAS SET OR TIED.
MM INDICATES DATA IS MISSING.
T  INDICATES TRACE AMOUNT.




$$
