000
CDUS43 KGLD 170752
CLIHLC

CLIMATE REPORT
NATIONAL WEATHER SERVICE GOODLAND
1252 AM MST WED JAN 17 2018


...................................

...THE HILL CITY KS CLIMATE SUMMARY FOR JANUARY 16 2018...

CLIMATE NORMAL PERIOD 1981 TO 2010
CLIMATE RECORD PERIOD 1896 TO 2018


WEATHER ITEM   OBSERVED TIME   RECORD YEAR NORMAL DEPARTURE LAST
                VALUE   (LST)  VALUE       VALUE  FROM      YEAR
                                                  NORMAL
..................................................................
TEMPERATURE (F)
 YESTERDAY
  MAXIMUM         19    431 PM  71    2006  42    -23       35
                                      2000
  MINIMUM         -3    815 AM -15    1930  17    -20       30
  AVERAGE          8                        29    -21       33

PRECIPITATION (IN)
  YESTERDAY        0.00                      0.01  -0.01     0.71
  MONTH TO DATE    0.05                      0.15  -0.10     1.06
  SINCE DEC 1      0.08                      0.84  -0.76     1.48
  SINCE JAN 1      0.05                      0.15  -0.10     1.06

..................................................................

THE HILL CITY KS CLIMATE NORMALS FOR TODAY
                         NORMAL    RECORD    YEAR
 MAXIMUM TEMPERATURE (F)   42        68      1996
 MINIMUM TEMPERATURE (F)   17       -15      1930



-  INDICATES NEGATIVE NUMBERS.
R  INDICATES RECORD WAS SET OR TIED.
MM INDICATES DATA IS MISSING.
T  INDICATES TRACE AMOUNT.




$$
