000
CDUS43 KGLD 010740
CLIHLC

CLIMATE REPORT
NATIONAL WEATHER SERVICE GOODLAND
137 AM MDT MON SEP 1 2014

...................................

...THE HILL CITY KS CLIMATE SUMMARY FOR AUGUST 31 2014...

CLIMATE NORMAL PERIOD 1981 TO 2010
CLIMATE RECORD PERIOD 1896 TO 2014

WEATHER ITEM   OBSERVED TIME   RECORD YEAR NORMAL DEPARTURE LAST
                VALUE   (LST)  VALUE       VALUE  FROM      YEAR
                                                  NORMAL
..................................................................
TEMPERATURE (F)
 YESTERDAY
  MAXIMUM         92    245 PM 106    1922  87      5      100
  MINIMUM         63   1159 PM  44    1915  60      3       68
  AVERAGE         78                        73      5       84

PRECIPITATION (IN)
  YESTERDAY        0.03                      0.11  -0.08     0.03
  MONTH TO DATE    6.15                      2.91   3.24     0.76
  SINCE JUN 1     14.88                      9.38   5.50     8.60
  SINCE JAN 1     19.82                     17.88   1.94    12.94

..................................................................

THE HILL CITY KS CLIMATE NORMALS FOR TODAY
                         NORMAL    RECORD    YEAR
 MAXIMUM TEMPERATURE (F)   87       108      2011
 MINIMUM TEMPERATURE (F)   59        40      1949

-  INDICATES NEGATIVE NUMBERS.
R  INDICATES RECORD WAS SET OR TIED.
MM INDICATES DATA IS MISSING.
T  INDICATES TRACE AMOUNT.

$$
