000
CDUS43 KGLD 260743 RRA
CLIHLC

CLIMATE REPORT
NATIONAL WEATHER SERVICE GOODLAND
1241 AM MST FRI DEC 26 2014


...................................

...THE HILL CITY KS CLIMATE SUMMARY FOR DECEMBER 25 2014...

CLIMATE NORMAL PERIOD 1981 TO 2010
CLIMATE RECORD PERIOD 1896 TO 2014


WEATHER ITEM   OBSERVED TIME   RECORD YEAR NORMAL DEPARTURE LAST
                VALUE   (LST)  VALUE       VALUE  FROM      YEAR
                                                  NORMAL
..................................................................
TEMPERATURE (F)
 YESTERDAY
  MAXIMUM         56    326 PM  76    1950  41     15       47
  MINIMUM         27    751 AM -13    1983  16     11       20
  AVERAGE         42                        29     13       34

PRECIPITATION (IN)
  YESTERDAY        0.00                      0.02  -0.02     0.00
  MONTH TO DATE    0.27                      0.60  -0.33     0.06
  SINCE DEC 1      0.27                      0.60  -0.33     0.06
  SINCE JAN 1     21.72                     22.83  -1.11    17.62

..................................................................


THE HILL CITY KS CLIMATE NORMALS FOR TODAY
                         NORMAL    RECORD    YEAR
 MAXIMUM TEMPERATURE (F)   41        70      2008
                                             2005
 MINIMUM TEMPERATURE (F)   16        -6      1983
                                             1962



-  INDICATES NEGATIVE NUMBERS.
R  INDICATES RECORD WAS SET OR TIED.
MM INDICATES DATA IS MISSING.
T  INDICATES TRACE AMOUNT.

$$
