000
CDUS41 KPBZ 260702
CLIHLG


CLIMATE REPORT
NATIONAL WEATHER SERVICE PITTSBURGH PA
302 AM EDT MON JUN 26 2017


...................................

...THE WHEELING CLIMATE SUMMARY FOR JUNE 25 2017...

CLIMATE NORMAL PERIOD 1981 TO 2010
CLIMATE RECORD PERIOD 1878 TO 2017


WEATHER ITEM   OBSERVED TIME   RECORD YEAR NORMAL DEPARTURE LAST
                VALUE   (LST)  VALUE       VALUE  FROM      YEAR
                                                  NORMAL
..................................................................
TEMPERATURE (F)
 YESTERDAY
  MAXIMUM         74    345 PM  97    1943  80     -6       87
  MINIMUM         59   1159 PM  41    1936  61     -2       62
  AVERAGE         67                        70     -3       75

PRECIPITATION (IN)
  YESTERDAY        0.00          3.18 1923   0.15  -0.15     0.00
  MONTH TO DATE    7.10                      4.17   2.93     2.26
  SINCE JAN 1     25.16                     19.34   5.82    16.39

DEGREE DAYS
 HEATING
  YESTERDAY        0                         0      0        0
  MONTH TO DATE   25                        38    -13       12
  SINCE JUN 1     25                        38    -13       12
  SINCE JUL 1   4572                      5587  -1015     4479

 COOLING
  YESTERDAY        2                                        10
  MONTH TO DATE  143                                       174
  SINCE JUN 1    143                                       174
  SINCE JAN 1    212                                       237
..................................................................


WIND (MPH)
  HIGHEST WIND SPEED    21   HIGHEST WIND DIRECTION     W (250)
  HIGHEST GUST SPEED    31   HIGHEST GUST DIRECTION     W (250)
  AVERAGE WIND SPEED     9.1


SKY COVER
  POSSIBLE SUNSHINE  MM
  AVERAGE SKY COVER 0.4


WEATHER CONDITIONS
 THE FOLLOWING WEATHER WAS RECORDED YESTERDAY.
  NO SIGNIFICANT WEATHER WAS OBSERVED.


RELATIVE HUMIDITY (PERCENT)
 HIGHEST    84           100 AM
 LOWEST     38           200 PM
 AVERAGE    61

..........................................................


THE WHEELING CLIMATE NORMALS FOR TODAY
                         NORMAL    RECORD    YEAR
 MAXIMUM TEMPERATURE (F)   81        96      1952
                                             1943
 MINIMUM TEMPERATURE (F)   61        45      1922


SUNRISE AND SUNSET
JUNE 26 2017..........SUNRISE   555 AM EDT   SUNSET   856 PM EDT
JUNE 27 2017..........SUNRISE   555 AM EDT   SUNSET   856 PM EDT


-  INDICATES NEGATIVE NUMBERS.
R  INDICATES RECORD WAS SET OR TIED.
MM INDICATES DATA IS MISSING.
T  INDICATES TRACE AMOUNT.




$$
