000
CDUS41 KPBZ 180706
CLIHLG


CLIMATE REPORT
NATIONAL WEATHER SERVICE PITTSBURGH PA
306 AM EDT WED OCT 18 2017


...................................

...THE WHEELING CLIMATE SUMMARY FOR OCTOBER 17 2017...

CLIMATE NORMAL PERIOD 1981 TO 2010
CLIMATE RECORD PERIOD 1878 TO 2017


WEATHER ITEM   OBSERVED TIME   RECORD YEAR NORMAL DEPARTURE LAST
                VALUE   (LST)  VALUE       VALUE  FROM      YEAR
                                                  NORMAL
..................................................................
TEMPERATURE (F)
 YESTERDAY
  MAXIMUM         63    333 PM  82    1938  62      1       81
  MINIMUM         35    639 AM  25    1940  43     -8       61
                                      1937
  AVERAGE         49                        53     -4       71

PRECIPITATION (IN)
  YESTERDAY        0.00          1.61 2006   0.08  -0.08     0.17
  MONTH TO DATE    1.81                      1.42   0.39     0.45
  SINCE JAN 1     37.47                     31.19   6.28    29.85

DEGREE DAYS
 HEATING
  YESTERDAY       16                        12      4        0
  MONTH TO DATE   53                       168   -115       95
  SINCE SEP 1    132                       258   -126      105
  SINCE JUL 1    139                       269   -130      107

 COOLING
  YESTERDAY        0                                         6
  MONTH TO DATE   37                                        11
  SINCE SEP 1    129                                       185
  SINCE JAN 1    757                                      1181
..................................................................


WIND (MPH)
  HIGHEST WIND SPEED    13   HIGHEST WIND DIRECTION     W (260)
  HIGHEST GUST SPEED    17   HIGHEST GUST DIRECTION     W (250)
  AVERAGE WIND SPEED     6.0


SKY COVER
  POSSIBLE SUNSHINE  MM
  AVERAGE SKY COVER 0.0


WEATHER CONDITIONS
 THE FOLLOWING WEATHER WAS RECORDED YESTERDAY.
  FOG


RELATIVE HUMIDITY (PERCENT)
 HIGHEST    92           400 AM
 LOWEST     36           300 PM
 AVERAGE    64

..........................................................


THE WHEELING CLIMATE NORMALS FOR TODAY
                         NORMAL    RECORD    YEAR
 MAXIMUM TEMPERATURE (F)   62        81      2016
                                             1938
 MINIMUM TEMPERATURE (F)   43        19      1939


SUNRISE AND SUNSET
OCTOBER 18 2017.......SUNRISE   737 AM EDT   SUNSET   638 PM EDT
OCTOBER 19 2017.......SUNRISE   738 AM EDT   SUNSET   637 PM EDT


-  INDICATES NEGATIVE NUMBERS.
R  INDICATES RECORD WAS SET OR TIED.
MM INDICATES DATA IS MISSING.
T  INDICATES TRACE AMOUNT.




$$
