000
CDUS41 KPBZ 190703
CLIHLG


CLIMATE REPORT
NATIONAL WEATHER SERVICE PITTSBURGH PA
303 AM EDT SAT AUG 19 2017


...................................

...THE WHEELING CLIMATE SUMMARY FOR AUGUST 18 2017...

CLIMATE NORMAL PERIOD 1981 TO 2010
CLIMATE RECORD PERIOD 1878 TO 2017


WEATHER ITEM   OBSERVED TIME   RECORD YEAR NORMAL DEPARTURE LAST
                VALUE   (LST)  VALUE       VALUE  FROM      YEAR
                                                  NORMAL
..................................................................
TEMPERATURE (F)
 YESTERDAY
  MAXIMUM         83    335 PM  95    1940  81      2       85
  MINIMUM         69   1159 PM  44    1941  61      8       69
  AVERAGE         76                        71      5       77

PRECIPITATION (IN)
  YESTERDAY        1.12          1.88 2015   0.13   0.99     0.00
  MONTH TO DATE    3.33                      1.86   1.47     4.37
  SINCE JAN 1     33.71                     25.88   7.83    24.80

DEGREE DAYS
 HEATING
  YESTERDAY        0                         0      0        0
  MONTH TO DATE    1                         0      1        0
  SINCE JUN 1     33                        41     -8       14
  SINCE JUL 1      1                         3     -2        2

 COOLING
  YESTERDAY       11                                        12
  MONTH TO DATE   98                                       237
  SINCE JUN 1    507                                       794
  SINCE JAN 1    576                                       857
..................................................................


WIND (MPH)
  HIGHEST WIND SPEED    20   HIGHEST WIND DIRECTION     W (250)
  HIGHEST GUST SPEED    27   HIGHEST GUST DIRECTION     W (250)
  AVERAGE WIND SPEED     8.1


SKY COVER
  POSSIBLE SUNSHINE  MM
  AVERAGE SKY COVER 0.6


WEATHER CONDITIONS
 THE FOLLOWING WEATHER WAS RECORDED YESTERDAY.
  HEAVY RAIN
  RAIN
  LIGHT RAIN
  FOG
  FOG W/VISIBILITY <= 1/4 MILE


RELATIVE HUMIDITY (PERCENT)
 HIGHEST    93          1200 AM
 LOWEST     47           300 PM
 AVERAGE    70

..........................................................


THE WHEELING CLIMATE NORMALS FOR TODAY
                         NORMAL    RECORD    YEAR
 MAXIMUM TEMPERATURE (F)   81        95      1945
 MINIMUM TEMPERATURE (F)   61        44      1944
                                             1930
                                             1924


SUNRISE AND SUNSET
AUGUST 19 2017........SUNRISE   638 AM EDT   SUNSET   814 PM EDT
AUGUST 20 2017........SUNRISE   639 AM EDT   SUNSET   812 PM EDT


-  INDICATES NEGATIVE NUMBERS.
R  INDICATES RECORD WAS SET OR TIED.
MM INDICATES DATA IS MISSING.
T  INDICATES TRACE AMOUNT.




$$
