000
CDUS45 KTFX 142229
CLIHLN


CLIMATE REPORT
NATIONAL WEATHER SERVICE GREAT FALLS MT
429 PM MDT SUN SEP 14 2014


...................................

...THE HELENA MT CLIMATE SUMMARY FOR SEPTEMBER 14 2014...
VALID TODAY AS OF 0400 PM LOCAL TIME.

CLIMATE NORMAL PERIOD 1981 TO 2010
CLIMATE RECORD PERIOD 1866 TO 2014


WEATHER ITEM   OBSERVED TIME   RECORD YEAR NORMAL DEPARTURE LAST
                VALUE   (LST)  VALUE       VALUE  FROM      YEAR
                                                  NORMAL
..................................................................
TEMPERATURE (F)
 TODAY
  MAXIMUM         70    256 PM  94    1948  73     -3       78
  MINIMUM         35    620 AM  18    1970  44     -9       60
  AVERAGE         53                        58     -5       69

PRECIPITATION (IN)
  TODAY            0.00          1.05 1906   0.04  -0.04     0.00
  MONTH TO DATE    0.17                      0.56  -0.39     0.16
  SINCE OCT 1     10.03                     10.68  -0.65    11.58
  SINCE JAN 1      9.03                      9.11  -0.08     8.28

SNOWFALL (IN)
  TODAY            0.0           2.4  1982   0.1   -0.1      0.0
  MONTH TO DATE    T                         0.5   -0.5      0.0
  SINCE SEP 1      T                         0.5   -0.5      0.0
  SINCE JUL 1      T                         0.8   -0.8      0.0
  SNOW DEPTH       0

DEGREE DAYS
 HEATING
  TODAY           12                         7      5        0
  MONTH TO DATE  137                        74     63        0
  SINCE SEP 1    137                        74     63        0
  SINCE JUL 1    184                       143     41        3

 COOLING
  TODAY            0                         1     -1        4
  MONTH TO DATE    1                        19    -18       72
  SINCE SEP 1      1                        19    -18       72
  SINCE JAN 1    449                       402     47      581
..................................................................


WIND (MPH)
  HIGHEST WIND SPEED     7   HIGHEST WIND DIRECTION    NE (60)
  HIGHEST GUST SPEED     8   HIGHEST GUST DIRECTION    NE (60)
  AVERAGE WIND SPEED     1.1


SKY COVER
  AVERAGE SKY COVER 0.0


WEATHER CONDITIONS
 THE FOLLOWING WEATHER WAS RECORDED TODAY.
  NO SIGNIFICANT WEATHER WAS OBSERVED.


RELATIVE HUMIDITY (PERCENT)
 HIGHEST    89           600 AM
 LOWEST     26           300 PM
 AVERAGE    58

..........................................................


THE HELENA MT CLIMATE NORMALS FOR TOMORROW
                         NORMAL    RECORD    YEAR
 MAXIMUM TEMPERATURE (F)   73        94      2000
 MINIMUM TEMPERATURE (F)   43        22      1970


SUNRISE AND SUNSET
SEPTEMBER 14 2014.....SUNRISE   705 AM MDT   SUNSET   741 PM MDT
SEPTEMBER 15 2014.....SUNRISE   706 AM MDT   SUNSET   739 PM MDT


-  INDICATES NEGATIVE NUMBERS.
R  INDICATES RECORD WAS SET OR TIED.
MM INDICATES DATA IS MISSING.
T  INDICATES TRACE AMOUNT.




$$
