000
CDUS45 KTFX 281008
CLIHLN


CLIMATE REPORT
NATIONAL WEATHER SERVICE GREAT FALLS MT
407 AM MDT TUE JUL 28 2015


...................................

...THE HELENA MT CLIMATE SUMMARY FOR JULY 27 2015...

CLIMATE NORMAL PERIOD 1981 TO 2010
CLIMATE RECORD PERIOD 1866 TO 2015


WEATHER ITEM   OBSERVED TIME   RECORD YEAR NORMAL DEPARTURE LAST
                VALUE   (LST)  VALUE       VALUE  FROM      YEAR
                                                  NORMAL
..................................................................
TEMPERATURE (F)
 YESTERDAY
  MAXIMUM         63   1222 AM  99    2006  88    -25       92
                                      1935
  MINIMUM         52    556 PM  44    1913  55     -3       51
  AVERAGE         58                        72    -14       72

PRECIPITATION (IN)
  YESTERDAY        0.78          1.12 2009   0.03   0.75     0.00
  MONTH TO DATE    1.28                      1.05   0.23     0.56
  SINCE OCT 1      8.12                      8.78  -0.66     7.75
  SINCE JAN 1      5.84                      7.21  -1.37     6.75

SNOWFALL (IN)
  YESTERDAY        0.0           0.0  1999   0.0    0.0      0.0
                                      1995
  MONTH TO DATE    0.0                       0.0    0.0      0.0
  SINCE JUN 1      0.0                       T      0.0      0.0
  SINCE JUL 1      0.0                       0.0    0.0      0.0
  SNOW DEPTH       0

DEGREE DAYS
 HEATING
  YESTERDAY        7                         0      7        0
  MONTH TO DATE   14                        26    -12        0
  SINCE JUN 1     46                       162   -116      127
  SINCE JUL 1     14                        26    -12        0

 COOLING
  YESTERDAY        0                         7     -7        7
  MONTH TO DATE  165                       157      8      218
  SINCE JUN 1    342                       206    136      221
  SINCE JAN 1    342                       214    128      225
..................................................................


WIND (MPH)
  HIGHEST WIND SPEED    23   HIGHEST WIND DIRECTION     W (270)
  HIGHEST GUST SPEED    29   HIGHEST GUST DIRECTION     W (260)
  AVERAGE WIND SPEED     9.2


SKY COVER
  AVERAGE SKY COVER 0.9


WEATHER CONDITIONS
 THE FOLLOWING WEATHER WAS RECORDED YESTERDAY.
  RAIN
  LIGHT RAIN
  FOG


RELATIVE HUMIDITY (PERCENT)
 HIGHEST    93           700 AM
 LOWEST     56          1200 AM
 AVERAGE    75

..........................................................


THE HELENA MT CLIMATE NORMALS FOR TODAY
                         NORMAL    RECORD    YEAR
 MAXIMUM TEMPERATURE (F)   88       101      2006
 MINIMUM TEMPERATURE (F)   55        38      1949


SUNRISE AND SUNSET
JULY 28 2015..........SUNRISE   604 AM MDT   SUNSET   905 PM MDT
JULY 29 2015..........SUNRISE   605 AM MDT   SUNSET   903 PM MDT


-  INDICATES NEGATIVE NUMBERS.
R  INDICATES RECORD WAS SET OR TIED.
MM INDICATES DATA IS MISSING.
T  INDICATES TRACE AMOUNT.




$$
