000
CDUS45 KTFX 272232
CLIHLN


CLIMATE REPORT
NATIONAL WEATHER SERVICE GREAT FALLS MT
430 PM MDT SAT AUG 27 2016


...................................

...THE HELENA MT CLIMATE SUMMARY FOR AUGUST 27 2016...
VALID TODAY AS OF 0400 PM LOCAL TIME.

CLIMATE NORMAL PERIOD 1981 TO 2010
CLIMATE RECORD PERIOD 1866 TO 2016


WEATHER ITEM   OBSERVED TIME   RECORD YEAR NORMAL DEPARTURE LAST
                VALUE   (LST)  VALUE       VALUE  FROM      YEAR
                                                  NORMAL
..................................................................
TEMPERATURE (F)
 TODAY
  MAXIMUM         88    249 PM  98    2001  81      7       87
  MINIMUM         53    522 AM  37    1993  50      3       60
  AVERAGE         71                        65      6       74

PRECIPITATION (IN)
  TODAY            0.00          0.64 1925   0.04  -0.04     0.00
  MONTH TO DATE    0.92                      1.04  -0.12     0.25
  SINCE OCT 1      7.90                      9.96  -2.06     8.37
  SINCE JAN 1      6.20                      8.39  -2.19     6.09

SNOWFALL (IN)
  TODAY            0.0           0.0  1999   0.0    0.0      0.0
                                      1995
  MONTH TO DATE    0.0                       0.2   -0.2      0.0
  SINCE JUN 1      T                         0.2   -0.2      0.0
  SINCE JUL 1      0.0                       0.2   -0.2      0.0

DEGREE DAYS
 HEATING
  TODAY            0                         2     -2        0
  MONTH TO DATE   26                        28     -2       22
  SINCE JUN 1     98                       191    -93       69
  SINCE JUL 1     44                        55    -11       37

 COOLING
  TODAY            6                         3      3        9
  MONTH TO DATE  100                       136    -36      156
  SINCE JUN 1    413                       366     47      514
  SINCE JAN 1    413                       374     39      514
..................................................................


WIND (MPH)
  HIGHEST WIND SPEED    20   HIGHEST WIND DIRECTION     W (280)
  HIGHEST GUST SPEED    28   HIGHEST GUST DIRECTION    NW (300)
  AVERAGE WIND SPEED     2.9


SKY COVER
  AVERAGE SKY COVER 0.1


WEATHER CONDITIONS
 THE FOLLOWING WEATHER WAS RECORDED TODAY.
  NO SIGNIFICANT WEATHER WAS OBSERVED.


RELATIVE HUMIDITY (PERCENT)
 HIGHEST    55           700 AM
 LOWEST     16           200 PM
 AVERAGE    36

..........................................................


THE HELENA MT CLIMATE NORMALS FOR TOMORROW
                         NORMAL    RECORD    YEAR
 MAXIMUM TEMPERATURE (F)   81        97      2012
 MINIMUM TEMPERATURE (F)   49        36      1977


SUNRISE AND SUNSET
AUGUST 27 2016........SUNRISE   642 AM MDT   SUNSET   815 PM MDT
AUGUST 28 2016........SUNRISE   644 AM MDT   SUNSET   814 PM MDT


-  INDICATES NEGATIVE NUMBERS.
R  INDICATES RECORD WAS SET OR TIED.
MM INDICATES DATA IS MISSING.
T  INDICATES TRACE AMOUNT.




$$
