000
CDHW40 PHFO 190242
CLIHNL


CLIMATE REPORT
NATIONAL WEATHER SERVICE HONOLULU HI
441 PM HST SUN FEB 18 2018


...................................

...THE HONOLULU HI CLIMATE SUMMARY FOR FEBRUARY 18 2018...
VALID TODAY AS OF 0400 PM LOCAL TIME.

CLIMATE NORMAL PERIOD 1981 TO 2010
CLIMATE RECORD PERIOD 1946 TO 2018


WEATHER ITEM   OBSERVED TIME   RECORD YEAR NORMAL DEPARTURE LAST
                VALUE   (LST)  VALUE       VALUE  FROM      YEAR
                                                  NORMAL
..................................................................
TEMPERATURE (F)
 TODAY
  MAXIMUM         79   1039 AM  84    2017  80     -1       84
                                      2002
                                      1981
  MINIMUM         72    359 PM  57    1986  66      6       68
  AVERAGE         76                        73      3       76

PRECIPITATION (IN)
  TODAY            0.02          0.56 1995   0.08  -0.06     0.00
  MONTH TO DATE    3.09                      1.22   1.87     5.74
  SINCE DEC 1      6.55                      6.77  -0.22     6.82
  SINCE JAN 1      3.15                      3.53  -0.38     5.95

SNOWFALL (IN)
  TODAY            0.0
  MONTH TO DATE    0.0
  SINCE DEC 1      0.0
  SINCE JUL 1      0.0
  SNOW DEPTH      MM

DEGREE DAYS
 HEATING
  TODAY            0                         0      0        0
  MONTH TO DATE    0                         0      0        0
  SINCE DEC 1      0                         0      0        0
  SINCE JUL 1      0                         0      0        0

 COOLING
  TODAY           11                         8      3       11
  MONTH TO DATE  179                       144     35      166
  SINCE DEC 1    857                       700    157      744
  SINCE JAN 1    551                       398    153      439
..................................................................


WIND (MPH)
  HIGHEST WIND SPEED    16   HIGHEST WIND DIRECTION     E (80)
  HIGHEST GUST SPEED    22   HIGHEST GUST DIRECTION    NE (50)
  AVERAGE WIND SPEED    MM


SKY COVER
  POSSIBLE SUNSHINE  MM
  AVERAGE SKY COVER  MM


WEATHER CONDITIONS
 THE FOLLOWING WEATHER WAS RECORDED TODAY.
  THUNDERSTORM


RELATIVE HUMIDITY (PERCENT)
 HIGHEST    MM
 LOWEST     MM
 AVERAGE    MM

..........................................................


THE HONOLULU HI CLIMATE NORMALS FOR TOMORROW
                         NORMAL    RECORD    YEAR
 MAXIMUM TEMPERATURE (F)   80        87      2004
 MINIMUM TEMPERATURE (F)   66        57      1990


SUNRISE AND SUNSET
FEBRUARY 18 2018......SUNRISE   700 AM HST   SUNSET   631 PM HST
FEBRUARY 19 2018......SUNRISE   659 AM HST   SUNSET   632 PM HST


-  INDICATES NEGATIVE NUMBERS.
R  INDICATES RECORD WAS SET OR TIED.
MM INDICATES DATA IS MISSING.
T  INDICATES TRACE AMOUNT.




$$
