000
CDHW40 PHFO 210243
CLIHNL


CLIMATE REPORT
NATIONAL WEATHER SERVICE HONOLULU HI
441 PM HST MON NOV 20 2017


...................................

...THE HONOLULU HI CLIMATE SUMMARY FOR NOVEMBER 20 2017...
VALID TODAY AS OF 0400 PM LOCAL TIME.

CLIMATE NORMAL PERIOD 1981 TO 2010
CLIMATE RECORD PERIOD 1946 TO 2017


WEATHER ITEM   OBSERVED TIME   RECORD YEAR NORMAL DEPARTURE LAST
                VALUE   (LST)  VALUE       VALUE  FROM      YEAR
                                                  NORMAL
..................................................................
TEMPERATURE (F)
 TODAY
  MAXIMUM         83    240 PM  87    1991  84     -1       84
                                      1988
                                      1986
  MINIMUM         66    506 AM  63    1949  71     -5       73
  AVERAGE         75                        77     -2       79

PRECIPITATION (IN)
  TODAY            T             1.74 2015   0.07  -0.07      T
  MONTH TO DATE    0.44                      1.66  -1.22     0.10
  SINCE SEP 1      3.32                      4.20  -0.88     3.14
  SINCE JAN 1     19.21                     13.10   6.11    11.66

SNOWFALL (IN)
  TODAY            0.0
  MONTH TO DATE    0.0
  SINCE SEP 1      0.0
  SINCE JUL 1      0.0
  SNOW DEPTH      MM

DEGREE DAYS
 HEATING
  TODAY            0                         0      0        0
  MONTH TO DATE    0                         0      0        0
  SINCE SEP 1      0                         0      0        0
  SINCE JUL 1      0                         0      0        0

 COOLING
  TODAY           10                        12     -2       14
  MONTH TO DATE  298                       263     35      258
  SINCE SEP 1   1262                      1225     37     1197
  SINCE JAN 1   4315                      4209    106     4312
..................................................................


WIND (MPH)
  HIGHEST WIND SPEED    17   HIGHEST WIND DIRECTION     N (350)
  HIGHEST GUST SPEED    26   HIGHEST GUST DIRECTION    NW (330)
  AVERAGE WIND SPEED    MM


SKY COVER
  POSSIBLE SUNSHINE  MM
  AVERAGE SKY COVER  MM


WEATHER CONDITIONS
 THE FOLLOWING WEATHER WAS RECORDED TODAY.
  NO SIGNIFICANT WEATHER WAS OBSERVED.


RELATIVE HUMIDITY (PERCENT)
 HIGHEST    MM
 LOWEST     MM
 AVERAGE    MM

..........................................................


THE HONOLULU HI CLIMATE NORMALS FOR TOMORROW
                         NORMAL    RECORD    YEAR
 MAXIMUM TEMPERATURE (F)   83        88      1991
                                             1983
                                             1980
 MINIMUM TEMPERATURE (F)   71        62      1949


SUNRISE AND SUNSET
NOVEMBER 20 2017......SUNRISE   646 AM HST   SUNSET   549 PM HST
NOVEMBER 21 2017......SUNRISE   647 AM HST   SUNSET   549 PM HST


-  INDICATES NEGATIVE NUMBERS.
R  INDICATES RECORD WAS SET OR TIED.
MM INDICATES DATA IS MISSING.
T  INDICATES TRACE AMOUNT.




$$
