000
CDHW40 PHFO 290236
CLIHNL


CLIMATE REPORT
NATIONAL WEATHER SERVICE HONOLULU HI
436 PM HST TUE MAR 28 2017


...................................

...THE HONOLULU HI CLIMATE SUMMARY FOR MARCH 28 2017...
VALID TODAY AS OF 0400 PM LOCAL TIME.

CLIMATE NORMAL PERIOD 1981 TO 2010
CLIMATE RECORD PERIOD 1946 TO 2017


WEATHER ITEM   OBSERVED TIME   RECORD YEAR NORMAL DEPARTURE LAST
                VALUE   (LST)  VALUE       VALUE  FROM      YEAR
                                                  NORMAL
..................................................................
TEMPERATURE (F)
 TODAY
  MAXIMUM         85    324 PM  87    1988  82      3       83
  MINIMUM         67    134 AM  61    1996  69     -2       67
                                      1969
                                      1965
  AVERAGE         76                        75      1       75

PRECIPITATION (IN)
  TODAY            0.00          1.43 1975   0.06  -0.06     0.00
  MONTH TO DATE    2.75                      1.86   0.89     0.22
  SINCE MAR 1      2.75                      1.86   0.89     0.22
  SINCE JAN 1     10.08                      6.16   3.92     0.65

SNOWFALL (IN)
  TODAY            0.0
  MONTH TO DATE    0.0
  SINCE MAR 1      0.0
  SINCE JUL 1      0.0
  SNOW DEPTH       0

DEGREE DAYS
 HEATING
  TODAY            0                         0      0        0
  MONTH TO DATE    0                         0      0        0
  SINCE MAR 1      0                         0      0        0
  SINCE JUL 1      0                         0      0        0

 COOLING
  TODAY           11                        10      1       10
  MONTH TO DATE  314                       263     51      272
  SINCE MAR 1    314                       263     51      272
  SINCE JAN 1    841                       745     96      854
..................................................................


WIND (MPH)
  HIGHEST WIND SPEED    20   HIGHEST WIND DIRECTION    NE (60)
  HIGHEST GUST SPEED    26   HIGHEST GUST DIRECTION     E (80)
  AVERAGE WIND SPEED     9.0


SKY COVER
  POSSIBLE SUNSHINE  MM
  AVERAGE SKY COVER 0.7


WEATHER CONDITIONS
 THE FOLLOWING WEATHER WAS RECORDED TODAY.
  LIGHT RAIN
  HAZE


RELATIVE HUMIDITY (PERCENT)
 HIGHEST    79           700 AM
 LOWEST     47           100 PM
 AVERAGE    63

..........................................................


THE HONOLULU HI CLIMATE NORMALS FOR TOMORROW
                         NORMAL    RECORD    YEAR
 MAXIMUM TEMPERATURE (F)   82        86      2008
                                             1996
                                             1989
 MINIMUM TEMPERATURE (F)   69        58      1975


SUNRISE AND SUNSET
MARCH 28 2017.........SUNRISE   628 AM HST   SUNSET   645 PM HST
MARCH 29 2017.........SUNRISE   627 AM HST   SUNSET   646 PM HST


-  INDICATES NEGATIVE NUMBERS.
R  INDICATES RECORD WAS SET OR TIED.
MM INDICATES DATA IS MISSING.
T  INDICATES TRACE AMOUNT.




$$
