000
CDHW40 PHFO 280226
CLIHNL


CLIMATE REPORT
NATIONAL WEATHER SERVICE HONOLULU HI
426 PM HST WED AUG 27 2014


...................................

...THE HONOLULU HI CLIMATE SUMMARY FOR AUGUST 27 2014...
VALID TODAY AS OF 0400 PM LOCAL TIME.

CLIMATE NORMAL PERIOD 1981 TO 2010
CLIMATE RECORD PERIOD 1946 TO 2014


WEATHER ITEM   OBSERVED TIME   RECORD YEAR NORMAL DEPARTURE LAST
                VALUE   (LST)  VALUE       VALUE  FROM      YEAR
                                                  NORMAL
..................................................................
TEMPERATURE (F)
 TODAY
  MAXIMUM         89    156 PM  92    2005  89      0       89
                                      1996
                                      1986
  MINIMUM         77    605 AM  68    1974  75      2       76
                                      1971
  AVERAGE         83                        82      1       83

PRECIPITATION (IN)
  TODAY            0.00          0.07 1950   0.02  -0.02      T
  MONTH TO DATE    0.56                      0.48   0.08     0.06
  SINCE JUN 1      2.26                      1.25   1.01     0.58
  SINCE JAN 1     12.23                      8.82   3.41     9.04

SNOWFALL (IN)
  TODAY            0.0
  MONTH TO DATE    0.0
  SINCE JUN 1      0.0
  SINCE JUL 1      0.0
  SNOW DEPTH       0

DEGREE DAYS
 HEATING
  TODAY            0                         0      0        0
  MONTH TO DATE    0                         0      0        0
  SINCE JUN 1      0                         0      0        0
  SINCE JUL 1      0                         0      0        0

 COOLING
  TODAY           18                        17      1       18
  MONTH TO DATE  479                       459     20      445
  SINCE JUN 1   1482                      1417     65     1337
  SINCE JAN 1   3091                      2919    172     2797
..................................................................


WIND (MPH)
  HIGHEST WIND SPEED    22   HIGHEST WIND DIRECTION     E (80)
  HIGHEST GUST SPEED    33   HIGHEST GUST DIRECTION     E (80)
  AVERAGE WIND SPEED    10.4


SKY COVER
  POSSIBLE SUNSHINE  MM
  AVERAGE SKY COVER 0.4


WEATHER CONDITIONS
 THE FOLLOWING WEATHER WAS RECORDED TODAY.
  HAZE


RELATIVE HUMIDITY (PERCENT)
 HIGHEST    71          1200 AM
 LOWEST     43          1200 PM
 AVERAGE    57

..........................................................


THE HONOLULU HI CLIMATE NORMALS FOR TOMORROW
                         NORMAL    RECORD    YEAR
 MAXIMUM TEMPERATURE (F)   89        92      1986
 MINIMUM TEMPERATURE (F)   75        69      1979


SUNRISE AND SUNSET
AUGUST 27 2014........SUNRISE   614 AM HST   SUNSET   652 PM HST
AUGUST 28 2014........SUNRISE   614 AM HST   SUNSET   651 PM HST


-  INDICATES NEGATIVE NUMBERS.
R  INDICATES RECORD WAS SET OR TIED.
MM INDICATES DATA IS MISSING.
T  INDICATES TRACE AMOUNT.




$$
