000
CDHW40 PHFO 301245
CLIHNL


CLIMATE REPORT
NATIONAL WEATHER SERVICE HONOLULU HI
245 AM HST SAT JUL 30 2016


...................................

...THE HONOLULU HI CLIMATE SUMMARY FOR JULY 29 2016...

CLIMATE NORMAL PERIOD 1981 TO 2010
CLIMATE RECORD PERIOD 1946 TO 2016


WEATHER ITEM   OBSERVED TIME   RECORD YEAR NORMAL DEPARTURE LAST
                VALUE   (LST)  VALUE       VALUE  FROM      YEAR
                                                  NORMAL
..................................................................
TEMPERATURE (F)
 YESTERDAY
  MAXIMUM         88   1121 AM  92    1997  88      0       90
                                      1987
  MINIMUM         74    545 PM  70    1974  75     -1       77
                                      1965
                                      1958
  AVERAGE         81                        82     -1       84

PRECIPITATION (IN)
  YESTERDAY        T             0.96 1954   0.02  -0.02     0.00
  MONTH TO DATE    2.36                      0.47   1.89     0.36
  SINCE JUN 1      2.55                      0.73   1.82     0.59
  SINCE JAN 1      6.59                      8.30  -1.71     3.58

SNOWFALL (IN)
  YESTERDAY        0.0
  MONTH TO DATE    0.0
  SINCE JUN 1      0.0
  SINCE JUL 1      0.0
  SNOW DEPTH       0

DEGREE DAYS
 HEATING
  YESTERDAY        0                         0      0        0
  MONTH TO DATE    0                         0      0        0
  SINCE JUN 1      0                         0      0        0
  SINCE JUL 1      0                         0      0        0

 COOLING
  YESTERDAY       16                        17     -1       19
  MONTH TO DATE  474                       467      7      498
  SINCE JUN 1    904                       923    -19      978
  SINCE JAN 1   2618                      2425    193     2448
..................................................................


WIND (MPH)
  HIGHEST WIND SPEED    23   HIGHEST WIND DIRECTION    NE (60)
  HIGHEST GUST SPEED    30   HIGHEST GUST DIRECTION     E (70)
  AVERAGE WIND SPEED    10.9


SKY COVER
  POSSIBLE SUNSHINE  MM
  AVERAGE SKY COVER 0.6


WEATHER CONDITIONS
 THE FOLLOWING WEATHER WAS RECORDED YESTERDAY.
  LIGHT RAIN


RELATIVE HUMIDITY (PERCENT)
 HIGHEST    67          1200 AM
 LOWEST     42          1200 PM
 AVERAGE    55

..........................................................


THE HONOLULU HI CLIMATE NORMALS FOR TODAY
                         NORMAL    RECORD    YEAR
 MAXIMUM TEMPERATURE (F)   88        92      2015
                                             1990
 MINIMUM TEMPERATURE (F)   75        71      1976
                                             1972
                                             1965


SUNRISE AND SUNSET
JULY 30 2016..........SUNRISE   605 AM HST   SUNSET   711 PM HST
JULY 31 2016..........SUNRISE   605 AM HST   SUNSET   711 PM HST


-  INDICATES NEGATIVE NUMBERS.
R  INDICATES RECORD WAS SET OR TIED.
MM INDICATES DATA IS MISSING.
T  INDICATES TRACE AMOUNT.




$$
