000
CDHW40 PHFO 270245
CLIHNL


CLIMATE REPORT
NATIONAL WEATHER SERVICE HONOLULU HI
445 PM HST FRI AUG 26 2016


...................................

...THE HONOLULU HI CLIMATE SUMMARY FOR AUGUST 26 2016...
VALID TODAY AS OF 0400 PM LOCAL TIME.

CLIMATE NORMAL PERIOD 1981 TO 2010
CLIMATE RECORD PERIOD 1946 TO 2016


WEATHER ITEM   OBSERVED TIME   RECORD YEAR NORMAL DEPARTURE LAST
                VALUE   (LST)  VALUE       VALUE  FROM      YEAR
                                                  NORMAL
..................................................................
TEMPERATURE (F)
 TODAY
  MAXIMUM         88   1156 AM  93    1996  89     -1       MM
  MINIMUM         76    439 AM  67    1974  75      1       MM
  AVERAGE         82                        82      0       MM

PRECIPITATION (IN)
  TODAY            T             0.27 1947   0.02  -0.02    MM
  MONTH TO DATE    1.52                      0.46   1.06     2.05
  SINCE JUN 1      4.42                      1.23   3.19     2.64
  SINCE JAN 1      8.46                      8.80  -0.34     5.63

SNOWFALL (IN)
  TODAY            0.0
  MONTH TO DATE    0.0
  SINCE JUN 1      0.0
  SINCE JUL 1      0.0
  SNOW DEPTH       0

DEGREE DAYS
 HEATING
  TODAY            0                         0      0       MM
  MONTH TO DATE    0                         0      0        0
  SINCE JUN 1      0                         0      0        0
  SINCE JUL 1      0                         0      0        0

 COOLING
  TODAY           17                        17      0       MM
  MONTH TO DATE  382                       442    -60      413
  SINCE JUN 1   1317                      1400    -83     1431
  SINCE JAN 1   3031                      2902    129     2901
..................................................................


WIND (MPH)
  HIGHEST WIND SPEED    22   HIGHEST WIND DIRECTION     E (80)
  HIGHEST GUST SPEED    31   HIGHEST GUST DIRECTION     N (20)
  AVERAGE WIND SPEED    12.3


SKY COVER
  POSSIBLE SUNSHINE  MM
  AVERAGE SKY COVER 0.5


WEATHER CONDITIONS
 THE FOLLOWING WEATHER WAS RECORDED TODAY.
  LIGHT RAIN


RELATIVE HUMIDITY (PERCENT)
 HIGHEST    82           100 AM
 LOWEST     46          1200 PM
 AVERAGE    64

..........................................................


THE HONOLULU HI CLIMATE NORMALS FOR TOMORROW
                         NORMAL    RECORD    YEAR
 MAXIMUM TEMPERATURE (F)   89        92      2005
                                             1996
                                             1986
 MINIMUM TEMPERATURE (F)   75        68      1974
                                             1971


SUNRISE AND SUNSET
AUGUST 26 2016........SUNRISE   614 AM HST   SUNSET   653 PM HST
AUGUST 27 2016........SUNRISE   614 AM HST   SUNSET   652 PM HST


-  INDICATES NEGATIVE NUMBERS.
R  INDICATES RECORD WAS SET OR TIED.
MM INDICATES DATA IS MISSING.
T  INDICATES TRACE AMOUNT.




$$
