000
CDUS43 KFSD 300635
CLIHON


CLIMATE REPORT
NATIONAL WEATHER SERVICE SIOUX FALLS SD
133 AM CDT TUE SEP 30 2014


...................................

...THE HURON SD CLIMATE SUMMARY FOR SEPTEMBER 29 2014...

CLIMATE NORMAL PERIOD 1981 TO 2010
CLIMATE RECORD PERIOD 1881 TO 2014


WEATHER ITEM   OBSERVED TIME   RECORD YEAR NORMAL DEPARTURE LAST
                VALUE   (LST)  VALUE       VALUE  FROM      YEAR
                                                  NORMAL
..................................................................
TEMPERATURE (F)
 YESTERDAY
  MAXIMUM         70    415 PM  94    1897  69      1       83
  MINIMUM         55   1159 PM  18    1899  42     13       43
  AVERAGE         63                        55      8       63

PRECIPITATION (IN)
  YESTERDAY        0.00          0.85 1962   0.07  -0.07     0.00
  MONTH TO DATE    0.74                      2.39  -1.65     1.41
  SINCE SEP 1      0.74                      2.39  -1.65     1.41
  SINCE JAN 1     14.30                     19.65  -5.35    18.61

SNOWFALL (IN)
  YESTERDAY        0.0           0.0    MM   0.0    0.0      0.0
  MONTH TO DATE    0.0                       0.1   -0.1      0.0
  SINCE SEP 1      0.0                       0.1   -0.1      0.0
  SINCE JUL 1      0.0                       0.1   -0.1      0.0
  SNOW DEPTH       0

DEGREE DAYS
 HEATING
  YESTERDAY        2                        10     -8        2
  MONTH TO DATE  139                       156    -17       53
  SINCE SEP 1    139                       156    -17       53
  SINCE JUL 1    172                       185    -13       75

 COOLING
  YESTERDAY        0                         1     -1        0
  MONTH TO DATE   73                        70      3      155
  SINCE SEP 1     73                        70      3      155
  SINCE JAN 1    596                       739   -143      843
..................................................................


WIND (MPH)
  HIGHEST WIND SPEED    17   HIGHEST WIND DIRECTION    SE (120)
  HIGHEST GUST SPEED    24   HIGHEST GUST DIRECTION    SE (140)
  AVERAGE WIND SPEED    11.4


SKY COVER
  POSSIBLE SUNSHINE  MM
  AVERAGE SKY COVER 0.7


WEATHER CONDITIONS
 THE FOLLOWING WEATHER WAS RECORDED YESTERDAY.
  NO SIGNIFICANT WEATHER WAS OBSERVED.


RELATIVE HUMIDITY (PERCENT)
 HIGHEST    86          1200 AM
 LOWEST     61           300 PM
 AVERAGE    74

..........................................................


THE HURON SD CLIMATE NORMALS FOR TODAY
                         NORMAL    RECORD    YEAR
 MAXIMUM TEMPERATURE (F)   68        92      1989
 MINIMUM TEMPERATURE (F)   42        19      1974


SUNRISE AND SUNSET
SEPTEMBER 30 2014.....SUNRISE   729 AM CDT   SUNSET   715 PM CDT
OCTOBER  1 2014.......SUNRISE   731 AM CDT   SUNSET   714 PM CDT


-  INDICATES NEGATIVE NUMBERS.
R  INDICATES RECORD WAS SET OR TIED.
MM INDICATES DATA IS MISSING.
T  INDICATES TRACE AMOUNT.




$$
