000
CDUS43 KFSD 290639
CLIHON


CLIMATE REPORT
NATIONAL WEATHER SERVICE SIOUX FALLS SD
138 AM CDT WED MAR 29 2017


...................................

...THE HURON SD CLIMATE SUMMARY FOR MARCH 28 2017...

CLIMATE NORMAL PERIOD 1981 TO 2010
CLIMATE RECORD PERIOD 1881 TO 2017


WEATHER ITEM   OBSERVED TIME   RECORD YEAR NORMAL DEPARTURE LAST
                VALUE   (LST)  VALUE       VALUE  FROM      YEAR
                                                  NORMAL
..................................................................
TEMPERATURE (F)
 YESTERDAY
  MAXIMUM         62    315 PM  82    1946  50     12       61
  MINIMUM         32    436 AM   0    1899  27      5       29
  AVERAGE         47                        38      9       45

PRECIPITATION (IN)
  YESTERDAY        0.00          0.97 1940   0.07  -0.07     0.00
  MONTH TO DATE    0.77                      1.26  -0.49     0.71
  SINCE MAR 1      0.77                      1.26  -0.49     0.71
  SINCE JAN 1      1.57                      2.36  -0.79     1.58

SNOWFALL (IN)
  YESTERDAY        0.0          10.3  1965   0.2   -0.2      0.0
  MONTH TO DATE   13.9                       8.2    5.7      2.3
  SINCE MAR 1     13.9                       8.2    5.7      2.3
  SINCE JUL 1     35.9                      39.2   -3.3     33.0
  SNOW DEPTH       0

DEGREE DAYS
 HEATING
  YESTERDAY       18                        27     -9       20
  MONTH TO DATE  890                       910    -20      685
  SINCE MAR 1    890                       910    -20      685
  SINCE JUL 1   6039                      6742   -703     5761

 COOLING
  YESTERDAY        0                         0      0        0
  MONTH TO DATE    0                         0      0        0
  SINCE MAR 1      0                         0      0        0
  SINCE JAN 1      0                         0      0        0
..................................................................


WIND (MPH)
  HIGHEST WIND SPEED    15   HIGHEST WIND DIRECTION     E (100)
  HIGHEST GUST SPEED    18   HIGHEST GUST DIRECTION     E (80)
  AVERAGE WIND SPEED     6.3


SKY COVER
  POSSIBLE SUNSHINE  MM
  AVERAGE SKY COVER 0.0


WEATHER CONDITIONS
 THE FOLLOWING WEATHER WAS RECORDED YESTERDAY.
  NO SIGNIFICANT WEATHER WAS OBSERVED.


RELATIVE HUMIDITY (PERCENT)
 HIGHEST   100           300 AM
 LOWEST     36           400 PM
 AVERAGE    68

..........................................................


THE HURON SD CLIMATE NORMALS FOR TODAY
                         NORMAL    RECORD    YEAR
 MAXIMUM TEMPERATURE (F)   50        82      1943
 MINIMUM TEMPERATURE (F)   27        -4      1965


SUNRISE AND SUNSET
MARCH 29 2017.........SUNRISE   719 AM CDT   SUNSET   757 PM CDT
MARCH 30 2017.........SUNRISE   717 AM CDT   SUNSET   758 PM CDT


-  INDICATES NEGATIVE NUMBERS.
R  INDICATES RECORD WAS SET OR TIED.
MM INDICATES DATA IS MISSING.
T  INDICATES TRACE AMOUNT.




$$
