000
CDUS43 KFSD 230630
CLIHON


CLIMATE REPORT
NATIONAL WEATHER SERVICE SIOUX FALLS SD
130 AM CDT THU OCT 23 2014


...................................

...THE HURON SD CLIMATE SUMMARY FOR OCTOBER 22 2014...

CLIMATE NORMAL PERIOD 1981 TO 2010
CLIMATE RECORD PERIOD 1881 TO 2014


WEATHER ITEM   OBSERVED TIME   RECORD YEAR NORMAL DEPARTURE LAST
                VALUE   (LST)  VALUE       VALUE  FROM      YEAR
                                                  NORMAL
..................................................................
TEMPERATURE (F)
 YESTERDAY
  MAXIMUM         67   1140 AM  84    1992  58      9       40
  MINIMUM         46   1159 PM  13    1896  33     13       29
  AVERAGE         57                        45     12       35

PRECIPITATION (IN)
  YESTERDAY        0.08          1.25 2008   0.06   0.02     0.09
  MONTH TO DATE    0.14                      1.37  -1.23     5.22
  SINCE SEP 1      1.24                      3.83  -2.59     6.63
  SINCE JAN 1     14.80                     21.09  -6.29    23.83

SNOWFALL (IN)
  YESTERDAY        0.0           4.0  2002   0.1   -0.1      0.6
  MONTH TO DATE    0.0                       0.5   -0.5      0.6
  SINCE SEP 1      0.0                       0.5   -0.5      0.6
  SINCE JUL 1      0.0                       0.5   -0.5      0.6
  SNOW DEPTH       0

DEGREE DAYS
 HEATING
  YESTERDAY        8                        20    -12       30
  MONTH TO DATE  300                       337    -37      330
  SINCE SEP 1    439                       504    -65      383
  SINCE JUL 1    472                       533    -61      405

 COOLING
  YESTERDAY        0                         0      0        0
  MONTH TO DATE    0                         0      0        0
  SINCE SEP 1     74                        69      5      160
  SINCE JAN 1    597                       738   -141      848
..................................................................


WIND (MPH)
  HIGHEST WIND SPEED    22   HIGHEST WIND DIRECTION     S (160)
  HIGHEST GUST SPEED    31   HIGHEST GUST DIRECTION    SE (140)
  AVERAGE WIND SPEED    11.8


SKY COVER
  POSSIBLE SUNSHINE  MM
  AVERAGE SKY COVER 0.3


WEATHER CONDITIONS
 THE FOLLOWING WEATHER WAS RECORDED YESTERDAY.
  RAIN
  FOG


RELATIVE HUMIDITY (PERCENT)
 HIGHEST    96           800 PM
 LOWEST     46          1200 AM
 AVERAGE    71

..........................................................


THE HURON SD CLIMATE NORMALS FOR TODAY
                         NORMAL    RECORD    YEAR
 MAXIMUM TEMPERATURE (F)   57        83      1927
 MINIMUM TEMPERATURE (F)   33         6      1917


SUNRISE AND SUNSET
OCTOBER 23 2014.......SUNRISE   758 AM CDT   SUNSET   635 PM CDT
OCTOBER 24 2014.......SUNRISE   759 AM CDT   SUNSET   634 PM CDT


-  INDICATES NEGATIVE NUMBERS.
R  INDICATES RECORD WAS SET OR TIED.
MM INDICATES DATA IS MISSING.
T  INDICATES TRACE AMOUNT.




$$
