000
CDUS43 KFSD 132231
CLIHON


CLIMATE REPORT
NATIONAL WEATHER SERVICE SIOUX FALLS SD
428 PM CST SAT FEB 13 2016


...................................

...THE HURON SD CLIMATE SUMMARY FOR FEBRUARY 13 2016...
VALID TODAY AS OF 0400 PM LOCAL TIME.

CLIMATE NORMAL PERIOD 1981 TO 2010
CLIMATE RECORD PERIOD 1881 TO 2016


WEATHER ITEM   OBSERVED TIME   RECORD YEAR NORMAL DEPARTURE LAST
                VALUE   (LST)  VALUE       VALUE  FROM      YEAR
                                                  NORMAL
..................................................................
TEMPERATURE (F)
 TODAY
  MAXIMUM         14    359 PM  62    1983  31    -17       41
  MINIMUM          2   1233 AM -30    1905  11     -9        7
  AVERAGE          8                        21    -13       24

PRECIPITATION (IN)
  TODAY            0.00          0.40 1915   0.02  -0.02      T
  MONTH TO DATE    0.13                      0.25  -0.12     0.06
  SINCE DEC 1      1.70                      1.27   0.43     1.11
  SINCE JAN 1      0.42                      0.75  -0.33     0.41

SNOWFALL (IN)
  TODAY            0.0           4.6  1973   0.2   -0.2       T
  MONTH TO DATE    1.4                       3.2   -1.8      0.7
  SINCE DEC 1     21.0                      18.5    2.5     10.4
  SINCE JUL 1     26.6                      26.8   -0.2     18.3
  SNOW DEPTH       T

DEGREE DAYS
 HEATING
  TODAY           57                        44     13       41
  MONTH TO DATE  552                       594    -42      593
  SINCE DEC 1   3300                      3509   -209     3293
  SINCE JUL 1   4590                      5211   -621     5150

 COOLING
  TODAY            0                         0      0        0
  MONTH TO DATE    0                         0      0        0
  SINCE DEC 1      0                         0      0        0
  SINCE JAN 1      0                         0      0        0
..................................................................


WIND (MPH)
  HIGHEST WIND SPEED    29   HIGHEST WIND DIRECTION     S (160)
  HIGHEST GUST SPEED    37   HIGHEST GUST DIRECTION    SE (150)
  AVERAGE WIND SPEED    15.6


SKY COVER
  POSSIBLE SUNSHINE  MM
  AVERAGE SKY COVER 0.8


WEATHER CONDITIONS
 THE FOLLOWING WEATHER WAS RECORDED TODAY.
  NO SIGNIFICANT WEATHER WAS OBSERVED.


RELATIVE HUMIDITY (PERCENT)
 HIGHEST    72          1200 AM
 LOWEST     62           300 AM
 AVERAGE    67

..........................................................


THE HURON SD CLIMATE NORMALS FOR TOMORROW
                         NORMAL    RECORD    YEAR
 MAXIMUM TEMPERATURE (F)   31        60      1999
                                             1934
 MINIMUM TEMPERATURE (F)   11       -27      1936


SUNRISE AND SUNSET
FEBRUARY 13 2016......SUNRISE   736 AM CST   SUNSET   559 PM CST
FEBRUARY 14 2016......SUNRISE   735 AM CST   SUNSET   600 PM CST


-  INDICATES NEGATIVE NUMBERS.
R  INDICATES RECORD WAS SET OR TIED.
MM INDICATES DATA IS MISSING.
T  INDICATES TRACE AMOUNT.




$$
