530
CDUS44 KHGX 210729
CLIHOU

CLIMATE REPORT
NATIONAL WEATHER SERVICE HOUSTON/GALVESTON TX
217 AM CDT FRI JUL 21 2017


...................................

...THE HOUSTON INTERCONTINENTAL CLIMATE SUMMARY FOR JULY 20 2017...

CLIMATE NORMAL PERIOD 1981 TO 2010
CLIMATE RECORD PERIOD 1892 TO 2017


WEATHER ITEM   OBSERVED TIME   RECORD YEAR NORMAL DEPARTURE LAST
                VALUE   (LST)  VALUE       VALUE  FROM      YEAR
                                                  NORMAL
..................................................................
TEMPERATURE (F)
 YESTERDAY
  MAXIMUM         97    329 PM 102    2000  94      3       97
  MINIMUM         77    555 AM  69    1976  75      2       76
                                      1970
                                      1917
  AVERAGE         87                        85      2       87

PRECIPITATION (IN)
  YESTERDAY        0.00          2.08 1917   0.11  -0.11     0.01
  MONTH TO DATE    4.72                      2.69   2.03     0.75
  SINCE JUN 1     11.91                      8.62   3.29    13.87
  SINCE JAN 1     30.14                     27.01   3.13    42.82

DEGREE DAYS
 COOLING
  YESTERDAY       22                        20      2       22
  MONTH TO DATE  398                       382     16      459
  SINCE JUN 1    919                       902     17      979
  SINCE JAN 1   1828                      1554    274     1560
..................................................................


WIND (MPH)
  HIGHEST WIND SPEED    14   HIGHEST WIND DIRECTION     S (180)
  HIGHEST GUST SPEED    17   HIGHEST GUST DIRECTION     S (170)




RELATIVE HUMIDITY (PERCENT)
 HIGHEST    94
 LOWEST     46
 AVERAGE    70

..........................................................


THE HOUSTON INTERCONTINENTAL CLIMATE NORMALS FOR TODAY
                         NORMAL    RECORD    YEAR
 MAXIMUM TEMPERATURE (F)   94       101      2000
 MINIMUM TEMPERATURE (F)   75        65      1989


SUNRISE AND SUNSET
JULY 21 2017..........SUNRISE   634 AM CDT   SUNSET   821 PM CDT
JULY 22 2017..........SUNRISE   635 AM CDT   SUNSET   821 PM CDT


-  INDICATES NEGATIVE NUMBERS.
R  INDICATES RECORD WAS SET OR TIED.
MM INDICATES DATA IS MISSING.
T  INDICATES TRACE AMOUNT.


&&

...................................

...THE HOUSTON/HOBBY AIRPORT CLIMATE SUMMARY FOR JULY 20 2017...

CLIMATE NORMAL PERIOD 1981 TO 2010
CLIMATE RECORD PERIOD 1930 TO 2017


WEATHER ITEM   OBSERVED TIME   RECORD YEAR NORMAL DEPARTURE LAST
                VALUE   (LST)  VALUE       VALUE  FROM      YEAR
                                                  NORMAL
..................................................................
TEMPERATURE (F)
 YESTERDAY
  MAXIMUM         98    232 PM 100    2000  92      6       97
                                      1944
  MINIMUM         80    612 AM  70    1960  76      4       78
  AVERAGE         89                        84      5       88

PRECIPITATION (IN)
  YESTERDAY        0.00          2.32 1979   0.14  -0.14     0.00
  MONTH TO DATE    3.11                      3.30  -0.19     0.19
  SINCE JUN 1      8.31                     10.40  -2.09     9.02
  SINCE JAN 1     28.24                     28.68  -0.44    33.87

DEGREE DAYS
 COOLING
  YESTERDAY       24                        19      5       23
  MONTH TO DATE  421                       374     47      448
  SINCE JUN 1    957                       884     73      998
  SINCE JAN 1   1891                      1538    353     1769
..................................................................


WIND (MPH)
  HIGHEST WIND SPEED    15   HIGHEST WIND DIRECTION    SE (150)
  HIGHEST GUST SPEED    20   HIGHEST GUST DIRECTION    SE (150)




RELATIVE HUMIDITY (PERCENT)
 HIGHEST    85
 LOWEST     45
 AVERAGE    65

..........................................................


THE HOUSTON/HOBBY AIRPORT CLIMATE NORMALS FOR TODAY
                         NORMAL    RECORD    YEAR
 MAXIMUM TEMPERATURE (F)   92        99      2000
 MINIMUM TEMPERATURE (F)   76        70      1989
                                             1970


SUNRISE AND SUNSET
JULY 21 2017..........SUNRISE   635 AM CDT   SUNSET   820 PM CDT
JULY 22 2017..........SUNRISE   635 AM CDT   SUNSET   820 PM CDT


-  INDICATES NEGATIVE NUMBERS.
R  INDICATES RECORD WAS SET OR TIED.
MM INDICATES DATA IS MISSING.
T  INDICATES TRACE AMOUNT.




$$
