000
CDUS44 KHGX 062119
CLIHOU

SATCLIHOU 000
TTAA00 KHGX 062117


CLIMATE REPORT
NATIONAL WEATHER SERVICE HOUSTON/GALVESTON TX
416 PM CDT MON JUL 6 2015


...................................

...THE HOUSTON INTERCONTINENTAL CLIMATE SUMMARY FOR JULY 6 2015...
VALID TODAY AS OF 400 PM LOCAL TIME.

CLIMATE NORMAL PERIOD 1981 TO 2010
CLIMATE RECORD PERIOD 1892 TO 2015


WEATHER ITEM   OBSERVED TIME   RECORD YEAR NORMAL DEPARTURE LAST
                VALUE   (LST)  VALUE       VALUE  FROM      YEAR
                                                  NORMAL
..................................................................
TEMPERATURE (F)
 TODAY
  MAXIMUM         92    225 PM 101    2005  93     -1       89
                                      1980
                                      1957
  MINIMUM         80    611 AM  63    1970  75      5       72
  AVERAGE         86                        84      2       81

PRECIPITATION (IN)
  TODAY            0.00          1.73 1942   0.15  -0.15     0.01
  MONTH TO DATE    0.38                      0.94  -0.56     0.80
  SINCE JUN 1     11.77                      6.87   4.90     2.98
  SINCE JAN 1     42.21                     25.26  16.95    22.05

DEGREE DAYS
 COOLING
  TODAY           21                        19      2       16
  MONTH TO DATE  113                       114     -1      107
  SINCE JUN 1    636                       634      2      640
  SINCE JAN 1   1328                      1286     42     1181
..................................................................


WIND (MPH)
  RESULTANT WIND SPEED  10   RESULTANT WIND DIRECTION   S (170)
  HIGHEST WIND SPEED    21   HIGHEST WIND DIRECTION    SE (150)
  HIGHEST GUST SPEED    26   HIGHEST GUST DIRECTION    SE (150)
  AVERAGE WIND SPEED    10.6



WEATHER CONDITIONS
 THE FOLLOWING WEATHER WAS RECORDED TODAY.
  FOG
  HAZE


RELATIVE HUMIDITY (PERCENT)
 HIGHEST    91           400 AM
 LOWEST     52          1200 PM
 AVERAGE    72

..........................................................


THE HOUSTON INTERCONTINENTAL CLIMATE NORMALS FOR TOMORROW
                         NORMAL    RECORD    YEAR
 MAXIMUM TEMPERATURE (F)   93       100      1980
                                             1971
                                             1939
 MINIMUM TEMPERATURE (F)   75        62      1972


SUNRISE AND SUNSET
JULY  6 2015..........SUNRISE   626 AM CDT   SUNSET   826 PM CDT
JULY  7 2015..........SUNRISE   626 AM CDT   SUNSET   826 PM CDT


-  INDICATES NEGATIVE NUMBERS.
R  INDICATES RECORD WAS SET OR TIED.
MM INDICATES DATA IS MISSING.
T  INDICATES TRACE AMOUNT.


&&

...................................

...THE HOUSTON/HOBBY AIRPORT CLIMATE SUMMARY FOR JULY 6 2015...
VALID TODAY AS OF 400 PM LOCAL TIME.

CLIMATE NORMAL PERIOD 1981 TO 2010
CLIMATE RECORD PERIOD 1930 TO 2015


WEATHER ITEM   OBSERVED TIME   RECORD YEAR NORMAL DEPARTURE LAST
                VALUE   (LST)  VALUE       VALUE  FROM      YEAR
                                                  NORMAL
..................................................................
TEMPERATURE (F)
 TODAY
  MAXIMUM         91    232 PM 100    2005  92     -1       89
  MINIMUM         79    613 AM  68    1939  75      4       73
  AVERAGE         85                        84      1       81

PRECIPITATION (IN)
  TODAY            0.00          2.12 1942   0.18  -0.18     0.00
  MONTH TO DATE    2.04                      1.16   0.88     0.10
  SINCE JUN 1      6.91                      8.26  -1.35     3.08
  SINCE JAN 1     41.77                     26.54  15.23    19.92

DEGREE DAYS
 COOLING
  TODAY           20                        18      2       16
  MONTH TO DATE  109                       108      1      109
  SINCE JUN 1    648                       618     30      638
  SINCE JAN 1   1387                      1272    115     1189
..................................................................


WIND (MPH)
  RESULTANT WIND SPEED   9   RESULTANT WIND DIRECTION   S (170)
  HIGHEST WIND SPEED    17   HIGHEST WIND DIRECTION     S (180)
  HIGHEST GUST SPEED    23   HIGHEST GUST DIRECTION     S (170)
  AVERAGE WIND SPEED     9.3



WEATHER CONDITIONS
 THE FOLLOWING WEATHER WAS RECORDED TODAY.
  NO SIGNIFICANT WEATHER WAS OBSERVED.


RELATIVE HUMIDITY (PERCENT)
 HIGHEST    97           400 AM
 LOWEST     56           200 PM
 AVERAGE    77

..........................................................


THE HOUSTON/HOBBY AIRPORT CLIMATE NORMALS FOR TOMORROW
                         NORMAL    RECORD    YEAR
 MAXIMUM TEMPERATURE (F)   92       100      1949
                                             1939
 MINIMUM TEMPERATURE (F)   75        68      1940
                                             1939


SUNRISE AND SUNSET
JULY  6 2015..........SUNRISE   626 AM CDT   SUNSET   825 PM CDT
JULY  7 2015..........SUNRISE   627 AM CDT   SUNSET   825 PM CDT


-  INDICATES NEGATIVE NUMBERS.
R  INDICATES RECORD WAS SET OR TIED.
MM INDICATES DATA IS MISSING.
T  INDICATES TRACE AMOUNT.

...MISCELLANEOUS CLIMATE DATA FOR TODAY...

LOCATION                        HIGH    LOW     PRECIP
PEARLAND                         91      80      0.00
SUGAR LAND                       92      79      0.00
TOMBALL                          92      79      0.00
CONROE                           93      76      0.00
HUNTSVILLE                       92      78      0.00
ANGLETON/LAKE JACKSON            90      80      0.00
PALACIOS                         90      82      0.00
LEAGUE CITY (NWS)                89      80      0.00


THIS PRODUCT...ALONG WITH OTHER WEATHER...HYDROLOGIC...AND CLIMATE
PRODUCTS...IS AVAILABLE ON THE WEB AT HTTP://WWW.SRH.NOAA.GOV/HGX
OR AT HTTP://WEATHER.GOV

$$
