000
CDUS44 KHGX 021322
CLIHOU

CLIMATE REPORT
NATIONAL WEATHER SERVICE HOUSTON/GALVESTON TX
820 AM CDT THU OCT 2 2014


...MORNING CLIMATE DATA...

                            MORNING LOW    PRECIP SINCE MIDNIGHT
HOUSTON INTERCONTINENTAL         79                0.00
GALVESTON SCHOLES FIELD          82                 T
BRYAN/COLLEGE STATION            77                0.00
HOUSTON HOBBY                    79                0.00

...................................


...THE HOUSTON INTERCONTINENTAL CLIMATE SUMMARY FOR OCTOBER 1 2014...

CLIMATE NORMAL PERIOD 1981 TO 2010
CLIMATE RECORD PERIOD 1892 TO 2014


WEATHER ITEM   OBSERVED TIME   RECORD YEAR NORMAL DEPARTURE LAST
                VALUE   (LST)  VALUE       VALUE  FROM      YEAR
                                                  NORMAL
..................................................................
TEMPERATURE (F)
 YESTERDAY
  MAXIMUM         93    237 PM  99    1900  86      7       88
  MINIMUM         72    541 AM  44    1984  65      7       74
  AVERAGE         83                        76      7       81

PRECIPITATION (IN)
  YESTERDAY        0.09          4.62 1913   0.15  -0.06      T
  MONTH TO DATE    0.09                      0.15  -0.06      T
  SINCE SEP 1      3.97                      4.27  -0.30     5.09
  SINCE JAN 1     31.86                     36.14  -4.28    26.29

DEGREE DAYS
 HEATING
  YESTERDAY        0                         0      0        0
  MONTH TO DATE    0                         0      0        0
  SINCE SEP 1      0                         1     -1        0
  SINCE JUL 1      0                         1     -1        0

 COOLING
  YESTERDAY       18                        11      7       16
  MONTH TO DATE   18                        11      7       16
  SINCE SEP 1    492                       454     38      544
  SINCE JAN 1   2768                      2836    -68     2937
..................................................................


WIND (MPH)
  HIGHEST WIND SPEED    20   HIGHEST WIND DIRECTION    SE (130)
  HIGHEST GUST SPEED    23   HIGHEST GUST DIRECTION    SE (140)


RELATIVE HUMIDITY (PERCENT)
 HIGHEST   100
 LOWEST     52
 AVERAGE    76

..........................................................


THE HOUSTON INTERCONTINENTAL CLIMATE NORMALS FOR TODAY
                         NORMAL    RECORD    YEAR
 MAXIMUM TEMPERATURE (F)   86        97      1938
 MINIMUM TEMPERATURE (F)   65        47      1984


SUNRISE AND SUNSET
OCTOBER  2 2014.......SUNRISE   715 AM CDT   SUNSET   706 PM CDT
OCTOBER  3 2014.......SUNRISE   716 AM CDT   SUNSET   704 PM CDT


-  INDICATES NEGATIVE NUMBERS.
R  INDICATES RECORD WAS SET OR TIED.
MM INDICATES DATA IS MISSING.
T  INDICATES TRACE AMOUNT.




...................................

...THE HOUSTON/HOBBY AIRPORT CLIMATE SUMMARY FOR OCTOBER 1 2014...

CLIMATE NORMAL PERIOD 1981 TO 2010
CLIMATE RECORD PERIOD 1930 TO 2014


WEATHER ITEM   OBSERVED TIME   RECORD YEAR NORMAL DEPARTURE LAST
                VALUE   (LST)  VALUE       VALUE  FROM      YEAR
                                                  NORMAL
..................................................................
TEMPERATURE (F)
 YESTERDAY
  MAXIMUM         92    219 PM  97    1938  85      7       86
  MINIMUM         75    625 AM  49    1984  68      7       75
  AVERAGE         84                        76      8       81

PRECIPITATION (IN)
  YESTERDAY        0.00          0.89 1933   0.16  -0.16      T
  MONTH TO DATE    0.00                      0.16  -0.16      T
  SINCE SEP 1      4.99                      5.37  -0.38     5.95
  SINCE JAN 1     29.52                     40.47 -10.95    28.82

DEGREE DAYS
 HEATING
  YESTERDAY        0                         0      0        0
  MONTH TO DATE    0                         0      0        0
  SINCE SEP 1      0                         0      0        0
  SINCE JUL 1      0                         0      0        0

 COOLING
  YESTERDAY       19                        11      8       16
  MONTH TO DATE   19                        11      8       16
  SINCE SEP 1    505                       463     42      562
  SINCE JAN 1   2809                      2804      5     2988
..................................................................


WIND (MPH)
  HIGHEST WIND SPEED    16   HIGHEST WIND DIRECTION     S (160)
  HIGHEST GUST SPEED    21   HIGHEST GUST DIRECTION     S (160)


RELATIVE HUMIDITY (PERCENT)
 HIGHEST   100
 LOWEST     56
 AVERAGE    78

..........................................................


THE HOUSTON/HOBBY AIRPORT CLIMATE NORMALS FOR TODAY
                         NORMAL    RECORD    YEAR
 MAXIMUM TEMPERATURE (F)   85        97      1938
 MINIMUM TEMPERATURE (F)   67        51      1984
                                             1939

SUNRISE AND SUNSET
OCTOBER  2 2014.......SUNRISE   715 AM CDT   SUNSET   705 PM CDT
OCTOBER  3 2014.......SUNRISE   716 AM CDT   SUNSET   704 PM CDT


-  INDICATES NEGATIVE NUMBERS.
R  INDICATES RECORD WAS SET OR TIED.
MM INDICATES DATA IS MISSING.
T  INDICATES TRACE AMOUNT.

..........................................................

...MISCELLANEOUS CLIMATE DATA FOR YESTERDAY...

LOCATION                        HIGH    LOW     PRECIP

PEARLAND                         92      74      0.23
SUGAR LAND                       92      74       T
TOMBALL                          92      73      0.00
CONROE                           92      72      0.00
HUNTSVILLE                       93      76      0.00
ANGLETON/LAKE JACKSON            89      73      0.00
PALACIOS                         88      75      0.00
LEAGUE CITY (NWS)                91      75      0.00


THIS PRODUCT...ALONG WITH OTHER WEATHER...HYDROLOGIC...AND CLIMATE
PRODUCTS...IS AVAILABLE ON THE WEB AT HTTP://WWW.SRH.NOAA.GOV/HGX
OR AT HTTP://WEATHER.GOV

$$
