000
CDUS44 KHGX 252122
CLIHOU

SATCLIHOU 000
TTAA00 KHGX 252117


CLIMATE REPORT
NATIONAL WEATHER SERVICE HOUSTON/GALVESTON TX
416 PM CDT MON MAY 25 2015


...................................

...THE HOUSTON INTERCONTINENTAL CLIMATE SUMMARY FOR MAY 25 2015...
VALID TODAY AS OF 400 PM LOCAL TIME.

CLIMATE NORMAL PERIOD 1981 TO 2010
CLIMATE RECORD PERIOD 1892 TO 2015


WEATHER ITEM   OBSERVED TIME   RECORD YEAR NORMAL DEPARTURE LAST
                VALUE   (LST)  VALUE       VALUE  FROM      YEAR
                                                  NORMAL
..................................................................
TEMPERATURE (F)
 TODAY
  MAXIMUM         88    206 PM  95    2011  88      0       87
                                      1927
  MINIMUM         68    402 AM  56    1979  70     -2       71
                                      1891
  AVERAGE         78                        79     -1       79

PRECIPITATION (IN)
  TODAY            T             2.47 1946   0.16  -0.16     0.00
  MONTH TO DATE    7.07                      4.07   3.00     4.25
  SINCE MAR 1     19.51                     10.79   8.72     8.26
  SINCE JAN 1     23.34                     17.37   5.97    11.61

DEGREE DAYS
 COOLING
  TODAY           13                        14     -1       14
  MONTH TO DATE  299                       283     16      228
  SINCE MAR 1    603                       526     77      441
  SINCE JAN 1    613                       564     49      475
..................................................................


WIND (MPH)
  RESULTANT WIND SPEED   9   RESULTANT WIND DIRECTION   S (160)
  HIGHEST WIND SPEED    26   HIGHEST WIND DIRECTION    SE (140)
  HIGHEST GUST SPEED    35   HIGHEST GUST DIRECTION    SE (140)
  AVERAGE WIND SPEED     9.5



WEATHER CONDITIONS
 THE FOLLOWING WEATHER WAS RECORDED TODAY.
  LIGHT RAIN


RELATIVE HUMIDITY (PERCENT)
 HIGHEST   100           300 AM
 LOWEST     59           200 PM
 AVERAGE    80

..........................................................


THE HOUSTON INTERCONTINENTAL CLIMATE NORMALS FOR TOMORROW
                         NORMAL    RECORD    YEAR
 MAXIMUM TEMPERATURE (F)   89        98      2011
 MINIMUM TEMPERATURE (F)   70        57      1979


SUNRISE AND SUNSET
MAY 25 2015...........SUNRISE   623 AM CDT   SUNSET   814 PM CDT
MAY 26 2015...........SUNRISE   623 AM CDT   SUNSET   814 PM CDT


-  INDICATES NEGATIVE NUMBERS.
R  INDICATES RECORD WAS SET OR TIED.
MM INDICATES DATA IS MISSING.
T  INDICATES TRACE AMOUNT.


&&

...................................

...THE HOUSTON/HOBBY AIRPORT CLIMATE SUMMARY FOR MAY 25 2015...
VALID TODAY AS OF 400 PM LOCAL TIME.

CLIMATE NORMAL PERIOD 1981 TO 2010
CLIMATE RECORD PERIOD 1930 TO 2015


WEATHER ITEM   OBSERVED TIME   RECORD YEAR NORMAL DEPARTURE LAST
                VALUE   (LST)  VALUE       VALUE  FROM      YEAR
                                                  NORMAL
..................................................................
TEMPERATURE (F)
 TODAY
  MAXIMUM         87    210 PM  94    2005  87      0       87
  MINIMUM         71    450 AM  57    1931  71      0       71
  AVERAGE         79                        79      0       79

PRECIPITATION (IN)
  TODAY            0.00          2.34 1961   0.18  -0.18     0.00
  MONTH TO DATE    6.33                      3.69   2.64     3.34
  SINCE MAR 1     20.91                     10.14  10.77     7.19
  SINCE JAN 1     26.79                     17.22   9.57     9.81

DEGREE DAYS
 COOLING
  TODAY           14                        14      0       14
  MONTH TO DATE  328                       286     42      226
  SINCE MAR 1    651                       528    123      441
  SINCE JAN 1    661                       566     95      480
..................................................................


WIND (MPH)
  RESULTANT WIND SPEED   9   RESULTANT WIND DIRECTION  SE (150)
  HIGHEST WIND SPEED    22   HIGHEST WIND DIRECTION     S (160)
  HIGHEST GUST SPEED    31   HIGHEST GUST DIRECTION     S (160)
  AVERAGE WIND SPEED     9.6



WEATHER CONDITIONS
 THE FOLLOWING WEATHER WAS RECORDED TODAY.
  NO SIGNIFICANT WEATHER WAS OBSERVED.


RELATIVE HUMIDITY (PERCENT)
 HIGHEST    94           700 AM
 LOWEST     63           100 PM
 AVERAGE    79

..........................................................


THE HOUSTON/HOBBY AIRPORT CLIMATE NORMALS FOR TOMORROW
                         NORMAL    RECORD    YEAR
 MAXIMUM TEMPERATURE (F)   88        97      2011
 MINIMUM TEMPERATURE (F)   71        60      1979
                                             1935


SUNRISE AND SUNSET
MAY 25 2015...........SUNRISE   624 AM CDT   SUNSET   813 PM CDT
MAY 26 2015...........SUNRISE   623 AM CDT   SUNSET   813 PM CDT


-  INDICATES NEGATIVE NUMBERS.
R  INDICATES RECORD WAS SET OR TIED.
MM INDICATES DATA IS MISSING.
T  INDICATES TRACE AMOUNT.

...MISCELLANEOUS CLIMATE DATA FOR TODAY...

LOCATION                        HIGH    LOW     PRECIP
PEARLAND                         88      71       T
SUGAR LAND                       88      71      0.00
TOMBALL                          88      70      0.00
CONROE                           87      68      0.02
HUNTSVILLE                       88      71      0.00
ANGLETON/LAKE JACKSON            84      67      0.00
PALACIOS                         86      76       T
LEAGUE CITY (NWS)                86      68      0.00


THIS PRODUCT...ALONG WITH OTHER WEATHER...HYDROLOGIC...AND CLIMATE
PRODUCTS...IS AVAILABLE ON THE WEB AT HTTP://WWW.SRH.NOAA.GOV/HGX
OR AT HTTP://WEATHER.GOV

$$
