543
CDUS44 KHGX 061413
CLIHOU

CLIMATE REPORT
NATIONAL WEATHER SERVICE HOUSTON/GALVESTON TX
810 AM CST SAT FEB 6 2016


...MORNING CLIMATE DATA...

                            MORNING LOW    PRECIP SINCE MIDNIGHT
HOUSTON INTERCONTINENTAL         41                0.15
GALVESTON SCHOLES FIELD          49                 T
BRYAN/COLLEGE STATION            39                0.10
HOUSTON HOBBY                    44                0.16
...................................

...THE HOUSTON INTERCONTINENTAL CLIMATE SUMMARY FOR FEBRUARY 5 2016...

CLIMATE NORMAL PERIOD 1981 TO 2010
CLIMATE RECORD PERIOD 1892 TO 2016


WEATHER ITEM   OBSERVED TIME   RECORD YEAR NORMAL DEPARTURE LAST
                VALUE   (LST)  VALUE       VALUE  FROM      YEAR
                                                  NORMAL
..................................................................
TEMPERATURE (F)
 YESTERDAY
  MAXIMUM         59    255 PM  83    1957  65     -6       55
  MINIMUM         33    744 AM  23    1996  45    -12       41
  AVERAGE         46                        55     -9       48

PRECIPITATION (IN)
  YESTERDAY        0.00          1.80 1955   0.10  -0.10      T
  MONTH TO DATE    0.00                      0.53  -0.53     0.34
  SINCE DEC 1      7.37                      7.65  -0.28     9.11
  SINCE JAN 1      2.16                      3.91  -1.75     3.51

SNOWFALL (IN)
  YESTERDAY        0.0          MM      MM
  MONTH TO DATE    0.0
  SINCE DEC 1      0.0
  SINCE JUL 1      0.0

DEGREE DAYS
 HEATING
  YESTERDAY       19                        11      8       17
  MONTH TO DATE   50                        55     -5       75
  SINCE DEC 1    660                       794   -134      796
  SINCE JUL 1    773                       979   -206     1044
..................................................................


WIND (MPH)
  HIGHEST WIND SPEED    17   HIGHEST WIND DIRECTION    SE (150)
  HIGHEST GUST SPEED    20   HIGHEST GUST DIRECTION     S (160)




RELATIVE HUMIDITY (PERCENT)
 HIGHEST    75
 LOWEST     22
 AVERAGE    49

..........................................................


THE HOUSTON INTERCONTINENTAL CLIMATE NORMALS FOR TODAY
                         NORMAL    RECORD    YEAR
 MAXIMUM TEMPERATURE (F)   65        81      1911
 MINIMUM TEMPERATURE (F)   45        24      1989


SUNRISE AND SUNSET
FEBRUARY  6 2016......SUNRISE   709 AM CST   SUNSET   603 PM CST
FEBRUARY  7 2016......SUNRISE   708 AM CST   SUNSET   603 PM CST


-  INDICATES NEGATIVE NUMBERS.
R  INDICATES RECORD WAS SET OR TIED.
MM INDICATES DATA IS MISSING.
T  INDICATES TRACE AMOUNT.


&&

...................................

...THE HOUSTON/HOBBY AIRPORT CLIMATE SUMMARY FOR FEBRUARY 5 2016...

CLIMATE NORMAL PERIOD 1981 TO 2010
CLIMATE RECORD PERIOD 1930 TO 2016


WEATHER ITEM   OBSERVED TIME   RECORD YEAR NORMAL DEPARTURE LAST
                VALUE   (LST)  VALUE       VALUE  FROM      YEAR
                                                  NORMAL
..................................................................
TEMPERATURE (F)
 YESTERDAY
  MAXIMUM         58    346 PM  84    1957  64     -6       56
  MINIMUM         37    731 AM  24    1996  47    -10       43
  AVERAGE         48                        56     -8       50

PRECIPITATION (IN)
  YESTERDAY        0.00          2.27 1955   0.10  -0.10     0.01
  MONTH TO DATE    T                         0.58  -0.58     0.28
  SINCE DEC 1      6.00                      8.48  -2.48    10.02
  SINCE JAN 1      2.51                      4.45  -1.94     5.41

SNOWFALL (IN)
  YESTERDAY        0.0          MM      MM
  MONTH TO DATE    0.0
  SINCE DEC 1      0.0
  SINCE JUL 1      0.0

DEGREE DAYS
 HEATING
  YESTERDAY       17                        10      7       15
  MONTH TO DATE   42                        50     -8       66
  SINCE DEC 1    553                       725   -172      726
  SINCE JUL 1    627                       881   -254      940
..................................................................


WIND (MPH)
  HIGHEST WIND SPEED    16   HIGHEST WIND DIRECTION     E (90)
  HIGHEST GUST SPEED    22   HIGHEST GUST DIRECTION     E (90)




RELATIVE HUMIDITY (PERCENT)
 HIGHEST    76
 LOWEST     27
 AVERAGE    52

..........................................................


THE HOUSTON/HOBBY AIRPORT CLIMATE NORMALS FOR TODAY
                         NORMAL    RECORD    YEAR
 MAXIMUM TEMPERATURE (F)   65        81      1969
                                             1950
 MINIMUM TEMPERATURE (F)   47        25      1989


SUNRISE AND SUNSET
FEBRUARY  6 2016......SUNRISE   708 AM CST   SUNSET   603 PM CST
FEBRUARY  7 2016......SUNRISE   707 AM CST   SUNSET   604 PM CST


-  INDICATES NEGATIVE NUMBERS.
R  INDICATES RECORD WAS SET OR TIED.
MM INDICATES DATA IS MISSING.
T  INDICATES TRACE AMOUNT.

...MISCELLANEOUS CLIMATE DATA FOR YESTERDAY...

LOCATION                        HIGH    LOW     PRECIP
PEARLAND                         59      34      0.00
SUGAR LAND                       59      32       T
TOMBALL                          60      31      0.00
CONROE                           58      26      0.00
HUNTSVILLE                       58      32      0.00
ANGLETON/LAKE JACKSON            60      32       T
PALACIOS                         61      35      0.00
LEAGUE CITY (NWS)                57      35       T


THIS PRODUCT...ALONG WITH OTHER WEATHER...HYDROLOGIC...AND CLIMATE
PRODUCTS...IS AVAILABLE ON THE WEB AT HTTP://WWW.SRH.NOAA.GOV/HGX
OR AT HTTP://WEATHER.GOV

$$
