667
CDUS44 KHGX 232146
CLIHOU

CLIMATE REPORT
NATIONAL WEATHER SERVICE HOUSTON/GALVESTON TX
439 PM CDT SAT SEP 23 2017


...................................

...THE HOUSTON INTERCONTINENTAL CLIMATE SUMMARY FOR SEPTEMBER 23 2017...
VALID TODAY AS OF 400 PM LOCAL TIME.

CLIMATE NORMAL PERIOD 1981 TO 2010
CLIMATE RECORD PERIOD 1892 TO 2017


WEATHER ITEM   OBSERVED TIME   RECORD YEAR NORMAL DEPARTURE LAST
                VALUE   (LST)  VALUE       VALUE  FROM      YEAR
                                                  NORMAL
..................................................................
TEMPERATURE (F)
 TODAY
  MAXIMUM         91    200 PM  96    1993  88      3       90
                                      1988
                                      1985
  MINIMUM         72        MM  49    1999  68      4       75
  AVERAGE         82                        78      4       83

PRECIPITATION (IN)
  TODAY            0.00          2.37 1941   0.13  -0.13      T
  MONTH TO DATE    0.98                      3.22  -2.24     0.46
  SINCE SEP 1      0.98                      3.22  -2.24     0.46
  SINCE JAN 1     71.80                     35.09  36.71    54.03

DEGREE DAYS
 HEATING
  TODAY            0                         0      0        0
  MONTH TO DATE    0                         0      0        0
  SINCE SEP 1      0                         0      0        0
  SINCE JUL 1      0                         0      0        0

 COOLING
  TODAY           17                        13      4       18
  MONTH TO DATE  333                       361    -28      445
  SINCE SEP 1    333                       361    -28      445
  SINCE JAN 1   2985                      2743    242     2853
..................................................................


WIND (MPH)
  RESULTANT WIND SPEED   5   RESULTANT WIND DIRECTION  SE (120)
  HIGHEST WIND SPEED    13   HIGHEST WIND DIRECTION    SE (140)
  HIGHEST GUST SPEED    17   HIGHEST GUST DIRECTION     S (160)
  AVERAGE WIND SPEED     5.9



WEATHER CONDITIONS
 THE FOLLOWING WEATHER WAS RECORDED TODAY.
  FOG


RELATIVE HUMIDITY (PERCENT)
 HIGHEST   100           400 AM
 LOWEST     49           200 PM
 AVERAGE    75

..........................................................


THE HOUSTON INTERCONTINENTAL CLIMATE NORMALS FOR TOMORROW
                         NORMAL    RECORD    YEAR
 MAXIMUM TEMPERATURE (F)   88        95      2013
                                             2011
                                             2000
 MINIMUM TEMPERATURE (F)   67        48      1975


SUNRISE AND SUNSET
SEPTEMBER 23 2017.....SUNRISE   710 AM CDT   SUNSET   716 PM CDT
SEPTEMBER 24 2017.....SUNRISE   711 AM CDT   SUNSET   715 PM CDT


-  INDICATES NEGATIVE NUMBERS.
R  INDICATES RECORD WAS SET OR TIED.
MM INDICATES DATA IS MISSING.
T  INDICATES TRACE AMOUNT.



&&
...................................

...THE HOUSTON/HOBBY AIRPORT CLIMATE SUMMARY FOR SEPTEMBER 23 2017...
VALID TODAY AS OF 400 PM LOCAL TIME.

CLIMATE NORMAL PERIOD 1981 TO 2010
CLIMATE RECORD PERIOD 1930 TO 2017


WEATHER ITEM   OBSERVED TIME   RECORD YEAR NORMAL DEPARTURE LAST
                VALUE   (LST)  VALUE       VALUE  FROM      YEAR
                                                  NORMAL
..................................................................
TEMPERATURE (F)
 TODAY
  MAXIMUM         90        MM  96    2005  87      3       88
  MINIMUM         75    500 AM  54    1994  70      5       76
  AVERAGE         83                        78      5       82

PRECIPITATION (IN)
  TODAY            0.00          4.60 1941   0.15  -0.15     0.12
  MONTH TO DATE    3.16                      4.16  -1.00     1.22
  SINCE SEP 1      3.16                      4.16  -1.00     1.22
  SINCE JAN 1     70.28                     39.26  31.02    48.53

DEGREE DAYS
 HEATING
  TODAY            0                         0      0        0
  MONTH TO DATE    0                         0      0        0
  SINCE SEP 1      0                         0      0        0
  SINCE JUL 1      0                         0      0        0

 COOLING
  TODAY           18                        13      5       17
  MONTH TO DATE  387                       366     21      457
  SINCE SEP 1    387                       366     21      457
  SINCE JAN 1   3186                      2707    479     3088
..................................................................


WIND (MPH)
  RESULTANT WIND SPEED   6   RESULTANT WIND DIRECTION   E (110)
  HIGHEST WIND SPEED    12   HIGHEST WIND DIRECTION    SE (130)
  HIGHEST GUST SPEED    MM   HIGHEST GUST DIRECTION    MM
  AVERAGE WIND SPEED     6.6



WEATHER CONDITIONS
 THE FOLLOWING WEATHER WAS RECORDED TODAY.
  NO SIGNIFICANT WEATHER WAS OBSERVED.


RELATIVE HUMIDITY (PERCENT)
 HIGHEST    94           500 AM
 LOWEST     56           100 PM
 AVERAGE    75

..........................................................


THE HOUSTON/HOBBY AIRPORT CLIMATE NORMALS FOR TOMORROW
                         NORMAL    RECORD    YEAR
 MAXIMUM TEMPERATURE (F)   87        94      2013
                                             2011
                                             2005
 MINIMUM TEMPERATURE (F)   70        54      1975


SUNRISE AND SUNSET
SEPTEMBER 23 2017.....SUNRISE   710 AM CDT   SUNSET   716 PM CDT
SEPTEMBER 24 2017.....SUNRISE   711 AM CDT   SUNSET   715 PM CDT


-  INDICATES NEGATIVE NUMBERS.
R  INDICATES RECORD WAS SET OR TIED.
MM INDICATES DATA IS MISSING.
T  INDICATES TRACE AMOUNT.


...MISCELLANEOUS CLIMATE DATA FOR TODAY...

LOCATION                        HIGH    LOW     PRECIP
PEARLAND                         92      74      0.00
SUGAR LAND                       MM      MM        MM
TOMBALL                          MM      MM        MM
CONROE                           90      70      0.00
HUNTSVILLE                       MM      MM        MM
ANGLETON/LAKE JACKSON            MM      MM        MM
PALACIOS                         MM      MM        MM
LEAGUE CITY (NWS)                89      73      0.00


THIS PRODUCT...ALONG WITH OTHER WEATHER...HYDROLOGIC...AND CLIMATE
PRODUCTS...IS AVAILABLE ON THE WEB AT HTTP://WWW.WEATHER.GOV/HGX

$$
