438
CDUS44 KHGX 231304
CLIHOU

CLIMATE REPORT
NATIONAL WEATHER SERVICE HOUSTON/GALVESTON TX
805 AM CDT SUN APR 23 2017


...MORNING CLIMATE DATA...

                            MORNING LOW    PRECIP SINCE MIDNIGHT
HOUSTON INTERCONTINENTAL         53                0.00
GALVESTON SCHOLES FIELD          58                 T
BRYAN/COLLEGE STATION            50                0.00
HOUSTON HOBBY                    54                0.00
...................................

...THE HOUSTON INTERCONTINENTAL CLIMATE SUMMARY FOR APRIL 22 2017...

CLIMATE NORMAL PERIOD 1981 TO 2010
CLIMATE RECORD PERIOD 1892 TO 2017


WEATHER ITEM   OBSERVED TIME   RECORD YEAR NORMAL DEPARTURE LAST
                VALUE   (LST)  VALUE       VALUE  FROM      YEAR
                                                  NORMAL
..................................................................
TEMPERATURE (F)
 YESTERDAY
  MAXIMUM         84   1047 AM  90    2011  81      3       81
                                      2009
  MINIMUM         60   1159 PM  43    1993  61     -1       60
                                      1931
  AVERAGE         72                        71      1       71

PRECIPITATION (IN)
  YESTERDAY        T             1.50 1996   0.12  -0.12     0.00
  MONTH TO DATE    1.67                      2.31  -0.64    12.86
  SINCE MAR 1      7.30                      5.72   1.58    16.11
  SINCE JAN 1     15.81                     12.30   3.51    20.22

SNOWFALL (IN)
  YESTERDAY        0.0          MM      MM
  MONTH TO DATE    0.0
  SINCE MAR 1      0.0
  SINCE JUL 1      0.0

DEGREE DAYS
 HEATING
  YESTERDAY        0                         1     -1        0
  MONTH TO DATE    0                        34    -34       20
  SINCE MAR 1     52                       175   -123      100
  SINCE JUL 1    652                      1363   -711     1017

 COOLING
  YESTERDAY        7                         7      0        6
  MONTH TO DATE  158                       112     46       70
  SINCE MAR 1    316                       183    133      169
  SINCE JAN 1    495                       221    274      206
..................................................................


WIND (MPH)
  HIGHEST WIND SPEED    24   HIGHEST WIND DIRECTION     N (340)
  HIGHEST GUST SPEED    31   HIGHEST GUST DIRECTION     N (360)




RELATIVE HUMIDITY (PERCENT)
 HIGHEST    97
 LOWEST     60
 AVERAGE    79

..........................................................


THE HOUSTON INTERCONTINENTAL CLIMATE NORMALS FOR TODAY
                         NORMAL    RECORD    YEAR
 MAXIMUM TEMPERATURE (F)   81        91      1999
 MINIMUM TEMPERATURE (F)   61        44      1998


SUNRISE AND SUNSET
APRIL 23 2017.........SUNRISE   646 AM CDT   SUNSET   754 PM CDT
APRIL 24 2017.........SUNRISE   645 AM CDT   SUNSET   754 PM CDT


-  INDICATES NEGATIVE NUMBERS.
R  INDICATES RECORD WAS SET OR TIED.
MM INDICATES DATA IS MISSING.
T  INDICATES TRACE AMOUNT.


&&

...................................

...THE HOUSTON/HOBBY AIRPORT CLIMATE SUMMARY FOR APRIL 22 2017...

CLIMATE NORMAL PERIOD 1981 TO 2010
CLIMATE RECORD PERIOD 1930 TO 2017


WEATHER ITEM   OBSERVED TIME   RECORD YEAR NORMAL DEPARTURE LAST
                VALUE   (LST)  VALUE       VALUE  FROM      YEAR
                                                  NORMAL
..................................................................
TEMPERATURE (F)
 YESTERDAY
  MAXIMUM         83   1158 AM  90    2009  80      3       84
  MINIMUM         60   1158 PM  38    1931  63     -3       63
  AVERAGE         72                        71      1       74

PRECIPITATION (IN)
  YESTERDAY        T             1.78 1949   0.11  -0.11     0.00
  MONTH TO DATE    2.98                      2.28   0.70     7.50
  SINCE MAR 1     11.13                      5.48   5.65    11.64
  SINCE JAN 1     17.25                     12.56   4.69    15.81

SNOWFALL (IN)
  YESTERDAY        0.0          MM      MM
  MONTH TO DATE    0.0
  SINCE MAR 1      0.0
  SINCE JUL 1      0.0

DEGREE DAYS
 HEATING
  YESTERDAY        0                         0      0        0
  MONTH TO DATE    0                        27    -27        8
  SINCE MAR 1     42                       148   -106       52
  SINCE JUL 1    540                      1218   -678      790

 COOLING
  YESTERDAY        7                         7      0        9
  MONTH TO DATE  162                       113     49      122
  SINCE MAR 1    334                       182    152      263
  SINCE JAN 1    521                       220    301      301
..................................................................


WIND (MPH)
  HIGHEST WIND SPEED    26   HIGHEST WIND DIRECTION     N (350)
  HIGHEST GUST SPEED    32   HIGHEST GUST DIRECTION     N (340)




RELATIVE HUMIDITY (PERCENT)
 HIGHEST    97
 LOWEST     58
 AVERAGE    78

..........................................................


THE HOUSTON/HOBBY AIRPORT CLIMATE NORMALS FOR TODAY
                         NORMAL    RECORD    YEAR
 MAXIMUM TEMPERATURE (F)   80        91      1967
 MINIMUM TEMPERATURE (F)   63        45      1931


SUNRISE AND SUNSET
APRIL 23 2017.........SUNRISE   646 AM CDT   SUNSET   753 PM CDT
APRIL 24 2017.........SUNRISE   645 AM CDT   SUNSET   754 PM CDT


-  INDICATES NEGATIVE NUMBERS.
R  INDICATES RECORD WAS SET OR TIED.
MM INDICATES DATA IS MISSING.
T  INDICATES TRACE AMOUNT.

...MISCELLANEOUS CLIMATE DATA FOR YESTERDAY...

LOCATION                        HIGH    LOW     PRECIP
PEARLAND                         87      63      0.00
SUGAR LAND                       83      60       T
TOMBALL                          79      59      0.00
CONROE                           75      57       T
HUNTSVILLE                       73      55      0.01
ANGLETON/LAKE JACKSON            87      63       T
PALACIOS                         84      62      0.00
LEAGUE CITY (NWS)                87      61      0.00


THIS PRODUCT...ALONG WITH OTHER WEATHER...HYDROLOGIC...AND CLIMATE
PRODUCTS...IS AVAILABLE ON THE WEB AT HTTP://WWW.WEATHER.GOV/HGX

$$
