000
CDUS44 KHGX 041410
CLIHOU

CLIMATE REPORT
NATIONAL WEATHER SERVICE HOUSTON/GALVESTON TX
810 AM CST SUN DEC 4 2016


...MORNING CLIMATE DATA...

                            MORNING LOW    PRECIP SINCE MIDNIGHT
HOUSTON INTERCONTINENTAL         51                0.03
GALVESTON SCHOLES FIELD          56                0.17
BRYAN/COLLEGE STATION            50                0.02
HOUSTON HOBBY                    52                0.18

...................................

...THE HOUSTON INTERCONTINENTAL CLIMATE SUMMARY FOR DECEMBER 3 2016...

CLIMATE NORMAL PERIOD 1981 TO 2010
CLIMATE RECORD PERIOD 1892 TO 2016


WEATHER ITEM   OBSERVED TIME   RECORD YEAR NORMAL DEPARTURE LAST
                VALUE   (LST)  VALUE       VALUE  FROM      YEAR
                                                  NORMAL
..................................................................
TEMPERATURE (F)
 YESTERDAY
  MAXIMUM         56    127 PM  85    1995  67    -11       62
  MINIMUM         50    523 AM  25    1929  47      3       40
  AVERAGE         53                        57     -4       51

PRECIPITATION (IN)
  YESTERDAY        0.89          2.50 1949   0.14   0.75     0.00
  MONTH TO DATE    0.96                      0.42   0.54     0.02
  SINCE DEC 1      0.96                      0.42   0.54     0.02
  SINCE JAN 1     58.36                     46.45  11.91    64.84

SNOWFALL (IN)
  YESTERDAY        0.0           0.0  2002
                                      2001
  MONTH TO DATE    0.0
  SINCE DEC 1      0.0
  SINCE JUL 1      0.0

DEGREE DAYS
 HEATING
  YESTERDAY       12                         9      3       14
  MONTH TO DATE   36                        27      9       36
  SINCE DEC 1     36                        27      9       36
  SINCE JUL 1     94                       212   -118      149
..................................................................


WIND (MPH)
  HIGHEST WIND SPEED    25   HIGHEST WIND DIRECTION    NE (50)
  HIGHEST GUST SPEED    30   HIGHEST GUST DIRECTION    NE (50)


RELATIVE HUMIDITY (PERCENT)
 HIGHEST    96
 LOWEST     77
 AVERAGE    87

..........................................................


THE HOUSTON INTERCONTINENTAL CLIMATE NORMALS FOR TODAY
                         NORMAL    RECORD    YEAR
 MAXIMUM TEMPERATURE (F)   67        83      2012
 MINIMUM TEMPERATURE (F)   47        27      1897


SUNRISE AND SUNSET
DECEMBER  4 2016......SUNRISE   702 AM CST   SUNSET   521 PM CST
DECEMBER  5 2016......SUNRISE   703 AM CST   SUNSET   521 PM CST


-  INDICATES NEGATIVE NUMBERS.
R  INDICATES RECORD WAS SET OR TIED.
MM INDICATES DATA IS MISSING.
T  INDICATES TRACE AMOUNT.


&&

...................................

...THE HOUSTON/HOBBY AIRPORT CLIMATE SUMMARY FOR DECEMBER 3 2016...

CLIMATE NORMAL PERIOD 1981 TO 2010
CLIMATE RECORD PERIOD 1930 TO 2016


WEATHER ITEM   OBSERVED TIME   RECORD YEAR NORMAL DEPARTURE LAST
                VALUE   (LST)  VALUE       VALUE  FROM      YEAR
                                                  NORMAL
..................................................................
TEMPERATURE (F)
 YESTERDAY
  MAXIMUM         59    927 AM  85    1933  67     -8       63
  MINIMUM         54   1055 PM  32    1963  49      5       43
  AVERAGE         57                        58     -1       53

PRECIPITATION (IN)
  YESTERDAY        0.59          2.13 1965   0.14   0.45     0.00
  MONTH TO DATE    0.74                      0.42   0.32     0.03
  SINCE DEC 1      0.74                      0.42   0.32     0.03
  SINCE JAN 1     53.87                     51.04   2.83    73.67

SNOWFALL (IN)
  YESTERDAY        0.0          MM      MM
  MONTH TO DATE    0.0
  SINCE DEC 1      0.0
  SINCE JUL 1      0.0

DEGREE DAYS
 HEATING
  YESTERDAY        8                         8      0       12
  MONTH TO DATE   21                        24     -3       27
  SINCE DEC 1     21                        24     -3       27
  SINCE JUL 1     58                       180   -122      101
..................................................................


WIND (MPH)
  HIGHEST WIND SPEED    22   HIGHEST WIND DIRECTION     N (20)
  HIGHEST GUST SPEED    26   HIGHEST GUST DIRECTION    NE (50)


RELATIVE HUMIDITY (PERCENT)
 HIGHEST   100
 LOWEST     80
 AVERAGE    90

..........................................................


THE HOUSTON/HOBBY AIRPORT CLIMATE NORMALS FOR TODAY
                         NORMAL    RECORD    YEAR
 MAXIMUM TEMPERATURE (F)   67        83      1977
 MINIMUM TEMPERATURE (F)   49        32      2009
                                             1931


SUNRISE AND SUNSET
DECEMBER  4 2016......SUNRISE   701 AM CST   SUNSET   522 PM CST
DECEMBER  5 2016......SUNRISE   702 AM CST   SUNSET   522 PM CST


-  INDICATES NEGATIVE NUMBERS.
R  INDICATES RECORD WAS SET OR TIED.
MM INDICATES DATA IS MISSING.
T  INDICATES TRACE AMOUNT.


...MISCELLANEOUS CLIMATE DATA FOR YESTERDAY...

LOCATION                        HIGH    LOW     PRECIP
PEARLAND                         61      57      1.45
SUGAR LAND                       57      52      0.71
TOMBALL                          54      49      1.88
CONROE                           52      48      2.44
HUNTSVILLE                       51      49      5.04
ANGLETON/LAKE JACKSON            64      56      2.89
PALACIOS                         63      53      1.51
LEAGUE CITY (NWS)                60      53      5.09


THIS PRODUCT...ALONG WITH OTHER WEATHER...HYDROLOGIC...AND CLIMATE
PRODUCTS...IS AVAILABLE ON THE WEB AT HTTP://WWW.SRH.NOAA.GOV/HGX
OR AT HTTP://WEATHER.GOV

$$
