000
CDUS44 KHGX 292127
CLIHOU

CLIMATE REPORT
NATIONAL WEATHER SERVICE HOUSTON/GALVESTON TX
420 PM CDT MON MAY 29 2017


...................................

...THE HOUSTON INTERCONTINENTAL CLIMATE SUMMARY FOR MAY 29 2017...
VALID TODAY AS OF 400 PM LOCAL TIME.

CLIMATE NORMAL PERIOD 1981 TO 2010
CLIMATE RECORD PERIOD 1892 TO 2017


WEATHER ITEM   OBSERVED TIME   RECORD YEAR NORMAL DEPARTURE LAST
                VALUE   (LST)  VALUE       VALUE  FROM      YEAR
                                                  NORMAL
..................................................................
TEMPERATURE (F)
 TODAY
  MAXIMUM         82    231 PM  99    1996  89     -7       88
  MINIMUM         69    604 AM  58    1984  71     -2       70
                                      1973
                                      1901
  AVERAGE         76                        80     -4       79

PRECIPITATION (IN)
  TODAY            0.05          4.33 2006   0.17  -0.12     0.00
  MONTH TO DATE    2.32                      4.75  -2.43     7.20
  SINCE MAR 1      9.63                     11.47  -1.84    24.84
  SINCE JAN 1     18.14                     18.05   0.09    28.95

DEGREE DAYS
 COOLING
  TODAY           11                        15     -4       14
  MONTH TO DATE  331                       341    -10      277
  SINCE MAR 1    700                       584    116      519
  SINCE JAN 1    879                       622    257      556
..................................................................


WIND (MPH)
  RESULTANT WIND SPEED   4   RESULTANT WIND DIRECTION   N (20)
  HIGHEST WIND SPEED    24   HIGHEST WIND DIRECTION     E (100)
  HIGHEST GUST SPEED    30   HIGHEST GUST DIRECTION    SE (120)
  AVERAGE WIND SPEED     6.2



WEATHER CONDITIONS
 THE FOLLOWING WEATHER WAS RECORDED TODAY.
  THUNDERSTORM
  RAIN
  LIGHT RAIN
  FOG


RELATIVE HUMIDITY (PERCENT)
 HIGHEST    97           600 AM
 LOWEST     67           300 PM
 AVERAGE    82

..........................................................


THE HOUSTON INTERCONTINENTAL CLIMATE NORMALS FOR TOMORROW
                         NORMAL    RECORD    YEAR
 MAXIMUM TEMPERATURE (F)   89        97      2003
                                             1998
 MINIMUM TEMPERATURE (F)   71        53      1984


SUNRISE AND SUNSET
MAY 29 2017...........SUNRISE   622 AM CDT   SUNSET   816 PM CDT
MAY 30 2017...........SUNRISE   621 AM CDT   SUNSET   817 PM CDT


-  INDICATES NEGATIVE NUMBERS.
R  INDICATES RECORD WAS SET OR TIED.
MM INDICATES DATA IS MISSING.
T  INDICATES TRACE AMOUNT.


&&

...................................

...THE HOUSTON/HOBBY AIRPORT CLIMATE SUMMARY FOR MAY 29 2017...
VALID TODAY AS OF 400 PM LOCAL TIME.

CLIMATE NORMAL PERIOD 1981 TO 2010
CLIMATE RECORD PERIOD 1930 TO 2017


WEATHER ITEM   OBSERVED TIME   RECORD YEAR NORMAL DEPARTURE LAST
                VALUE   (LST)  VALUE       VALUE  FROM      YEAR
                                                  NORMAL
..................................................................
TEMPERATURE (F)
 TODAY
  MAXIMUM         80    259 PM  97    1998  88     -8       89
  MINIMUM         70   1256 AM  56    1934  72     -2       73
  AVERAGE         75                        80     -5       81

PRECIPITATION (IN)
  TODAY            0.37          2.35 1978   0.18   0.19     0.00
  MONTH TO DATE    2.51                      4.41  -1.90     7.59
  SINCE MAR 1     13.64                     10.86   2.78    20.68
  SINCE JAN 1     19.76                     17.94   1.82    24.85

DEGREE DAYS
 COOLING
  TODAY           10                        15     -5       16
  MONTH TO DATE  327                       344    -17      352
  SINCE MAR 1    716                       586    130      703
  SINCE JAN 1    903                       624    279      741
..................................................................


WIND (MPH)
  RESULTANT WIND SPEED   3   RESULTANT WIND DIRECTION   N (10)
  HIGHEST WIND SPEED    22   HIGHEST WIND DIRECTION     E (90)
  HIGHEST GUST SPEED    30   HIGHEST GUST DIRECTION     E (80)
  AVERAGE WIND SPEED     7.6



WEATHER CONDITIONS
 THE FOLLOWING WEATHER WAS RECORDED TODAY.
  THUNDERSTORM
  HEAVY RAIN
  RAIN
  LIGHT RAIN
  FOG


RELATIVE HUMIDITY (PERCENT)
 HIGHEST   100          1200 AM
 LOWEST     69           300 PM
 AVERAGE    85

..........................................................


THE HOUSTON/HOBBY AIRPORT CLIMATE NORMALS FOR TOMORROW
                         NORMAL    RECORD    YEAR
 MAXIMUM TEMPERATURE (F)   88        99      1998
 MINIMUM TEMPERATURE (F)   72        58      1984


SUNRISE AND SUNSET
MAY 29 2017...........SUNRISE   622 AM CDT   SUNSET   815 PM CDT
MAY 30 2017...........SUNRISE   622 AM CDT   SUNSET   816 PM CDT


-  INDICATES NEGATIVE NUMBERS.
R  INDICATES RECORD WAS SET OR TIED.
MM INDICATES DATA IS MISSING.
T  INDICATES TRACE AMOUNT.

...MISCELLANEOUS CLIMATE DATA FOR TODAY...

LOCATION                        HIGH    LOW     PRECIP
PEARLAND                         83      72      0.30
SUGAR LAND                       82      71      0.30
TOMBALL                          83      68      0.08
CONROE                           81      67      0.02
HUNTSVILLE                       82      68      0.00
ANGLETON/LAKE JACKSON            82      71      0.31
PALACIOS                         81      68      0.95
LEAGUE CITY (NWS)                80      70      0.17


THIS PRODUCT...ALONG WITH OTHER WEATHER...HYDROLOGIC...AND CLIMATE
PRODUCTS...IS AVAILABLE ON THE WEB AT HTTP://WWW.WEATHER.GOV/HGX




$$
