209
CDUS44 KHGX 261400
CLIHOU

CLIMATE REPORT
NATIONAL WEATHER SERVICE HOUSTON/GALVESTON TX
800 AM CST SUN FEB 26 2017

...MORNING CLIMATE DATA...

                            MORNING LOW    PRECIP SINCE MIDNIGHT
HOUSTON INTERCONTINENTAL         44                0.00
GALVESTON SCHOLES FIELD          58                0.00
BRYAN/COLLEGE STATION            45                0.00
HOUSTON HOBBY                    48                0.00

...................................

...THE HOUSTON INTERCONTINENTAL CLIMATE SUMMARY FOR FEBRUARY 25 2017...

CLIMATE NORMAL PERIOD 1981 TO 2010
CLIMATE RECORD PERIOD 1892 TO 2017


WEATHER ITEM   OBSERVED TIME   RECORD YEAR NORMAL DEPARTURE LAST
                VALUE   (LST)  VALUE       VALUE  FROM      YEAR
                                                  NORMAL
..................................................................
TEMPERATURE (F)
 YESTERDAY
  MAXIMUM         69    425 PM  85    1918  68      1       72
                                      1917
  MINIMUM         47    703 AM  26    1974  49     -2       40
                                      1901
  AVERAGE         58                        58      0       56

PRECIPITATION (IN)
  YESTERDAY        0.00          2.10 1907   0.10  -0.10     0.00
  MONTH TO DATE    2.41                      2.85  -0.44     1.95
  SINCE DEC 1     12.06                      9.97   2.09     9.32
  SINCE JAN 1      8.50                      6.23   2.27     4.11

SNOWFALL (IN)
  YESTERDAY        0.0           T    1914
  MONTH TO DATE    0.0
  SINCE DEC 1      0.0
  SINCE JUL 1      0.0

DEGREE DAYS
 HEATING
  YESTERDAY        7                         8     -1        9
  MONTH TO DATE   66                       242   -176      165
  SINCE DEC 1    537                       981   -444      775
  SINCE JUL 1    595                      1166   -571      888
..................................................................


WIND (MPH)
  HIGHEST WIND SPEED    20   HIGHEST WIND DIRECTION    NE (30)
  HIGHEST GUST SPEED    27   HIGHEST GUST DIRECTION    NE (40)




RELATIVE HUMIDITY (PERCENT)
 HIGHEST    61
 LOWEST     22
 AVERAGE    42

..........................................................


THE HOUSTON INTERCONTINENTAL CLIMATE NORMALS FOR TODAY
                         NORMAL    RECORD    YEAR
 MAXIMUM TEMPERATURE (F)   69        86      1986
 MINIMUM TEMPERATURE (F)   49        26      1974


SUNRISE AND SUNSET
FEBRUARY 26 2017......SUNRISE   650 AM CST   SUNSET   619 PM CST
FEBRUARY 27 2017......SUNRISE   649 AM CST   SUNSET   619 PM CST


-  INDICATES NEGATIVE NUMBERS.
R  INDICATES RECORD WAS SET OR TIED.
MM INDICATES DATA IS MISSING.
T  INDICATES TRACE AMOUNT.


&&

...................................

...THE HOUSTON/HOBBY AIRPORT CLIMATE SUMMARY FOR FEBRUARY 25 2017...

CLIMATE NORMAL PERIOD 1981 TO 2010
CLIMATE RECORD PERIOD 1930 TO 2017


WEATHER ITEM   OBSERVED TIME   RECORD YEAR NORMAL DEPARTURE LAST
                VALUE   (LST)  VALUE       VALUE  FROM      YEAR
                                                  NORMAL
..................................................................
TEMPERATURE (F)
 YESTERDAY
  MAXIMUM         70    435 PM  83    1972  68      2       72
                                      1962
  MINIMUM         50    708 AM  26    1960  51     -1       41
  AVERAGE         60                        59      1       57

PRECIPITATION (IN)
  YESTERDAY        0.00          1.69 1987   0.10  -0.10     0.00
  MONTH TO DATE    2.05                      2.89  -0.84     1.66
  SINCE DEC 1      9.81                     10.79  -0.98     7.66
  SINCE JAN 1      6.12                      6.76  -0.64     4.17

SNOWFALL (IN)
  YESTERDAY        0.0          MM      MM
  MONTH TO DATE    0.0
  SINCE DEC 1      0.0
  SINCE JUL 1      0.0

DEGREE DAYS
 HEATING
  YESTERDAY        5                         7     -2        8
  MONTH TO DATE   57                       219   -162      131
  SINCE DEC 1    458                       894   -436      642
  SINCE JUL 1    495                      1050   -555      716
..................................................................


WIND (MPH)
  HIGHEST WIND SPEED    21   HIGHEST WIND DIRECTION     N (20)
  HIGHEST GUST SPEED    28   HIGHEST GUST DIRECTION    NE (30)




RELATIVE HUMIDITY (PERCENT)
 HIGHEST    64
 LOWEST     22
 AVERAGE    43

..........................................................


THE HOUSTON/HOBBY AIRPORT CLIMATE NORMALS FOR TODAY
                         NORMAL    RECORD    YEAR
 MAXIMUM TEMPERATURE (F)   68        86      1986
 MINIMUM TEMPERATURE (F)   51        27      1960


SUNRISE AND SUNSET
FEBRUARY 26 2017......SUNRISE   650 AM CST   SUNSET   619 PM CST
FEBRUARY 27 2017......SUNRISE   649 AM CST   SUNSET   619 PM CST


-  INDICATES NEGATIVE NUMBERS.
R  INDICATES RECORD WAS SET OR TIED.
MM INDICATES DATA IS MISSING.
T  INDICATES TRACE AMOUNT.

...MISCELLANEOUS CLIMATE DATA FOR YESTERDAY...

LOCATION                        HIGH    LOW     PRECIP
PEARLAND                         72      50      0.00
SUGAR LAND                       69      48      0.00
TOMBALL                          69      47      0.00
CONROE                           67      42      0.00
HUNTSVILLE                       64      42       T
ANGLETON/LAKE JACKSON            70      45      0.00
PALACIOS                         70      45      0.00
LEAGUE CITY (NWS)                68      50      0.00


THIS PRODUCT...ALONG WITH OTHER WEATHER...HYDROLOGIC...AND CLIMATE
PRODUCTS...IS AVAILABLE ON THE WEB AT HTTP://WWW.SRH.NOAA.GOV/HGX
OR AT HTTP://WEATHER.GOV



$$
