000
CDUS44 KHGX 280722
CLIHOU


CLIMATE REPORT
NATIONAL WEATHER SERVICE HOUSTON/GALVESTON TX
221 AM CDT MON JUL 28 2014


...................................

...THE HOUSTON INTERCONTINENTAL CLIMATE SUMMARY FOR JULY 27 2014...

CLIMATE NORMAL PERIOD 1981 TO 2010
CLIMATE RECORD PERIOD 1892 TO 2014


WEATHER ITEM   OBSERVED TIME   RECORD YEAR NORMAL DEPARTURE LAST
                VALUE   (LST)  VALUE       VALUE  FROM      YEAR
                                                  NORMAL
..................................................................
TEMPERATURE (F)
 YESTERDAY
  MAXIMUM         97    322 PM 101    1995  95      2       94
  MINIMUM         77    514 AM  66    1902  75      2       79
  AVERAGE         87                        85      2       87

PRECIPITATION (IN)
  YESTERDAY        0.00          5.22 1943   0.10  -0.10     0.14
  MONTH TO DATE    1.46                      3.41  -1.95     3.98
  SINCE JUN 1      3.64                      9.34  -5.70     8.44
  SINCE JAN 1     22.71                     27.73  -5.02    17.76

DEGREE DAYS
 COOLING
  YESTERDAY       22                        20      2       22
  MONTH TO DATE  510                       522    -12      514
  SINCE JUN 1   1043                      1042      1     1105
  SINCE JAN 1   1584                      1694   -110     1675
..................................................................


WIND (MPH)
  HIGHEST WIND SPEED    14   HIGHEST WIND DIRECTION     S (160)
  HIGHEST GUST SPEED    18   HIGHEST GUST DIRECTION    SE (150)




RELATIVE HUMIDITY (PERCENT)
 HIGHEST    91
 LOWEST     40
 AVERAGE    66

..........................................................


THE HOUSTON INTERCONTINENTAL CLIMATE NORMALS FOR TODAY
                         NORMAL    RECORD    YEAR
 MAXIMUM TEMPERATURE (F)   95       103      1995
 MINIMUM TEMPERATURE (F)   75        66      1891


SUNRISE AND SUNSET
JULY 28 2014..........SUNRISE   638 AM CDT   SUNSET   817 PM CDT
JULY 29 2014..........SUNRISE   639 AM CDT   SUNSET   817 PM CDT


-  INDICATES NEGATIVE NUMBERS.
R  INDICATES RECORD WAS SET OR TIED.
MM INDICATES DATA IS MISSING.
T  INDICATES TRACE AMOUNT.




...................................

...THE HOUSTON/HOBBY AIRPORT CLIMATE SUMMARY FOR JULY 27 2014...

CLIMATE NORMAL PERIOD 1981 TO 2010
CLIMATE RECORD PERIOD 1930 TO 2014


WEATHER ITEM   OBSERVED TIME   RECORD YEAR NORMAL DEPARTURE LAST
                VALUE   (LST)  VALUE       VALUE  FROM      YEAR
                                                  NORMAL
..................................................................
TEMPERATURE (F)
 YESTERDAY
  MAXIMUM         95    343 PM  99    1965  93      2       95
  MINIMUM         77    609 AM  68    1931  76      1       78
  AVERAGE         86                        84      2       87

PRECIPITATION (IN)
  YESTERDAY        0.00          5.45 1943   0.13  -0.13     0.26
  MONTH TO DATE    1.12                      4.18  -3.06     1.55
  SINCE JUN 1      4.10                     11.28  -7.18     2.91
  SINCE JAN 1     20.94                     29.56  -8.62    21.37

DEGREE DAYS
 COOLING
  YESTERDAY       21                        19      2       22
  MONTH TO DATE  512                       507      5      537
  SINCE JUN 1   1041                      1017     24     1139
  SINCE JAN 1   1592                      1671    -79     1709
..................................................................


WIND (MPH)
  HIGHEST WIND SPEED    16   HIGHEST WIND DIRECTION     S (180)
  HIGHEST GUST SPEED    21   HIGHEST GUST DIRECTION     S (190)




RELATIVE HUMIDITY (PERCENT)
 HIGHEST    94
 LOWEST     49
 AVERAGE    72

..........................................................


THE HOUSTON/HOBBY AIRPORT CLIMATE NORMALS FOR TODAY
                         NORMAL    RECORD    YEAR
 MAXIMUM TEMPERATURE (F)   93       101      1999
 MINIMUM TEMPERATURE (F)   76        71      1994
                                             1980
                                             1942


SUNRISE AND SUNSET
JULY 28 2014..........SUNRISE   638 AM CDT   SUNSET   816 PM CDT
JULY 29 2014..........SUNRISE   639 AM CDT   SUNSET   816 PM CDT


-  INDICATES NEGATIVE NUMBERS.
R  INDICATES RECORD WAS SET OR TIED.
MM INDICATES DATA IS MISSING.
T  INDICATES TRACE AMOUNT.




$$
