000
CDUS46 KSEW 060830
CLIHQM


CLIMATE REPORT
NATIONAL WEATHER SERVICE SEATTLE WA
1229 AM PST FRI MAR 6 2015


...................................

...THE HOQUIAM WA AIRPORT CLIMATE SUMMARY FOR MARCH 5 2015...

CLIMATE NORMAL PERIOD 1981 TO 2010
CLIMATE RECORD PERIOD 1953 TO 2015


WEATHER ITEM   OBSERVED TIME   RECORD YEAR NORMAL DEPARTURE LAST
                VALUE   (LST)  VALUE       VALUE  FROM      YEAR
                                                  NORMAL
..................................................................
TEMPERATURE (F)
 YESTERDAY
  MAXIMUM         58    346 PM  69    1965  51      7       55
  MINIMUM         33    202 AM  24    1955  39     -6       50
  AVERAGE         46                        45      1       53

PRECIPITATION (IN)
  YESTERDAY        0.00          2.50 1972   0.23  -0.23     2.25
  MONTH TO DATE    0.07                      1.16  -1.09     5.05
  SINCE OCT 1     47.36                     46.36   1.00    31.68
  SINCE JAN 1     15.94                     18.70  -2.76    19.57

DEGREE DAYS
 HEATING
  YESTERDAY       19                        20     -1       12
  MONTH TO DATE  106                       100      6       83
  SINCE MAR 1    106                       100      6       83

 COOLING
  YESTERDAY        0                         0      0        0
  MONTH TO DATE    0                         0      0        0
  SINCE MAR 1      0                         0      0        0
  SINCE JAN 1      0                         0      0        0
..................................................................


WIND (MPH)
  RESULTANT WIND SPEED   3   RESULTANT WIND DIRECTION   E (70)
  HIGHEST WIND SPEED    12   HIGHEST WIND DIRECTION     E (80)
  HIGHEST GUST SPEED    12   HIGHEST GUST DIRECTION     E (80)
  AVERAGE WIND SPEED     4.8


SKY COVER
  AVERAGE SKY COVER 0.0


WEATHER CONDITIONS
 THE FOLLOWING WEATHER WAS RECORDED YESTERDAY.
  FOG


RELATIVE HUMIDITY (PERCENT)
 HIGHEST   100           700 AM
 LOWEST     33           200 PM
 AVERAGE    67

..........................................................


THE HOQUIAM WA AIRPORT CLIMATE NORMALS FOR TODAY
                         NORMAL    RECORD    YEAR
 MAXIMUM TEMPERATURE (F)   52        69      2001
 MINIMUM TEMPERATURE (F)   39        26      1956


SUNRISE AND SUNSET
MARCH  6 2015.........SUNRISE   646 AM PST   SUNSET   608 PM PST
MARCH  7 2015.........SUNRISE   644 AM PST   SUNSET   610 PM PST


-  INDICATES NEGATIVE NUMBERS.
R  INDICATES RECORD WAS SET OR TIED.
MM INDICATES DATA IS MISSING.
T  INDICATES TRACE AMOUNT.




$$
