000
CDUS46 KSEW 190122
CLIHQM


CLIMATE REPORT
NATIONAL WEATHER SERVICE SEATTLE WA
522 PM PST THU DEC 18 2014


...................................

...THE HOQUIAM WA AIRPORT CLIMATE SUMMARY FOR DECEMBER 18 2014...
VALID TODAY AS OF 0500 PM LOCAL TIME.

CLIMATE NORMAL PERIOD 1981 TO 2010
CLIMATE RECORD PERIOD 1953 TO 2014


WEATHER ITEM   OBSERVED TIME   RECORD YEAR NORMAL DEPARTURE LAST
                VALUE   (LST)  VALUE       VALUE  FROM      YEAR
                                                  NORMAL
..................................................................
TEMPERATURE (F)
 TODAY
  MAXIMUM         49    459 PM  60    2004  46      3       46
  MINIMUM         43    728 AM  25    1984  37      6       31
                                      1964
  AVERAGE         46                        41      5       39

PRECIPITATION (IN)
  TODAY            0.37          1.57 1960   0.31   0.06     0.01
  MONTH TO DATE    6.23                      5.79   0.44     2.20
  SINCE OCT 1     26.30                     23.49   2.81    10.06
  SINCE JAN 1     73.39                     63.38  10.01    51.93

DEGREE DAYS
 HEATING
  TODAY           19                        24     -5       26
  MONTH TO DATE  326                       419    -93      517
  SINCE DEC 1    326                       419    -93      517

 COOLING
  TODAY            0                         0      0        0
  MONTH TO DATE    0                         0      0        0
  SINCE DEC 1      0                         0      0        0
  SINCE JAN 1     48                        23     25       20
..................................................................


WIND (MPH)
  RESULTANT WIND SPEED   8   RESULTANT WIND DIRECTION  NE (60)
  HIGHEST WIND SPEED    16   HIGHEST WIND DIRECTION     E (70)
  HIGHEST GUST SPEED    28   HIGHEST GUST DIRECTION     E (70)
  AVERAGE WIND SPEED     8.5


SKY COVER
  AVERAGE SKY COVER 0.9


WEATHER CONDITIONS
 THE FOLLOWING WEATHER WAS RECORDED TODAY.
  RAIN
  LIGHT RAIN
  FOG


RELATIVE HUMIDITY (PERCENT)
 HIGHEST   100           200 AM
 LOWEST     92           300 AM
 AVERAGE    96

..........................................................


THE HOQUIAM WA AIRPORT CLIMATE NORMALS FOR TOMORROW
                         NORMAL    RECORD    YEAR
 MAXIMUM TEMPERATURE (F)   46        55      1981
 MINIMUM TEMPERATURE (F)   37        21      1990


SUNRISE AND SUNSET
DECEMBER 18 2014......SUNRISE   757 AM PST   SUNSET   428 PM PST
DECEMBER 19 2014......SUNRISE   757 AM PST   SUNSET   428 PM PST


-  INDICATES NEGATIVE NUMBERS.
R  INDICATES RECORD WAS SET OR TIED.
MM INDICATES DATA IS MISSING.
T  INDICATES TRACE AMOUNT.




$$
