000
CDUS46 KSEW 240835
CLIHQM


CLIMATE REPORT
NATIONAL WEATHER SERVICE SEATTLE WA
134 AM PDT FRI MAR 24 2017


...................................

...THE HOQUIAM WA AIRPORT CLIMATE SUMMARY FOR MARCH 23 2017...

CLIMATE NORMAL PERIOD 1981 TO 2010
CLIMATE RECORD PERIOD 1953 TO 2017


WEATHER ITEM   OBSERVED TIME   RECORD YEAR NORMAL DEPARTURE LAST
                VALUE   (LST)  VALUE       VALUE  FROM      YEAR
                                                  NORMAL
..................................................................
TEMPERATURE (F)
 YESTERDAY
  MAXIMUM         51    315 PM  67    1979  53     -2       50
  MINIMUM         41    137 AM  30    1954  40      1       46
  AVERAGE         46                        47     -1       48

PRECIPITATION (IN)
  YESTERDAY        0.34          1.62 2007   0.23   0.11     0.84
  MONTH TO DATE   12.28                      5.24   7.04    12.54
  SINCE OCT 1     66.61                     50.44  16.17    68.48
  SINCE JAN 1     25.07                     22.78   2.29    35.06

DEGREE DAYS
 HEATING
  YESTERDAY       19                        18      1       17
  MONTH TO DATE  460                       443     17      394
  SINCE MAR 1    460                       443     17      394

 COOLING
  YESTERDAY        0                         0      0        0
  MONTH TO DATE    0                         0      0        0
  SINCE MAR 1      0                         0      0        0
  SINCE JAN 1      0                         0      0        0
..................................................................


WIND (MPH)
  RESULTANT WIND SPEED  11   RESULTANT WIND DIRECTION   E (80)
  HIGHEST WIND SPEED    26   HIGHEST WIND DIRECTION     E (110)
  HIGHEST GUST SPEED    32   HIGHEST GUST DIRECTION    SE (120)
  AVERAGE WIND SPEED    11.3


SKY COVER
  AVERAGE SKY COVER 0.9


WEATHER CONDITIONS
 THE FOLLOWING WEATHER WAS RECORDED YESTERDAY.
  LIGHT RAIN
  FOG


RELATIVE HUMIDITY (PERCENT)
 HIGHEST   100          1200 AM
 LOWEST     63           200 PM
 AVERAGE    82

..........................................................


THE HOQUIAM WA AIRPORT CLIMATE NORMALS FOR TODAY
                         NORMAL    RECORD    YEAR
 MAXIMUM TEMPERATURE (F)   53        67      2014
                                             1982
 MINIMUM TEMPERATURE (F)   40        30      1965


SUNRISE AND SUNSET
MARCH 24 2017.........SUNRISE   710 AM PDT   SUNSET   735 PM PDT
MARCH 25 2017.........SUNRISE   708 AM PDT   SUNSET   736 PM PDT


-  INDICATES NEGATIVE NUMBERS.
R  INDICATES RECORD WAS SET OR TIED.
MM INDICATES DATA IS MISSING.
T  INDICATES TRACE AMOUNT.




$$
