000
CDUS46 KSEW 050832
CLIHQM


CLIMATE REPORT
NATIONAL WEATHER SERVICE SEATTLE WA
132 AM PDT THU MAY 5 2016


...................................

...THE HOQUIAM WA AIRPORT CLIMATE SUMMARY FOR MAY 4 2016...

CLIMATE NORMAL PERIOD 1981 TO 2010
CLIMATE RECORD PERIOD 1953 TO 2016


WEATHER ITEM   OBSERVED TIME   RECORD YEAR NORMAL DEPARTURE LAST
                VALUE   (LST)  VALUE       VALUE  FROM      YEAR
                                                  NORMAL
..................................................................
TEMPERATURE (F)
 YESTERDAY
  MAXIMUM         60    139 PM  83    2013  58      2       57
  MINIMUM         49   1159 PM  35    1955  44      5       50
  AVERAGE         55                        51      4       54

PRECIPITATION (IN)
  YESTERDAY        0.01          1.17 1979   0.13  -0.12     0.03
  MONTH TO DATE    0.03                      0.50  -0.47     0.03
  SINCE OCT 1     71.90                     57.79  14.11    57.28
  SINCE JAN 1     38.48                     30.13   8.35    25.86

DEGREE DAYS
 HEATING
  YESTERDAY       10                        14     -4       11
  MONTH TO DATE   22                        56    -34       51
  SINCE MAR 1    879                      1134   -255      986

 COOLING
  YESTERDAY        0                         0      0        0
  MONTH TO DATE    1                         0      1        0
  SINCE MAR 1      5                         0      5        0
  SINCE JAN 1      5                         0      5        0
..................................................................


WIND (MPH)
  RESULTANT WIND SPEED   7   RESULTANT WIND DIRECTION  NW (300)
  HIGHEST WIND SPEED    17   HIGHEST WIND DIRECTION     W (270)
  HIGHEST GUST SPEED    23   HIGHEST GUST DIRECTION    NW (330)
  AVERAGE WIND SPEED     6.9


SKY COVER
  AVERAGE SKY COVER 0.9


WEATHER CONDITIONS
 THE FOLLOWING WEATHER WAS RECORDED YESTERDAY.
  LIGHT RAIN
  FOG


RELATIVE HUMIDITY (PERCENT)
 HIGHEST    93           400 AM
 LOWEST     66           500 PM
 AVERAGE    80

..........................................................


THE HOQUIAM WA AIRPORT CLIMATE NORMALS FOR TODAY
                         NORMAL    RECORD    YEAR
 MAXIMUM TEMPERATURE (F)   58        87      2013
 MINIMUM TEMPERATURE (F)   44        32      2010


SUNRISE AND SUNSET
MAY  5 2016...........SUNRISE   553 AM PDT   SUNSET   832 PM PDT
MAY  6 2016...........SUNRISE   552 AM PDT   SUNSET   834 PM PDT


-  INDICATES NEGATIVE NUMBERS.
R  INDICATES RECORD WAS SET OR TIED.
MM INDICATES DATA IS MISSING.
T  INDICATES TRACE AMOUNT.




$$
