000
CDUS46 KSEW 270829
CLIHQM


CLIMATE REPORT
NATIONAL WEATHER SERVICE SEATTLE WA
128 AM PDT SAT MAY 27 2017


...................................

...THE HOQUIAM WA AIRPORT CLIMATE SUMMARY FOR MAY 26 2017...

CLIMATE NORMAL PERIOD 1981 TO 2010
CLIMATE RECORD PERIOD 1953 TO 2017


WEATHER ITEM   OBSERVED TIME   RECORD YEAR NORMAL DEPARTURE LAST
                VALUE   (LST)  VALUE       VALUE  FROM      YEAR
                                                  NORMAL
..................................................................
TEMPERATURE (F)
 YESTERDAY
  MAXIMUM         69    127 PM  89    2005  61      8       58
  MINIMUM         45    519 AM  38    1973  48     -3       51
  AVERAGE         57                        54      3       55

PRECIPITATION (IN)
  YESTERDAY        0.00          0.79 2011   0.09  -0.09     0.00
  MONTH TO DATE    3.81                      2.80   1.01     0.54
  SINCE OCT 1     82.02                     60.09  21.93    72.41
  SINCE JAN 1     40.48                     32.43   8.05    38.99

DEGREE DAYS
 HEATING
  YESTERDAY        8                        11     -3       10
  MONTH TO DATE  305                       320    -15      238
  SINCE MAR 1   1378                      1398    -20     1095

 COOLING
  YESTERDAY        0                         0      0        0
  MONTH TO DATE    0                         0      0        1
  SINCE MAR 1      0                         0      0        5
  SINCE JAN 1      0                         0      0        5
..................................................................


WIND (MPH)
  RESULTANT WIND SPEED   5   RESULTANT WIND DIRECTION  SW (230)
  HIGHEST WIND SPEED    20   HIGHEST WIND DIRECTION    SW (230)
  HIGHEST GUST SPEED    22   HIGHEST GUST DIRECTION    SW (230)
  AVERAGE WIND SPEED     7.3


SKY COVER
  AVERAGE SKY COVER 0.0


WEATHER CONDITIONS
 THE FOLLOWING WEATHER WAS RECORDED YESTERDAY.
  FOG


RELATIVE HUMIDITY (PERCENT)
 HIGHEST   100           100 AM
 LOWEST     59          1200 PM
 AVERAGE    80

..........................................................


THE HOQUIAM WA AIRPORT CLIMATE NORMALS FOR TODAY
                         NORMAL    RECORD    YEAR
 MAXIMUM TEMPERATURE (F)   61        86      1972
 MINIMUM TEMPERATURE (F)   48        38      1966
                                             1955


SUNRISE AND SUNSET
MAY 27 2017...........SUNRISE   528 AM PDT   SUNSET   859 PM PDT
MAY 28 2017...........SUNRISE   527 AM PDT   SUNSET   900 PM PDT


-  INDICATES NEGATIVE NUMBERS.
R  INDICATES RECORD WAS SET OR TIED.
MM INDICATES DATA IS MISSING.
T  INDICATES TRACE AMOUNT.




$$
