000
CDUS46 KSEW 040122
CLIHQM


CLIMATE REPORT
NATIONAL WEATHER SERVICE SEATTLE WA
622 PM PDT THU SEP 3 2015


...................................

...THE HOQUIAM WA AIRPORT CLIMATE SUMMARY FOR SEPTEMBER 3 2015...
VALID TODAY AS OF 0600 PM LOCAL TIME.

CLIMATE NORMAL PERIOD 1981 TO 2010
CLIMATE RECORD PERIOD 1953 TO 2015


WEATHER ITEM   OBSERVED TIME   RECORD YEAR NORMAL DEPARTURE LAST
                VALUE   (LST)  VALUE       VALUE  FROM      YEAR
                                                  NORMAL
..................................................................
TEMPERATURE (F)
 TODAY
  MAXIMUM         65    258 PM  84    2011  68     -3       64
  MINIMUM         47    521 AM  41    1956  53     -6       51
  AVERAGE         56                        60     -4       58

PRECIPITATION (IN)
  TODAY            0.30          0.59 1970   0.06   0.24     0.00
  MONTH TO DATE    0.83                      0.18   0.65     0.24
  SINCE OCT 1     60.89                     65.45  -4.56    56.00
  SINCE JAN 1     29.47                     37.79  -8.32    43.89

DEGREE DAYS
 HEATING
  TODAY            9                         5      4        7
  MONTH TO DATE   17                        15      2       13
  SINCE SEP 1     17                        15      2       13

 COOLING
  TODAY            0                         0      0        0
  MONTH TO DATE    0                         0      0        0
  SINCE SEP 1      0                         0      0        0
  SINCE JAN 1     31                        16     15       30
..................................................................


WIND (MPH)
  RESULTANT WIND SPEED   3   RESULTANT WIND DIRECTION  SW (210)
  HIGHEST WIND SPEED    17   HIGHEST WIND DIRECTION     N (340)
  HIGHEST GUST SPEED    22   HIGHEST GUST DIRECTION    NW (330)
  AVERAGE WIND SPEED     6.7


SKY COVER
  AVERAGE SKY COVER 0.3


WEATHER CONDITIONS
 THE FOLLOWING WEATHER WAS RECORDED TODAY.
  THUNDERSTORM
  HEAVY RAIN
  RAIN
  LIGHT RAIN
  FOG


RELATIVE HUMIDITY (PERCENT)
 HIGHEST    93           200 AM
 LOWEST     56           200 PM
 AVERAGE    75

..........................................................


THE HOQUIAM WA AIRPORT CLIMATE NORMALS FOR TOMORROW
                         NORMAL    RECORD    YEAR
 MAXIMUM TEMPERATURE (F)   68        89      1953
 MINIMUM TEMPERATURE (F)   53        42      2002
                                             1956


SUNRISE AND SUNSET
SEPTEMBER  3 2015.....SUNRISE   638 AM PDT   SUNSET   752 PM PDT
SEPTEMBER  4 2015.....SUNRISE   639 AM PDT   SUNSET   750 PM PDT


-  INDICATES NEGATIVE NUMBERS.
R  INDICATES RECORD WAS SET OR TIED.
MM INDICATES DATA IS MISSING.
T  INDICATES TRACE AMOUNT.




$$
