000
CDUS46 KSEW 260124
CLIHQM


CLIMATE REPORT
NATIONAL WEATHER SERVICE SEATTLE WA
623 PM PDT MON MAY 25 2015


...................................

...THE HOQUIAM WA AIRPORT CLIMATE SUMMARY FOR MAY 25 2015...
VALID TODAY AS OF 0600 PM LOCAL TIME.

CLIMATE NORMAL PERIOD 1981 TO 2010
CLIMATE RECORD PERIOD 1953 TO 2015


WEATHER ITEM   OBSERVED TIME   RECORD YEAR NORMAL DEPARTURE LAST
                VALUE   (LST)  VALUE       VALUE  FROM      YEAR
                                                  NORMAL
..................................................................
TEMPERATURE (F)
 TODAY
  MAXIMUM         58    131 PM  82    2005  61     -3       59
  MINIMUM         50    441 AM  37    1972  48      2       50
                                      1964
  AVERAGE         54                        54      0       55

PRECIPITATION (IN)
  TODAY            0.00          0.77 1986   0.10  -0.10     0.14
  MONTH TO DATE    0.28                      2.71  -2.43     4.64
  SINCE OCT 1     57.53                     60.00  -2.47    51.69
  SINCE JAN 1     26.11                     32.34  -6.23    39.58

DEGREE DAYS
 HEATING
  TODAY           11                        11      0       10
  MONTH TO DATE  275                       309    -34      207
  SINCE MAR 1   1210                      1387   -177     1189

 COOLING
  TODAY            0                         0      0        0
  MONTH TO DATE    0                         0      0       11
  SINCE MAR 1      0                         0      0       15
  SINCE JAN 1      0                         0      0       15
..................................................................


WIND (MPH)
  RESULTANT WIND SPEED   6   RESULTANT WIND DIRECTION  SW (230)
  HIGHEST WIND SPEED    15   HIGHEST WIND DIRECTION    SW (220)
  HIGHEST GUST SPEED    17   HIGHEST GUST DIRECTION    SW (220)
  AVERAGE WIND SPEED     7.0


SKY COVER
  AVERAGE SKY COVER 1.0


WEATHER CONDITIONS
 THE FOLLOWING WEATHER WAS RECORDED TODAY.
  FOG


RELATIVE HUMIDITY (PERCENT)
 HIGHEST    96          1200 AM
 LOWEST     80          1200 PM
 AVERAGE    88

..........................................................


THE HOQUIAM WA AIRPORT CLIMATE NORMALS FOR TOMORROW
                         NORMAL    RECORD    YEAR
 MAXIMUM TEMPERATURE (F)   61        89      2005
 MINIMUM TEMPERATURE (F)   48        38      1973


SUNRISE AND SUNSET
MAY 25 2015...........SUNRISE   530 AM PDT   SUNSET   856 PM PDT
MAY 26 2015...........SUNRISE   529 AM PDT   SUNSET   857 PM PDT


-  INDICATES NEGATIVE NUMBERS.
R  INDICATES RECORD WAS SET OR TIED.
MM INDICATES DATA IS MISSING.
T  INDICATES TRACE AMOUNT.




$$
