000
CDUS46 KSEW 290830
CLIHQM


CLIMATE REPORT
NATIONAL WEATHER SERVICE SEATTLE WA
1230 AM PST THU JAN 29 2015


...................................

...THE HOQUIAM WA AIRPORT CLIMATE SUMMARY FOR JANUARY 28 2015...

CLIMATE NORMAL PERIOD 1981 TO 2010
CLIMATE RECORD PERIOD 1953 TO 2015


WEATHER ITEM   OBSERVED TIME   RECORD YEAR NORMAL DEPARTURE LAST
                VALUE   (LST)  VALUE       VALUE  FROM      YEAR
                                                  NORMAL
..................................................................
TEMPERATURE (F)
 YESTERDAY
  MAXIMUM         53    236 PM  55    1998  48      5       48
                                      1962
  MINIMUM         35    750 AM  17    1980  38     -3       41
  AVERAGE         44                        43      1       45

PRECIPITATION (IN)
  YESTERDAY        0.00          2.28 1965   0.30  -0.30     0.64
  MONTH TO DATE   11.00                      9.44   1.56     5.85
  SINCE OCT 1     42.42                     37.10   5.32    17.96
  SINCE JAN 1     11.00                      9.44   1.56     5.85

DEGREE DAYS
 HEATING
  YESTERDAY       21                        22     -1       20
  MONTH TO DATE  519                       627   -108      595
  SINCE DEC 1   1112                      1354   -242     1421

 COOLING
  YESTERDAY        0                         0      0        0
  MONTH TO DATE    0                         0      0        0
  SINCE DEC 1      0                         0      0        0
  SINCE JAN 1      0                         0      0        0
..................................................................


WIND (MPH)
  RESULTANT WIND SPEED   7   RESULTANT WIND DIRECTION   E (70)
  HIGHEST WIND SPEED    15   HIGHEST WIND DIRECTION     E (80)
  HIGHEST GUST SPEED    18   HIGHEST GUST DIRECTION     E (70)
  AVERAGE WIND SPEED     8.0


SKY COVER
  AVERAGE SKY COVER 0.5


WEATHER CONDITIONS
 THE FOLLOWING WEATHER WAS RECORDED YESTERDAY.
  FOG
  FOG W/VISIBILITY <= 1/4 MILE


RELATIVE HUMIDITY (PERCENT)
 HIGHEST   100           500 AM
 LOWEST     80           600 PM
 AVERAGE    90

..........................................................


THE HOQUIAM WA AIRPORT CLIMATE NORMALS FOR TODAY
                         NORMAL    RECORD    YEAR
 MAXIMUM TEMPERATURE (F)   48        56      1992
                                             1962
                                             1960
 MINIMUM TEMPERATURE (F)   38        17      1980


SUNRISE AND SUNSET
JANUARY 29 2015.......SUNRISE   744 AM PST   SUNSET   514 PM PST
JANUARY 30 2015.......SUNRISE   743 AM PST   SUNSET   515 PM PST


-  INDICATES NEGATIVE NUMBERS.
R  INDICATES RECORD WAS SET OR TIED.
MM INDICATES DATA IS MISSING.
T  INDICATES TRACE AMOUNT.




$$
