000
CDUS46 KSEW 230830
CLIHQM


CLIMATE REPORT
NATIONAL WEATHER SERVICE SEATTLE WA
130 AM PDT THU OCT 23 2014


...................................

...THE HOQUIAM WA AIRPORT CLIMATE SUMMARY FOR OCTOBER 22 2014...

CLIMATE NORMAL PERIOD 1981 TO 2010
CLIMATE RECORD PERIOD 1953 TO 2014


WEATHER ITEM   OBSERVED TIME   RECORD YEAR NORMAL DEPARTURE LAST
                VALUE   (LST)  VALUE       VALUE  FROM      YEAR
                                                  NORMAL
..................................................................
TEMPERATURE (F)
 YESTERDAY
  MAXIMUM         59    456 AM  70    1964  57      2       65
  MINIMUM         55   1159 PM  35    1953  45     10       47
  AVERAGE         57                        51      6       56

PRECIPITATION (IN)
  YESTERDAY        1.42          2.17 1989   0.25   1.17     0.00
  MONTH TO DATE    6.41                      3.98   2.43     1.72
  SINCE OCT 1      6.41                      3.98   2.43     1.72
  SINCE JAN 1     53.50                     43.87   9.63    43.59

DEGREE DAYS
 HEATING
  YESTERDAY        8                        14     -6        9
  MONTH TO DATE  118                       257   -139      280
  SINCE SEP 1    211                       453   -242      425

 COOLING
  YESTERDAY        0                         0      0        0
  MONTH TO DATE    0                         0      0        0
  SINCE SEP 1     18                         7     11        7
  SINCE JAN 1     48                        23     25       20
..................................................................


WIND (MPH)
  RESULTANT WIND SPEED  10   RESULTANT WIND DIRECTION  SE (150)
  HIGHEST WIND SPEED    35   HIGHEST WIND DIRECTION     S (160)
  HIGHEST GUST SPEED    42   HIGHEST GUST DIRECTION     S (160)
  AVERAGE WIND SPEED    11.0


SKY COVER
  AVERAGE SKY COVER 0.9


WEATHER CONDITIONS
 THE FOLLOWING WEATHER WAS RECORDED YESTERDAY.
  HEAVY RAIN
  RAIN
  LIGHT RAIN
  FOG


RELATIVE HUMIDITY (PERCENT)
 HIGHEST   100           100 PM
 LOWEST     86          1100 PM
 AVERAGE    93

..........................................................


THE HOQUIAM WA AIRPORT CLIMATE NORMALS FOR TODAY
                         NORMAL    RECORD    YEAR
 MAXIMUM TEMPERATURE (F)   57        73      2007
 MINIMUM TEMPERATURE (F)   44        32      1954


SUNRISE AND SUNSET
OCTOBER 23 2014.......SUNRISE   745 AM PDT   SUNSET   614 PM PDT
OCTOBER 24 2014.......SUNRISE   747 AM PDT   SUNSET   612 PM PDT


-  INDICATES NEGATIVE NUMBERS.
R  INDICATES RECORD WAS SET OR TIED.
MM INDICATES DATA IS MISSING.
T  INDICATES TRACE AMOUNT.




$$
