000
CDUS46 KSEW 010827
CLIHQM


CLIMATE REPORT
NATIONAL WEATHER SERVICE SEATTLE WA
126 AM PDT FRI AUG 1 2014


...................................

...THE HOQUIAM WA AIRPORT CLIMATE SUMMARY FOR JULY 31 2014...

CLIMATE NORMAL PERIOD 1981 TO 2010
CLIMATE RECORD PERIOD 1953 TO 2014


WEATHER ITEM   OBSERVED TIME   RECORD YEAR NORMAL DEPARTURE LAST
                VALUE   (LST)  VALUE       VALUE  FROM      YEAR
                                                  NORMAL
..................................................................
TEMPERATURE (F)
 YESTERDAY
  MAXIMUM         75    424 PM  90    1968  67      8       60
  MINIMUM         51    456 AM  46    1957  54     -3       56
  AVERAGE         63                        61      2       58

PRECIPITATION (IN)
  YESTERDAY        0.00          0.43 1964   0.02  -0.02     0.00
  MONTH TO DATE    0.83                      1.14  -0.31      T
  SINCE OCT 1     53.77                     63.96 -10.19    46.17
  SINCE JAN 1     41.66                     36.30   5.36    32.56

DEGREE DAYS
 HEATING
  YESTERDAY        2                         4     -2        7
  MONTH TO DATE  115                       157    -42      147
  SINCE JUN 1    319                       410    -91      322

 COOLING
  YESTERDAY        0                         0      0        0
  MONTH TO DATE    8                         6      2        0
  SINCE JUN 1      8                         8      0        8
  SINCE JAN 1     23                         9     14       11
..................................................................


WIND (MPH)
  RESULTANT WIND SPEED   4   RESULTANT WIND DIRECTION  SW (240)
  HIGHEST WIND SPEED    20   HIGHEST WIND DIRECTION    SW (230)
  HIGHEST GUST SPEED    23   HIGHEST GUST DIRECTION     W (290)
  AVERAGE WIND SPEED     6.0


SKY COVER
  AVERAGE SKY COVER 0.0


WEATHER CONDITIONS
 THE FOLLOWING WEATHER WAS RECORDED YESTERDAY.
  FOG


RELATIVE HUMIDITY (PERCENT)
 HIGHEST    93           400 AM
 LOWEST     44           600 PM
 AVERAGE    69

..........................................................


THE HOQUIAM WA AIRPORT CLIMATE NORMALS FOR TODAY
                         NORMAL    RECORD    YEAR
 MAXIMUM TEMPERATURE (F)   67        78      1993
 MINIMUM TEMPERATURE (F)   54        44      1976


SUNRISE AND SUNSET
AUGUST  1 2014........SUNRISE   555 AM PDT   SUNSET   848 PM PDT
AUGUST  2 2014........SUNRISE   557 AM PDT   SUNSET   847 PM PDT


-  INDICATES NEGATIVE NUMBERS.
R  INDICATES RECORD WAS SET OR TIED.
MM INDICATES DATA IS MISSING.
T  INDICATES TRACE AMOUNT.




$$
