000
CDUS46 KSEW 190829
CLIHQM


CLIMATE REPORT
NATIONAL WEATHER SERVICE SEATTLE WA
129 AM PDT TUE SEP 19 2017


...................................

...THE HOQUIAM WA AIRPORT CLIMATE SUMMARY FOR SEPTEMBER 18 2017...

CLIMATE NORMAL PERIOD 1981 TO 2010
CLIMATE RECORD PERIOD 1953 TO 2017


WEATHER ITEM   OBSERVED TIME   RECORD YEAR NORMAL DEPARTURE LAST
                VALUE   (LST)  VALUE       VALUE  FROM      YEAR
                                                  NORMAL
..................................................................
TEMPERATURE (F)
 YESTERDAY
  MAXIMUM         63   1157 AM  81    1991  67     -4       65
  MINIMUM         51    223 AM  39    1978  51      0       51
  AVERAGE         57                        59     -2       58

PRECIPITATION (IN)
  YESTERDAY        0.12          1.12 2004   0.08   0.04     0.01
  MONTH TO DATE    0.57                      1.21  -0.64     2.70
  SINCE OCT 1     84.98                     66.48  18.50    77.79
  SINCE JAN 1     43.44                     38.82   4.62    44.37

DEGREE DAYS
 HEATING
  YESTERDAY        8                         6      2        7
  MONTH TO DATE   67                        96    -29      110
  SINCE SEP 1     67                        96    -29      110

 COOLING
  YESTERDAY        0                         0      0        0
  MONTH TO DATE   22                         0     22        0
  SINCE SEP 1     22                         0     22        0
  SINCE JAN 1     67                        16     51       49
..................................................................


WIND (MPH)
  RESULTANT WIND SPEED  10   RESULTANT WIND DIRECTION   S (170)
  HIGHEST WIND SPEED    22   HIGHEST WIND DIRECTION    SE (150)
  HIGHEST GUST SPEED    26   HIGHEST GUST DIRECTION    SE (150)
  AVERAGE WIND SPEED    11.2


SKY COVER
  AVERAGE SKY COVER 0.8


WEATHER CONDITIONS
 THE FOLLOWING WEATHER WAS RECORDED YESTERDAY.
  RAIN
  LIGHT RAIN
  FOG


RELATIVE HUMIDITY (PERCENT)
 HIGHEST   100          1200 AM
 LOWEST     60          1200 PM
 AVERAGE    80

..........................................................


THE HOQUIAM WA AIRPORT CLIMATE NORMALS FOR TODAY
                         NORMAL    RECORD    YEAR
 MAXIMUM TEMPERATURE (F)   66        86      1976
 MINIMUM TEMPERATURE (F)   50        40      1983
                                             1965
                                             1957


SUNRISE AND SUNSET
SEPTEMBER 19 2017.....SUNRISE   659 AM PDT   SUNSET   719 PM PDT
SEPTEMBER 20 2017.....SUNRISE   700 AM PDT   SUNSET   717 PM PDT


-  INDICATES NEGATIVE NUMBERS.
R  INDICATES RECORD WAS SET OR TIED.
MM INDICATES DATA IS MISSING.
T  INDICATES TRACE AMOUNT.




$$
