000
CDUS44 KBRO 230626
CLIHRL


CLIMATE REPORT
NATIONAL WEATHER SERVICE BROWNSVILLE TX
126 AM CDT FRI JUN 23 2017


...................................

...THE HARLINGEN CLIMATE SUMMARY FOR JUNE 22 2017...

CLIMATE NORMAL PERIOD 1981 TO 2010
CLIMATE RECORD PERIOD 1912 TO 2017


WEATHER ITEM   OBSERVED TIME   RECORD YEAR NORMAL DEPARTURE LAST
                VALUE   (LST)  VALUE       VALUE  FROM      YEAR
                                                  NORMAL
..................................................................
TEMPERATURE (F)
 YESTERDAY
  MAXIMUM        105R   222 PM 102    1953  94     11       96
  MINIMUM         77    341 AM  68    1968  75      2       74
  AVERAGE         91                        84      7       85

PRECIPITATION (IN)
  YESTERDAY        0.00          1.80 1942   0.09  -0.09     0.00
  MONTH TO DATE    0.07                      1.69  -1.62     4.64
  SINCE JUN 1      0.07                      1.69  -1.62     4.64
  SINCE JAN 1      6.66                      9.61  -2.95    11.53

SNOWFALL (IN)
  YESTERDAY        0.0
  MONTH TO DATE    0.0
  SINCE JUN 1      0.0
  SINCE JUL 1      0.0

DEGREE DAYS
 HEATING
  YESTERDAY        0                         0      0        0
  MONTH TO DATE    0                         0      0        0
  SINCE JUN 1      0                         0      0        0
  SINCE JUL 1    234                       622   -388      389

 COOLING
  YESTERDAY       26                        19      7       20
  MONTH TO DATE  444                       411     33      420
  SINCE JUN 1    444                       411     33      420
  SINCE JAN 1   1979                      1512    467     1781
..................................................................


WIND (MPH)
  HIGHEST WIND SPEED    29   HIGHEST WIND DIRECTION    SE (150)
  HIGHEST GUST SPEED    34   HIGHEST GUST DIRECTION    SE (150)
  AVERAGE WIND SPEED    17.3



WEATHER CONDITIONS
 THE FOLLOWING WEATHER WAS RECORDED YESTERDAY.
  NO SIGNIFICANT WEATHER WAS OBSERVED.


RELATIVE HUMIDITY (PERCENT)
 HIGHEST    94
 LOWEST     30
 AVERAGE    62

..........................................................


THE HARLINGEN CLIMATE NORMALS FOR TODAY
                         NORMAL    RECORD    YEAR
 MAXIMUM TEMPERATURE (F)   94       101      1921
                                             1933
 MINIMUM TEMPERATURE (F)   75        67      1923
                                             1935
                                             1942


SUNRISE AND SUNSET
JUNE 23 2017..........SUNRISE   639 AM CDT   SUNSET   826 PM CDT
JUNE 24 2017..........SUNRISE   640 AM CDT   SUNSET   827 PM CDT


-  INDICATES NEGATIVE NUMBERS.
R  INDICATES RECORD WAS SET OR TIED.
MM INDICATES DATA IS MISSING.
T  INDICATES TRACE AMOUNT.




$$
