000
CDUS44 KBRO 180725
CLIHRL


CLIMATE REPORT
NATIONAL WEATHER SERVICE BROWNSVILLE TX
125 AM CST THU DEC 18 2014


...................................

...THE HARLINGEN CLIMATE SUMMARY FOR DECEMBER 17 2014...

CLIMATE NORMAL PERIOD 1981 TO 2010
CLIMATE RECORD PERIOD 1912 TO 2014


WEATHER ITEM   OBSERVED TIME   RECORD YEAR NORMAL DEPARTURE LAST
                VALUE   (LST)  VALUE       VALUE  FROM      YEAR
                                                  NORMAL
..................................................................
TEMPERATURE (F)
 YESTERDAY
  MAXIMUM         79   1140 AM  88    1946  71      8       76
  MINIMUM         64    724 AM  27    1932  49     15       43
  AVERAGE         72                        60     12       60

PRECIPITATION (IN)
  YESTERDAY        0.00          2.50 1994   0.04  -0.04     0.00
  MONTH TO DATE    1.00                      0.86   0.14     0.13
  SINCE DEC 1      1.00                      0.86   0.14     0.13
  SINCE JAN 1     22.79                     24.78  -1.99    29.30

SNOWFALL (IN)
  YESTERDAY        0.0
  MONTH TO DATE    0.0
  SINCE DEC 1      0.0
  SINCE JUL 1      0.0

DEGREE DAYS
 HEATING
  YESTERDAY        0                         6     -6        5
  MONTH TO DATE   17                        94    -77      152
  SINCE DEC 1     17                        94    -77      152
  SINCE JUL 1    152                       151      1      284

 COOLING
  YESTERDAY        7                         2      5        0
  MONTH TO DATE   71                        39     32       30
  SINCE DEC 1     71                        39     32       30
  SINCE JAN 1   3898                      3973    -75     4043
..................................................................


WIND (MPH)
  HIGHEST WIND SPEED    23   HIGHEST WIND DIRECTION    SE (150)
  HIGHEST GUST SPEED    30   HIGHEST GUST DIRECTION    SE (150)
  AVERAGE WIND SPEED    10.9



WEATHER CONDITIONS
 THE FOLLOWING WEATHER WAS RECORDED YESTERDAY.
  NO SIGNIFICANT WEATHER WAS OBSERVED.


RELATIVE HUMIDITY (PERCENT)
 HIGHEST   100
 LOWEST     64
 AVERAGE    82

..........................................................


THE HARLINGEN CLIMATE NORMALS FOR TODAY
                         NORMAL    RECORD    YEAR
 MAXIMUM TEMPERATURE (F)   71        86      2012
                                             1948
 MINIMUM TEMPERATURE (F)   49        29      1989


SUNRISE AND SUNSET
DECEMBER 18 2014......SUNRISE   712 AM CST   SUNSET   542 PM CST
DECEMBER 19 2014......SUNRISE   713 AM CST   SUNSET   543 PM CST


-  INDICATES NEGATIVE NUMBERS.
R  INDICATES RECORD WAS SET OR TIED.
MM INDICATES DATA IS MISSING.
T  INDICATES TRACE AMOUNT.




$$
