000
CDUS44 KBRO 282126
CLIHRL


CLIMATE REPORT
NATIONAL WEATHER SERVICE BROWNSVILLE TX
425 PM CDT SUN AUG 28 2016


...................................

...THE HARLINGEN CLIMATE SUMMARY FOR AUGUST 28 2016...
VALID TODAY AS OF 0400 PM LOCAL TIME.

CLIMATE NORMAL PERIOD 1981 TO 2010
CLIMATE RECORD PERIOD 1912 TO 2016


WEATHER ITEM   OBSERVED TIME   RECORD YEAR NORMAL DEPARTURE LAST
                VALUE   (LST)  VALUE       VALUE  FROM      YEAR
                                                  NORMAL
..................................................................
TEMPERATURE (F)
 TODAY
  MAXIMUM         99    223 PM 106    2011  95      4       94
  MINIMUM         74    644 AM  66    1970  75     -1       71
  AVERAGE         87                        85      2       83

PRECIPITATION (IN)
  TODAY            0.00          5.00 1938   0.12  -0.12     0.00
  MONTH TO DATE    2.16                      1.46   0.70     2.24
  SINCE JUN 1      7.40                      5.89   1.51     5.57
  SINCE JAN 1     14.29                     13.81   0.48    18.07

SNOWFALL (IN)
  TODAY            0.0
  MONTH TO DATE    0.0
  SINCE JUN 1      0.0
  SINCE JUL 1      0.0
  SNOW DEPTH       0

DEGREE DAYS
 HEATING
  TODAY            0                         0      0        0
  MONTH TO DATE    0                         0      0        0
  SINCE JUN 1      0                         0      0        0
  SINCE JUL 1      0                         0      0        0

 COOLING
  TODAY           22                        20      2       18
  MONTH TO DATE  617                       578     39      631
  SINCE JUN 1   1897                      1769    128     1853
  SINCE JAN 1   3258                      2870    388     2937
..................................................................


WIND (MPH)
  HIGHEST WIND SPEED    18   HIGHEST WIND DIRECTION     E (70)
  HIGHEST GUST SPEED    24   HIGHEST GUST DIRECTION     E (80)
  AVERAGE WIND SPEED     3.4



WEATHER CONDITIONS
 THE FOLLOWING WEATHER WAS RECORDED TODAY.
  NO SIGNIFICANT WEATHER WAS OBSERVED.


RELATIVE HUMIDITY (PERCENT)
 HIGHEST   100
 LOWEST     42
 AVERAGE    71

..........................................................


THE HARLINGEN CLIMATE NORMALS FOR TOMORROW
                         NORMAL    RECORD    YEAR
 MAXIMUM TEMPERATURE (F)   95       104      2012
 MINIMUM TEMPERATURE (F)   75        63      1958


SUNRISE AND SUNSET
AUGUST 28 2016........SUNRISE   709 AM CDT   SUNSET   754 PM CDT
AUGUST 29 2016........SUNRISE   710 AM CDT   SUNSET   753 PM CDT


-  INDICATES NEGATIVE NUMBERS.
R  INDICATES RECORD WAS SET OR TIED.
MM INDICATES DATA IS MISSING.
T  INDICATES TRACE AMOUNT.




$$
