000
CDUS44 KBRO 270201
CLIHRL


CLIMATE REPORT
NATIONAL WEATHER SERVICE BROWNSVILLE TX
800 PM CST WED NOV 26 2014


...................................

...THE HARLINGEN CLIMATE SUMMARY FOR NOVEMBER 26 2014...
VALID TODAY AS OF 0400 PM LOCAL TIME.

CLIMATE NORMAL PERIOD 1981 TO 2010
CLIMATE RECORD PERIOD 1912 TO 2014


WEATHER ITEM   OBSERVED TIME   RECORD YEAR NORMAL DEPARTURE LAST
                VALUE   (LST)  VALUE       VALUE  FROM      YEAR
                                                  NORMAL
..................................................................
TEMPERATURE (F)
 TODAY
  MAXIMUM         75    319 PM  94    1965  76     -1       59
  MINIMUM         40    510 AM  36    1999  54    -14       41
                                      1993
                                      1974
  AVERAGE         58                        65     -7       50

PRECIPITATION (IN)
  TODAY            0.00          0.70 1914   0.04  -0.04     0.18
  MONTH TO DATE    5.11                      1.35   3.76     7.36
  SINCE SEP 1     15.14                      9.56   5.58    17.33
  SINCE JAN 1     21.79                     23.77  -1.98    29.17

SNOWFALL (IN)
  TODAY            0.0
  MONTH TO DATE    0.0
  SINCE SEP 1      0.0
  SINCE JUL 1      0.0
  SNOW DEPTH       0

DEGREE DAYS
 HEATING
  TODAY            7                         3      4       15
  MONTH TO DATE  129                        39     90       96
  SINCE SEP 1    129                        42     87       96
  SINCE JUL 1    129                        42     87       96

 COOLING
  TODAY            0                         3     -3        0
  MONTH TO DATE   68                       146    -78      116
  SINCE SEP 1    922                       998    -76      996
  SINCE JAN 1   3819                      3922   -103     4013
..................................................................


WIND (MPH)
  HIGHEST WIND SPEED    17   HIGHEST WIND DIRECTION     S (200)
  HIGHEST GUST SPEED    22   HIGHEST GUST DIRECTION     S (190)
  AVERAGE WIND SPEED     8.9



WEATHER CONDITIONS
 THE FOLLOWING WEATHER WAS RECORDED TODAY.
  NO SIGNIFICANT WEATHER WAS OBSERVED.


RELATIVE HUMIDITY (PERCENT)
 HIGHEST    93
 LOWEST     29
 AVERAGE    61

..........................................................


THE HARLINGEN CLIMATE NORMALS FOR TOMORROW
                         NORMAL    RECORD    YEAR
 MAXIMUM TEMPERATURE (F)   76        93      1965
 MINIMUM TEMPERATURE (F)   54        34      1956


SUNRISE AND SUNSET
NOVEMBER 26 2014......SUNRISE   657 AM CST   SUNSET   538 PM CST
NOVEMBER 27 2014......SUNRISE   658 AM CST   SUNSET   538 PM CST


-  INDICATES NEGATIVE NUMBERS.
R  INDICATES RECORD WAS SET OR TIED.
MM INDICATES DATA IS MISSING.
T  INDICATES TRACE AMOUNT.




$$
