000
CDUS44 KBRO 030726
CLIHRL


CLIMATE REPORT
NATIONAL WEATHER SERVICE BROWNSVILLE TX
125 AM CST TUE MAR 3 2015


...................................

...THE HARLINGEN CLIMATE SUMMARY FOR MARCH 2 2015...

CLIMATE NORMAL PERIOD 1981 TO 2010
CLIMATE RECORD PERIOD 1912 TO 2015


WEATHER ITEM   OBSERVED TIME   RECORD YEAR NORMAL DEPARTURE LAST
                VALUE   (LST)  VALUE       VALUE  FROM      YEAR
                                                  NORMAL
..................................................................
TEMPERATURE (F)
 YESTERDAY
  MAXIMUM         58    509 PM  97    1999  77    -19       88
  MINIMUM         52    830 AM  29    1980  55     -3       59
  AVERAGE         55                        66    -11       74

PRECIPITATION (IN)
  YESTERDAY        0.03          0.63 1950   0.04  -0.01     0.00
  MONTH TO DATE    0.06                      0.08  -0.02     0.00
  SINCE MAR 1      0.06                      0.08  -0.02     0.00
  SINCE JAN 1      2.98                      2.55   0.43     1.00

SNOWFALL (IN)
  YESTERDAY        0.0
  MONTH TO DATE    0.0
  SINCE MAR 1      0.0
  SINCE JUL 1      0.0

DEGREE DAYS
 HEATING
  YESTERDAY       10                         3      7        0
  MONTH TO DATE   22                         6     16        0
  SINCE MAR 1     22                         6     16        0
  SINCE JUL 1    715                       574    141      811

 COOLING
  YESTERDAY        0                         4     -4        9
  MONTH TO DATE    0                         8     -8       17
  SINCE MAR 1      0                         8     -8       17
  SINCE JAN 1     59                       133    -74      128
..................................................................


WIND (MPH)
  HIGHEST WIND SPEED    12   HIGHEST WIND DIRECTION     N (360)
  HIGHEST GUST SPEED    14   HIGHEST GUST DIRECTION     N (360)
  AVERAGE WIND SPEED     8.0



WEATHER CONDITIONS
 THE FOLLOWING WEATHER WAS RECORDED YESTERDAY.
  FOG


RELATIVE HUMIDITY (PERCENT)
 HIGHEST   100
 LOWEST     93
 AVERAGE    97

..........................................................


THE HARLINGEN CLIMATE NORMALS FOR TODAY
                         NORMAL    RECORD    YEAR
 MAXIMUM TEMPERATURE (F)   77        95      1991
 MINIMUM TEMPERATURE (F)   55        29      1922


SUNRISE AND SUNSET
MARCH  3 2015.........SUNRISE   652 AM CST   SUNSET   633 PM CST
MARCH  4 2015.........SUNRISE   651 AM CST   SUNSET   634 PM CST


-  INDICATES NEGATIVE NUMBERS.
R  INDICATES RECORD WAS SET OR TIED.
MM INDICATES DATA IS MISSING.
T  INDICATES TRACE AMOUNT.




$$
