000
CDUS44 KLZK 222122
CLIHRO


CLIMATE REPORT
NATIONAL WEATHER SERVICE LITTLE ROCK AR
422 PM CDT FRI MAY 22 2015


...................................

...THE HARRISON CLIMATE SUMMARY FOR MAY 22 2015...
VALID TODAY AS OF 0400 PM LOCAL TIME.

CLIMATE NORMAL PERIOD 1981 TO 2010
CLIMATE RECORD PERIOD 1891 TO 2015


WEATHER ITEM   OBSERVED TIME   RECORD YEAR NORMAL DEPARTURE LAST
                VALUE   (LST)  VALUE       VALUE  FROM      YEAR
                                                  NORMAL
..................................................................
TEMPERATURE (F)
 TODAY
  MAXIMUM         66    212 PM  93    1941  78    -12       85
  MINIMUM         43R   324 AM  43    1963  57    -14       60
  AVERAGE         55                        67    -12       73

PRECIPITATION (IN)
  TODAY            0.00          2.25 1905   0.14  -0.14     0.00
  MONTH TO DATE    7.33                      3.46   3.87     3.35
  SINCE MAR 1     16.03                     11.57   4.46    12.34
  SINCE JAN 1     19.57                     16.77   2.80    14.29

SNOWFALL (IN)
  TODAY            0.0          MM      MM   0.0    0.0      0.0
  MONTH TO DATE    0.0                       0.0    0.0      0.0
  SINCE MAR 1      4.3                       2.3    2.0     10.0
  SINCE JUL 1     13.6                      11.5    2.1     25.8
  SNOW DEPTH       0

DEGREE DAYS
 HEATING
  TODAY           10                         2      8        0
  MONTH TO DATE   54                        66    -12       99
  SINCE MAR 1    757                       815    -58      930
  SINCE JUL 1   4152                      3987    165     4465

 COOLING
  TODAY            0                         4     -4        8
  MONTH TO DATE   57                        61     -4      104
  SINCE MAR 1     82                        98    -16      122
  SINCE JAN 1     82                        98    -16      122
..................................................................


WIND (MPH)
  HIGHEST WIND SPEED    16   HIGHEST WIND DIRECTION    SE (140)
  HIGHEST GUST SPEED    21   HIGHEST GUST DIRECTION    SE (150)
  AVERAGE WIND SPEED     5.2


SKY COVER
  POSSIBLE SUNSHINE  MM
  AVERAGE SKY COVER 0.0


WEATHER CONDITIONS
 THE FOLLOWING WEATHER WAS RECORDED TODAY.
  NO SIGNIFICANT WEATHER WAS OBSERVED.


RELATIVE HUMIDITY (PERCENT)
 HIGHEST   100           600 AM
 LOWEST     52          1100 AM
 AVERAGE    76

..........................................................


THE HARRISON CLIMATE NORMALS FOR TOMORROW
                         NORMAL    RECORD    YEAR
 MAXIMUM TEMPERATURE (F)   78        92      1926
 MINIMUM TEMPERATURE (F)   57        36      1963


SUNRISE AND SUNSET
MAY 22 2015...........SUNRISE   601 AM CDT   SUNSET   818 PM CDT
MAY 23 2015...........SUNRISE   601 AM CDT   SUNSET   818 PM CDT


-  INDICATES NEGATIVE NUMBERS.
R  INDICATES RECORD WAS SET OR TIED.
MM INDICATES DATA IS MISSING.
T  INDICATES TRACE AMOUNT.




$$
