000
CDUS44 KLZK 090641
CLIHRO


CLIMATE REPORT
NATIONAL WEATHER SERVICE LITTLE ROCK AR
1240 AM CST FRI DEC 9 2016


...................................

...THE HARRISON CLIMATE SUMMARY FOR DECEMBER 8 2016...

CLIMATE NORMAL PERIOD 1981 TO 2010
CLIMATE RECORD PERIOD 1891 TO 2016


WEATHER ITEM   OBSERVED TIME   RECORD YEAR NORMAL DEPARTURE LAST
                VALUE   (LST)  VALUE       VALUE  FROM      YEAR
                                                  NORMAL
..................................................................
TEMPERATURE (F)
 YESTERDAY
  MAXIMUM         32    337 PM  77    1904  49    -17       65
  MINIMUM         18   1159 PM  -5    1917  30    -12       37
  AVERAGE         25                        40    -15       51

PRECIPITATION (IN)
  YESTERDAY        0.00          1.95 1994   0.12  -0.12     0.00
  MONTH TO DATE    0.53                      0.96  -0.43     0.00
  SINCE DEC 1      0.53                      0.96  -0.43     0.00
  SINCE JAN 1     34.62                     41.90  -7.28    54.20

SNOWFALL (IN)
  YESTERDAY        0.0           2.5  1989   0.0    0.0      0.0
  MONTH TO DATE    0.0                       0.0    0.0      0.0
  SINCE DEC 1      0.0                       0.0    0.0      0.0
  SINCE JUL 1      0.0                       0.5   -0.5       T
  SNOW DEPTH       0

DEGREE DAYS
 HEATING
  YESTERDAY       40                        25     15       14
  MONTH TO DATE  220                       193     27      165
  SINCE DEC 1    220                       193     27      165
  SINCE JUL 1    670                       957   -287      751

 COOLING
  YESTERDAY        0                         0      0        0
  MONTH TO DATE    0                         0      0        0
  SINCE DEC 1      0                         0      0        0
  SINCE JAN 1   1647                      1416    231     1464
..................................................................


WIND (MPH)
  HIGHEST WIND SPEED    18   HIGHEST WIND DIRECTION     N (340)
  HIGHEST GUST SPEED    25   HIGHEST GUST DIRECTION    NW (330)
  AVERAGE WIND SPEED     9.1


SKY COVER
  POSSIBLE SUNSHINE  MM
  AVERAGE SKY COVER 0.2


WEATHER CONDITIONS
 THE FOLLOWING WEATHER WAS RECORDED YESTERDAY.
  NO SIGNIFICANT WEATHER WAS OBSERVED.


RELATIVE HUMIDITY (PERCENT)
 HIGHEST    85           100 AM
 LOWEST     39           300 PM
 AVERAGE    62

..........................................................


THE HARRISON CLIMATE NORMALS FOR TODAY
                         NORMAL    RECORD    YEAR
 MAXIMUM TEMPERATURE (F)   49        75      1965
 MINIMUM TEMPERATURE (F)   30        -2      1917


SUNRISE AND SUNSET
DECEMBER  9 2016......SUNRISE   713 AM CST   SUNSET   458 PM CST
DECEMBER 10 2016......SUNRISE   713 AM CST   SUNSET   458 PM CST


-  INDICATES NEGATIVE NUMBERS.
R  INDICATES RECORD WAS SET OR TIED.
MM INDICATES DATA IS MISSING.
T  INDICATES TRACE AMOUNT.




$$
