000
CDUS44 KLZK 292104
CLIHRO


CLIMATE REPORT
NATIONAL WEATHER SERVICE LITTLE ROCK AR
403 PM CDT SAT AUG 29 2015


...................................

...THE HARRISON CLIMATE SUMMARY FOR AUGUST 29 2015...
VALID TODAY AS OF 0400 PM LOCAL TIME.

CLIMATE NORMAL PERIOD 1981 TO 2010
CLIMATE RECORD PERIOD 1891 TO 2015


WEATHER ITEM   OBSERVED TIME   RECORD YEAR NORMAL DEPARTURE LAST
                VALUE   (LST)  VALUE       VALUE  FROM      YEAR
                                                  NORMAL
..................................................................
TEMPERATURE (F)
 TODAY
  MAXIMUM         83    256 PM 105    1984  87     -4       87
  MINIMUM         65    747 AM  47    1967  64      1       68
  AVERAGE         74                        76     -2       78

PRECIPITATION (IN)
  TODAY            0.10          1.86 1917   0.11  -0.01     0.14
  MONTH TO DATE    2.64                      3.35  -0.71     1.15
  SINCE JUN 1     14.78                     10.73   4.05    11.37
  SINCE JAN 1     37.73                     28.73   9.00    26.68

SNOWFALL (IN)
  TODAY           MM            MM      MM   0.0   MM        0.0
  MONTH TO DATE    0.0                       0.0    0.0      0.0
  SINCE JUN 1      0.0                       0.0    0.0      0.0
  SINCE JUL 1      0.0                       0.0    0.0      0.0
  SNOW DEPTH      MM

DEGREE DAYS
 HEATING
  TODAY            0                         0      0        0
  MONTH TO DATE    1                         0      1        0
  SINCE JUN 1      1                         6     -5        1
  SINCE JUL 1      1                         0      1        1

 COOLING
  TODAY            9                        11     -2       13
  MONTH TO DATE  281                       376    -95      372
  SINCE JUN 1   1075                      1055     20      916
  SINCE JAN 1   1199                      1194      5     1103
..................................................................


WIND (MPH)
  HIGHEST WIND SPEED    18   HIGHEST WIND DIRECTION    SE (150)
  HIGHEST GUST SPEED    22   HIGHEST GUST DIRECTION    SE (150)
  AVERAGE WIND SPEED    MM


SKY COVER
  POSSIBLE SUNSHINE  MM
  AVERAGE SKY COVER  MM


WEATHER CONDITIONS
 THE FOLLOWING WEATHER WAS RECORDED TODAY.
  LIGHT RAIN
  FOG


RELATIVE HUMIDITY (PERCENT)
 HIGHEST    MM
 LOWEST     MM
 AVERAGE    MM

..........................................................


THE HARRISON CLIMATE NORMALS FOR TOMORROW
                         NORMAL    RECORD    YEAR
 MAXIMUM TEMPERATURE (F)   87       102      2000
 MINIMUM TEMPERATURE (F)   64        46      1917


SUNRISE AND SUNSET
AUGUST 29 2015........SUNRISE   642 AM CDT   SUNSET   745 PM CDT
AUGUST 30 2015........SUNRISE   642 AM CDT   SUNSET   744 PM CDT


-  INDICATES NEGATIVE NUMBERS.
R  INDICATES RECORD WAS SET OR TIED.
MM INDICATES DATA IS MISSING.
T  INDICATES TRACE AMOUNT.




$$
