000
CDUS44 KLZK 290634
CLIHRO


CLIMATE REPORT
NATIONAL WEATHER SERVICE LITTLE ROCK AR
131 AM CDT THU SEP 29 2016


...................................

...THE HARRISON CLIMATE SUMMARY FOR SEPTEMBER 28 2016...

CLIMATE NORMAL PERIOD 1981 TO 2010
CLIMATE RECORD PERIOD 1891 TO 2016


WEATHER ITEM   OBSERVED TIME   RECORD YEAR NORMAL DEPARTURE LAST
                VALUE   (LST)  VALUE       VALUE  FROM      YEAR
                                                  NORMAL
..................................................................
TEMPERATURE (F)
 YESTERDAY
  MAXIMUM         79    233 PM 101    1953  76      3       82
  MINIMUM         53   1159 PM  31    1908  53      0       58
  AVERAGE         66                        64      2       70

PRECIPITATION (IN)
  YESTERDAY        0.00          3.92 1906   0.13  -0.13      T
  MONTH TO DATE    1.24                      3.94  -2.70     5.05
  SINCE SEP 1      1.24                      3.94  -2.70     5.05
  SINCE JAN 1     29.52                     32.90  -3.38    45.27

SNOWFALL (IN)
  YESTERDAY        0.0          MM      MM   0.0    0.0      0.0
  MONTH TO DATE    0.0                       0.0    0.0      0.0
  SINCE SEP 1      0.0                       0.0    0.0      0.0
  SINCE JUL 1      0.0                       0.0    0.0      0.0
  SNOW DEPTH       0

DEGREE DAYS
 HEATING
  YESTERDAY        0                         3     -3        0
  MONTH TO DATE    6                        34    -28       11
  SINCE SEP 1      6                        34    -28       11
  SINCE JUL 1      6                        35    -29       12

 COOLING
  YESTERDAY        1                         3     -2        5
  MONTH TO DATE  227                       163     64      208
  SINCE SEP 1    227                       163     64      208
  SINCE JAN 1   1538                      1374    164     1428
..................................................................


WIND (MPH)
  HIGHEST WIND SPEED    17   HIGHEST WIND DIRECTION     N (340)
  HIGHEST GUST SPEED    26   HIGHEST GUST DIRECTION     N (360)
  AVERAGE WIND SPEED     7.8


SKY COVER
  POSSIBLE SUNSHINE  MM
  AVERAGE SKY COVER 0.0


WEATHER CONDITIONS
 THE FOLLOWING WEATHER WAS RECORDED YESTERDAY.
  NO SIGNIFICANT WEATHER WAS OBSERVED.


RELATIVE HUMIDITY (PERCENT)
 HIGHEST    77          1100 PM
 LOWEST     29           300 PM
 AVERAGE    53

..........................................................


THE HARRISON CLIMATE NORMALS FOR TODAY
                         NORMAL    RECORD    YEAR
 MAXIMUM TEMPERATURE (F)   75       101      1953
 MINIMUM TEMPERATURE (F)   53        30      1967


SUNRISE AND SUNSET
SEPTEMBER 29 2016.....SUNRISE   707 AM CDT   SUNSET   658 PM CDT
SEPTEMBER 30 2016.....SUNRISE   707 AM CDT   SUNSET   657 PM CDT


-  INDICATES NEGATIVE NUMBERS.
R  INDICATES RECORD WAS SET OR TIED.
MM INDICATES DATA IS MISSING.
T  INDICATES TRACE AMOUNT.




$$
