000
CDUS44 KLZK 302110
CLIHRO


CLIMATE REPORT
NATIONAL WEATHER SERVICE LITTLE ROCK AR
410 PM CDT MON MAY 30 2016


...................................

...THE HARRISON CLIMATE SUMMARY FOR MAY 30 2016...
VALID TODAY AS OF 0400 PM LOCAL TIME.

CLIMATE NORMAL PERIOD 1981 TO 2010
CLIMATE RECORD PERIOD 1891 TO 2016


WEATHER ITEM   OBSERVED TIME   RECORD YEAR NORMAL DEPARTURE LAST
                VALUE   (LST)  VALUE       VALUE  FROM      YEAR
                                                  NORMAL
..................................................................
TEMPERATURE (F)
 TODAY
  MAXIMUM         79   1048 AM  98    1928  80     -1       77
  MINIMUM         60    414 AM  35    1947  59      1       61
  AVERAGE         70                        69      1       69

PRECIPITATION (IN)
  TODAY            T             1.02 1990   0.14  -0.14     0.17
  MONTH TO DATE    3.44                      4.55  -1.11    10.70
  SINCE MAR 1     10.50                     12.66  -2.16    19.40
  SINCE JAN 1     12.78                     17.86  -5.08    22.94

SNOWFALL (IN)
  TODAY            0.0          MM      MM   0.0    0.0      0.0
  MONTH TO DATE    0.0                       0.0    0.0      0.0
  SINCE MAR 1      0.0                       2.3   -2.3      4.3
  SINCE JUL 1      3.7                      11.5   -7.8     13.6
  SNOW DEPTH       0

DEGREE DAYS
 HEATING
  TODAY            0                         1     -1        0
  MONTH TO DATE  104                        76     28       54
  SINCE MAR 1    620                       825   -205      757
  SINCE JUL 1   3233                      3997   -764     4152

 COOLING
  TODAY            5                         5      0        4
  MONTH TO DATE   76                        98    -22       99
  SINCE MAR 1     99                       135    -36      124
  SINCE JAN 1     99                       135    -36      124
..................................................................


WIND (MPH)
  HIGHEST WIND SPEED    15   HIGHEST WIND DIRECTION     W (250)
  HIGHEST GUST SPEED    19   HIGHEST GUST DIRECTION     W (260)
  AVERAGE WIND SPEED     2.1


SKY COVER
  POSSIBLE SUNSHINE  MM
  AVERAGE SKY COVER 0.2


WEATHER CONDITIONS
 THE FOLLOWING WEATHER WAS RECORDED TODAY.
  FOG


RELATIVE HUMIDITY (PERCENT)
 HIGHEST   100           300 AM
 LOWEST     54          1000 AM
 AVERAGE    77

..........................................................


THE HARRISON CLIMATE NORMALS FOR TOMORROW
                         NORMAL    RECORD    YEAR
 MAXIMUM TEMPERATURE (F)   80        98      1934
 MINIMUM TEMPERATURE (F)   59        38      1930


SUNRISE AND SUNSET
MAY 30 2016...........SUNRISE   557 AM CDT   SUNSET   824 PM CDT
MAY 31 2016...........SUNRISE   557 AM CDT   SUNSET   824 PM CDT


-  INDICATES NEGATIVE NUMBERS.
R  INDICATES RECORD WAS SET OR TIED.
MM INDICATES DATA IS MISSING.
T  INDICATES TRACE AMOUNT.




$$
