000
CDUS44 KLZK 221011
CLIHRO


CLIMATE REPORT
NATIONAL WEATHER SERVICE LITTLE ROCK AR
411 AM CST MON DEC 22 2014


...................................

...THE HARRISON CLIMATE SUMMARY FOR DECEMBER 21 2014...

CLIMATE NORMAL PERIOD 1981 TO 2010
CLIMATE RECORD PERIOD 1891 TO 2014


WEATHER ITEM   OBSERVED TIME   RECORD YEAR NORMAL DEPARTURE LAST
                VALUE   (LST)  VALUE       VALUE  FROM      YEAR
                                                  NORMAL
..................................................................
TEMPERATURE (F)
 YESTERDAY
  MAXIMUM         46    425 PM  68    1957  46      0       41
                                      1949
  MINIMUM         38    753 AM  -5    1989  27     11       34
  AVERAGE         42                        37      5       38

PRECIPITATION (IN)
  YESTERDAY        0.00          2.46 1984   0.10  -0.10     1.33
  MONTH TO DATE    1.97                      2.25  -0.28     3.73
  SINCE DEC 1      1.97                      2.25  -0.28     3.73
  SINCE JAN 1     40.92                     43.19  -2.27    45.24

SNOWFALL (IN)
  YESTERDAY        0.0           2.0  1916   0.1   -0.1      0.0
  MONTH TO DATE    T                         0.3   -0.3      9.0
  SINCE DEC 1      T                         0.3   -0.3      9.0
  SINCE JUL 1      0.6                       0.8   -0.2      9.0
  SNOW DEPTH       0

DEGREE DAYS
 HEATING
  YESTERDAY       23                        28     -5       27
  MONTH TO DATE  501                       546    -45      576
  SINCE DEC 1    501                       546    -45      576
  SINCE JUL 1   1355                      1310     45     1389

 COOLING
  YESTERDAY        0                         0      0        0
  MONTH TO DATE    0                         0      0        0
  SINCE DEC 1      0                         0      0        0
  SINCE JAN 1   1354                      1416    -62     1414
..................................................................


WIND (MPH)
  HIGHEST WIND SPEED    16   HIGHEST WIND DIRECTION     S (160)
  HIGHEST GUST SPEED    20   HIGHEST GUST DIRECTION     S (160)
  AVERAGE WIND SPEED     8.6


SKY COVER
  POSSIBLE SUNSHINE  MM
  AVERAGE SKY COVER 1.0


WEATHER CONDITIONS
 THE FOLLOWING WEATHER WAS RECORDED YESTERDAY.
  FOG


RELATIVE HUMIDITY (PERCENT)
 HIGHEST   100           700 AM
 LOWEST     70          1000 PM
 AVERAGE    85

..........................................................


THE HARRISON CLIMATE NORMALS FOR TODAY
                         NORMAL    RECORD    YEAR
 MAXIMUM TEMPERATURE (F)   46        72      1933
 MINIMUM TEMPERATURE (F)   27        -9      1989


SUNRISE AND SUNSET
DECEMBER 22 2014......SUNRISE   721 AM CST   SUNSET   502 PM CST
DECEMBER 23 2014......SUNRISE   721 AM CST   SUNSET   503 PM CST


-  INDICATES NEGATIVE NUMBERS.
R  INDICATES RECORD WAS SET OR TIED.
MM INDICATES DATA IS MISSING.
T  INDICATES TRACE AMOUNT.




$$
