000
CDUS44 KLZK 261006
CLIHRO


CLIMATE REPORT
NATIONAL WEATHER SERVICE LITTLE ROCK AR
404 AM CST MON JAN 26 2015


...................................

...THE HARRISON CLIMATE SUMMARY FOR JANUARY 25 2015...

CLIMATE NORMAL PERIOD 1981 TO 2010
CLIMATE RECORD PERIOD 1891 TO 2015


WEATHER ITEM   OBSERVED TIME   RECORD YEAR NORMAL DEPARTURE LAST
                VALUE   (LST)  VALUE       VALUE  FROM      YEAR
                                                  NORMAL
..................................................................
TEMPERATURE (F)
 YESTERDAY
  MAXIMUM         53    313 AM  79    1950  47      6       56
  MINIMUM         36   1042 PM  -9    1905  27      9       34
  AVERAGE         45                        37      8       45

PRECIPITATION (IN)
  YESTERDAY        0.14          2.62 2012   0.08   0.06     0.00
  MONTH TO DATE    1.82                      2.08  -0.26     1.03
  SINCE DEC 1      4.07                      5.28  -1.21     4.78
  SINCE JAN 1      1.82                      2.08  -0.26     1.03

SNOWFALL (IN)
  YESTERDAY       MM             3.0  1979   0.2   MM        0.0
  MONTH TO DATE    T                         3.2   -3.2      1.0
  SINCE DEC 1      T                         4.5   -4.5     10.0
  SINCE JUL 1      0.6                       5.0   -4.4     10.0
  SNOW DEPTH       0

DEGREE DAYS
 HEATING
  YESTERDAY       20                        28     -8       20
  MONTH TO DATE  731                       720     11      796
  SINCE DEC 1   1510                      1555    -45     1674
  SINCE JUL 1   2364                      2319     45     2487

 COOLING
  YESTERDAY        0                         0      0        0
  MONTH TO DATE    0                         0      0        0
  SINCE DEC 1      0                         0      0        0
  SINCE JAN 1      0                         0      0        0
..................................................................


WIND (MPH)
  HIGHEST WIND SPEED    24   HIGHEST WIND DIRECTION    NW (300)
  HIGHEST GUST SPEED    38   HIGHEST GUST DIRECTION    NW (310)
  AVERAGE WIND SPEED    15.1


SKY COVER
  POSSIBLE SUNSHINE  MM
  AVERAGE SKY COVER 0.9


WEATHER CONDITIONS
 THE FOLLOWING WEATHER WAS RECORDED YESTERDAY.
  LIGHT RAIN
  FOG


RELATIVE HUMIDITY (PERCENT)
 HIGHEST    85           900 PM
 LOWEST     45           200 AM
 AVERAGE    65

..........................................................


THE HARRISON CLIMATE NORMALS FOR TODAY
                         NORMAL    RECORD    YEAR
 MAXIMUM TEMPERATURE (F)   47        77      1952
 MINIMUM TEMPERATURE (F)   27        -5      1904


SUNRISE AND SUNSET
JANUARY 26 2015.......SUNRISE   718 AM CST   SUNSET   533 PM CST
JANUARY 27 2015.......SUNRISE   717 AM CST   SUNSET   534 PM CST


-  INDICATES NEGATIVE NUMBERS.
R  INDICATES RECORD WAS SET OR TIED.
MM INDICATES DATA IS MISSING.
T  INDICATES TRACE AMOUNT.




$$
