087
CDUS44 KLZK 241010
CLIHRO


CLIMATE REPORT
NATIONAL WEATHER SERVICE LITTLE ROCK AR
509 AM CDT SAT JUN 24 2017


...................................

...THE HARRISON CLIMATE SUMMARY FOR JUNE 23 2017...

CLIMATE NORMAL PERIOD 1981 TO 2010
CLIMATE RECORD PERIOD 1891 TO 2017


WEATHER ITEM   OBSERVED TIME   RECORD YEAR NORMAL DEPARTURE LAST
                VALUE   (LST)  VALUE       VALUE  FROM      YEAR
                                                  NORMAL
..................................................................
TEMPERATURE (F)
 YESTERDAY
  MAXIMUM         86   1208 PM 101    1934  86      0       96
                                      1914
  MINIMUM         63   1153 PM  42    1902  65     -2       72
  AVERAGE         75                        76     -1       84

PRECIPITATION (IN)
  YESTERDAY        0.37          3.98 1976   0.14   0.23     0.00
  MONTH TO DATE    2.11                      3.34  -1.23     2.24
  SINCE JUN 1      2.11                      3.34  -1.23     2.24
  SINCE JAN 1     28.19                     21.34   6.85    15.07

SNOWFALL (IN)
  YESTERDAY        0.0          MM      MM   0.0    0.0      0.0
  MONTH TO DATE    0.0                       0.0    0.0      0.0
  SINCE JUN 1      0.0                       0.0    0.0      0.0
  SINCE JUL 1      3.4                      11.5   -8.1      3.7
  SNOW DEPTH       0

DEGREE DAYS
 HEATING
  YESTERDAY        0                         0      0        0
  MONTH TO DATE    0                         3     -3        0
  SINCE JUN 1      0                         3     -3        0
  SINCE JUL 1   2996                      4001  -1005     3233

 COOLING
  YESTERDAY       10                        11     -1       19
  MONTH TO DATE  188                       187      1      264
  SINCE JUN 1    188                       187      1      264
  SINCE JAN 1    339                       326     13      369
..................................................................


WIND (MPH)
  HIGHEST WIND SPEED    25   HIGHEST WIND DIRECTION     N (340)
  HIGHEST GUST SPEED    39   HIGHEST GUST DIRECTION     N (350)
  AVERAGE WIND SPEED     5.4


SKY COVER
  POSSIBLE SUNSHINE  MM
  AVERAGE SKY COVER 0.5


WEATHER CONDITIONS
 THE FOLLOWING WEATHER WAS RECORDED YESTERDAY.
  THUNDERSTORM
  HEAVY RAIN
  LIGHT RAIN
  FOG
  FOG W/VISIBILITY <= 1/4 MILE


RELATIVE HUMIDITY (PERCENT)
 HIGHEST   100          1200 AM
 LOWEST     65          1100 AM
 AVERAGE    83

..........................................................


THE HARRISON CLIMATE NORMALS FOR TODAY
                         NORMAL    RECORD    YEAR
 MAXIMUM TEMPERATURE (F)   87       103      1933
 MINIMUM TEMPERATURE (F)   65        50      1974
                                             1961
                                             1912


SUNRISE AND SUNSET
JUNE 24 2017..........SUNRISE   556 AM CDT   SUNSET   834 PM CDT
JUNE 25 2017..........SUNRISE   557 AM CDT   SUNSET   834 PM CDT


-  INDICATES NEGATIVE NUMBERS.
R  INDICATES RECORD WAS SET OR TIED.
MM INDICATES DATA IS MISSING.
T  INDICATES TRACE AMOUNT.




$$
