000
CDUS42 KMHX 240526
CLIHSE


CLIMATE REPORT
NATIONAL WEATHER SERVICE NEWPORT/MOREHEAD CITY NC
126 AM EDT WED AUG 24 2016


...................................

...THE CAPE HATTERAS NC CLIMATE SUMMARY FOR AUGUST 23 2016...

CLIMATE NORMAL PERIOD 1981 TO 2010
CLIMATE RECORD PERIOD 1874 TO 2016


WEATHER ITEM   OBSERVED TIME   RECORD YEAR NORMAL DEPARTURE LAST
                VALUE   (LST)  VALUE       VALUE  FROM      YEAR
                                                  NORMAL
..................................................................
TEMPERATURE (F)
 YESTERDAY
  MAXIMUM         85    122 PM  94    1968  84      1       84
  MINIMUM         72    452 AM  62    1985  73     -1       69
  AVERAGE         79                        78      1       77

PRECIPITATION (IN)
  YESTERDAY        0.00          2.01 1967   0.24  -0.24     0.00
  MONTH TO DATE    3.71                      4.95  -1.24     4.44
  SINCE JUN 1     16.27                     13.97   2.30    15.84
  SINCE JAN 1     50.33                     35.21  15.12    35.47

SNOWFALL (IN)
  YESTERDAY        0.0
  MONTH TO DATE    0.0
  SINCE NOV 1      T
  SINCE JUL 1      0.0
  SNOW DEPTH       0

DEGREE DAYS
 HEATING
  YESTERDAY        0                         0      0        0
  MONTH TO DATE    0                         0      0        0
  SINCE JUN 1      0                         3     -3        0
  SINCE JUL 1      0                         0      0        0

 COOLING
  YESTERDAY       14                        13      1       12
  MONTH TO DATE  392                       316     76      329
  SINCE JUN 1   1276                      1061    215     1245
  SINCE JAN 1   1485                      1204    281     1412
..................................................................


WIND (MPH)
  HIGHEST WIND SPEED    15   HIGHEST WIND DIRECTION    NE (40)
  HIGHEST GUST SPEED    23   HIGHEST GUST DIRECTION     E (70)
  AVERAGE WIND SPEED     7.4


SKY COVER
  POSSIBLE SUNSHINE  MM
  AVERAGE SKY COVER 0.0


WEATHER CONDITIONS
 THE FOLLOWING WEATHER WAS RECORDED YESTERDAY.
  NO SIGNIFICANT WEATHER WAS OBSERVED.


RELATIVE HUMIDITY (PERCENT)
 HIGHEST    79           500 AM
 LOWEST     47          1100 AM
 AVERAGE    63

..........................................................


THE CAPE HATTERAS NC CLIMATE NORMALS FOR TODAY
                         NORMAL    RECORD    YEAR
 MAXIMUM TEMPERATURE (F)   84        91      1968
 MINIMUM TEMPERATURE (F)   73        59      1985
                                             1978


SUNRISE AND SUNSET
AUGUST 24 2016........SUNRISE   629 AM EDT   SUNSET   739 PM EDT
AUGUST 25 2016........SUNRISE   630 AM EDT   SUNSET   738 PM EDT


-  INDICATES NEGATIVE NUMBERS.
R  INDICATES RECORD WAS SET OR TIED.
MM INDICATES DATA IS MISSING.
T  INDICATES TRACE AMOUNT.




$$
