000
CDUS42 KMHX 212138
CLIHSE


CLIMATE REPORT
NATIONAL WEATHER SERVICE NEWPORT/MOREHEAD CITY NC
531 PM EDT FRI JUL 21 2017


...................................

...THE CAPE HATTERAS NC CLIMATE SUMMARY FOR JULY 21 2017...
VALID TODAY AS OF 0500 PM LOCAL TIME.

CLIMATE NORMAL PERIOD 1981 TO 2010
CLIMATE RECORD PERIOD 1874 TO 2017


WEATHER ITEM   OBSERVED TIME   RECORD YEAR NORMAL DEPARTURE LAST
                VALUE   (LST)  VALUE       VALUE  FROM      YEAR
                                                  NORMAL
..................................................................
TEMPERATURE (F)
 TODAY
  MAXIMUM         87    242 PM  94    1977  85      2       87
  MINIMUM         78    549 AM  64    1976  74      4       75
                                      1909
  AVERAGE         83                        79      4       81

PRECIPITATION (IN)
  TODAY            0.00          7.60 1929   0.17  -0.17     0.00
  MONTH TO DATE    3.34                      3.19   0.15     1.86
  SINCE JUN 1      6.11                      7.22  -1.11    12.37
  SINCE JAN 1     32.84                     28.46   4.38    46.43

SNOWFALL (IN)
  TODAY            0.0
  MONTH TO DATE    0.0
  SINCE NOV 1      T
  SINCE JUL 1      0.0
  SNOW DEPTH       0

DEGREE DAYS
 HEATING
  TODAY            0                         0      0        0
  MONTH TO DATE    0                         0      0        0
  SINCE JUN 1      0                         3     -3        0
  SINCE JUL 1      0                         0      0        0

 COOLING
  TODAY           18                        14      4       16
  MONTH TO DATE  340                       291     49      342
  SINCE JUN 1    735                       599    136      703
  SINCE JAN 1   1162                       742    420      912
..................................................................


WIND (MPH)
  HIGHEST WIND SPEED    13   HIGHEST WIND DIRECTION    SW (230)
  HIGHEST GUST SPEED    17   HIGHEST GUST DIRECTION    SW (220)
  AVERAGE WIND SPEED     7.6


SKY COVER
  POSSIBLE SUNSHINE  MM
  AVERAGE SKY COVER 0.0


WEATHER CONDITIONS
 THE FOLLOWING WEATHER WAS RECORDED TODAY.
  NO SIGNIFICANT WEATHER WAS OBSERVED.


RELATIVE HUMIDITY (PERCENT)
 HIGHEST    91           200 AM
 LOWEST     72           200 PM
 AVERAGE    82

..........................................................


THE CAPE HATTERAS NC CLIMATE NORMALS FOR TOMORROW
                         NORMAL    RECORD    YEAR
 MAXIMUM TEMPERATURE (F)   85        94      1952
 MINIMUM TEMPERATURE (F)   74        62      1968


SUNRISE AND SUNSET
JULY 21 2017..........SUNRISE   604 AM EDT   SUNSET   814 PM EDT
JULY 22 2017..........SUNRISE   604 AM EDT   SUNSET   813 PM EDT


-  INDICATES NEGATIVE NUMBERS.
R  INDICATES RECORD WAS SET OR TIED.
MM INDICATES DATA IS MISSING.
T  INDICATES TRACE AMOUNT.




$$
