000
CDUS42 KMHX 240525
CLIHSE


CLIMATE REPORT
NATIONAL WEATHER SERVICE NEWPORT/MOREHEAD CITY NC
1225 AM EST SAT FEB 24 2018


...................................

...THE CAPE HATTERAS NC CLIMATE SUMMARY FOR FEBRUARY 23 2018...

CLIMATE NORMAL PERIOD 1981 TO 2010
CLIMATE RECORD PERIOD 1874 TO 2018


WEATHER ITEM   OBSERVED TIME   RECORD YEAR NORMAL DEPARTURE LAST
                VALUE   (LST)  VALUE       VALUE  FROM      YEAR
                                                  NORMAL
..................................................................
TEMPERATURE (F)
 YESTERDAY
  MAXIMUM         66    407 PM  75    1975  54     12       73
  MINIMUM         53   1108 PM  15    1963  41     12       58
  AVERAGE         60                        48     12       66

PRECIPITATION (IN)
  YESTERDAY        0.00          2.05 2013   0.14  -0.14     0.11
  MONTH TO DATE    1.59                      3.31  -1.72     1.32
  SINCE DEC 1     15.09                     12.82   2.27    11.31
  SINCE JAN 1     10.19                      8.55   1.64     6.30

SNOWFALL (IN)
  YESTERDAY        0.0
  MONTH TO DATE    0.0
  SINCE NOV 1      3.5
  SINCE JUL 1      3.5
  SNOW DEPTH       0

DEGREE DAYS
 HEATING
  YESTERDAY        5                        17    -12        0
  MONTH TO DATE  234                       426   -192      239
  SINCE DEC 1   1335                      1521   -186     1025
  SINCE JUL 1   1581                      1839   -258     1297

 COOLING
  YESTERDAY        0                         0      0        1
  MONTH TO DATE    7                         0      7        1
  SINCE DEC 1      9                         3      6        4
  SINCE JAN 1      7                         0      7        1
..................................................................


WIND (MPH)
  HIGHEST WIND SPEED    12   HIGHEST WIND DIRECTION     N (20)
  HIGHEST GUST SPEED    19   HIGHEST GUST DIRECTION     N (10)
  AVERAGE WIND SPEED     4.2


SKY COVER
  POSSIBLE SUNSHINE  MM
  AVERAGE SKY COVER 0.7


WEATHER CONDITIONS
 THE FOLLOWING WEATHER WAS RECORDED YESTERDAY.
  FOG
  HAZE


RELATIVE HUMIDITY (PERCENT)
 HIGHEST   100           100 AM
 LOWEST     78           100 PM
 AVERAGE    89

..........................................................


THE CAPE HATTERAS NC CLIMATE NORMALS FOR TODAY
                         NORMAL    RECORD    YEAR
 MAXIMUM TEMPERATURE (F)   55        76      2017
 MINIMUM TEMPERATURE (F)   41        21      1964


SUNRISE AND SUNSET
FEBRUARY 24 2018......SUNRISE   638 AM EST   SUNSET   553 PM EST
FEBRUARY 25 2018......SUNRISE   637 AM EST   SUNSET   554 PM EST


-  INDICATES NEGATIVE NUMBERS.
R  INDICATES RECORD WAS SET OR TIED.
MM INDICATES DATA IS MISSING.
T  INDICATES TRACE AMOUNT.




$$
