000
CDUS42 KMHX 300531
CLIHSE


CLIMATE REPORT
NATIONAL WEATHER SERVICE NEWPORT/MOREHEAD CITY NC
131 AM EDT THU OCT 30 2014


...................................

...THE CAPE HATTERAS NC CLIMATE SUMMARY FOR OCTOBER 29 2014...

CLIMATE NORMAL PERIOD 1981 TO 2010
CLIMATE RECORD PERIOD 1874 TO 2014


WEATHER ITEM   OBSERVED TIME   RECORD YEAR NORMAL DEPARTURE LAST
                VALUE   (LST)  VALUE       VALUE  FROM      YEAR
                                                  NORMAL
..................................................................
TEMPERATURE (F)
 YESTERDAY
  MAXIMUM         75    229 PM  80    1984  69      6       70
  MINIMUM         69    629 AM  36    1976  56     13       56
  AVERAGE         72                        62     10       63

PRECIPITATION (IN)
  YESTERDAY        0.00          2.80 1956   0.16  -0.16     0.00
  MONTH TO DATE    3.09                      5.06  -1.97     9.44
  SINCE SEP 1     13.93                     11.31   2.62    14.27
  SINCE JAN 1     54.98                     48.50   6.48    45.47

SNOWFALL (IN)
  YESTERDAY        0.0
  MONTH TO DATE    0.0
  SINCE NOV 1      5.7
  SINCE JUL 1      0.0
  SNOW DEPTH       0

DEGREE DAYS
 HEATING
  YESTERDAY        0                         4     -4        2
  MONTH TO DATE   55                        63     -8       47
  SINCE SEP 1     55                        66    -11       51
  SINCE JUL 1     55                        66    -11       51

 COOLING
  YESTERDAY        7                         1      6        0
  MONTH TO DATE   98                        95      3      131
  SINCE SEP 1    385                       381      4      423
  SINCE JAN 1   1761                      1687     74     1967
..................................................................


WIND (MPH)
  HIGHEST WIND SPEED    15   HIGHEST WIND DIRECTION     W (260)
  HIGHEST GUST SPEED    21   HIGHEST GUST DIRECTION     W (280)
  AVERAGE WIND SPEED     9.2


SKY COVER
  POSSIBLE SUNSHINE  MM
  AVERAGE SKY COVER 0.2


WEATHER CONDITIONS
 THE FOLLOWING WEATHER WAS RECORDED YESTERDAY.
  NO SIGNIFICANT WEATHER WAS OBSERVED.


RELATIVE HUMIDITY (PERCENT)
 HIGHEST    90          1200 AM
 LOWEST     73           900 AM
 AVERAGE    82

..........................................................


THE CAPE HATTERAS NC CLIMATE NORMALS FOR TODAY
                         NORMAL    RECORD    YEAR
 MAXIMUM TEMPERATURE (F)   68        79      1971
                                             1918
 MINIMUM TEMPERATURE (F)   56        35      1976


SUNRISE AND SUNSET
OCTOBER 30 2014.......SUNRISE   722 AM EDT   SUNSET   610 PM EDT
OCTOBER 31 2014.......SUNRISE   723 AM EDT   SUNSET   609 PM EDT


-  INDICATES NEGATIVE NUMBERS.
R  INDICATES RECORD WAS SET OR TIED.
MM INDICATES DATA IS MISSING.
T  INDICATES TRACE AMOUNT.




$$
