000
CDUS43 KGID 010643
CLIHSI


CLIMATE REPORT
NATIONAL WEATHER SERVICE HASTINGS NE
142 AM CDT TUE SEP 1 2015


...................................

...THE HASTINGS NE CLIMATE SUMMARY FOR AUGUST 31 2015...

CLIMATE NORMAL PERIOD 1981 TO 2010
CLIMATE RECORD PERIOD 1894 TO 2015


WEATHER ITEM   OBSERVED TIME   RECORD YEAR NORMAL DEPARTURE LAST
                VALUE   (LST)  VALUE       VALUE  FROM      YEAR
                                                  NORMAL
..................................................................
TEMPERATURE (F)
 YESTERDAY
  MAXIMUM         92    358 PM 103    1984  83      9       86
  MINIMUM         62    616 AM  44    1915  60      2       63
  AVERAGE         77                        71      6       75

PRECIPITATION (IN)
  YESTERDAY        0.00          6.09 1969   0.14  -0.14     0.00
  MONTH TO DATE    2.15                      3.30  -1.15     7.79
  SINCE JUN 1     14.33                     10.84   3.49    17.96
  SINCE JAN 1     23.05                     20.66   2.39    24.90

SNOWFALL (IN)
  YESTERDAY        0.0                       0.0    0.0      0.0
  MONTH TO DATE    0.0                       0.0    0.0      0.0
  SINCE JUN 1      0.0                       0.0    0.0      0.0
  SINCE JUL 1      0.0                       0.0    0.0      0.0
  SNOW DEPTH       0

DEGREE DAYS
 HEATING
  YESTERDAY        0                         1     -1        0
  MONTH TO DATE   11                         2      9        0
  SINCE JUN 1     18                        27     -9       14
  SINCE JUL 1     15                         6      9        6

 COOLING
  YESTERDAY       12                         7      5       10
  MONTH TO DATE  248                       293    -45      291
  SINCE JUN 1    812                       894    -82      802
  SINCE JAN 1    843                       953   -110      920
..................................................................


WIND (MPH)
  HIGHEST WIND SPEED    15   HIGHEST WIND DIRECTION     S (180)
  HIGHEST GUST SPEED    20   HIGHEST GUST DIRECTION     S (180)
  AVERAGE WIND SPEED     8.1


SKY COVER
  AVERAGE SKY COVER 0.1


WEATHER CONDITIONS
 THE FOLLOWING WEATHER WAS RECORDED YESTERDAY.
  FOG


RELATIVE HUMIDITY (PERCENT)
 HIGHEST   100           800 AM
 LOWEST     38           300 PM
 AVERAGE    69

..........................................................


THE HASTINGS NE CLIMATE NORMALS FOR TODAY
                         NORMAL    RECORD    YEAR
 MAXIMUM TEMPERATURE (F)   82       101      1990
                                             1948
 MINIMUM TEMPERATURE (F)   59        42      1956


SUNRISE AND SUNSET
SEPTEMBER  1 2015.....SUNRISE   701 AM CDT   SUNSET   806 PM CDT
SEPTEMBER  2 2015.....SUNRISE   702 AM CDT   SUNSET   805 PM CDT


-  INDICATES NEGATIVE NUMBERS.
R  INDICATES RECORD WAS SET OR TIED.
MM INDICATES DATA IS MISSING.
T  INDICATES TRACE AMOUNT.




$$
