000
CDUS43 KGID 240704
CLIHSI


CLIMATE REPORT
NATIONAL WEATHER SERVICE HASTINGS NE
103 AM CST MON NOV 24 2014


...................................

...THE HASTINGS NE CLIMATE SUMMARY FOR NOVEMBER 23 2014...

CLIMATE NORMAL PERIOD 1981 TO 2010
CLIMATE RECORD PERIOD 1894 TO 2014


WEATHER ITEM   OBSERVED TIME   RECORD YEAR NORMAL DEPARTURE LAST
                VALUE   (LST)  VALUE       VALUE  FROM      YEAR
                                                  NORMAL
..................................................................
TEMPERATURE (F)
 YESTERDAY
  MAXIMUM         54    123 AM  70    1923  45      9       25
  MINIMUM         34    908 PM   3    1950  25      9       14
  AVERAGE         44                        35      9       20

PRECIPITATION (IN)
  YESTERDAY        0.11          1.10 1905   0.04   0.07     0.00
  MONTH TO DATE    0.23                      1.10  -0.87     1.00
  SINCE SEP 1      3.77                      5.65  -1.88     7.01
  SINCE JAN 1     28.67                     26.31   2.36    25.07

SNOWFALL (IN)
  YESTERDAY        0.0           0.9  2003   0.1   -0.1      0.0
  MONTH TO DATE    1.7                       1.7    0.0      0.4
  SINCE SEP 1      1.7                       2.9   -1.2      0.4
  SINCE JUL 1      1.7                       2.9   -1.2      0.4
  SNOW DEPTH       0

DEGREE DAYS
 HEATING
  YESTERDAY       21                        30     -9       45
  MONTH TO DATE  698                       566    132      570
  SINCE SEP 1   1118                      1053     65     1012
  SINCE JUL 1   1124                      1059     65     1018

 COOLING
  YESTERDAY        0                         0      0        0
  MONTH TO DATE    0                         0      0        0
  SINCE SEP 1     98                       124    -26      200
  SINCE JAN 1   1018                      1077    -59     1158
..................................................................


WIND (MPH)
  HIGHEST WIND SPEED    31   HIGHEST WIND DIRECTION     N (360)
  HIGHEST GUST SPEED    40   HIGHEST GUST DIRECTION     N (360)
  AVERAGE WIND SPEED    14.5


SKY COVER
  AVERAGE SKY COVER 0.5


WEATHER CONDITIONS
 THE FOLLOWING WEATHER WAS RECORDED YESTERDAY.
  LIGHT RAIN
  FOG
  FOG W/VISIBILITY <= 1/4 MILE


RELATIVE HUMIDITY (PERCENT)
 HIGHEST    93           600 AM
 LOWEST     53           400 PM
 AVERAGE    73

..........................................................


THE HASTINGS NE CLIMATE NORMALS FOR TODAY
                         NORMAL    RECORD    YEAR
 MAXIMUM TEMPERATURE (F)   45        72      1942
 MINIMUM TEMPERATURE (F)   25        -2      1938


SUNRISE AND SUNSET
NOVEMBER 24 2014......SUNRISE   731 AM CST   SUNSET   510 PM CST
NOVEMBER 25 2014......SUNRISE   732 AM CST   SUNSET   510 PM CST


-  INDICATES NEGATIVE NUMBERS.
R  INDICATES RECORD WAS SET OR TIED.
MM INDICATES DATA IS MISSING.
T  INDICATES TRACE AMOUNT.




$$
