000
CDUS43 KGID 070626
CLIHSI


CLIMATE REPORT
NATIONAL WEATHER SERVICE HASTINGS NE
1225 AM CST SUN FEB 7 2016


...................................

...THE HASTINGS NE CLIMATE SUMMARY FOR FEBRUARY 6 2016...

CLIMATE NORMAL PERIOD 1981 TO 2010
CLIMATE RECORD PERIOD 1894 TO 2016


WEATHER ITEM   OBSERVED TIME   RECORD YEAR NORMAL DEPARTURE LAST
                VALUE   (LST)  VALUE       VALUE  FROM      YEAR
                                                  NORMAL
..................................................................
TEMPERATURE (F)
 YESTERDAY
  MAXIMUM         36    916 PM  63    1991  38     -2       55
                                      1944
  MINIMUM         15    608 AM -14    2014  18     -3       33
  AVERAGE         26                        28     -2       44

PRECIPITATION (IN)
  YESTERDAY        0.00          0.60 1969   0.01  -0.01     0.00
  MONTH TO DATE    1.57                      0.10   1.47     0.22
  SINCE DEC 1      4.10                      1.12   2.98     1.53
  SINCE JAN 1      1.92                      0.51   1.41     0.99

SNOWFALL (IN)
  YESTERDAY        0.0           4.4  2005   0.2   -0.2      0.0
  MONTH TO DATE   16.0                       1.5   14.5      3.6
  SINCE DEC 1     26.1                      13.6   12.5     12.7
  SINCE JUL 1     30.3                      17.4   12.9     14.4
  SNOW DEPTH      13

DEGREE DAYS
 HEATING
  YESTERDAY       39                        37      2       21
  MONTH TO DATE  239                       225     14      259
  SINCE DEC 1   2364                      2593   -229     2442
  SINCE JUL 1   3290                      3874   -584     3780

 COOLING
  YESTERDAY        0                         0      0        0
  MONTH TO DATE    0                         0      0        0
  SINCE DEC 1      0                         0      0        0
  SINCE JAN 1      0                         0      0        0
..................................................................


WIND (MPH)
  HIGHEST WIND SPEED    17   HIGHEST WIND DIRECTION    SW (210)
  HIGHEST GUST SPEED    24   HIGHEST GUST DIRECTION    SW (210)
  AVERAGE WIND SPEED     9.6


SKY COVER
  AVERAGE SKY COVER 0.0


WEATHER CONDITIONS
 THE FOLLOWING WEATHER WAS RECORDED YESTERDAY.
  NO SIGNIFICANT WEATHER WAS OBSERVED.


RELATIVE HUMIDITY (PERCENT)
 HIGHEST    92           600 AM
 LOWEST     56           500 PM
 AVERAGE    74

..........................................................


THE HASTINGS NE CLIMATE NORMALS FOR TODAY
                         NORMAL    RECORD    YEAR
 MAXIMUM TEMPERATURE (F)   38        66      1930
 MINIMUM TEMPERATURE (F)   18       -17      1933


SUNRISE AND SUNSET
FEBRUARY  7 2016......SUNRISE   738 AM CST   SUNSET   558 PM CST
FEBRUARY  8 2016......SUNRISE   737 AM CST   SUNSET   600 PM CST


-  INDICATES NEGATIVE NUMBERS.
R  INDICATES RECORD WAS SET OR TIED.
MM INDICATES DATA IS MISSING.
T  INDICATES TRACE AMOUNT.




$$
