000
CDUS43 KGID 250821
CLIHSI


CLIMATE REPORT
NATIONAL WEATHER SERVICE HASTINGS NE
221 AM CST SUN JAN 25 2015


...................................

...THE HASTINGS NE CLIMATE SUMMARY FOR JANUARY 24 2015...

CLIMATE NORMAL PERIOD 1981 TO 2010
CLIMATE RECORD PERIOD 1894 TO 2015


WEATHER ITEM   OBSERVED TIME   RECORD YEAR NORMAL DEPARTURE LAST
                VALUE   (LST)  VALUE       VALUE  FROM      YEAR
                                                  NORMAL
..................................................................
TEMPERATURE (F)
 YESTERDAY
  MAXIMUM         55    307 PM  73    1981  37     18       55
  MINIMUM         29    754 AM -23    1915  16     13       11
  AVERAGE         42                        26     16       33

PRECIPITATION (IN)
  YESTERDAY        T             0.30 1956   0.02  -0.02     0.00
  MONTH TO DATE    0.07                      0.27  -0.20     0.17
  SINCE DEC 1      0.61                      0.88  -0.27     0.31
  SINCE JAN 1      0.07                      0.27  -0.20     0.17

SNOWFALL (IN)
  YESTERDAY        0.0           2.0  1948   0.2   -0.2      0.0
                                      1941
                                      1936
  MONTH TO DATE    1.2                       4.4   -3.2      2.1
  SINCE DEC 1      4.6                      10.5   -5.9      7.1
  SINCE JUL 1      6.3                      14.3   -8.0      7.5
  SNOW DEPTH       0

DEGREE DAYS
 HEATING
  YESTERDAY       23                        39    -16       32
  MONTH TO DATE  929                       940    -11      928
  SINCE DEC 1   2003                      2099    -96     2181
  SINCE JUL 1   3341                      3380    -39     3446

 COOLING
  YESTERDAY        0                         0      0        0
  MONTH TO DATE    0                         0      0        0
  SINCE DEC 1      0                         0      0        0
  SINCE JAN 1      0                         0      0        0
..................................................................


WIND (MPH)
  HIGHEST WIND SPEED    33   HIGHEST WIND DIRECTION    NW (320)
  HIGHEST GUST SPEED    44   HIGHEST GUST DIRECTION    NW (320)
  AVERAGE WIND SPEED    14.4


SKY COVER
  AVERAGE SKY COVER 0.2


WEATHER CONDITIONS
 THE FOLLOWING WEATHER WAS RECORDED YESTERDAY.
  LIGHT RAIN


RELATIVE HUMIDITY (PERCENT)
 HIGHEST    78          1200 AM
 LOWEST     32           200 PM
 AVERAGE    55

..........................................................


THE HASTINGS NE CLIMATE NORMALS FOR TODAY
                         NORMAL    RECORD    YEAR
 MAXIMUM TEMPERATURE (F)   37        67      1944
 MINIMUM TEMPERATURE (F)   16       -15      1940


SUNRISE AND SUNSET
JANUARY 25 2015.......SUNRISE   750 AM CST   SUNSET   543 PM CST
JANUARY 26 2015.......SUNRISE   749 AM CST   SUNSET   544 PM CST


-  INDICATES NEGATIVE NUMBERS.
R  INDICATES RECORD WAS SET OR TIED.
MM INDICATES DATA IS MISSING.
T  INDICATES TRACE AMOUNT.




$$
