000
CDUS43 KGID 230622
CLIHSI


CLIMATE REPORT
NATIONAL WEATHER SERVICE HASTINGS NE
121 AM CDT SAT SEP 23 2017


...................................

...THE HASTINGS NE CLIMATE SUMMARY FOR SEPTEMBER 22 2017...

CLIMATE NORMAL PERIOD 1981 TO 2010
CLIMATE RECORD PERIOD 1894 TO 2017


WEATHER ITEM   OBSERVED TIME   RECORD YEAR NORMAL DEPARTURE LAST
                VALUE   (LST)  VALUE       VALUE  FROM      YEAR
                                                  NORMAL
..................................................................
TEMPERATURE (F)
 YESTERDAY
  MAXIMUM         97    157 PM 100    1937  75     22       82
  MINIMUM         75    705 AM  26    1995  51     24       64
  AVERAGE         86                        63     23       73

PRECIPITATION (IN)
  YESTERDAY        0.00          2.30 2004   0.08  -0.08     0.00
  MONTH TO DATE    0.35                      1.94  -1.59     1.33
  SINCE SEP 1      0.35                      1.94  -1.59     1.33
  SINCE JAN 1     23.79                     22.60   1.19    17.90

SNOWFALL (IN)
  YESTERDAY        0.0                       0.0    0.0      0.0
  MONTH TO DATE    0.0                       0.1   -0.1      0.0
  SINCE SEP 1      0.0                       0.1   -0.1      0.0
  SINCE JUL 1      0.0                       0.1   -0.1      0.0
  SNOW DEPTH       0

DEGREE DAYS
 HEATING
  YESTERDAY        0                         4     -4        0
  MONTH TO DATE   23                        45    -22       26
  SINCE SEP 1     23                        45    -22       26
  SINCE JUL 1     27                        51    -24       30

 COOLING
  YESTERDAY       21                         2     19        8
  MONTH TO DATE  147                        95     52      123
  SINCE SEP 1    147                        95     52      123
  SINCE JAN 1   1104                      1048     56     1171
..................................................................


WIND (MPH)
  HIGHEST WIND SPEED    28   HIGHEST WIND DIRECTION     S (190)
  HIGHEST GUST SPEED    40   HIGHEST GUST DIRECTION     S (200)
  AVERAGE WIND SPEED    15.6


SKY COVER
  AVERAGE SKY COVER 0.0


WEATHER CONDITIONS
 THE FOLLOWING WEATHER WAS RECORDED YESTERDAY.
  NO SIGNIFICANT WEATHER WAS OBSERVED.


RELATIVE HUMIDITY (PERCENT)
 HIGHEST    79           400 AM
 LOWEST     24           200 PM
 AVERAGE    52

..........................................................


THE HASTINGS NE CLIMATE NORMALS FOR TODAY
                         NORMAL    RECORD    YEAR
 MAXIMUM TEMPERATURE (F)   75        98      1937
 MINIMUM TEMPERATURE (F)   51        31      1983


SUNRISE AND SUNSET
SEPTEMBER 23 2017.....SUNRISE   723 AM CDT   SUNSET   729 PM CDT
SEPTEMBER 24 2017.....SUNRISE   723 AM CDT   SUNSET   727 PM CDT


-  INDICATES NEGATIVE NUMBERS.
R  INDICATES RECORD WAS SET OR TIED.
MM INDICATES DATA IS MISSING.
T  INDICATES TRACE AMOUNT.




$$
