000
CDUS43 KGID 260628
CLIHSI


CLIMATE REPORT
NATIONAL WEATHER SERVICE HASTINGS NE
1228 AM CST FRI DEC 26 2014


...................................

...THE HASTINGS NE CLIMATE SUMMARY FOR DECEMBER 25 2014...

CLIMATE NORMAL PERIOD 1981 TO 2010
CLIMATE RECORD PERIOD 1894 TO 2014


WEATHER ITEM   OBSERVED TIME   RECORD YEAR NORMAL DEPARTURE LAST
                VALUE   (LST)  VALUE       VALUE  FROM      YEAR
                                                  NORMAL
..................................................................
TEMPERATURE (F)
 YESTERDAY
  MAXIMUM         46    437 PM  62    1999  35     11       43
                                      1950
  MINIMUM         28    827 AM -13    1983  16     12       19
  AVERAGE         37                        26     11       31

PRECIPITATION (IN)
  YESTERDAY        0.00          1.00 1945   0.01  -0.01     0.00
  MONTH TO DATE    0.40                      0.53  -0.13     0.14
  SINCE DEC 1      0.40                      0.53  -0.13     0.14
  SINCE JAN 1     29.07                     27.03   2.04    25.21

SNOWFALL (IN)
  YESTERDAY        0.0           9.2  2009   0.2   -0.2      0.0
  MONTH TO DATE    0.9                       4.9   -4.0      5.0
  SINCE DEC 1      0.9                       4.9   -4.0      5.0
  SINCE JUL 1      2.6                       8.7   -6.1      5.4
  SNOW DEPTH       0

DEGREE DAYS
 HEATING
  YESTERDAY       28                        39    -11       34
  MONTH TO DATE  766                       923   -157     1057
  SINCE DEC 1    766                       923   -157     1057
  SINCE JUL 1   2104                      2204   -100     2322

 COOLING
  YESTERDAY        0                         0      0        0
  MONTH TO DATE    0                         0      0        0
  SINCE DEC 1      0                         0      0        0
  SINCE JAN 1   1018                      1077    -59     1158
..................................................................


WIND (MPH)
  HIGHEST WIND SPEED    22   HIGHEST WIND DIRECTION     N (360)
  HIGHEST GUST SPEED    28   HIGHEST GUST DIRECTION     N (360)
  AVERAGE WIND SPEED    10.8


SKY COVER
  AVERAGE SKY COVER 0.0


WEATHER CONDITIONS
 THE FOLLOWING WEATHER WAS RECORDED YESTERDAY.
  NO SIGNIFICANT WEATHER WAS OBSERVED.


RELATIVE HUMIDITY (PERCENT)
 HIGHEST    85           900 PM
 LOWEST     42           400 PM
 AVERAGE    64

..........................................................


THE HASTINGS NE CLIMATE NORMALS FOR TODAY
                         NORMAL    RECORD    YEAR
 MAXIMUM TEMPERATURE (F)   35        65      2005
 MINIMUM TEMPERATURE (F)   16        -7      1983


SUNRISE AND SUNSET
DECEMBER 26 2014......SUNRISE   756 AM CST   SUNSET   513 PM CST
DECEMBER 27 2014......SUNRISE   756 AM CST   SUNSET   513 PM CST


-  INDICATES NEGATIVE NUMBERS.
R  INDICATES RECORD WAS SET OR TIED.
MM INDICATES DATA IS MISSING.
T  INDICATES TRACE AMOUNT.




$$
