000
CDUS43 KGID 262222
CLIHSI


CLIMATE REPORT
NATIONAL WEATHER SERVICE HASTINGS NE
522 PM CDT FRI MAY 26 2017


...................................

...THE HASTINGS NE CLIMATE SUMMARY FOR MAY 26 2017...
VALID TODAY AS OF 0500 PM LOCAL TIME.

CLIMATE NORMAL PERIOD 1981 TO 2010
CLIMATE RECORD PERIOD 1894 TO 2017


WEATHER ITEM   OBSERVED TIME   RECORD YEAR NORMAL DEPARTURE LAST
                VALUE   (LST)  VALUE       VALUE  FROM      YEAR
                                                  NORMAL
..................................................................
TEMPERATURE (F)
 TODAY
  MAXIMUM         78    359 PM 100    2012  75      3       78
  MINIMUM         58    617 AM  38    1992  55      3       53
  AVERAGE         68                        65      3       66

PRECIPITATION (IN)
  TODAY            T             2.81 1996   0.11  -0.11     0.53
  MONTH TO DATE    6.06                      3.97   2.09     2.60
  SINCE MAR 1     10.38                      8.32   2.06     8.83
  SINCE JAN 1     11.48                      9.22   2.26    10.75

SNOWFALL (IN)
  TODAY            0.0           T    2002   0.0    0.0      0.0
  MONTH TO DATE    0.6                       0.0    0.6      0.0
  SINCE MAR 1      2.0                       6.4   -4.4      2.1
  SINCE JUL 1     11.1                      28.8  -17.7     32.4
  SNOW DEPTH       0

DEGREE DAYS
 HEATING
  TODAY            0                         3     -3        0
  MONTH TO DATE  163                       157      6      173
  SINCE MAR 1   1213                      1366   -153     1103
  SINCE JUL 1   5143                      5996   -853     5013

 COOLING
  TODAY            3                         3      0        1
  MONTH TO DATE   49                        39     10       18
  SINCE MAR 1     57                        44     13       18
  SINCE JAN 1     57                        44     13       18
..................................................................


WIND (MPH)
  HIGHEST WIND SPEED    22   HIGHEST WIND DIRECTION     N (350)
  HIGHEST GUST SPEED    28   HIGHEST GUST DIRECTION     N (340)
  AVERAGE WIND SPEED    11.6


SKY COVER
  AVERAGE SKY COVER 0.2


WEATHER CONDITIONS
 THE FOLLOWING WEATHER WAS RECORDED TODAY.
  LIGHT RAIN


RELATIVE HUMIDITY (PERCENT)
 HIGHEST    78           300 AM
 LOWEST     33           300 PM
 AVERAGE    56

..........................................................


THE HASTINGS NE CLIMATE NORMALS FOR TOMORROW
                         NORMAL    RECORD    YEAR
 MAXIMUM TEMPERATURE (F)   76        93      2006
                                             1974
                                             1913
 MINIMUM TEMPERATURE (F)   55        38      1992
                                             1907


SUNRISE AND SUNSET
MAY 26 2017...........SUNRISE   608 AM CDT   SUNSET   854 PM CDT
MAY 27 2017...........SUNRISE   608 AM CDT   SUNSET   855 PM CDT


-  INDICATES NEGATIVE NUMBERS.
R  INDICATES RECORD WAS SET OR TIED.
MM INDICATES DATA IS MISSING.
T  INDICATES TRACE AMOUNT.




$$
