000
CDUS43 KGID 170623
CLIHSI


CLIMATE REPORT
NATIONAL WEATHER SERVICE HASTINGS NE
1222 AM CST SAT FEB 17 2018


...................................

...THE HASTINGS NE CLIMATE SUMMARY FOR FEBRUARY 16 2018...

CLIMATE NORMAL PERIOD 1981 TO 2010
CLIMATE RECORD PERIOD 1894 TO 2018


WEATHER ITEM   OBSERVED TIME   RECORD YEAR NORMAL DEPARTURE LAST
                VALUE   (LST)  VALUE       VALUE  FROM      YEAR
                                                  NORMAL
..................................................................
TEMPERATURE (F)
 YESTERDAY
  MAXIMUM         34    427 PM  74    2017  40     -6       74
  MINIMUM         12    742 AM -13    1979  20     -8       32
  AVERAGE         23                        30     -7       53

PRECIPITATION (IN)
  YESTERDAY        T             0.24 1938   0.02  -0.02     0.00
                                      1932
  MONTH TO DATE    0.44                      0.26   0.18     0.03
  SINCE DEC 1      1.21                      1.28  -0.07     1.47
  SINCE JAN 1      0.93                      0.67   0.26     0.86

SNOWFALL (IN)
  YESTERDAY        T             3.0  1993   0.3   -0.3      0.0
  MONTH TO DATE    6.8                       4.1    2.7      1.1
  SINCE DEC 1     18.5                      16.2    2.3      5.8
  SINCE JUL 1     18.7                      20.0   -1.3      5.9
  SNOW DEPTH       T

DEGREE DAYS
 HEATING
  YESTERDAY       42                        35      7       12
  MONTH TO DATE  743                       585    158      472
  SINCE DEC 1   3157                      2953    204     2804
  SINCE JUL 1   4300                      4234     66     3671

 COOLING
  YESTERDAY        0                         0      0        0
  MONTH TO DATE    0                         0      0        0
  SINCE DEC 1      0                         0      0        0
  SINCE JAN 1      0                         0      0        0
..................................................................


WIND (MPH)
  HIGHEST WIND SPEED    28   HIGHEST WIND DIRECTION     N (360)
  HIGHEST GUST SPEED    36   HIGHEST GUST DIRECTION     N (10)
  AVERAGE WIND SPEED    11.3


SKY COVER
  AVERAGE SKY COVER 0.2


WEATHER CONDITIONS
 THE FOLLOWING WEATHER WAS RECORDED YESTERDAY.
  LIGHT SNOW


RELATIVE HUMIDITY (PERCENT)
 HIGHEST    84           800 AM
 LOWEST     43           300 PM
 AVERAGE    64

..........................................................


THE HASTINGS NE CLIMATE NORMALS FOR TODAY
                         NORMAL    RECORD    YEAR
 MAXIMUM TEMPERATURE (F)   41        74      1981
 MINIMUM TEMPERATURE (F)   20       -11      1936


SUNRISE AND SUNSET
FEBRUARY 17 2018......SUNRISE   725 AM CST   SUNSET   611 PM CST
FEBRUARY 18 2018......SUNRISE   723 AM CST   SUNSET   612 PM CST


-  INDICATES NEGATIVE NUMBERS.
R  INDICATES RECORD WAS SET OR TIED.
MM INDICATES DATA IS MISSING.
T  INDICATES TRACE AMOUNT.




$$
