000
CDUS43 KGID 280639
CLIHSI


CLIMATE REPORT
NATIONAL WEATHER SERVICE HASTINGS NE
138 AM CDT THU MAY 28 2015


...................................

...THE HASTINGS NE CLIMATE SUMMARY FOR MAY 27 2015...

CLIMATE NORMAL PERIOD 1981 TO 2010
CLIMATE RECORD PERIOD 1894 TO 2015


WEATHER ITEM   OBSERVED TIME   RECORD YEAR NORMAL DEPARTURE LAST
                VALUE   (LST)  VALUE       VALUE  FROM      YEAR
                                                  NORMAL
..................................................................
TEMPERATURE (F)
 YESTERDAY
  MAXIMUM         80    357 PM  93    2006  76      4       88
                                      1974
                                      1913
  MINIMUM         51    537 AM  38    1992  55     -4       61
                                      1907
  AVERAGE         66                        65      1       75

PRECIPITATION (IN)
  YESTERDAY        0.00          1.71 2012   0.12  -0.12     0.00
  MONTH TO DATE    3.48                      4.09  -0.61     2.15
  SINCE MAR 1      7.23                      8.44  -1.21     6.23
  SINCE JAN 1      8.34                      9.34  -1.00     6.94

SNOWFALL (IN)
  YESTERDAY        0.0           T    2006   0.0    0.0      0.0
  MONTH TO DATE    0.0                       0.0    0.0      0.0
  SINCE MAR 1      0.8                       6.4   -5.6      3.4
  SINCE JUL 1     17.0                      28.8  -11.8     21.7
  SNOW DEPTH       0

DEGREE DAYS
 HEATING
  YESTERDAY        0                         3     -3        0
  MONTH TO DATE  170                       160     10      174
  SINCE MAR 1   1161                      1369   -208     1437
  SINCE JUL 1   5784                      5999   -215     6317

 COOLING
  YESTERDAY        1                         3     -2       10
  MONTH TO DATE   23                        42    -19       67
  SINCE MAR 1     27                        47    -20       75
  SINCE JAN 1     27                        47    -20       75
..................................................................


WIND (MPH)
  HIGHEST WIND SPEED    16   HIGHEST WIND DIRECTION    SE (120)
  HIGHEST GUST SPEED    20   HIGHEST GUST DIRECTION     S (160)
  AVERAGE WIND SPEED     6.7


SKY COVER
  AVERAGE SKY COVER 0.1


WEATHER CONDITIONS
 THE FOLLOWING WEATHER WAS RECORDED YESTERDAY.
  NO SIGNIFICANT WEATHER WAS OBSERVED.


RELATIVE HUMIDITY (PERCENT)
 HIGHEST    83           600 AM
 LOWEST     33           200 PM
 AVERAGE    58

..........................................................


THE HASTINGS NE CLIMATE NORMALS FOR TODAY
                         NORMAL    RECORD    YEAR
 MAXIMUM TEMPERATURE (F)   76        96      2006
                                             1934
 MINIMUM TEMPERATURE (F)   55        33      1915


SUNRISE AND SUNSET
MAY 28 2015...........SUNRISE   607 AM CDT   SUNSET   855 PM CDT
MAY 29 2015...........SUNRISE   607 AM CDT   SUNSET   856 PM CDT


-  INDICATES NEGATIVE NUMBERS.
R  INDICATES RECORD WAS SET OR TIED.
MM INDICATES DATA IS MISSING.
T  INDICATES TRACE AMOUNT.




$$
