000
CDUS43 KGID 310640
CLIHSI


CLIMATE REPORT
NATIONAL WEATHER SERVICE HASTINGS NE
140 AM CDT TUE MAY 31 2016


...................................

...THE HASTINGS NE CLIMATE SUMMARY FOR MAY 30 2016...

CLIMATE NORMAL PERIOD 1981 TO 2010
CLIMATE RECORD PERIOD 1894 TO 2016


WEATHER ITEM   OBSERVED TIME   RECORD YEAR NORMAL DEPARTURE LAST
                VALUE   (LST)  VALUE       VALUE  FROM      YEAR
                                                  NORMAL
..................................................................
TEMPERATURE (F)
 YESTERDAY
  MAXIMUM         83    319 PM 103    1934  77      6       68
  MINIMUM         57    444 AM  41    1930  56      1       48
  AVERAGE         70                        66      4       58

PRECIPITATION (IN)
  YESTERDAY        0.71          1.68 1895   0.13   0.58      T
  MONTH TO DATE    3.56                      4.45  -0.89     3.86
  SINCE MAR 1      9.79                      8.80   0.99     7.61
  SINCE JAN 1     11.71                      9.70   2.01     8.72

SNOWFALL (IN)
  YESTERDAY        0.0                       0.0    0.0      0.0
  MONTH TO DATE    0.0                       0.0    0.0      0.0
  SINCE MAR 1      2.1                       6.4   -4.3      0.8
  SINCE JUL 1     32.4                      28.8    3.6     17.0
  SNOW DEPTH       0

DEGREE DAYS
 HEATING
  YESTERDAY        0                         2     -2        7
  MONTH TO DATE  176                       167      9      177
  SINCE MAR 1   1106                      1376   -270     1168
  SINCE JUL 1   5016                      6006   -990     5791

 COOLING
  YESTERDAY        5                         4      1        0
  MONTH TO DATE   28                        52    -24       27
  SINCE MAR 1     28                        57    -29       31
  SINCE JAN 1     28                        57    -29       31
..................................................................


WIND (MPH)
  HIGHEST WIND SPEED    38   HIGHEST WIND DIRECTION     W (290)
  HIGHEST GUST SPEED    49   HIGHEST GUST DIRECTION     W (290)
  AVERAGE WIND SPEED     8.6


SKY COVER
  AVERAGE SKY COVER 0.0


WEATHER CONDITIONS
 THE FOLLOWING WEATHER WAS RECORDED YESTERDAY.
  THUNDERSTORM
  HEAVY RAIN
  RAIN
  LIGHT RAIN
  FOG


RELATIVE HUMIDITY (PERCENT)
 HIGHEST    80           400 AM
 LOWEST     34           300 PM
 AVERAGE    57

..........................................................


THE HASTINGS NE CLIMATE NORMALS FOR TODAY
                         NORMAL    RECORD    YEAR
 MAXIMUM TEMPERATURE (F)   77       102      1934
 MINIMUM TEMPERATURE (F)   56        38      1964


SUNRISE AND SUNSET
MAY 31 2016...........SUNRISE   605 AM CDT   SUNSET   858 PM CDT
JUNE  1 2016..........SUNRISE   605 AM CDT   SUNSET   859 PM CDT


-  INDICATES NEGATIVE NUMBERS.
R  INDICATES RECORD WAS SET OR TIED.
MM INDICATES DATA IS MISSING.
T  INDICATES TRACE AMOUNT.




$$
