000
CDUS44 KHUN 212128
CLIHSV


CLIMATE REPORT
NATIONAL WEATHER SERVICE HUNTSVILLE AL
428 PM CDT SAT OCT 21 2017


...................................

...THE HUNTSVILLE CLIMATE SUMMARY FOR OCTOBER 21 2017...
VALID TODAY AS OF 0400 PM LOCAL TIME.

CLIMATE NORMAL PERIOD 1981 TO 2010
CLIMATE RECORD PERIOD 1894 TO 2017


WEATHER ITEM   OBSERVED TIME   RECORD YEAR NORMAL DEPARTURE LAST
                VALUE   (LST)  VALUE       VALUE  FROM      YEAR
                                                  NORMAL
..................................................................
TEMPERATURE (F)
 TODAY
  MAXIMUM         79    200 PM  89    1963  73      6       68
  MINIMUM         50   1215 AM  25    1913  49      1       48
  AVERAGE         65                        61      4       58

PRECIPITATION (IN)
  TODAY            0.00          2.81 1985   0.12  -0.12     0.00
  MONTH TO DATE    3.32                      2.35   0.97     0.77
  SINCE SEP 1      6.03                      6.07  -0.04     1.24
  SINCE JAN 1     46.24                     42.39   3.85    33.75

SNOWFALL (IN)
  TODAY            0.0
  MONTH TO DATE    0.0
  SINCE SEP 1      0.0
  SINCE JUL 1      0.0
  SNOW DEPTH       0

DEGREE DAYS
 HEATING
  TODAY            0                         5     -5        7
  MONTH TO DATE   26                        71    -45        7
  SINCE SEP 1     37                        84    -47       10
  SINCE JUL 1     37                        84    -47       10

 COOLING
  TODAY            0                         2     -2        0
  MONTH TO DATE  110                        60     50      134
  SINCE SEP 1    351                       335     16      579
  SINCE JAN 1   2079                      1930    149     2484
..................................................................


WIND (MPH)
  HIGHEST WIND SPEED    18   HIGHEST WIND DIRECTION    SE (150)
  HIGHEST GUST SPEED    29   HIGHEST GUST DIRECTION    SE (150)
  AVERAGE WIND SPEED     8.7


SKY COVER
  POSSIBLE SUNSHINE  MM
  AVERAGE SKY COVER 0.5


WEATHER CONDITIONS
 THE FOLLOWING WEATHER WAS RECORDED TODAY.
  NO SIGNIFICANT WEATHER WAS OBSERVED.


RELATIVE HUMIDITY (PERCENT)
 HIGHEST   100           100 AM
 LOWEST     54          1200 PM
 AVERAGE    77

..........................................................


THE HUNTSVILLE CLIMATE NORMALS FOR TOMORROW
                         NORMAL    RECORD    YEAR
 MAXIMUM TEMPERATURE (F)   73        88      1963
 MINIMUM TEMPERATURE (F)   49        27      1952


SUNRISE AND SUNSET
OCTOBER 21 2017.......SUNRISE   658 AM CDT   SUNSET   605 PM CDT
OCTOBER 22 2017.......SUNRISE   659 AM CDT   SUNSET   604 PM CDT


-  INDICATES NEGATIVE NUMBERS.
R  INDICATES RECORD WAS SET OR TIED.
MM INDICATES DATA IS MISSING.
T  INDICATES TRACE AMOUNT.




$$
