000
CDUS44 KHUN 272123
CLIHSV


CLIMATE REPORT
NATIONAL WEATHER SERVICE HUNTSVILLE AL
422 PM CDT WED JUL 27 2016


...................................

...THE HUNTSVILLE CLIMATE SUMMARY FOR JULY 27 2016...
VALID TODAY AS OF 0400 PM LOCAL TIME.

CLIMATE NORMAL PERIOD 1981 TO 2010
CLIMATE RECORD PERIOD 1894 TO 2016


WEATHER ITEM   OBSERVED TIME   RECORD YEAR NORMAL DEPARTURE LAST
                VALUE   (LST)  VALUE       VALUE  FROM      YEAR
                                                  NORMAL
..................................................................
TEMPERATURE (F)
 TODAY
  MAXIMUM         94    251 PM 106    1930  91      3       98
  MINIMUM         76    512 AM  54    1911  70      6       75
  AVERAGE         85                        81      4       87

PRECIPITATION (IN)
  TODAY            0.00          1.78 1951   0.12  -0.12     0.00
  MONTH TO DATE    4.33                      3.58   0.75     4.47
  SINCE JUN 1      8.73                      7.87   0.86     6.85
  SINCE JAN 1     27.03                     32.24  -5.21    32.23

SNOWFALL (IN)
  TODAY            0.0
  MONTH TO DATE    0.0
  SINCE JUN 1      0.0
  SINCE JUL 1      0.0
  SNOW DEPTH       0

DEGREE DAYS
 HEATING
  TODAY            0                         0      0        0
  MONTH TO DATE    0                         0      0        0
  SINCE JUN 1      0                         1     -1        0
  SINCE JUL 1      0                         0      0        0

 COOLING
  TODAY           20                        16      4       22
  MONTH TO DATE  513                       424     89      501
  SINCE JUN 1    993                       804    189      998
  SINCE JAN 1   1280                      1067    213     1323
..................................................................


WIND (MPH)
  HIGHEST WIND SPEED    17   HIGHEST WIND DIRECTION     S (170)
  HIGHEST GUST SPEED    21   HIGHEST GUST DIRECTION     S (170)
  AVERAGE WIND SPEED     6.8


SKY COVER
  POSSIBLE SUNSHINE  MM
  AVERAGE SKY COVER 0.5


WEATHER CONDITIONS
 THE FOLLOWING WEATHER WAS RECORDED TODAY.
  NO SIGNIFICANT WEATHER WAS OBSERVED.


RELATIVE HUMIDITY (PERCENT)
 HIGHEST    82           300 AM
 LOWEST     44           300 PM
 AVERAGE    63

..........................................................


THE HUNTSVILLE CLIMATE NORMALS FOR TOMORROW
                         NORMAL    RECORD    YEAR
 MAXIMUM TEMPERATURE (F)   91       110      1930
 MINIMUM TEMPERATURE (F)   70        56      1911


SUNRISE AND SUNSET
JULY 27 2016..........SUNRISE   554 AM CDT   SUNSET   753 PM CDT
JULY 28 2016..........SUNRISE   555 AM CDT   SUNSET   752 PM CDT


-  INDICATES NEGATIVE NUMBERS.
R  INDICATES RECORD WAS SET OR TIED.
MM INDICATES DATA IS MISSING.
T  INDICATES TRACE AMOUNT.


$$
