000
CDUS44 KHUN 190801
CLIHSV


CLIMATE REPORT
NATIONAL WEATHER SERVICE HUNTSVILLE AL
201 AM CST SUN FEB 19 2017


...................................

...THE HUNTSVILLE CLIMATE SUMMARY FOR FEBRUARY 18 2017...

CLIMATE NORMAL PERIOD 1981 TO 2010
CLIMATE RECORD PERIOD 1894 TO 2017


WEATHER ITEM   OBSERVED TIME   RECORD YEAR NORMAL DEPARTURE LAST
                VALUE   (LST)  VALUE       VALUE  FROM      YEAR
                                                  NORMAL
..................................................................
TEMPERATURE (F)
 YESTERDAY
  MAXIMUM         61    345 PM  75    2009  57      4       63
                                      1927
  MINIMUM         49    950 AM  -3    1958  36     13       31
  AVERAGE         55                        46      9       47

PRECIPITATION (IN)
  YESTERDAY        0.14          2.66 1991   0.17  -0.03     0.00
  MONTH TO DATE    0.96                      3.05  -2.09     4.59
  SINCE DEC 1     13.27                     13.71  -0.44    18.84
  SINCE JAN 1      7.36                      7.94  -0.58     8.16

SNOWFALL (IN)
  YESTERDAY        0.0
  MONTH TO DATE    0.0
  SINCE DEC 1      T
  SINCE JUL 1      T
  SNOW DEPTH       0

DEGREE DAYS
 HEATING
  YESTERDAY       10                        19     -9       18
  MONTH TO DATE  257                       371   -114      394
  SINCE DEC 1   1238                      1754   -516     1477
  SINCE JUL 1   1502                      2281   -779     1771

 COOLING
  YESTERDAY        0                         0      0        0
  MONTH TO DATE    0                         0      0        1
  SINCE DEC 1      5                         2      3       24
  SINCE JAN 1      1                         0      1        1
..................................................................


WIND (MPH)
  HIGHEST WIND SPEED     9   HIGHEST WIND DIRECTION    SE (130)
  HIGHEST GUST SPEED    11   HIGHEST GUST DIRECTION     S (190)
  AVERAGE WIND SPEED     3.9


SKY COVER
  POSSIBLE SUNSHINE  MM
  AVERAGE SKY COVER 0.9


WEATHER CONDITIONS
 THE FOLLOWING WEATHER WAS RECORDED YESTERDAY.
  RAIN
  LIGHT RAIN
  FOG


RELATIVE HUMIDITY (PERCENT)
 HIGHEST    96           900 PM
 LOWEST     59          1200 AM
 AVERAGE    78

..........................................................


THE HUNTSVILLE CLIMATE NORMALS FOR TODAY
                         NORMAL    RECORD    YEAR
 MAXIMUM TEMPERATURE (F)   57        75      1939
 MINIMUM TEMPERATURE (F)   37         2      1958


SUNRISE AND SUNSET
FEBRUARY 19 2017......SUNRISE   628 AM CST   SUNSET   534 PM CST
FEBRUARY 20 2017......SUNRISE   627 AM CST   SUNSET   535 PM CST


-  INDICATES NEGATIVE NUMBERS.
R  INDICATES RECORD WAS SET OR TIED.
MM INDICATES DATA IS MISSING.
T  INDICATES TRACE AMOUNT.




$$
