000
CDUS44 KHUN 232127
CLIHSV


CLIMATE REPORT
NATIONAL WEATHER SERVICE HUNTSVILLE AL
427 PM CDT FRI JUN 23 2017


...................................

...THE HUNTSVILLE CLIMATE SUMMARY FOR JUNE 23 2017...
VALID TODAY AS OF 0400 PM LOCAL TIME.

CLIMATE NORMAL PERIOD 1981 TO 2010
CLIMATE RECORD PERIOD 1894 TO 2017


WEATHER ITEM   OBSERVED TIME   RECORD YEAR NORMAL DEPARTURE LAST
                VALUE   (LST)  VALUE       VALUE  FROM      YEAR
                                                  NORMAL
..................................................................
TEMPERATURE (F)
 TODAY
  MAXIMUM         84    121 PM 104    1930  90     -6       97
  MINIMUM         75    712 AM  53    1992  69      6       75
                                      1972
  AVERAGE         80                        79      1       86

PRECIPITATION (IN)
  TODAY           MM             1.80 1959   0.14  MM        0.00
  MONTH TO DATE    4.13                      3.26   0.87     2.82
  SINCE JUN 1      4.13                      3.26   0.87     2.82
  SINCE JAN 1     26.85                     27.63  -0.78    21.12

SNOWFALL (IN)
  TODAY            0.0
  MONTH TO DATE    0.0
  SINCE JUN 1      0.0
  SINCE JUL 1      T
  SNOW DEPTH       0

DEGREE DAYS
 HEATING
  TODAY            0                         0      0        0
  MONTH TO DATE    0                         0      0        0
  SINCE JUN 1      0                         0      0        0
  SINCE JUL 1   1967                      3001  -1034     2253

 COOLING
  TODAY           15                        14      1       21
  MONTH TO DATE  293                       278     15      350
  SINCE JUN 1    293                       278     15      350
  SINCE JAN 1    682                       541    141      637
..................................................................


WIND (MPH)
  HIGHEST WIND SPEED    28   HIGHEST WIND DIRECTION     S (190)
  HIGHEST GUST SPEED    37   HIGHEST GUST DIRECTION    SW (230)
  AVERAGE WIND SPEED    13.4


SKY COVER
  POSSIBLE SUNSHINE  MM
  AVERAGE SKY COVER 0.9


WEATHER CONDITIONS
 THE FOLLOWING WEATHER WAS RECORDED TODAY.
  HEAVY RAIN
  RAIN
  LIGHT RAIN
  FOG


RELATIVE HUMIDITY (PERCENT)
 HIGHEST   100           700 AM
 LOWEST     74           100 PM
 AVERAGE    87

..........................................................


THE HUNTSVILLE CLIMATE NORMALS FOR TOMORROW
                         NORMAL    RECORD    YEAR
 MAXIMUM TEMPERATURE (F)   90       105      1930
 MINIMUM TEMPERATURE (F)   69        51      1915


SUNRISE AND SUNSET
JUNE 23 2017..........SUNRISE   535 AM CDT   SUNSET   804 PM CDT
JUNE 24 2017..........SUNRISE   535 AM CDT   SUNSET   804 PM CDT


-  INDICATES NEGATIVE NUMBERS.
R  INDICATES RECORD WAS SET OR TIED.
MM INDICATES DATA IS MISSING.
T  INDICATES TRACE AMOUNT.




$$
