000
CDUS44 KHUN 172229
CLIHSV


CLIMATE REPORT
NATIONAL WEATHER SERVICE HUNTSVILLE AL
429 PM CST SUN DEC 17 2017


...................................

...THE HUNTSVILLE CLIMATE SUMMARY FOR DECEMBER 17 2017...
VALID TODAY AS OF 0400 PM LOCAL TIME.

CLIMATE NORMAL PERIOD 1981 TO 2010
CLIMATE RECORD PERIOD 1894 TO 2017


WEATHER ITEM   OBSERVED TIME   RECORD YEAR NORMAL DEPARTURE LAST
                VALUE   (LST)  VALUE       VALUE  FROM      YEAR
                                                  NORMAL
..................................................................
TEMPERATURE (F)
 TODAY
  MAXIMUM         50    201 PM  77    1924  53     -3       73
  MINIMUM         35    141 AM  14    1945  34      1       53
  AVERAGE         43                        43      0       63

PRECIPITATION (IN)
  TODAY            0.45          3.12 1961   0.19   0.26     0.01
  MONTH TO DATE    1.95                      3.34  -1.39     3.53
  SINCE DEC 1      1.95                      3.34  -1.39     3.53
  SINCE JAN 1     51.07                     51.91  -0.84    42.06

SNOWFALL (IN)
  TODAY            0.0
  MONTH TO DATE    0.0
  SINCE DEC 1      0.0
  SINCE JUL 1      0.0
  SNOW DEPTH       0

DEGREE DAYS
 HEATING
  TODAY           22                        22      0        2
  MONTH TO DATE  357                       337     20      339
  SINCE DEC 1    357                       337     20      339
  SINCE JUL 1    835                       864    -29      603

 COOLING
  TODAY            0                         0      0        0
  MONTH TO DATE    0                         0      0        0
  SINCE DEC 1      0                         0      0        0
  SINCE JAN 1   2114                      1949    165     2548
..................................................................


WIND (MPH)
  HIGHEST WIND SPEED    24   HIGHEST WIND DIRECTION    SE (130)
  HIGHEST GUST SPEED    28   HIGHEST GUST DIRECTION    SE (130)
  AVERAGE WIND SPEED     7.2


SKY COVER
  POSSIBLE SUNSHINE  MM
  AVERAGE SKY COVER 0.8


WEATHER CONDITIONS
 THE FOLLOWING WEATHER WAS RECORDED TODAY.
  RAIN
  LIGHT RAIN
  FOG


RELATIVE HUMIDITY (PERCENT)
 HIGHEST   100          1000 AM
 LOWEST     62           500 AM
 AVERAGE    81

..........................................................


THE HUNTSVILLE CLIMATE NORMALS FOR TOMORROW
                         NORMAL    RECORD    YEAR
 MAXIMUM TEMPERATURE (F)   53        74      1915
 MINIMUM TEMPERATURE (F)   34        12      1943


SUNRISE AND SUNSET
DECEMBER 17 2017......SUNRISE   648 AM CST   SUNSET   439 PM CST
DECEMBER 18 2017......SUNRISE   649 AM CST   SUNSET   439 PM CST


-  INDICATES NEGATIVE NUMBERS.
R  INDICATES RECORD WAS SET OR TIED.
MM INDICATES DATA IS MISSING.
T  INDICATES TRACE AMOUNT.




$$
