000
CDUS44 KHUN 270702
CLIHSV


CLIMATE REPORT
NATIONAL WEATHER SERVICE HUNTSVILLE AL
202 AM CDT FRI MAR 27 2015


...................................

...THE HUNTSVILLE CLIMATE SUMMARY FOR MARCH 26 2015...

CLIMATE NORMAL PERIOD 1981 TO 2010
CLIMATE RECORD PERIOD 1894 TO 2015


WEATHER ITEM   OBSERVED TIME   RECORD YEAR NORMAL DEPARTURE LAST
                VALUE   (LST)  VALUE       VALUE  FROM      YEAR
                                                  NORMAL
..................................................................
TEMPERATURE (F)
 YESTERDAY
  MAXIMUM         78    105 PM  88    2007  68     10       52
  MINIMUM         46   1159 PM  20    1955  44      2       27
  AVERAGE         62                        56      6       40

PRECIPITATION (IN)
  YESTERDAY        0.07          2.09 2011   0.18  -0.11     0.00
  MONTH TO DATE    4.61                      4.36   0.25     2.25
  SINCE MAR 1      4.61                      4.36   0.25     2.25
  SINCE JAN 1     12.35                     14.09  -1.74    12.12

SNOWFALL (IN)
  YESTERDAY        0.0
  MONTH TO DATE    1.0
  SINCE MAR 1      1.0
  SINCE JUL 1      9.8
  SNOW DEPTH       0

DEGREE DAYS
 HEATING
  YESTERDAY        3                         9     -6       25
  MONTH TO DATE  235                       325    -90      417
  SINCE MAR 1    235                       325    -90      417
  SINCE JUL 1   2876                      2777     99     3252

 COOLING
  YESTERDAY        0                         1     -1        0
  MONTH TO DATE    2                         4     -2        0
  SINCE MAR 1      2                         4     -2        0
  SINCE JAN 1      2                         5     -3        1
..................................................................


WIND (MPH)
  HIGHEST WIND SPEED    23   HIGHEST WIND DIRECTION     N (10)
  HIGHEST GUST SPEED    30   HIGHEST GUST DIRECTION     N (360)
  AVERAGE WIND SPEED    11.7


SKY COVER
  POSSIBLE SUNSHINE  MM
  AVERAGE SKY COVER 0.8


WEATHER CONDITIONS
 THE FOLLOWING WEATHER WAS RECORDED YESTERDAY.
  RAIN
  LIGHT RAIN
  FOG


RELATIVE HUMIDITY (PERCENT)
 HIGHEST    86          1100 PM
 LOWEST     43           100 PM
 AVERAGE    65

..........................................................


THE HUNTSVILLE CLIMATE NORMALS FOR TODAY
                         NORMAL    RECORD    YEAR
 MAXIMUM TEMPERATURE (F)   68        86      1910
                                             1907
 MINIMUM TEMPERATURE (F)   45        16      1955


SUNRISE AND SUNSET
MARCH 27 2015.........SUNRISE   641 AM CDT   SUNSET   704 PM CDT
MARCH 28 2015.........SUNRISE   640 AM CDT   SUNSET   705 PM CDT


-  INDICATES NEGATIVE NUMBERS.
R  INDICATES RECORD WAS SET OR TIED.
MM INDICATES DATA IS MISSING.
T  INDICATES TRACE AMOUNT.




$$
