000
CDUS44 KHUN 242121
CLIHSV


CLIMATE REPORT
NATIONAL WEATHER SERVICE HUNTSVILLE AL
421 PM CDT TUE MAY 24 2016


...................................

...THE HUNTSVILLE CLIMATE SUMMARY FOR MAY 24 2016...
VALID TODAY AS OF 0400 PM LOCAL TIME.

CLIMATE NORMAL PERIOD 1981 TO 2010
CLIMATE RECORD PERIOD 1894 TO 2016


WEATHER ITEM   OBSERVED TIME   RECORD YEAR NORMAL DEPARTURE LAST
                VALUE   (LST)  VALUE       VALUE  FROM      YEAR
                                                  NORMAL
..................................................................
TEMPERATURE (F)
 TODAY
  MAXIMUM         89    204 PM  96    1996  83      6       88
                                      1944
                                      1933
  MINIMUM         57    431 AM  43    1931  62     -5       65
  AVERAGE         73                        72      1       77

PRECIPITATION (IN)
  TODAY            0.00          1.79 1940   0.16  -0.16     0.11
  MONTH TO DATE    1.62                      4.05  -2.43     1.84
  SINCE MAR 1      8.35                     13.58  -5.23    14.40
  SINCE JAN 1     18.30                     23.31  -5.01    22.14

SNOWFALL (IN)
  TODAY            0.0
  MONTH TO DATE    0.0
  SINCE MAR 1      T
  SINCE JUL 1      0.4
  SNOW DEPTH       0

DEGREE DAYS
 HEATING
  TODAY            0                         0      0        0
  MONTH TO DATE   20                        25     -5       14
  SINCE MAR 1    357                       547   -190      389
  SINCE JUL 1   2253                      2999   -746     3030

 COOLING
  TODAY            8                         8      0       12
  MONTH TO DATE  106                       130    -24      185
  SINCE MAR 1    196                       201     -5      248
  SINCE JAN 1    197                       202     -5      248
..................................................................


WIND (MPH)
  HIGHEST WIND SPEED    13   HIGHEST WIND DIRECTION    SW (230)
  HIGHEST GUST SPEED    17   HIGHEST GUST DIRECTION    SW (240)
  AVERAGE WIND SPEED     4.0


SKY COVER
  POSSIBLE SUNSHINE  MM
  AVERAGE SKY COVER 0.3


WEATHER CONDITIONS
 THE FOLLOWING WEATHER WAS RECORDED TODAY.
  NO SIGNIFICANT WEATHER WAS OBSERVED.


RELATIVE HUMIDITY (PERCENT)
 HIGHEST    86           400 AM
 LOWEST     26           100 PM
 AVERAGE    56

..........................................................


THE HUNTSVILLE CLIMATE NORMALS FOR TOMORROW
                         NORMAL    RECORD    YEAR
 MAXIMUM TEMPERATURE (F)   84        97      1926
                                             1921
 MINIMUM TEMPERATURE (F)   62        45      1942
                                             1935


SUNRISE AND SUNSET
MAY 24 2016...........SUNRISE   538 AM CDT   SUNSET   750 PM CDT
MAY 25 2016...........SUNRISE   538 AM CDT   SUNSET   751 PM CDT


-  INDICATES NEGATIVE NUMBERS.
R  INDICATES RECORD WAS SET OR TIED.
MM INDICATES DATA IS MISSING.
T  INDICATES TRACE AMOUNT.




$$
