000
CDUS44 KHUN 290702
CLIHSV


CLIMATE REPORT
NATIONAL WEATHER SERVICE HUNTSVILLE AL
202 AM CDT FRI APR 29 2016


...................................

...THE HUNTSVILLE CLIMATE SUMMARY FOR APRIL 28 2016...

CLIMATE NORMAL PERIOD 1981 TO 2010
CLIMATE RECORD PERIOD 1894 TO 2016


WEATHER ITEM   OBSERVED TIME   RECORD YEAR NORMAL DEPARTURE LAST
                VALUE   (LST)  VALUE       VALUE  FROM      YEAR
                                                  NORMAL
..................................................................
TEMPERATURE (F)
 YESTERDAY
  MAXIMUM         87    409 PM  90    1989  77     10       74
  MINIMUM         62   1148 PM  34    1928  54      8       45
  AVERAGE         75                        65     10       60

PRECIPITATION (IN)
  YESTERDAY        0.00          3.50 1963   0.16  -0.16     0.03
  MONTH TO DATE    1.82                      4.03  -2.21     6.73
  SINCE MAR 1      6.31                      9.24  -2.93    12.35
  SINCE JAN 1     16.26                     18.97  -2.71    20.09

SNOWFALL (IN)
  YESTERDAY        0.0
  MONTH TO DATE    0.0
  SINCE MAR 1      T
  SINCE JUL 1      0.4
  SNOW DEPTH       0

DEGREE DAYS
 HEATING
  YESTERDAY        0                         3     -3        5
  MONTH TO DATE  104                       150    -46       64
  SINCE MAR 1    337                       518   -181      371
  SINCE JUL 1   2233                      2970   -737     3012

 COOLING
  YESTERDAY       10                         3      7        0
  MONTH TO DATE   53                        52      1       58
  SINCE MAR 1     77                        65     12       63
  SINCE JAN 1     78                        66     12       63
..................................................................


WIND (MPH)
  HIGHEST WIND SPEED    15   HIGHEST WIND DIRECTION     W (250)
  HIGHEST GUST SPEED    20   HIGHEST GUST DIRECTION     W (250)
  AVERAGE WIND SPEED     5.8


SKY COVER
  POSSIBLE SUNSHINE  MM
  AVERAGE SKY COVER 0.4


WEATHER CONDITIONS
 THE FOLLOWING WEATHER WAS RECORDED YESTERDAY.
  NO SIGNIFICANT WEATHER WAS OBSERVED.


RELATIVE HUMIDITY (PERCENT)
 HIGHEST    81           100 AM
 LOWEST     35           400 PM
 AVERAGE    58

..........................................................


THE HUNTSVILLE CLIMATE NORMALS FOR TODAY
                         NORMAL    RECORD    YEAR
 MAXIMUM TEMPERATURE (F)   77        92      1915
 MINIMUM TEMPERATURE (F)   54        35      1928


SUNRISE AND SUNSET
APRIL 29 2016.........SUNRISE   558 AM CDT   SUNSET   731 PM CDT
APRIL 30 2016.........SUNRISE   557 AM CDT   SUNSET   732 PM CDT


-  INDICATES NEGATIVE NUMBERS.
R  INDICATES RECORD WAS SET OR TIED.
MM INDICATES DATA IS MISSING.
T  INDICATES TRACE AMOUNT.




$$
