000
CDUS43 KAPX 020713
CLIHTL


CLIMATE REPORT
NATIONAL WEATHER SERVICE GAYLORD MI
213 AM EST FRI DEC 2 2016


...................................

...THE HOUGHTON LAKE MI CLIMATE SUMMARY FOR DECEMBER 1 2016...

CLIMATE NORMAL PERIOD 1981 TO 2010
CLIMATE RECORD PERIOD 1913 TO 2016


WEATHER ITEM   OBSERVED TIME   RECORD YEAR NORMAL DEPARTURE LAST
                VALUE   (LST)  VALUE       VALUE  FROM      YEAR
                                                  NORMAL
..................................................................
TEMPERATURE (F)
 YESTERDAY
  MAXIMUM         40    258 PM  59    1970  35      5       40
  MINIMUM         34   1112 PM   0    1936  23     11       31
  AVERAGE         37                        29      8       36

PRECIPITATION (IN)
  YESTERDAY        0.01          1.03 1996   0.07  -0.06     0.07
  MONTH TO DATE    0.01                      0.07  -0.06     0.07
  SINCE DEC 1      0.01                      0.07  -0.06     0.07
  SINCE JAN 1     31.06                     27.17   3.89    24.63

SNOWFALL (IN)
  YESTERDAY        0.0           6.4  2006   0.5   -0.5      0.0
                                      1968
  MONTH TO DATE    0.0                       0.5   -0.5      0.0
  SINCE OCT 1     11.0                       9.6    1.4      2.2
  SINCE JUL 1     11.0                       9.6    1.4      2.2
  SNOW DEPTH       0

DEGREE DAYS
 HEATING
  YESTERDAY       28                        36     -8       29
  MONTH TO DATE   28                        36     -8       29
  SINCE DEC 1     28                        36     -8       29
  SINCE JUL 1   1348                      1919   -571     1508
..................................................................


WIND (MPH)
  HIGHEST WIND SPEED    20   HIGHEST WIND DIRECTION     W (270)
  HIGHEST GUST SPEED    28   HIGHEST GUST DIRECTION     W (270)
  AVERAGE WIND SPEED    12.2




RELATIVE HUMIDITY (PERCENT)
 HIGHEST    92
 LOWEST     76
 AVERAGE    84

..........................................................


THE HOUGHTON LAKE MI CLIMATE NORMALS FOR TODAY
                         NORMAL    RECORD    YEAR
 MAXIMUM TEMPERATURE (F)   35        63      1982
 MINIMUM TEMPERATURE (F)   22       -13      1930


SUNRISE AND SUNSET
DECEMBER  2 2016......SUNRISE   756 AM EST   SUNSET   500 PM EST
DECEMBER  3 2016......SUNRISE   757 AM EST   SUNSET   500 PM EST


-  INDICATES NEGATIVE NUMBERS.
R  INDICATES RECORD WAS SET OR TIED.
MM INDICATES DATA IS MISSING.
T  INDICATES TRACE AMOUNT.




$$
