000
CDUS43 KAPX 220537
CLIHTL


CLIMATE REPORT
NATIONAL WEATHER SERVICE GAYLORD MI
1236 AM EST SAT NOV 22 2014


...................................

...THE HOUGHTON LAKE MI CLIMATE SUMMARY FOR NOVEMBER 21 2014...

CLIMATE NORMAL PERIOD 1981 TO 2010
CLIMATE RECORD PERIOD 1913 TO 2014


WEATHER ITEM   OBSERVED TIME   RECORD YEAR NORMAL DEPARTURE LAST
                VALUE   (LST)  VALUE       VALUE  FROM      YEAR
                                                  NORMAL
..................................................................
TEMPERATURE (F)
 YESTERDAY
  MAXIMUM         25        MM  63    1953  40    -15       41
                                      1931
  MINIMUM          9        MM   8    1987  26    -17       33
                                      1969
  AVERAGE         17                        33    -16       37

PRECIPITATION (IN)
  YESTERDAY        0.00          0.84 1934   0.07  -0.07     0.10
  MONTH TO DATE    1.36                      1.65  -0.29     2.84
  SINCE SEP 1      7.79                      7.31   0.48     8.08
  SINCE JAN 1     27.67                     26.43   1.24    28.18

SNOWFALL (IN)
  YESTERDAY        0.0           3.0  2008   0.3   -0.3       T
                                      1959
  MONTH TO DATE    7.0                       4.8    2.2       T
  SINCE OCT 1      7.0                       5.4    1.6       T
  SINCE JUL 1      7.0                       5.4    1.6       T
  SNOW DEPTH       4

DEGREE DAYS
 HEATING
  YESTERDAY       48                        32     16       28
  MONTH TO DATE  721                       597    124      563
  SINCE SEP 1   1536                      1448     88     1355
  SINCE JUL 1   1692                      1575    117     1480
..................................................................


WIND (MPH)
  HIGHEST WIND SPEED    14   HIGHEST WIND DIRECTION     S (200)
  HIGHEST GUST SPEED    MM   HIGHEST GUST DIRECTION    MM
  AVERAGE WIND SPEED     8.0




RELATIVE HUMIDITY (PERCENT)
 HIGHEST    91
 LOWEST     55
 AVERAGE    73

..........................................................


THE HOUGHTON LAKE MI CLIMATE NORMALS FOR TODAY
                         NORMAL    RECORD    YEAR
 MAXIMUM TEMPERATURE (F)   39        60      2012
 MINIMUM TEMPERATURE (F)   26         2      1929


SUNRISE AND SUNSET
NOVEMBER 22 2014......SUNRISE   744 AM EST   SUNSET   506 PM EST
NOVEMBER 23 2014......SUNRISE   745 AM EST   SUNSET   505 PM EST


-  INDICATES NEGATIVE NUMBERS.
R  INDICATES RECORD WAS SET OR TIED.
MM INDICATES DATA IS MISSING.
T  INDICATES TRACE AMOUNT.




$$
