000
CDUS43 KAPX 250540
CLIHTL


CLIMATE REPORT
NATIONAL WEATHER SERVICE GAYLORD MI
138 AM EDT MON MAY 25 2015


...................................

...THE HOUGHTON LAKE MI CLIMATE SUMMARY FOR MAY 24 2015...

CLIMATE NORMAL PERIOD 1981 TO 2010
CLIMATE RECORD PERIOD 1913 TO 2015


WEATHER ITEM   OBSERVED TIME   RECORD YEAR NORMAL DEPARTURE LAST
                VALUE   (LST)  VALUE       VALUE  FROM      YEAR
                                                  NORMAL
..................................................................
TEMPERATURE (F)
 YESTERDAY
  MAXIMUM         76    130 PM  87    2010  69      7       77
                                      1972
                                      1933
  MINIMUM         42    309 AM  21    1956  44     -2       42
  AVERAGE         59                        56      3       60

PRECIPITATION (IN)
  YESTERDAY        0.38          1.12 1917   0.10   0.28     0.00
  MONTH TO DATE    2.04                      2.13  -0.09     2.87
  SINCE MAR 1      4.77                      6.45  -1.68     9.68
  SINCE JAN 1      6.58                      9.17  -2.59    12.48

DEGREE DAYS
 HEATING
  YESTERDAY        6                         9     -3        5
  MONTH TO DATE  233                       300    -67      315
  SINCE MAR 1   2087                      2089     -2     2437
  SINCE JUL 1   8454                      7961    493     8885

 COOLING
  YESTERDAY        0                         1     -1        0
  MONTH TO DATE   10                         5      5        0
  SINCE MAR 1     10                         7      3        0
  SINCE JAN 1     10                         7      3        0
..................................................................


WIND (MPH)
  HIGHEST WIND SPEED    16   HIGHEST WIND DIRECTION    SW (210)
  HIGHEST GUST SPEED    24   HIGHEST GUST DIRECTION    SW (210)
  AVERAGE WIND SPEED     5.1




RELATIVE HUMIDITY (PERCENT)
 HIGHEST    96
 LOWEST     36
 AVERAGE    66

..........................................................


THE HOUGHTON LAKE MI CLIMATE NORMALS FOR TODAY
                         NORMAL    RECORD    YEAR
 MAXIMUM TEMPERATURE (F)   69        87      1933
 MINIMUM TEMPERATURE (F)   44        23      1949


SUNRISE AND SUNSET
MAY 25 2015...........SUNRISE   602 AM EDT   SUNSET   909 PM EDT
MAY 26 2015...........SUNRISE   602 AM EDT   SUNSET   910 PM EDT


-  INDICATES NEGATIVE NUMBERS.
R  INDICATES RECORD WAS SET OR TIED.
MM INDICATES DATA IS MISSING.
T  INDICATES TRACE AMOUNT.




$$
