000
CDUS43 KAPX 210545
CLIHTL


CLIMATE REPORT
NATIONAL WEATHER SERVICE GAYLORD MI
144 AM EDT TUE OCT 21 2014


...................................

...THE HOUGHTON LAKE MI CLIMATE SUMMARY FOR OCTOBER 20 2014...

CLIMATE NORMAL PERIOD 1981 TO 2010
CLIMATE RECORD PERIOD 1913 TO 2014


WEATHER ITEM   OBSERVED TIME   RECORD YEAR NORMAL DEPARTURE LAST
                VALUE   (LST)  VALUE       VALUE  FROM      YEAR
                                                  NORMAL
..................................................................
TEMPERATURE (F)
 YESTERDAY
  MAXIMUM         55    122 PM  83    1920  54      1       52
  MINIMUM         44   1159 PM  14    1919  35      9       38
  AVERAGE         50                        44      6       45

PRECIPITATION (IN)
  YESTERDAY        0.00          0.95 1982   0.08  -0.08     0.15
  MONTH TO DATE    2.53                      1.70   0.83     2.26
  SINCE SEP 1      5.76                      4.80   0.96     4.07
  SINCE JAN 1     25.64                     23.92   1.72    24.17

SNOWFALL (IN)
  YESTERDAY        0.0           2.7  1992   0.0    0.0      0.0
  MONTH TO DATE    0.0                       0.2   -0.2      0.0
  SINCE OCT 1      0.0                       0.2   -0.2      0.0
  SINCE JUL 1      0.0                       0.2   -0.2      0.0
  SNOW DEPTH       0

DEGREE DAYS
 HEATING
  YESTERDAY       15                        21     -6       20
  MONTH TO DATE  315                       348    -33      255
  SINCE SEP 1    566                       602    -36      517
  SINCE JUL 1    722                       729     -7      642

 COOLING
  YESTERDAY        0                         0      0        0
  MONTH TO DATE    0                         0      0        0
  SINCE SEP 1     15                        20     -5       35
  SINCE JAN 1    210                       285    -75      381
..................................................................


WIND (MPH)
  HIGHEST WIND SPEED    17   HIGHEST WIND DIRECTION    NW (310)
  HIGHEST GUST SPEED    22   HIGHEST GUST DIRECTION    NW (310)
  AVERAGE WIND SPEED     8.5




RELATIVE HUMIDITY (PERCENT)
 HIGHEST    93
 LOWEST     76
 AVERAGE    85

..........................................................


THE HOUGHTON LAKE MI CLIMATE NORMALS FOR TODAY
                         NORMAL    RECORD    YEAR
 MAXIMUM TEMPERATURE (F)   54        82      1947
 MINIMUM TEMPERATURE (F)   34        16      1918


SUNRISE AND SUNSET
OCTOBER 21 2014.......SUNRISE   801 AM EDT   SUNSET   645 PM EDT
OCTOBER 22 2014.......SUNRISE   803 AM EDT   SUNSET   643 PM EDT


-  INDICATES NEGATIVE NUMBERS.
R  INDICATES RECORD WAS SET OR TIED.
MM INDICATES DATA IS MISSING.
T  INDICATES TRACE AMOUNT.




$$
