000
CDUS43 KAPX 300528
CLIHTL


CLIMATE REPORT
NATIONAL WEATHER SERVICE GAYLORD MI
127 AM EDT FRI SEP 30 2016


...................................

...THE HOUGHTON LAKE MI CLIMATE SUMMARY FOR SEPTEMBER 29 2016...

CLIMATE NORMAL PERIOD 1981 TO 2010
CLIMATE RECORD PERIOD 1913 TO 2016


WEATHER ITEM   OBSERVED TIME   RECORD YEAR NORMAL DEPARTURE LAST
                VALUE   (LST)  VALUE       VALUE  FROM      YEAR
                                                  NORMAL
..................................................................
TEMPERATURE (F)
 YESTERDAY
  MAXIMUM         68    122 PM  83    1922  63      5       65
                                      1921
  MINIMUM         54    536 AM  22    1942  41     13       44
  AVERAGE         61                        52      9       55

PRECIPITATION (IN)
  YESTERDAY        T             1.25 1986   0.10  -0.10     0.14
  MONTH TO DATE    2.69                      3.00  -0.31     3.61
  SINCE SEP 1      2.69                      3.00  -0.31     3.61
  SINCE JAN 1     26.30                     22.12   4.18    20.12

DEGREE DAYS
 HEATING
  YESTERDAY        4                        13     -9       10
  MONTH TO DATE  118                       240   -122      107
  SINCE SEP 1    118                       240   -122      107
  SINCE JUL 1    151                       367   -216      197

 COOLING
  YESTERDAY        0                         0      0        0
  MONTH TO DATE   48                        18     30       73
  SINCE SEP 1     48                        18     30       73
  SINCE JAN 1    457                       283    174      330
..................................................................


WIND (MPH)
  HIGHEST WIND SPEED    26   HIGHEST WIND DIRECTION     E (80)
  HIGHEST GUST SPEED    31   HIGHEST GUST DIRECTION     E (80)
  AVERAGE WIND SPEED    13.0




RELATIVE HUMIDITY (PERCENT)
 HIGHEST   100
 LOWEST     60
 AVERAGE    80

..........................................................


THE HOUGHTON LAKE MI CLIMATE NORMALS FOR TODAY
                         NORMAL    RECORD    YEAR
 MAXIMUM TEMPERATURE (F)   63        87      1922
 MINIMUM TEMPERATURE (F)   41        25      1945
                                             1935


SUNRISE AND SUNSET
SEPTEMBER 30 2016.....SUNRISE   736 AM EDT   SUNSET   720 PM EDT
OCTOBER  1 2016.......SUNRISE   737 AM EDT   SUNSET   719 PM EDT


-  INDICATES NEGATIVE NUMBERS.
R  INDICATES RECORD WAS SET OR TIED.
MM INDICATES DATA IS MISSING.
T  INDICATES TRACE AMOUNT.




$$
