000
CDUS43 KAPX 280544
CLIHTL


CLIMATE REPORT
NATIONAL WEATHER SERVICE GAYLORD MI
1244 AM EST SAT FEB 28 2015


...................................

...THE HOUGHTON LAKE MI CLIMATE SUMMARY FOR FEBRUARY 27 2015...

CLIMATE NORMAL PERIOD 1981 TO 2010
CLIMATE RECORD PERIOD 1913 TO 2015


WEATHER ITEM   OBSERVED TIME   RECORD YEAR NORMAL DEPARTURE LAST
                VALUE   (LST)  VALUE       VALUE  FROM      YEAR
                                                  NORMAL
..................................................................
TEMPERATURE (F)
 YESTERDAY
  MAXIMUM         17    358 PM  50    2000  33    -16        8
  MINIMUM        -21    759 AM -27    1934  13    -34      -22
  AVERAGE         -2                        23    -25       -7

PRECIPITATION (IN)
  YESTERDAY        0.00          0.68 1981   0.06  -0.06     0.02
  MONTH TO DATE    0.62                      1.16  -0.54     1.14
  SINCE DEC 1      3.24                      4.32  -1.08     4.95
  SINCE JAN 1      1.81                      2.67  -0.86     2.75

SNOWFALL (IN)
  YESTERDAY        0.0           5.3  1971   0.3   -0.3       T
  MONTH TO DATE   10.9                      12.0   -1.1     11.7
  SINCE OCT 1     41.6                      54.1  -12.5     52.0
  SINCE JUL 1     41.6                      54.1  -12.5     52.0
  SNOW DEPTH      14

DEGREE DAYS
 HEATING
  YESTERDAY       67                        42     25       72
  MONTH TO DATE 1592                      1219    373     1440
  SINCE DEC 1   4305                      3948    357     4510
  SINCE JUL 1   6308                      5831    477     6375
..................................................................


WIND (MPH)
  HIGHEST WIND SPEED    14   HIGHEST WIND DIRECTION    SW (240)
  HIGHEST GUST SPEED    18   HIGHEST GUST DIRECTION     W (250)
  AVERAGE WIND SPEED     4.6




RELATIVE HUMIDITY (PERCENT)
 HIGHEST    87
 LOWEST     53
 AVERAGE    70

..........................................................


THE HOUGHTON LAKE MI CLIMATE NORMALS FOR TODAY
                         NORMAL    RECORD    YEAR
 MAXIMUM TEMPERATURE (F)   33        52      1998
                                             1983
 MINIMUM TEMPERATURE (F)   13       -29      2014


SUNRISE AND SUNSET
FEBRUARY 28 2015......SUNRISE   718 AM EST   SUNSET   625 PM EST
MARCH  1 2015.........SUNRISE   716 AM EST   SUNSET   626 PM EST


-  INDICATES NEGATIVE NUMBERS.
R  INDICATES RECORD WAS SET OR TIED.
MM INDICATES DATA IS MISSING.
T  INDICATES TRACE AMOUNT.




$$
