000
CDUS43 KAPX 310528
CLIHTL


CLIMATE REPORT
NATIONAL WEATHER SERVICE GAYLORD MI
127 AM EDT SUN AUG 31 2014


...................................

...THE HOUGHTON LAKE MI CLIMATE SUMMARY FOR AUGUST 30 2014...

CLIMATE NORMAL PERIOD 1981 TO 2010
CLIMATE RECORD PERIOD 1913 TO 2014


WEATHER ITEM   OBSERVED TIME   RECORD YEAR NORMAL DEPARTURE LAST
                VALUE   (LST)  VALUE       VALUE  FROM      YEAR
                                                  NORMAL
..................................................................
TEMPERATURE (F)
 YESTERDAY
  MAXIMUM         81    139 PM  97    1925  75      6       78
  MINIMUM         66    442 AM  29    1931  50     16       64
  AVERAGE         74                        63     11       71

PRECIPITATION (IN)
  YESTERDAY        0.04          1.12 1955   0.10  -0.06     0.38
  MONTH TO DATE    2.11                      3.29  -1.18     1.73
  SINCE JUN 1      7.40                      9.15  -1.75     4.16
  SINCE JAN 1     19.88                     19.01   0.87    20.10

DEGREE DAYS
 HEATING
  YESTERDAY        0                         4     -4        0
  MONTH TO DATE   52                        76    -24       80
  SINCE JUN 1    230                       247    -17      227
  SINCE JUL 1    156                       123     33      125

 COOLING
  YESTERDAY        9                         2      7        6
  MONTH TO DATE   56                        76    -20       79
  SINCE JUN 1    176                       247    -71      304
  SINCE JAN 1    191                       263    -72      344
..................................................................


WIND (MPH)
  HIGHEST WIND SPEED    22   HIGHEST WIND DIRECTION    SW (220)
  HIGHEST GUST SPEED    31   HIGHEST GUST DIRECTION    SW (210)
  AVERAGE WIND SPEED    10.6




RELATIVE HUMIDITY (PERCENT)
 HIGHEST    93
 LOWEST     67
 AVERAGE    80

..........................................................


THE HOUGHTON LAKE MI CLIMATE NORMALS FOR TODAY
                         NORMAL    RECORD    YEAR
 MAXIMUM TEMPERATURE (F)   75        94      1932
 MINIMUM TEMPERATURE (F)   50        30      1931


SUNRISE AND SUNSET
AUGUST 31 2014........SUNRISE   700 AM EDT   SUNSET   817 PM EDT
SEPTEMBER  1 2014.....SUNRISE   701 AM EDT   SUNSET   815 PM EDT


-  INDICATES NEGATIVE NUMBERS.
R  INDICATES RECORD WAS SET OR TIED.
MM INDICATES DATA IS MISSING.
T  INDICATES TRACE AMOUNT.




$$
