000
CDUS43 KAPX 250527
CLIHTL


CLIMATE REPORT
NATIONAL WEATHER SERVICE GAYLORD MI
127 AM EDT TUE JUL 25 2017


...................................

...THE HOUGHTON LAKE MI CLIMATE SUMMARY FOR JULY 24 2017...

CLIMATE NORMAL PERIOD 1981 TO 2010
CLIMATE RECORD PERIOD 1913 TO 2017


WEATHER ITEM   OBSERVED TIME   RECORD YEAR NORMAL DEPARTURE LAST
                VALUE   (LST)  VALUE       VALUE  FROM      YEAR
                                                  NORMAL
..................................................................
TEMPERATURE (F)
 YESTERDAY
  MAXIMUM         76    545 PM 106    1934  80     -4       82
  MINIMUM         51   1158 PM  36    1931  55     -4       70
  AVERAGE         64                        67     -3       76

PRECIPITATION (IN)
  YESTERDAY        T             1.65 2011   0.10  -0.10     0.16
  MONTH TO DATE    1.87                      2.08  -0.21     2.76
  SINCE JUN 1      6.71                      5.18   1.53     5.52
  SINCE JAN 1     22.62                     15.04   7.58    19.59

DEGREE DAYS
 HEATING
  YESTERDAY        1                         1      0        0
  MONTH TO DATE    8                        36    -28       27
  SINCE JUN 1     76                       160    -84      132
  SINCE JUL 1      8                        36    -28       27

 COOLING
  YESTERDAY        0                         4     -4       11
  MONTH TO DATE   84                        93     -9      129
  SINCE JUN 1    167                       152     15      173
  SINCE JAN 1    181                       168     13      202
..................................................................


WIND (MPH)
  HIGHEST WIND SPEED    18   HIGHEST WIND DIRECTION    NE (30)
  HIGHEST GUST SPEED    25   HIGHEST GUST DIRECTION     N (10)
  AVERAGE WIND SPEED     8.1




RELATIVE HUMIDITY (PERCENT)
 HIGHEST    93
 LOWEST     38
 AVERAGE    66

..........................................................


THE HOUGHTON LAKE MI CLIMATE NORMALS FOR TODAY
                         NORMAL    RECORD    YEAR
 MAXIMUM TEMPERATURE (F)   80        99      1941
 MINIMUM TEMPERATURE (F)   55        37      2004


SUNRISE AND SUNSET
JULY 25 2017..........SUNRISE   619 AM EDT   SUNSET   911 PM EDT
JULY 26 2017..........SUNRISE   620 AM EDT   SUNSET   910 PM EDT


-  INDICATES NEGATIVE NUMBERS.
R  INDICATES RECORD WAS SET OR TIED.
MM INDICATES DATA IS MISSING.
T  INDICATES TRACE AMOUNT.




$$
