000
CDUS43 KAPX 130552
CLIHTL


CLIMATE REPORT
NATIONAL WEATHER SERVICE GAYLORD MI
1250 AM EST WED DEC 13 2017


...................................

...THE HOUGHTON LAKE MI CLIMATE SUMMARY FOR DECEMBER 12 2017...

CLIMATE NORMAL PERIOD 1981 TO 2010
CLIMATE RECORD PERIOD 1913 TO 2017


WEATHER ITEM   OBSERVED TIME   RECORD YEAR NORMAL DEPARTURE LAST
                VALUE   (LST)  VALUE       VALUE  FROM      YEAR
                                                  NORMAL
..................................................................
TEMPERATURE (F)
 YESTERDAY
  MAXIMUM         25   1213 AM  52    1949  31     -6       29
  MINIMUM          8    839 PM -12    1988  19    -11       24
  AVERAGE         17                        25     -8       27

PRECIPITATION (IN)
  YESTERDAY        0.01          0.69 2006   0.05  -0.04     0.04
  MONTH TO DATE    0.67                      0.73  -0.06     0.96
  SINCE DEC 1      0.67                      0.73  -0.06     0.96
  SINCE JAN 1     36.27                     27.83   8.44    32.01

SNOWFALL (IN)
  YESTERDAY        0.1           6.4  1972   0.5   -0.4      0.2
  MONTH TO DATE    4.3                       6.1   -1.8     16.2
  SINCE OCT 1      9.7                      15.2   -5.5     27.2
  SINCE JUL 1      9.7                      15.2   -5.5     27.2
  SNOW DEPTH       4

DEGREE DAYS
 HEATING
  YESTERDAY       48                        40      8       38
  MONTH TO DATE  440                       458    -18      430
  SINCE DEC 1    440                       458    -18      430
  SINCE JUL 1   2041                      2341   -300     1750
..................................................................


WIND (MPH)
  HIGHEST WIND SPEED    31   HIGHEST WIND DIRECTION    NW (330)
  HIGHEST GUST SPEED    39   HIGHEST GUST DIRECTION    NW (320)
  AVERAGE WIND SPEED    15.4




RELATIVE HUMIDITY (PERCENT)
 HIGHEST    80
 LOWEST     58
 AVERAGE    69

..........................................................


THE HOUGHTON LAKE MI CLIMATE NORMALS FOR TODAY
                         NORMAL    RECORD    YEAR
 MAXIMUM TEMPERATURE (F)   31        56      2015
 MINIMUM TEMPERATURE (F)   18       -14      1995


SUNRISE AND SUNSET
DECEMBER 13 2017......SUNRISE   806 AM EST   SUNSET   500 PM EST
DECEMBER 14 2017......SUNRISE   807 AM EST   SUNSET   500 PM EST


-  INDICATES NEGATIVE NUMBERS.
R  INDICATES RECORD WAS SET OR TIED.
MM INDICATES DATA IS MISSING.
T  INDICATES TRACE AMOUNT.




$$
