000
CDUS43 KAPX 270536
CLIHTL


CLIMATE REPORT
NATIONAL WEATHER SERVICE GAYLORD MI
135 AM EDT SAT AUG 27 2016


...................................

...THE HOUGHTON LAKE MI CLIMATE SUMMARY FOR AUGUST 26 2016...

CLIMATE NORMAL PERIOD 1981 TO 2010
CLIMATE RECORD PERIOD 1913 TO 2016


WEATHER ITEM   OBSERVED TIME   RECORD YEAR NORMAL DEPARTURE LAST
                VALUE   (LST)  VALUE       VALUE  FROM      YEAR
                                                  NORMAL
..................................................................
TEMPERATURE (F)
 YESTERDAY
  MAXIMUM         78    408 PM  94    1948  76      2       62
  MINIMUM         54   1038 PM  29    1923  51      3       53
                                      1919
  AVERAGE         66                        64      2       58

PRECIPITATION (IN)
  YESTERDAY        0.00          1.61 1972   0.10  -0.10     0.01
  MONTH TO DATE    2.66                      2.88  -0.22     3.11
  SINCE JUN 1      8.44                      8.74  -0.30     7.73
  SINCE JAN 1     22.51                     18.60   3.91    16.35

DEGREE DAYS
 HEATING
  YESTERDAY        0                         3     -3        7
  MONTH TO DATE    4                        61    -57       33
  SINCE JUN 1    136                       232    -96      198
  SINCE JUL 1     31                       108    -77       81

 COOLING
  YESTERDAY        1                         2     -1        0
  MONTH TO DATE  155                        68     87       90
  SINCE JUN 1    365                       239    126      226
  SINCE JAN 1    394                       255    139      251
..................................................................


WIND (MPH)
  HIGHEST WIND SPEED    13   HIGHEST WIND DIRECTION     W (280)
  HIGHEST GUST SPEED    18   HIGHEST GUST DIRECTION     W (270)
  AVERAGE WIND SPEED     6.1




RELATIVE HUMIDITY (PERCENT)
 HIGHEST    93
 LOWEST     47
 AVERAGE    70

..........................................................


THE HOUGHTON LAKE MI CLIMATE NORMALS FOR TODAY
                         NORMAL    RECORD    YEAR
 MAXIMUM TEMPERATURE (F)   76        95      1930
 MINIMUM TEMPERATURE (F)   51        31      1919


SUNRISE AND SUNSET
AUGUST 27 2016........SUNRISE   656 AM EDT   SUNSET   823 PM EDT
AUGUST 28 2016........SUNRISE   657 AM EDT   SUNSET   821 PM EDT


-  INDICATES NEGATIVE NUMBERS.
R  INDICATES RECORD WAS SET OR TIED.
MM INDICATES DATA IS MISSING.
T  INDICATES TRACE AMOUNT.




$$
