000
CDUS41 KRLX 040852
CLIHTS


CLIMATE REPORT
NATIONAL WEATHER SERVICE CHARLESTON WV
352 AM EST SUN DEC 4 2016


...................................

...THE HUNTINGTON WV CLIMATE SUMMARY FOR DECEMBER 3 2016...

CLIMATE NORMAL PERIOD 1981 TO 2010
CLIMATE RECORD PERIOD 1897 TO 2016


WEATHER ITEM   OBSERVED TIME   RECORD YEAR NORMAL DEPARTURE LAST
                VALUE   (LST)  VALUE       VALUE  FROM      YEAR
                                                  NORMAL
..................................................................
TEMPERATURE (F)
 YESTERDAY
  MAXIMUM         42    423 PM  80    1982  49     -7       43
  MINIMUM         36   1159 PM  10    1942  32      4       27
                                      1929
  AVERAGE         39                        40     -1       35

PRECIPITATION (IN)
  YESTERDAY        0.00          1.46 1905   0.11  -0.11      T
  MONTH TO DATE    0.00                      0.33  -0.33     2.47
  SINCE JAN 1     42.29                     39.61   2.68    45.38

SNOWFALL (IN)
  YESTERDAY        0.0
  MONTH TO DATE    0.0
  SINCE SEP 1      T
  SNOW DEPTH       0

DEGREE DAYS
 HEATING
  YESTERDAY       26                        25      1       30
  MONTH TO DATE   78                        73      5       61
  SINCE DEC 1     78                        73      5       61
  SINCE JUL 1    676                       960   -284      781

 COOLING
  YESTERDAY        0                         0      0        0
  MONTH TO DATE    0                         0      0        0
  SINCE DEC 1      0                         0      0        0
  SINCE JAN 1   1589                      1134    455     1137
..................................................................


WIND (MPH)
  HIGHEST WIND SPEED     8   HIGHEST WIND DIRECTION    NW (310)
  HIGHEST GUST SPEED    10   HIGHEST GUST DIRECTION    NW (320)
  AVERAGE WIND SPEED     1.9


SKY COVER
  POSSIBLE SUNSHINE  MM


WEATHER CONDITIONS
 THE FOLLOWING WEATHER WAS RECORDED YESTERDAY.
  NO SIGNIFICANT WEATHER WAS OBSERVED.


RELATIVE HUMIDITY (PERCENT)
 HIGHEST    70           900 PM
 LOWEST     53           100 PM
 AVERAGE    62

..........................................................


THE HUNTINGTON WV CLIMATE NORMALS FOR TODAY
                         NORMAL    RECORD    YEAR
 MAXIMUM TEMPERATURE (F)   49        74      1982
 MINIMUM TEMPERATURE (F)   31        12      1908


SUNRISE AND SUNSET
DECEMBER  4 2016......SUNRISE   732 AM EST   SUNSET   510 PM EST
DECEMBER  5 2016......SUNRISE   732 AM EST   SUNSET   509 PM EST


-  INDICATES NEGATIVE NUMBERS.
R  INDICATES RECORD WAS SET OR TIED.
MM INDICATES DATA IS MISSING.
T  INDICATES TRACE AMOUNT.




$$
