000
CDUS41 KRLX 250815
CLIHTS


CLIMATE REPORT
NATIONAL WEATHER SERVICE CHARLESTON WV
315 AM EST SAT NOV 25 2017


...................................

...THE HUNTINGTON WV CLIMATE SUMMARY FOR NOVEMBER 24 2017...

CLIMATE NORMAL PERIOD 1981 TO 2010
CLIMATE RECORD PERIOD 1897 TO 2017


WEATHER ITEM   OBSERVED TIME   RECORD YEAR NORMAL DEPARTURE LAST
                VALUE   (LST)  VALUE       VALUE  FROM      YEAR
                                                  NORMAL
..................................................................
TEMPERATURE (F)
 YESTERDAY
  MAXIMUM         59    339 PM  76    1931  53      6       58
  MINIMUM         24    520 AM   9    1950  34    -10       46
  AVERAGE         42                        44     -2       52

PRECIPITATION (IN)
  YESTERDAY        0.00          1.00 1900   0.11  -0.11     0.14
  MONTH TO DATE    2.21                      2.73  -0.52     0.84
  SINCE JAN 1     43.13                     38.57   4.56    41.05

SNOWFALL (IN)
  YESTERDAY        0.0          11.0  1938   0.1   -0.1      0.0
                                      2012
                                      2005
  MONTH TO DATE    0.0                       0.5   -0.5       T
  SINCE SEP 1      0.0                       0.6   -0.6       T
  SNOW DEPTH       0

DEGREE DAYS
 HEATING
  YESTERDAY       23                        21      2       13
  MONTH TO DATE  429                       413     16      353
  SINCE SEP 1    674                       750    -76      499
  SINCE JUL 1    674                       752    -78      499

 COOLING
  YESTERDAY        0                         0      0        0
  MONTH TO DATE    3                         0      3        7
  SINCE SEP 1    189                       155     34      339
  SINCE JAN 1   1191                      1132     59     1589
..................................................................


WIND (MPH)
  HIGHEST WIND SPEED     9   HIGHEST WIND DIRECTION     S (160)
  HIGHEST GUST SPEED    13   HIGHEST GUST DIRECTION     S (180)
  AVERAGE WIND SPEED     3.8


SKY COVER
  POSSIBLE SUNSHINE  MM
  AVERAGE SKY COVER 0.0


WEATHER CONDITIONS
 THE FOLLOWING WEATHER WAS RECORDED YESTERDAY.
  NO SIGNIFICANT WEATHER WAS OBSERVED.


RELATIVE HUMIDITY (PERCENT)
 HIGHEST    88           600 AM
 LOWEST     24           300 PM
 AVERAGE    56

..........................................................


THE HUNTINGTON WV CLIMATE NORMALS FOR TODAY
                         NORMAL    RECORD    YEAR
 MAXIMUM TEMPERATURE (F)   53        74      1946
 MINIMUM TEMPERATURE (F)   34         7      1950


SUNRISE AND SUNSET
NOVEMBER 25 2017......SUNRISE   723 AM EST   SUNSET   512 PM EST
NOVEMBER 26 2017......SUNRISE   724 AM EST   SUNSET   511 PM EST


-  INDICATES NEGATIVE NUMBERS.
R  INDICATES RECORD WAS SET OR TIED.
MM INDICATES DATA IS MISSING.
T  INDICATES TRACE AMOUNT.




$$
