000
CDUS41 KRLX 300735
CLIHTS


CLIMATE REPORT
NATIONAL WEATHER SERVICE CHARLESTON WV
329 AM EDT WED JUL 30 2014


...................................

...THE HUNTINGTON WV CLIMATE SUMMARY FOR JULY 29 2014...

CLIMATE NORMAL PERIOD 1981 TO 2010
CLIMATE RECORD PERIOD 1897 TO 2014


WEATHER ITEM   OBSERVED TIME   RECORD YEAR NORMAL DEPARTURE LAST
                VALUE   (LST)  VALUE       VALUE  FROM      YEAR
                                                  NORMAL
..................................................................
TEMPERATURE (F)
 YESTERDAY
  MAXIMUM         70    415 PM 101    1930  86    -16       80
  MINIMUM         55   1159 PM  52    1925  65    -10       53
  AVERAGE         63                        76    -13       67

PRECIPITATION (IN)
  YESTERDAY        0.00          2.94 1939   0.15  -0.15     0.00
  MONTH TO DATE    3.85                      4.26  -0.41     7.83
  SINCE JAN 1     27.91                     26.22   1.69    27.17

SNOWFALL (IN)
  YESTERDAY        0.0
  MONTH TO DATE    0.0
  SINCE SEP 1     36.8
  SNOW DEPTH       0

DEGREE DAYS
 HEATING
  YESTERDAY        2                         0      2        0
  MONTH TO DATE    3                         0      3        0
  SINCE JUN 1      3                        12     -9        0
  SINCE JUL 1      3                         0      3        0

 COOLING
  YESTERDAY        0                        11    -11        2
  MONTH TO DATE  232                       316    -84      326
  SINCE JUN 1    477                       541    -64      583
  SINCE JAN 1    591                       654    -63      753
..................................................................


WIND (MPH)
  HIGHEST WIND SPEED     9   HIGHEST WIND DIRECTION    NW (310)
  HIGHEST GUST SPEED    14   HIGHEST GUST DIRECTION     W (270)
  AVERAGE WIND SPEED     3.5


SKY COVER
  POSSIBLE SUNSHINE  MM


WEATHER CONDITIONS
 THE FOLLOWING WEATHER WAS RECORDED YESTERDAY.
  FOG
  FOG W/VISIBILITY <= 1/4 MILE


RELATIVE HUMIDITY (PERCENT)
 HIGHEST   100          1200 AM
 LOWEST     61           200 PM
 AVERAGE    81

..........................................................


THE HUNTINGTON WV CLIMATE NORMALS FOR TODAY
                         NORMAL    RECORD    YEAR
 MAXIMUM TEMPERATURE (F)   86       101      1999
 MINIMUM TEMPERATURE (F)   65        54      1914


SUNRISE AND SUNSET
JULY 30 2014..........SUNRISE   631 AM EDT   SUNSET   842 PM EDT
JULY 31 2014..........SUNRISE   632 AM EDT   SUNSET   841 PM EDT


-  INDICATES NEGATIVE NUMBERS.
R  INDICATES RECORD WAS SET OR TIED.
MM INDICATES DATA IS MISSING.
T  INDICATES TRACE AMOUNT.




$$
