000
CDUS41 KRLX 020720
CLIHTS


CLIMATE REPORT
NATIONAL WEATHER SERVICE CHARLESTON WV
319 AM EDT TUE SEP 2 2014


...................................

...THE HUNTINGTON WV CLIMATE SUMMARY FOR SEPTEMBER 1 2014...

CLIMATE NORMAL PERIOD 1981 TO 2010
CLIMATE RECORD PERIOD 1897 TO 2014


WEATHER ITEM   OBSERVED TIME   RECORD YEAR NORMAL DEPARTURE LAST
                VALUE   (LST)  VALUE       VALUE  FROM      YEAR
                                                  NORMAL
..................................................................
TEMPERATURE (F)
 YESTERDAY
  MAXIMUM         86    224 PM 103    1953  84      2       84
                                      1932
  MINIMUM         71    917 PM  47    1946  62      9       69
  AVERAGE         79                        73      6       77

PRECIPITATION (IN)
  YESTERDAY        0.24          1.78 1944   0.10   0.14     0.00
  MONTH TO DATE    0.24                      0.10   0.14     0.00
  SINCE JAN 1     34.58                     30.35   4.23    32.42

SNOWFALL (IN)
  YESTERDAY        0.0
  MONTH TO DATE    0.0
  SINCE SEP 1      0.0
  SNOW DEPTH       0

DEGREE DAYS
 HEATING
  YESTERDAY        0                         0      0        0
  MONTH TO DATE    0                         0      0        0
  SINCE SEP 1      0                         0      0        0
  SINCE JUL 1      3                         2      1        4

 COOLING
  YESTERDAY       14                         8      6       12
  MONTH TO DATE   14                         8      6       12
  SINCE SEP 1     14                         8      6       12
  SINCE JAN 1    855                       985   -130     1044
..................................................................


WIND (MPH)
  HIGHEST WIND SPEED    24   HIGHEST WIND DIRECTION     W (270)
  HIGHEST GUST SPEED    34   HIGHEST GUST DIRECTION     W (270)
  AVERAGE WIND SPEED     6.2


SKY COVER
  POSSIBLE SUNSHINE  MM


WEATHER CONDITIONS
 THE FOLLOWING WEATHER WAS RECORDED YESTERDAY.
  THUNDERSTORM
  RAIN
  LIGHT RAIN
  FOG


RELATIVE HUMIDITY (PERCENT)
 HIGHEST   100           100 AM
 LOWEST     61           200 PM
 AVERAGE    81

..........................................................


THE HUNTINGTON WV CLIMATE NORMALS FOR TODAY
                         NORMAL    RECORD    YEAR
 MAXIMUM TEMPERATURE (F)   84       102      1953
 MINIMUM TEMPERATURE (F)   61        43      1909


SUNRISE AND SUNSET
SEPTEMBER  2 2014.....SUNRISE   600 AM EST   SUNSET   658 PM EST
SEPTEMBER  3 2014.....SUNRISE   601 AM EST   SUNSET   657 PM EST


-  INDICATES NEGATIVE NUMBERS.
R  INDICATES RECORD WAS SET OR TIED.
MM INDICATES DATA IS MISSING.
T  INDICATES TRACE AMOUNT.




$$
