000
CDUS41 KRLX 260827
CLIHTS


CLIMATE REPORT
NATIONAL WEATHER SERVICE CHARLESTON WV
326 AM EST MON JAN 26 2015


...................................

...THE HUNTINGTON WV CLIMATE SUMMARY FOR JANUARY 25 2015...

CLIMATE NORMAL PERIOD 1981 TO 2010
CLIMATE RECORD PERIOD 1897 TO 2015


WEATHER ITEM   OBSERVED TIME   RECORD YEAR NORMAL DEPARTURE LAST
                VALUE   (LST)  VALUE       VALUE  FROM      YEAR
                                                  NORMAL
..................................................................
TEMPERATURE (F)
 YESTERDAY
  MAXIMUM         47    344 PM  79    1950  42      5       34
  MINIMUM         31    350 AM -10    1948  25      6       17
  AVERAGE         39                        34      5       26

PRECIPITATION (IN)
  YESTERDAY        0.14          1.09 1978   0.09   0.05     0.18
  MONTH TO DATE    2.03                      2.37  -0.34     2.30
  SINCE JAN 1      2.03                      2.37  -0.34     2.30

SNOWFALL (IN)
  YESTERDAY        0.0
  MONTH TO DATE    T
  SINCE SEP 1      T
  SNOW DEPTH      MM

DEGREE DAYS
 HEATING
  YESTERDAY       26                        31     -5       39
  MONTH TO DATE  815                       781     34      906
  SINCE DEC 1   1608                      1649    -41     1703
  SINCE JUL 1   2687                      2536    151     2654

 COOLING
  YESTERDAY        0                         0      0        0
  MONTH TO DATE    0                         0      0        0
  SINCE DEC 1      0                         1     -1        2
  SINCE JAN 1      0                         0      0        0
..................................................................


WIND (MPH)
  HIGHEST WIND SPEED     8   HIGHEST WIND DIRECTION     S (190)
  HIGHEST GUST SPEED    13   HIGHEST GUST DIRECTION     S (200)
  AVERAGE WIND SPEED     4.7


SKY COVER
  POSSIBLE SUNSHINE  MM


WEATHER CONDITIONS
 THE FOLLOWING WEATHER WAS RECORDED YESTERDAY.
  RAIN
  LIGHT RAIN
  FOG


RELATIVE HUMIDITY (PERCENT)
 HIGHEST   100          1000 PM
 LOWEST     65           300 PM
 AVERAGE    83

..........................................................


THE HUNTINGTON WV CLIMATE NORMALS FOR TODAY
                         NORMAL    RECORD    YEAR
 MAXIMUM TEMPERATURE (F)   43        74      1967
                                             1962
 MINIMUM TEMPERATURE (F)   25        -2      1948


SUNRISE AND SUNSET
JANUARY 26 2015.......SUNRISE   740 AM EST   SUNSET   546 PM EST
JANUARY 27 2015.......SUNRISE   740 AM EST   SUNSET   547 PM EST


-  INDICATES NEGATIVE NUMBERS.
R  INDICATES RECORD WAS SET OR TIED.
MM INDICATES DATA IS MISSING.
T  INDICATES TRACE AMOUNT.




$$
