000
CDUS41 KRLX 180823
CLIHTS


CLIMATE REPORT
NATIONAL WEATHER SERVICE CHARLESTON WV
322 AM EST THU DEC 18 2014


...................................

...THE HUNTINGTON WV CLIMATE SUMMARY FOR DECEMBER 17 2014...

CLIMATE NORMAL PERIOD 1981 TO 2010
CLIMATE RECORD PERIOD 1897 TO 2014


WEATHER ITEM   OBSERVED TIME   RECORD YEAR NORMAL DEPARTURE LAST
                VALUE   (LST)  VALUE       VALUE  FROM      YEAR
                                                  NORMAL
..................................................................
TEMPERATURE (F)
 YESTERDAY
  MAXIMUM         42   1215 AM  74    1933  45     -3       44
  MINIMUM         31   1159 PM  -2    1914  28      3       33
  AVERAGE         37                        36      1       39

PRECIPITATION (IN)
  YESTERDAY        0.01          1.34 1923   0.11  -0.10     0.01
                                      1922
  MONTH TO DATE    2.62                      1.87   0.75     3.81
  SINCE JAN 1     47.82                     41.15   6.67    43.17

SNOWFALL (IN)
  YESTERDAY        0.0
  MONTH TO DATE    0.0
  SINCE SEP 1      T
  SNOW DEPTH       0

DEGREE DAYS
 HEATING
  YESTERDAY       28                        29     -1       26
  MONTH TO DATE  426                       450    -24      464
  SINCE DEC 1    426                       450    -24      464
  SINCE JUL 1   1505                      1337    168     1415

 COOLING
  YESTERDAY        0                         0      0        0
  MONTH TO DATE    0                         0      0        0
  SINCE DEC 1      0                         0      0        0
  SINCE JAN 1    971                      1134   -163     1215
..................................................................


WIND (MPH)
  HIGHEST WIND SPEED    15   HIGHEST WIND DIRECTION     W (260)
  HIGHEST GUST SPEED    23   HIGHEST GUST DIRECTION     W (270)
  AVERAGE WIND SPEED     7.2


SKY COVER
  POSSIBLE SUNSHINE  MM


WEATHER CONDITIONS
 THE FOLLOWING WEATHER WAS RECORDED YESTERDAY.
  LIGHT RAIN
  FOG


RELATIVE HUMIDITY (PERCENT)
 HIGHEST    89          1000 AM
 LOWEST     69           500 PM
 AVERAGE    79

..........................................................


THE HUNTINGTON WV CLIMATE NORMALS FOR TODAY
                         NORMAL    RECORD    YEAR
 MAXIMUM TEMPERATURE (F)   45        72      1924
 MINIMUM TEMPERATURE (F)   28         4      1953
                                             1914


SUNRISE AND SUNSET
DECEMBER 18 2014......SUNRISE   742 AM EST   SUNSET   512 PM EST
DECEMBER 19 2014......SUNRISE   742 AM EST   SUNSET   512 PM EST


-  INDICATES NEGATIVE NUMBERS.
R  INDICATES RECORD WAS SET OR TIED.
MM INDICATES DATA IS MISSING.
T  INDICATES TRACE AMOUNT.




$$
