000
CDUS41 KRLX 280721
CLIHTS


CLIMATE REPORT
NATIONAL WEATHER SERVICE CHARLESTON WV
320 AM EDT THU MAY 28 2015


...................................

...THE HUNTINGTON WV CLIMATE SUMMARY FOR MAY 27 2015...

CLIMATE NORMAL PERIOD 1981 TO 2010
CLIMATE RECORD PERIOD 1897 TO 2015


WEATHER ITEM   OBSERVED TIME   RECORD YEAR NORMAL DEPARTURE LAST
                VALUE   (LST)  VALUE       VALUE  FROM      YEAR
                                                  NORMAL
..................................................................
TEMPERATURE (F)
 YESTERDAY
  MAXIMUM         84    257 PM  93    1941  78      6       83
                                      1916
                                      1914
  MINIMUM         64    451 AM  36    1961  56      8       65
                                      1907
  AVERAGE         74                        67      7       74

PRECIPITATION (IN)
  YESTERDAY        0.00          2.12 1917   0.17  -0.17     0.72
  MONTH TO DATE    0.93                      4.05  -3.12     2.55
  SINCE JAN 1     20.27                     17.43   2.84    19.53

SNOWFALL (IN)
  YESTERDAY        0.0
  MONTH TO DATE    0.0
  SINCE SEP 1     36.6
  SNOW DEPTH       0

DEGREE DAYS
 HEATING
  YESTERDAY        0                         2     -2        0
  MONTH TO DATE   64                       106    -42      106
  SINCE MAR 1    966                       993    -27     1056
  SINCE JUL 1   4982                      4494    488     4817

 COOLING
  YESTERDAY        9                         4      5        9
  MONTH TO DATE  119                        64     55       73
  SINCE MAR 1    128                        96     32       87
  SINCE JAN 1    128                        96     32       87
..................................................................


WIND (MPH)
  HIGHEST WIND SPEED    14   HIGHEST WIND DIRECTION     S (200)
  HIGHEST GUST SPEED    20   HIGHEST GUST DIRECTION    SW (220)
  AVERAGE WIND SPEED     6.6


SKY COVER
  POSSIBLE SUNSHINE  MM


WEATHER CONDITIONS
 THE FOLLOWING WEATHER WAS RECORDED YESTERDAY.
  NO SIGNIFICANT WEATHER WAS OBSERVED.


RELATIVE HUMIDITY (PERCENT)
 HIGHEST   100          1200 AM
 LOWEST     51           200 PM
 AVERAGE    76

..........................................................


THE HUNTINGTON WV CLIMATE NORMALS FOR TODAY
                         NORMAL    RECORD    YEAR
 MAXIMUM TEMPERATURE (F)   78        95      1941
 MINIMUM TEMPERATURE (F)   56        37      1994


SUNRISE AND SUNSET
MAY 28 2015...........SUNRISE   610 AM EDT   SUNSET   845 PM EDT
MAY 29 2015...........SUNRISE   610 AM EDT   SUNSET   846 PM EDT


-  INDICATES NEGATIVE NUMBERS.
R  INDICATES RECORD WAS SET OR TIED.
MM INDICATES DATA IS MISSING.
T  INDICATES TRACE AMOUNT.




$$
