476
CDUS41 KRLX 280716
CLIHTS


CLIMATE REPORT
NATIONAL WEATHER SERVICE CHARLESTON WV
316 AM EDT THU APR 28 2016


...................................

...THE HUNTINGTON WV CLIMATE SUMMARY FOR APRIL 27 2016...

CLIMATE NORMAL PERIOD 1981 TO 2010
CLIMATE RECORD PERIOD 1897 TO 2016


WEATHER ITEM   OBSERVED TIME   RECORD YEAR NORMAL DEPARTURE LAST
                VALUE   (LST)  VALUE       VALUE  FROM      YEAR
                                                  NORMAL
..................................................................
TEMPERATURE (F)
 YESTERDAY
  MAXIMUM         75    147 PM  92    1915  71      4       62
  MINIMUM         60    436 AM  31    1926  48     12       38
  AVERAGE         68                        60      8       50

PRECIPITATION (IN)
  YESTERDAY        0.38          1.58 1912   0.13   0.25     0.00
  MONTH TO DATE    3.71                      3.08   0.63     7.38
  SINCE JAN 1     13.84                     13.02   0.82    19.15

SNOWFALL (IN)
  YESTERDAY        0.0
  MONTH TO DATE    T
  SINCE SEP 1     23.8
  SNOW DEPTH       0

DEGREE DAYS
 HEATING
  YESTERDAY        0                         7     -7       15
  MONTH TO DATE  244                       273    -29      234
  SINCE MAR 1    619                       869   -250      863
  SINCE JUL 1   3654                      4370   -716     4879

 COOLING
  YESTERDAY        3                         1      2        0
  MONTH TO DATE   31                        26      5        9
  SINCE MAR 1     40                        31      9        9
  SINCE JAN 1     40                        31      9        9
..................................................................


WIND (MPH)
  HIGHEST WIND SPEED    13   HIGHEST WIND DIRECTION     N (350)
  HIGHEST GUST SPEED    16   HIGHEST GUST DIRECTION    SW (240)
  AVERAGE WIND SPEED     3.9


SKY COVER
  POSSIBLE SUNSHINE  MM


WEATHER CONDITIONS
 THE FOLLOWING WEATHER WAS RECORDED YESTERDAY.
  RAIN
  LIGHT RAIN
  FOG


RELATIVE HUMIDITY (PERCENT)
 HIGHEST   100           700 AM
 LOWEST     68           100 PM
 AVERAGE    84

..........................................................


THE HUNTINGTON WV CLIMATE NORMALS FOR TODAY
                         NORMAL    RECORD    YEAR
 MAXIMUM TEMPERATURE (F)   72        91      1957
 MINIMUM TEMPERATURE (F)   48        30      2004
                                             1967
                                             1934


SUNRISE AND SUNSET
APRIL 28 2016.........SUNRISE   636 AM EDT   SUNSET   819 PM EDT
APRIL 29 2016.........SUNRISE   635 AM EDT   SUNSET   820 PM EDT


-  INDICATES NEGATIVE NUMBERS.
R  INDICATES RECORD WAS SET OR TIED.
MM INDICATES DATA IS MISSING.
T  INDICATES TRACE AMOUNT.




$$
