483
CDUS41 KRLX 010716
CLIHTS


CLIMATE REPORT
NATIONAL WEATHER SERVICE CHARLESTON WV
316 AM EDT WED JUN 1 2016


...................................

...THE HUNTINGTON WV CLIMATE SUMMARY FOR MAY 31 2016...

CLIMATE NORMAL PERIOD 1981 TO 2010
CLIMATE RECORD PERIOD 1897 TO 2016


WEATHER ITEM   OBSERVED TIME   RECORD YEAR NORMAL DEPARTURE LAST
                VALUE   (LST)  VALUE       VALUE  FROM      YEAR
                                                  NORMAL
..................................................................
TEMPERATURE (F)
 YESTERDAY
  MAXIMUM         88    411 PM  96    1919  79      9       86
  MINIMUM         59    434 AM  35    1966  57      2       64
  AVERAGE         74                        68      6       75

PRECIPITATION (IN)
  YESTERDAY        0.00          1.58 1974   0.16  -0.16     0.11
  MONTH TO DATE    5.36                      4.70   0.66     1.09
  SINCE JAN 1     19.73                     18.08   1.65    20.43

SNOWFALL (IN)
  YESTERDAY        0.0
  MONTH TO DATE    0.0
  SINCE SEP 1     23.8
  SNOW DEPTH       0

DEGREE DAYS
 HEATING
  YESTERDAY        0                         1     -1        0
  MONTH TO DATE  127                       113     14       64
  SINCE MAR 1    753                       999   -246      966
  SINCE JUL 1   3788                      4500   -712     4982

 COOLING
  YESTERDAY        9                         4      5       10
  MONTH TO DATE   93                        81     12      157
  SINCE MAR 1    140                       113     27      166
  SINCE JAN 1    140                       113     27      166
..................................................................


WIND (MPH)
  HIGHEST WIND SPEED    13   HIGHEST WIND DIRECTION    NE (40)
  HIGHEST GUST SPEED    17   HIGHEST GUST DIRECTION     N (350)
  AVERAGE WIND SPEED     3.0


SKY COVER
  POSSIBLE SUNSHINE  MM


WEATHER CONDITIONS
 THE FOLLOWING WEATHER WAS RECORDED YESTERDAY.
  FOG


RELATIVE HUMIDITY (PERCENT)
 HIGHEST    97           300 AM
 LOWEST     29           300 PM
 AVERAGE    63

..........................................................


THE HUNTINGTON WV CLIMATE NORMALS FOR TODAY
                         NORMAL    RECORD    YEAR
 MAXIMUM TEMPERATURE (F)   79        98      1919
 MINIMUM TEMPERATURE (F)   57        40      1972
                                             1966


SUNRISE AND SUNSET
JUNE  1 2016..........SUNRISE   608 AM EDT   SUNSET   848 PM EDT
JUNE  2 2016..........SUNRISE   608 AM EDT   SUNSET   849 PM EDT


-  INDICATES NEGATIVE NUMBERS.
R  INDICATES RECORD WAS SET OR TIED.
MM INDICATES DATA IS MISSING.
T  INDICATES TRACE AMOUNT.




$$
