000
CDUS43 KIND 190538
CLIHUF


CLIMATE REPORT
NATIONAL WEATHER SERVICE INDIANAPOLIS IN
137 AM EDT THU OCT 19 2017


...................................

...THE TERRE HAUTE IN CLIMATE SUMMARY FOR OCTOBER 18 2017...

CLIMATE NORMAL PERIOD 1981 TO 2010
CLIMATE RECORD PERIOD 9999 TO 9999


WEATHER ITEM   OBSERVED TIME   NORMAL DEPARTURE LAST
                VALUE   (LST)  VALUE  FROM      YEAR
                                      NORMAL
......................................................
TEMPERATURE (F)
 YESTERDAY
  MAXIMUM         70    250 PM  65      5       79
  MINIMUM         37    608 AM  42     -5       67
  AVERAGE         54            53      1       73

PRECIPITATION (IN)
  YESTERDAY        0.00          0.12  -0.12     0.00
  MONTH TO DATE    4.13          2.07   2.06     0.41
  SINCE SEP 1      4.44          5.49  -1.05     4.03
  SINCE JAN 1     40.28         36.77   3.51    30.99

DEGREE DAYS
 HEATING
  YESTERDAY       11            12     -1        0
  MONTH TO DATE   62           169   -107       62
  SINCE SEP 1    110           242   -132       75
  SINCE JUL 1    110           247   -137       79

 COOLING
  YESTERDAY        0             0      0        8
  MONTH TO DATE   51            12     39       43
  SINCE SEP 1    214           111    103      234
  SINCE JAN 1   1124           990    134     1382
......................................................


WIND (MPH)
  HIGHEST WIND SPEED    18   HIGHEST WIND DIRECTION     S (160)
  HIGHEST GUST SPEED    23   HIGHEST GUST DIRECTION     S (180)
  AVERAGE WIND SPEED     6.2


SKY COVER
  AVERAGE SKY COVER 0.0


WEATHER CONDITIONS
 THE FOLLOWING WEATHER WAS RECORDED YESTERDAY.
  NO SIGNIFICANT WEATHER WAS OBSERVED.


RELATIVE HUMIDITY (PERCENT)
 HIGHEST    92           200 AM
 LOWEST     39           100 PM
 AVERAGE    66

..........................................................


THE TERRE HAUTE IN CLIMATE NORMALS FOR TODAY
                         NORMAL
 MAXIMUM TEMPERATURE (F)   65
 MINIMUM TEMPERATURE (F)   42


SUNRISE AND SUNSET
OCTOBER 19 2017.......SUNRISE   804 AM EDT   SUNSET   704 PM EDT
OCTOBER 20 2017.......SUNRISE   805 AM EDT   SUNSET   703 PM EDT


-  INDICATES NEGATIVE NUMBERS.
R  INDICATES RECORD WAS SET OR TIED.
MM INDICATES DATA IS MISSING.
T  INDICATES TRACE AMOUNT.




$$
