000
CDUS43 KIND 130537
CLIHUF


CLIMATE REPORT
NATIONAL WEATHER SERVICE INDIANAPOLIS IN
1237 AM EST SAT FEB 13 2016


...................................

...THE TERRE HAUTE IN CLIMATE SUMMARY FOR FEBRUARY 12 2016...

CLIMATE NORMAL PERIOD 1981 TO 2010
CLIMATE RECORD PERIOD 9999 TO 9999


WEATHER ITEM   OBSERVED TIME   NORMAL DEPARTURE LAST
                VALUE   (LST)  VALUE  FROM      YEAR
                                      NORMAL
......................................................
TEMPERATURE (F)
 YESTERDAY
  MAXIMUM         27    515 PM  40    -13       28
  MINIMUM         17   1159 PM  23     -6       13
  AVERAGE         22            31     -9       21

PRECIPITATION (IN)
  YESTERDAY        T             0.08  -0.08      T
  MONTH TO DATE    0.40          0.88  -0.48     0.39
  SINCE DEC 1      7.57          6.29   1.28     4.90
  SINCE JAN 1      1.08          3.24  -2.16     2.12

DEGREE DAYS
 HEATING
  YESTERDAY       43            34      9       44
  MONTH TO DATE  408           418    -10      424
  SINCE DEC 1   2174          2590   -416     2512
  SINCE JUL 1   3002          3668   -666     3812

 COOLING
  YESTERDAY        0             0      0        0
  MONTH TO DATE    0             0      0        0
  SINCE DEC 1      0             0      0        0
  SINCE JAN 1      0             0      0        0
......................................................


WIND (MPH)
  HIGHEST WIND SPEED    22   HIGHEST WIND DIRECTION    NW (330)
  HIGHEST GUST SPEED    30   HIGHEST GUST DIRECTION    NW (330)
  AVERAGE WIND SPEED     8.9


SKY COVER
  AVERAGE SKY COVER 0.8


WEATHER CONDITIONS
 THE FOLLOWING WEATHER WAS RECORDED YESTERDAY.
  LIGHT SNOW


RELATIVE HUMIDITY (PERCENT)
 HIGHEST    81           400 PM
 LOWEST     55           800 PM
 AVERAGE    68

..........................................................


THE TERRE HAUTE IN CLIMATE NORMALS FOR TODAY
                         NORMAL
 MAXIMUM TEMPERATURE (F)   40
 MINIMUM TEMPERATURE (F)   23


SUNRISE AND SUNSET
FEBRUARY 13 2016......SUNRISE   744 AM EST   SUNSET   623 PM EST
FEBRUARY 14 2016......SUNRISE   743 AM EST   SUNSET   624 PM EST


-  INDICATES NEGATIVE NUMBERS.
R  INDICATES RECORD WAS SET OR TIED.
MM INDICATES DATA IS MISSING.
T  INDICATES TRACE AMOUNT.




$$
