000
CDUS41 KCAR 180532
CLIHUL


CLIMATE REPORT
NATIONAL WEATHER SERVICE CARIBOU, ME
1232 AM EST THU DEC 18 2014


...................................

...THE HOULTON ME CLIMATE SUMMARY FOR DECEMBER 17 2014...

CLIMATE NORMAL PERIOD 1981 TO 2010
CLIMATE RECORD PERIOD 1948 TO 2014


WEATHER ITEM   OBSERVED TIME   RECORD YEAR NORMAL DEPARTURE LAST
                VALUE   (LST)  VALUE       VALUE  FROM      YEAR
                                                  NORMAL
..................................................................
TEMPERATURE (F)
 YESTERDAY
  MAXIMUM         34    244 PM  57    2000  28      6        9
  MINIMUM         30   1159 PM -30    1951  10     20      -22
  AVERAGE         32                        19     13       -6

PRECIPITATION (IN)
  YESTERDAY        0.61          1.79 1973   0.10   0.51      T
  MONTH TO DATE    4.24                      1.97   2.27     1.01
  SINCE DEC 1      4.24                      1.97   2.27     1.01
  SINCE JAN 1     41.08                     38.66   2.42    40.96

SNOWFALL (IN)
  YESTERDAY       MM             7.2  1970   0.5   MM       MM
  MONTH TO DATE   MM                         8.4   MM       MM
  SINCE DEC 1     MM                         8.4   MM       MM
  SINCE JUL 1     MM                        16.5   MM       MM
  SNOW DEPTH      MM

DEGREE DAYS
 HEATING
  YESTERDAY       33                        46    -13       71
  MONTH TO DATE  687                       727    -40      814
  SINCE DEC 1    687                       727    -40      814
  SINCE JUL 1   2584                      2835   -251     2815

 COOLING
  YESTERDAY        0                         0      0        0
  MONTH TO DATE    0                         0      0        0
  SINCE DEC 1      0                         0      0        0
  SINCE JAN 1    233                       191     42      198
..................................................................


WIND (MPH)
  HIGHEST WIND SPEED    20   HIGHEST WIND DIRECTION     N (20)
  HIGHEST GUST SPEED    23   HIGHEST GUST DIRECTION     N (20)
  AVERAGE WIND SPEED     6.9


SKY COVER
  POSSIBLE SUNSHINE  MM
  AVERAGE SKY COVER 1.0


WEATHER CONDITIONS
 THE FOLLOWING WEATHER WAS RECORDED YESTERDAY.
  SNOW
  LIGHT SNOW
  FOG


RELATIVE HUMIDITY (PERCENT)
 HIGHEST   100           100 AM
 LOWEST     85           800 PM
 AVERAGE    93

..........................................................


THE HOULTON ME CLIMATE NORMALS FOR TODAY
                         NORMAL    RECORD    YEAR
 MAXIMUM TEMPERATURE (F)   28        56      2000
 MINIMUM TEMPERATURE (F)    9       -16      1980


SUNRISE AND SUNSET
DECEMBER 18 2014......SUNRISE   709 AM EST   SUNSET   347 PM EST
DECEMBER 19 2014......SUNRISE   709 AM EST   SUNSET   347 PM EST


-  INDICATES NEGATIVE NUMBERS.
R  INDICATES RECORD WAS SET OR TIED.
MM INDICATES DATA IS MISSING.
T  INDICATES TRACE AMOUNT.




$$
