000
CDUS41 KCAR 072040
CLIHUL


CLIMATE REPORT
NATIONAL WEATHER SERVICE CARIBOU, ME
440 PM EDT TUE JUL 7 2015


...................................

...THE HOULTON ME CLIMATE SUMMARY FOR JULY 7 2015...
VALID TODAY AS OF 0400 PM LOCAL TIME.

CLIMATE NORMAL PERIOD 1981 TO 2010
CLIMATE RECORD PERIOD 1948 TO 2015


WEATHER ITEM   OBSERVED TIME   RECORD YEAR NORMAL DEPARTURE LAST
                VALUE   (LST)  VALUE       VALUE  FROM      YEAR
                                                  NORMAL
..................................................................
TEMPERATURE (F)
 TODAY
  MAXIMUM         84    253 PM  93    1952  77      7       77
  MINIMUM         62   1236 AM  32    1969  53      9       62
  AVERAGE         73                        65      8       70

PRECIPITATION (IN)
  TODAY            0.00          1.04 1961   0.11  -0.11     0.10
  MONTH TO DATE    0.04                      0.86  -0.82     3.86
  SINCE JUN 1      4.06                      4.51  -0.45     8.12
  SINCE JAN 1     13.41                     19.14  -5.73    22.82

SNOWFALL (IN)
  TODAY           MM             0.0  2003   0.0   MM       MM
  MONTH TO DATE   MM                         0.0   MM       MM
  SINCE JUN 1     MM                         0.0   MM       MM
  SINCE JUL 1     MM                         0.0   MM       MM
  SNOW DEPTH      MM

DEGREE DAYS
 HEATING
  TODAY            0                         2     -2        0
  MONTH TO DATE   10                        19     -9       14
  SINCE JUN 1    247                       200     47      143
  SINCE JUL 1     10                        19     -9       14

 COOLING
  TODAY            8                         3      5        5
  MONTH TO DATE   10                        19     -9       47
  SINCE JUN 1     22                        54    -32       72
  SINCE JAN 1     47                        58    -11       73
..................................................................


WIND (MPH)
  HIGHEST WIND SPEED    18   HIGHEST WIND DIRECTION     S (200)
  HIGHEST GUST SPEED    28   HIGHEST GUST DIRECTION     S (200)
  AVERAGE WIND SPEED     7.8


SKY COVER
  POSSIBLE SUNSHINE  MM
  AVERAGE SKY COVER 0.3


WEATHER CONDITIONS
 THE FOLLOWING WEATHER WAS RECORDED TODAY.
  NO SIGNIFICANT WEATHER WAS OBSERVED.


RELATIVE HUMIDITY (PERCENT)
 HIGHEST    84           100 AM
 LOWEST     47           200 PM
 AVERAGE    66

..........................................................


THE HOULTON ME CLIMATE NORMALS FOR TOMORROW
                         NORMAL    RECORD    YEAR
 MAXIMUM TEMPERATURE (F)   77        96      1944
 MINIMUM TEMPERATURE (F)   54        38      1990


SUNRISE AND SUNSET
JULY  7 2015..........SUNRISE   448 AM EDT   SUNSET   824 PM EDT
JULY  8 2015..........SUNRISE   448 AM EDT   SUNSET   824 PM EDT


-  INDICATES NEGATIVE NUMBERS.
R  INDICATES RECORD WAS SET OR TIED.
MM INDICATES DATA IS MISSING.
T  INDICATES TRACE AMOUNT.




$$
