000
CDUS41 KCAR 142027
CLIHUL


CLIMATE REPORT
NATIONAL WEATHER SERVICE CARIBOU, ME
426 PM EDT SUN SEP 14 2014


...................................

...THE HOULTON ME CLIMATE SUMMARY FOR SEPTEMBER 14 2014...
VALID TODAY AS OF 0400 PM LOCAL TIME.

CLIMATE NORMAL PERIOD 1981 TO 2010
CLIMATE RECORD PERIOD 1948 TO 2014


WEATHER ITEM   OBSERVED TIME   RECORD YEAR NORMAL DEPARTURE LAST
                VALUE   (LST)  VALUE       VALUE  FROM      YEAR
                                                  NORMAL
..................................................................
TEMPERATURE (F)
 TODAY
  MAXIMUM         57   1156 AM  85    1993  68    -11       61
  MINIMUM         47    553 AM  25    1978  44      3       46
  AVERAGE         52                        56     -4       54

PRECIPITATION (IN)
  TODAY            0.01          1.16 1980   0.12  -0.11     0.44
  MONTH TO DATE    1.25                      1.50  -0.25     4.80
  SINCE SEP 1      1.25                      1.50  -0.25     4.80
  SINCE JAN 1     28.91                     27.12   1.79    32.33

SNOWFALL (IN)
  TODAY           MM             0.0  2003   0.0   MM       MM
  MONTH TO DATE   MM                         0.0   MM       MM
  SINCE SEP 1     MM                         0.0   MM       MM
  SINCE JUL 1     MM                         0.0   MM       MM
  SNOW DEPTH      MM

DEGREE DAYS
 HEATING
  TODAY           13                        10      3       11
  MONTH TO DATE   96                       106    -10       92
  SINCE SEP 1     96                       106    -10       92
  SINCE JUL 1    181                       262    -81      225

 COOLING
  TODAY            0                         0      0        0
  MONTH TO DATE   27                        12     15       19
  SINCE SEP 1     27                        12     15       19
  SINCE JAN 1    230                       190     40      198
..................................................................


WIND (MPH)
  HIGHEST WIND SPEED    14   HIGHEST WIND DIRECTION     W (290)
  HIGHEST GUST SPEED    20   HIGHEST GUST DIRECTION    NW (300)
  AVERAGE WIND SPEED     7.8


SKY COVER
  POSSIBLE SUNSHINE  MM
  AVERAGE SKY COVER 0.9


WEATHER CONDITIONS
 THE FOLLOWING WEATHER WAS RECORDED TODAY.
  LIGHT RAIN


RELATIVE HUMIDITY (PERCENT)
 HIGHEST    96           400 AM
 LOWEST     62          1200 PM
 AVERAGE    79

..........................................................


THE HOULTON ME CLIMATE NORMALS FOR TOMORROW
                         NORMAL    RECORD    YEAR
 MAXIMUM TEMPERATURE (F)   67        87      1947
 MINIMUM TEMPERATURE (F)   44        27      1959


SUNRISE AND SUNSET
SEPTEMBER 14 2014.....SUNRISE   608 AM EDT   SUNSET   645 PM EDT
SEPTEMBER 15 2014.....SUNRISE   609 AM EDT   SUNSET   643 PM EDT


-  INDICATES NEGATIVE NUMBERS.
R  INDICATES RECORD WAS SET OR TIED.
MM INDICATES DATA IS MISSING.
T  INDICATES TRACE AMOUNT.




$$
