000
CDUS41 KCAR 300527
CLIHUL


CLIMATE REPORT
NATIONAL WEATHER SERVICE CARIBOU, ME
127 AM EDT MON MAY 30 2016


...................................

...THE HOULTON ME CLIMATE SUMMARY FOR MAY 29 2016...

CLIMATE NORMAL PERIOD 1981 TO 2010
CLIMATE RECORD PERIOD 1948 TO 2016


WEATHER ITEM   OBSERVED TIME   RECORD YEAR NORMAL DEPARTURE LAST
                VALUE   (LST)  VALUE       VALUE  FROM      YEAR
                                                  NORMAL
..................................................................
TEMPERATURE (F)
 YESTERDAY
  MAXIMUM         56    403 PM  96    1978  68    -12       76
  MINIMUM         50   1159 PM  29    1970  42      8       53
  AVERAGE         53                        55     -2       65

PRECIPITATION (IN)
  YESTERDAY        0.04          1.51 1955   0.10  -0.06     0.00
  MONTH TO DATE    2.58                      3.08  -0.50     3.48
  SINCE MAR 1      9.34                      9.55  -0.21     6.82
  SINCE JAN 1     14.30                     14.41  -0.11     8.92

SNOWFALL (IN)
  YESTERDAY       MM             0.0  2003   0.0   MM       MM
  MONTH TO DATE   MM                         0.1   MM       MM
  SINCE MAR 1     MM                        23.9   MM       MM
  SINCE JUL 1     MM                        89.5   MM       MM
  SNOW DEPTH      MM

DEGREE DAYS
 HEATING
  YESTERDAY       12                        10      2        0
  MONTH TO DATE  366                       415    -49      305
  SINCE MAR 1   2394                      2415    -21     2540
  SINCE JUL 1   8012                      8988   -976     9108

 COOLING
  YESTERDAY        0                         0      0        0
  MONTH TO DATE    3                         0      3       19
  SINCE MAR 1      3                         0      3       19
  SINCE JAN 1      3                         0      3       19
..................................................................


WIND (MPH)
  HIGHEST WIND SPEED    12   HIGHEST WIND DIRECTION     S (190)
  HIGHEST GUST SPEED    19   HIGHEST GUST DIRECTION     S (170)
  AVERAGE WIND SPEED     5.1


SKY COVER
  POSSIBLE SUNSHINE  MM
  AVERAGE SKY COVER 1.0


WEATHER CONDITIONS
 THE FOLLOWING WEATHER WAS RECORDED YESTERDAY.
  LIGHT RAIN
  FOG


RELATIVE HUMIDITY (PERCENT)
 HIGHEST    83           200 AM
 LOWEST     71           800 AM
 AVERAGE    77

..........................................................


THE HOULTON ME CLIMATE NORMALS FOR TODAY
                         NORMAL    RECORD    YEAR
 MAXIMUM TEMPERATURE (F)   68        89      1972
 MINIMUM TEMPERATURE (F)   43        28      2008


SUNRISE AND SUNSET
MAY 30 2016...........SUNRISE   444 AM EDT   SUNSET   814 PM EDT
MAY 31 2016...........SUNRISE   444 AM EDT   SUNSET   815 PM EDT


-  INDICATES NEGATIVE NUMBERS.
R  INDICATES RECORD WAS SET OR TIED.
MM INDICATES DATA IS MISSING.
T  INDICATES TRACE AMOUNT.




$$
