000
CDUS41 KCAR 180537
CLIHUL


CLIMATE REPORT
NATIONAL WEATHER SERVICE CARIBOU, ME
132 AM EDT WED OCT 18 2017


...................................

...THE HOULTON ME CLIMATE SUMMARY FOR OCTOBER 17 2017...

CLIMATE NORMAL PERIOD 1981 TO 2010
CLIMATE RECORD PERIOD 1948 TO 2017


WEATHER ITEM   OBSERVED TIME   RECORD YEAR NORMAL DEPARTURE LAST
                VALUE   (LST)  VALUE       VALUE  FROM      YEAR
                                                  NORMAL
..................................................................
TEMPERATURE (F)
 YESTERDAY
  MAXIMUM         51    237 PM  83    1947  54     -3       57
  MINIMUM         24    614 AM  19    2009  33     -9       33
                                      2000
  AVERAGE         38                        43     -5       45

PRECIPITATION (IN)
  YESTERDAY        0.00          2.13 2014   0.11  -0.11     0.00
  MONTH TO DATE    1.51                      1.98  -0.47     0.26
  SINCE SEP 1      4.10                      5.38  -1.28     1.25
  SINCE JAN 1     26.44                     31.00  -4.56    28.11

SNOWFALL (IN)
  YESTERDAY       MM             3.4  1970   0.1   MM       MM
  MONTH TO DATE   MM                         0.3   MM       MM
  SINCE SEP 1     MM                         0.4   MM       MM
  SINCE JUL 1     MM                         0.4   MM       MM
  SNOW DEPTH      MM

DEGREE DAYS
 HEATING
  YESTERDAY       27                        22      5       20
  MONTH TO DATE  239                       327    -88      272
  SINCE SEP 1    399                       639   -240      514
  SINCE JUL 1    547                       795   -248      608

 COOLING
  YESTERDAY        0                         0      0        0
  MONTH TO DATE    0                         0      0        0
  SINCE SEP 1     35                        13     22       23
  SINCE JAN 1    211                       191     20      229
..................................................................


WIND (MPH)
  HIGHEST WIND SPEED    14   HIGHEST WIND DIRECTION     S (200)
  HIGHEST GUST SPEED    20   HIGHEST GUST DIRECTION    SW (210)
  AVERAGE WIND SPEED     5.0


SKY COVER
  POSSIBLE SUNSHINE  MM
  AVERAGE SKY COVER 0.3


WEATHER CONDITIONS
 THE FOLLOWING WEATHER WAS RECORDED YESTERDAY.
  NO SIGNIFICANT WEATHER WAS OBSERVED.


RELATIVE HUMIDITY (PERCENT)
 HIGHEST   100          1200 AM
 LOWEST     45          1000 AM
 AVERAGE    73

..........................................................


THE HOULTON ME CLIMATE NORMALS FOR TODAY
                         NORMAL    RECORD    YEAR
 MAXIMUM TEMPERATURE (F)   53        82      1947
 MINIMUM TEMPERATURE (F)   32        16      1972


SUNRISE AND SUNSET
OCTOBER 18 2017.......SUNRISE   653 AM EDT   SUNSET   539 PM EDT
OCTOBER 19 2017.......SUNRISE   654 AM EDT   SUNSET   537 PM EDT


-  INDICATES NEGATIVE NUMBERS.
R  INDICATES RECORD WAS SET OR TIED.
MM INDICATES DATA IS MISSING.
T  INDICATES TRACE AMOUNT.




$$
