000
CDUS41 KCAR 242128
CLIHUL


CLIMATE REPORT
NATIONAL WEATHER SERVICE CARIBOU, ME
428 PM EST SAT FEB 24 2018


...................................

...THE HOULTON ME CLIMATE SUMMARY FOR FEBRUARY 24 2018...
VALID TODAY AS OF 0400 PM LOCAL TIME.

CLIMATE NORMAL PERIOD 1981 TO 2010
CLIMATE RECORD PERIOD 1948 TO 2018


WEATHER ITEM   OBSERVED TIME   RECORD YEAR NORMAL DEPARTURE LAST
                VALUE   (LST)  VALUE       VALUE  FROM      YEAR
                                                  NORMAL
..................................................................
TEMPERATURE (F)
 TODAY
  MAXIMUM         40    136 PM  52    2017  29     11       52
                                      2000
  MINIMUM         29   1211 AM -18    1939   6     23       34
  AVERAGE         35                        18     17       43

PRECIPITATION (IN)
  TODAY            T             0.89 1994   0.07  -0.07     0.03
  MONTH TO DATE    2.34                      1.70   0.64     1.03
  SINCE DEC 1      8.88                      7.85   1.03     6.78
  SINCE JAN 1      5.64                      4.56   1.08     3.86

SNOWFALL (IN)
  TODAY           MM             6.0  1967   0.6   MM       MM
  MONTH TO DATE   MM                        15.2   MM       MM
  SINCE DEC 1     MM                        54.9   MM       MM
  SINCE JUL 1     MM                        63.0   MM       MM
  SNOW DEPTH      MM

DEGREE DAYS
 HEATING
  TODAY           30                        47    -17       22
  MONTH TO DATE 1095                      1212   -117     1203
  SINCE DEC 1   4218                      4279    -61     4085
  SINCE JUL 1   5924                      6387   -463     5828

 COOLING
  TODAY            0                         0      0        0
  MONTH TO DATE    0                         0      0        0
  SINCE DEC 1      0                         0      0        0
  SINCE JAN 1      0                         0      0        0
..................................................................


WIND (MPH)
  HIGHEST WIND SPEED    18   HIGHEST WIND DIRECTION    NW (330)
  HIGHEST GUST SPEED    25   HIGHEST GUST DIRECTION    NW (330)
  AVERAGE WIND SPEED    10.2


SKY COVER
  POSSIBLE SUNSHINE  MM
  AVERAGE SKY COVER 0.9


WEATHER CONDITIONS
 THE FOLLOWING WEATHER WAS RECORDED TODAY.
  LIGHT SNOW
  FOG


RELATIVE HUMIDITY (PERCENT)
 HIGHEST   100           200 AM
 LOWEST     48           100 PM
 AVERAGE    74

..........................................................


THE HOULTON ME CLIMATE NORMALS FOR TOMORROW
                         NORMAL    RECORD    YEAR
 MAXIMUM TEMPERATURE (F)   30        54      2016
 MINIMUM TEMPERATURE (F)    7       -21      1972


SUNRISE AND SUNSET
FEBRUARY 24 2018......SUNRISE   619 AM EST   SUNSET   510 PM EST
FEBRUARY 25 2018......SUNRISE   617 AM EST   SUNSET   512 PM EST


-  INDICATES NEGATIVE NUMBERS.
R  INDICATES RECORD WAS SET OR TIED.
MM INDICATES DATA IS MISSING.
T  INDICATES TRACE AMOUNT.




$$
