000
CDUS41 KCAR 240529
CLIHUL


CLIMATE REPORT
NATIONAL WEATHER SERVICE CARIBOU, ME
128 AM EDT WED MAY 24 2017


...................................

...THE HOULTON ME CLIMATE SUMMARY FOR MAY 23 2017...

CLIMATE NORMAL PERIOD 1981 TO 2010
CLIMATE RECORD PERIOD 1948 TO 2017


WEATHER ITEM   OBSERVED TIME   RECORD YEAR NORMAL DEPARTURE LAST
                VALUE   (LST)  VALUE       VALUE  FROM      YEAR
                                                  NORMAL
..................................................................
TEMPERATURE (F)
 YESTERDAY
  MAXIMUM         70    410 PM  92    1977  66      4       79
  MINIMUM         41   1159 PM  25    1982  41      0       43
  AVERAGE         56                        53      3       61

PRECIPITATION (IN)
  YESTERDAY        0.00          0.49 1974   0.11  -0.11     0.00
  MONTH TO DATE    3.78                      2.43   1.35     2.16
  SINCE MAR 1      9.17                      8.90   0.27     8.92
  SINCE JAN 1     13.62                     13.76  -0.14    13.88

SNOWFALL (IN)
  YESTERDAY       MM             T    1990   0.0   MM       MM
  MONTH TO DATE   MM                         0.1   MM       MM
  SINCE MAR 1     MM                        23.9   MM       MM
  SINCE JUL 1     MM                        89.5   MM       MM
  SNOW DEPTH      MM

DEGREE DAYS
 HEATING
  YESTERDAY        9                        12     -3        4
  MONTH TO DATE  337                       349    -12      325
  SINCE MAR 1   2365                      2349     16     2353
  SINCE JUL 1   8326                      8922   -596     7971

 COOLING
  YESTERDAY        0                         0      0        0
  MONTH TO DATE    6                         0      6        0
  SINCE MAR 1      6                         0      6        0
  SINCE JAN 1      6                         0      6        0
..................................................................


WIND (MPH)
  HIGHEST WIND SPEED    17   HIGHEST WIND DIRECTION     W (280)
  HIGHEST GUST SPEED    22   HIGHEST GUST DIRECTION     W (270)
  AVERAGE WIND SPEED     6.7


SKY COVER
  POSSIBLE SUNSHINE  MM
  AVERAGE SKY COVER 0.7


WEATHER CONDITIONS
 THE FOLLOWING WEATHER WAS RECORDED YESTERDAY.
  FOG


RELATIVE HUMIDITY (PERCENT)
 HIGHEST   100           300 AM
 LOWEST     42           400 PM
 AVERAGE    71

..........................................................


THE HOULTON ME CLIMATE NORMALS FOR TODAY
                         NORMAL    RECORD    YEAR
 MAXIMUM TEMPERATURE (F)   67        92      1977
 MINIMUM TEMPERATURE (F)   41        26      1956


SUNRISE AND SUNSET
MAY 24 2017...........SUNRISE   449 AM EDT   SUNSET   807 PM EDT
MAY 25 2017...........SUNRISE   448 AM EDT   SUNSET   809 PM EDT


-  INDICATES NEGATIVE NUMBERS.
R  INDICATES RECORD WAS SET OR TIED.
MM INDICATES DATA IS MISSING.
T  INDICATES TRACE AMOUNT.




$$
