000
CDUS41 KCAR 302032
CLIHUL


CLIMATE REPORT
NATIONAL WEATHER SERVICE CARIBOU, ME
432 PM EDT TUE AUG 30 2016


...................................

...THE HOULTON ME CLIMATE SUMMARY FOR AUGUST 30 2016...
VALID TODAY AS OF 0400 PM LOCAL TIME.

CLIMATE NORMAL PERIOD 1981 TO 2010
CLIMATE RECORD PERIOD 1948 TO 2016


WEATHER ITEM   OBSERVED TIME   RECORD YEAR NORMAL DEPARTURE LAST
                VALUE   (LST)  VALUE       VALUE  FROM      YEAR
                                                  NORMAL
..................................................................
TEMPERATURE (F)
 TODAY
  MAXIMUM         78    217 PM  91    2010  73      5       76
  MINIMUM         47    440 AM  32    1982  49     -2       58
  AVERAGE         63                        61      2       67

PRECIPITATION (IN)
  TODAY            0.00          0.98 2007   0.10  -0.10      T
  MONTH TO DATE    6.20                      3.59   2.61     3.79
  SINCE JUN 1     12.48                     10.90   1.58     9.41
  SINCE JAN 1     26.86                     25.53   1.33    18.76

SNOWFALL (IN)
  TODAY           MM             0.0  2003   0.0   MM       MM
  MONTH TO DATE   MM                         0.0   MM       MM
  SINCE JUN 1     MM                         0.0   MM       MM
  SINCE JUL 1     MM                         0.0   MM       MM
  SNOW DEPTH      MM

DEGREE DAYS
 HEATING
  TODAY            2                         5     -3        0
  MONTH TO DATE   51                        91    -40       24
  SINCE JUN 1    269                       332    -63      324
  SINCE JUL 1     94                       151    -57       87

 COOLING
  TODAY            0                         1     -1        2
  MONTH TO DATE   65                        54     11      108
  SINCE JUN 1    197                       170     27      161
  SINCE JAN 1    204                       174     30      186
..................................................................


WIND (MPH)
  HIGHEST WIND SPEED    17   HIGHEST WIND DIRECTION    SW (240)
  HIGHEST GUST SPEED    21   HIGHEST GUST DIRECTION     W (260)
  AVERAGE WIND SPEED     4.5


SKY COVER
  POSSIBLE SUNSHINE  MM
  AVERAGE SKY COVER 0.1


WEATHER CONDITIONS
 THE FOLLOWING WEATHER WAS RECORDED TODAY.
  NO SIGNIFICANT WEATHER WAS OBSERVED.


RELATIVE HUMIDITY (PERCENT)
 HIGHEST   100          1200 AM
 LOWEST     42           100 PM
 AVERAGE    71

..........................................................


THE HOULTON ME CLIMATE NORMALS FOR TOMORROW
                         NORMAL    RECORD    YEAR
 MAXIMUM TEMPERATURE (F)   73        93      2010
 MINIMUM TEMPERATURE (F)   49        32      1965


SUNRISE AND SUNSET
AUGUST 30 2016........SUNRISE   550 AM EDT   SUNSET   713 PM EDT
AUGUST 31 2016........SUNRISE   551 AM EDT   SUNSET   711 PM EDT


-  INDICATES NEGATIVE NUMBERS.
R  INDICATES RECORD WAS SET OR TIED.
MM INDICATES DATA IS MISSING.
T  INDICATES TRACE AMOUNT.




$$
