000
CDUS41 KCAR 230526
CLIHUL


CLIMATE REPORT
NATIONAL WEATHER SERVICE CARIBOU, ME
126 AM EDT SUN APR 23 2017


...................................

...THE HOULTON ME CLIMATE SUMMARY FOR APRIL 22 2017...

CLIMATE NORMAL PERIOD 1981 TO 2010
CLIMATE RECORD PERIOD 1948 TO 2017


WEATHER ITEM   OBSERVED TIME   RECORD YEAR NORMAL DEPARTURE LAST
                VALUE   (LST)  VALUE       VALUE  FROM      YEAR
                                                  NORMAL
..................................................................
TEMPERATURE (F)
 YESTERDAY
  MAXIMUM         36    214 PM  72    2016  54    -18       72
                                      1954
  MINIMUM         32   1141 PM  18    2013  31      1       29
                                      1985
  AVERAGE         34                        42     -8       51

PRECIPITATION (IN)
  YESTERDAY        0.20          1.35 1958   0.12   0.08      T
  MONTH TO DATE    3.02                      2.80   0.22     2.76
  SINCE MAR 1      4.55                      5.39  -0.84     6.76
  SINCE JAN 1      9.00                     10.25  -1.25    11.72

SNOWFALL (IN)
  YESTERDAY       MM             8.3  1989   0.1   MM       MM
  MONTH TO DATE   MM                         5.3   MM       MM
  SINCE MAR 1     MM                        23.1   MM       MM
  SINCE JUL 1     MM                        88.7   MM       MM
  SNOW DEPTH      MM

DEGREE DAYS
 HEATING
  YESTERDAY       31                        23      8       14
  MONTH TO DATE  559                       611    -52      616
  SINCE MAR 1   1887                      1834     53     1793
  SINCE JUL 1   7848                      8407   -559     7411

 COOLING
  YESTERDAY        0                         0      0        0
  MONTH TO DATE    0                         0      0        0
  SINCE MAR 1      0                         0      0        0
  SINCE JAN 1      0                         0      0        0
..................................................................


WIND (MPH)
  HIGHEST WIND SPEED    12   HIGHEST WIND DIRECTION    SE (130)
  HIGHEST GUST SPEED    18   HIGHEST GUST DIRECTION    SE (130)
  AVERAGE WIND SPEED     4.1


SKY COVER
  POSSIBLE SUNSHINE  MM
  AVERAGE SKY COVER 1.0


WEATHER CONDITIONS
 THE FOLLOWING WEATHER WAS RECORDED YESTERDAY.
  LIGHT RAIN
  LIGHT SNOW
  FOG


RELATIVE HUMIDITY (PERCENT)
 HIGHEST   100           500 AM
 LOWEST     92           200 AM
 AVERAGE    96

..........................................................


THE HOULTON ME CLIMATE NORMALS FOR TODAY
                         NORMAL    RECORD    YEAR
 MAXIMUM TEMPERATURE (F)   54        79      2007
 MINIMUM TEMPERATURE (F)   31        20      1985


SUNRISE AND SUNSET
APRIL 23 2017.........SUNRISE   530 AM EDT   SUNSET   729 PM EDT
APRIL 24 2017.........SUNRISE   529 AM EDT   SUNSET   731 PM EDT


-  INDICATES NEGATIVE NUMBERS.
R  INDICATES RECORD WAS SET OR TIED.
MM INDICATES DATA IS MISSING.
T  INDICATES TRACE AMOUNT.




$$
