000
CDUS41 KCAR 130529
CLIHUL


CLIMATE REPORT
NATIONAL WEATHER SERVICE CARIBOU, ME
1229 AM EST WED DEC 13 2017


...................................

...THE HOULTON ME CLIMATE SUMMARY FOR DECEMBER 12 2017...

CLIMATE NORMAL PERIOD 1981 TO 2010
CLIMATE RECORD PERIOD 1948 TO 2017


WEATHER ITEM   OBSERVED TIME   RECORD YEAR NORMAL DEPARTURE LAST
                VALUE   (LST)  VALUE       VALUE  FROM      YEAR
                                                  NORMAL
..................................................................
TEMPERATURE (F)
 YESTERDAY
  MAXIMUM         34   1159 PM  58    1950  30      4       19
  MINIMUM         -7    248 AM -18    1977  12    -19       -3
  AVERAGE         14                        21     -7        8

PRECIPITATION (IN)
  YESTERDAY        0.45          2.25 2008   0.12   0.33     0.08
  MONTH TO DATE    1.98                      1.43   0.55     1.11
  SINCE DEC 1      1.98                      1.43   0.55     1.11
  SINCE JAN 1     36.50                     38.12  -1.62    33.93

SNOWFALL (IN)
  YESTERDAY       MM             6.5  1957   0.5   MM       MM
  MONTH TO DATE   MM                         5.8   MM       MM
  SINCE DEC 1     MM                         5.8   MM       MM
  SINCE JUL 1     MM                        13.9   MM       MM
  SNOW DEPTH      MM

DEGREE DAYS
 HEATING
  YESTERDAY       51                        44      7       57
  MONTH TO DATE  470                       500    -30      551
  SINCE DEC 1    470                       500    -30      551
  SINCE JUL 1   2176                      2608   -432     2294

 COOLING
  YESTERDAY        0                         0      0        0
  MONTH TO DATE    0                         0      0        0
  SINCE DEC 1      0                         0      0        0
  SINCE JAN 1    211                       191     20      229
..................................................................


WIND (MPH)
  HIGHEST WIND SPEED    18   HIGHEST WIND DIRECTION     E (70)
  HIGHEST GUST SPEED    25   HIGHEST GUST DIRECTION     E (70)
  AVERAGE WIND SPEED     6.0


SKY COVER
  POSSIBLE SUNSHINE  MM
  AVERAGE SKY COVER 0.8


WEATHER CONDITIONS
 THE FOLLOWING WEATHER WAS RECORDED YESTERDAY.
  LIGHT RAIN
  FREEZING RAIN
  LT FREEZING RAIN
  SNOW
  LIGHT SNOW
  FOG
  FOG W/VISIBILITY <= 1/4 MILE


RELATIVE HUMIDITY (PERCENT)
 HIGHEST   100          1000 PM
 LOWEST     82           200 AM
 AVERAGE    91

..........................................................


THE HOULTON ME CLIMATE NORMALS FOR TODAY
                         NORMAL    RECORD    YEAR
 MAXIMUM TEMPERATURE (F)   29        56      2010
 MINIMUM TEMPERATURE (F)   12       -27      1977


SUNRISE AND SUNSET
DECEMBER 13 2017......SUNRISE   705 AM EST   SUNSET   346 PM EST
DECEMBER 14 2017......SUNRISE   706 AM EST   SUNSET   346 PM EST


-  INDICATES NEGATIVE NUMBERS.
R  INDICATES RECORD WAS SET OR TIED.
MM INDICATES DATA IS MISSING.
T  INDICATES TRACE AMOUNT.




$$
