000
CDUS41 KCAR 260527
CLIHUL


CLIMATE REPORT
NATIONAL WEATHER SERVICE CARIBOU, ME
1227 AM EST MON JAN 26 2015


...................................

...THE HOULTON ME CLIMATE SUMMARY FOR JANUARY 25 2015...

CLIMATE NORMAL PERIOD 1981 TO 2010
CLIMATE RECORD PERIOD 1948 TO 2015


WEATHER ITEM   OBSERVED TIME   RECORD YEAR NORMAL DEPARTURE LAST
                VALUE   (LST)  VALUE       VALUE  FROM      YEAR
                                                  NORMAL
..................................................................
TEMPERATURE (F)
 YESTERDAY
  MAXIMUM         31    928 AM  48    2010  22      9       34
                                      1953
  MINIMUM          6   1159 PM -30    1994   0      6        0
  AVERAGE         19                        11      8       17

PRECIPITATION (IN)
  YESTERDAY        T             0.90 1969   0.09  -0.09     0.38
  MONTH TO DATE    1.21                      2.33  -1.12     3.83
  SINCE DEC 1      6.71                      5.62   1.09     6.20
  SINCE JAN 1      1.21                      2.33  -1.12     3.83

SNOWFALL (IN)
  YESTERDAY       MM             6.0  1975   0.7   MM       MM
  MONTH TO DATE   MM                        19.0   MM       MM
  SINCE DEC 1     MM                        35.4   MM       MM
  SINCE JUL 1     MM                        43.5   MM       MM
  SNOW DEPTH      MM

DEGREE DAYS
 HEATING
  YESTERDAY       46                        54     -8       48
  MONTH TO DATE 1354                      1332     22     1248
  SINCE DEC 1   2598                      2744   -146     2809
  SINCE JUL 1   4495                      4852   -357     4810

 COOLING
  YESTERDAY        0                         0      0        0
  MONTH TO DATE    0                         0      0        0
  SINCE DEC 1      0                         0      0        0
  SINCE JAN 1      0                         0      0        0
..................................................................


WIND (MPH)
  HIGHEST WIND SPEED    26   HIGHEST WIND DIRECTION     W (280)
  HIGHEST GUST SPEED    38   HIGHEST GUST DIRECTION     W (270)
  AVERAGE WIND SPEED    11.7


SKY COVER
  POSSIBLE SUNSHINE  MM
  AVERAGE SKY COVER 0.3


WEATHER CONDITIONS
 THE FOLLOWING WEATHER WAS RECORDED YESTERDAY.
  HAZE


RELATIVE HUMIDITY (PERCENT)
 HIGHEST    75           100 AM
 LOWEST     41           100 PM
 AVERAGE    58

..........................................................


THE HOULTON ME CLIMATE NORMALS FOR TODAY
                         NORMAL    RECORD    YEAR
 MAXIMUM TEMPERATURE (F)   22        51      1950
 MINIMUM TEMPERATURE (F)    0       -36      2009


SUNRISE AND SUNSET
JANUARY 26 2015.......SUNRISE   701 AM EST   SUNSET   427 PM EST
JANUARY 27 2015.......SUNRISE   700 AM EST   SUNSET   429 PM EST


-  INDICATES NEGATIVE NUMBERS.
R  INDICATES RECORD WAS SET OR TIED.
MM INDICATES DATA IS MISSING.
T  INDICATES TRACE AMOUNT.




$$
