000
CDUS41 KCAR 220543
CLIHUL


CLIMATE REPORT
NATIONAL WEATHER SERVICE CARIBOU, ME
143 AM EDT FRI AUG 22 2014


...................................

...THE HOULTON ME CLIMATE SUMMARY FOR AUGUST 21 2014...

CLIMATE NORMAL PERIOD 1981 TO 2010
CLIMATE RECORD PERIOD 1948 TO 2014


WEATHER ITEM   OBSERVED TIME   RECORD YEAR NORMAL DEPARTURE LAST
                VALUE   (LST)  VALUE       VALUE  FROM      YEAR
                                                  NORMAL
..................................................................
TEMPERATURE (F)
 YESTERDAY
  MAXIMUM         74   1152 AM  92    1976  75     -1       86
  MINIMUM         50    504 AM  36    2007  51     -1       55
  AVERAGE         62                        63     -1       71

PRECIPITATION (IN)
  YESTERDAY        0.00          0.97 2004   0.12  -0.12     0.00
  MONTH TO DATE    2.21                      2.64  -0.43     3.57
  SINCE JUN 1     12.61                      9.95   2.66    15.20
  SINCE JAN 1     27.31                     24.58   2.73    26.43

SNOWFALL (IN)
  YESTERDAY       MM             0.0  2003   0.0   MM       MM
  MONTH TO DATE   MM                         0.0   MM       MM
  SINCE JUN 1     MM                         0.0   MM       MM
  SINCE JUL 1     MM                         0.0   MM       MM
  SNOW DEPTH      MM

DEGREE DAYS
 HEATING
  YESTERDAY        3                         3      0        0
  MONTH TO DATE   35                        51    -16       51
  SINCE JUN 1    201                       292    -91      285
  SINCE JUL 1     72                       111    -39       88

 COOLING
  YESTERDAY        0                         2     -2        6
  MONTH TO DATE   24                        44    -20       19
  SINCE JUN 1    179                       160     19      162
  SINCE JAN 1    180                       164     16      166
..................................................................


WIND (MPH)
  HIGHEST WIND SPEED     9   HIGHEST WIND DIRECTION     E (100)
  HIGHEST GUST SPEED    12   HIGHEST GUST DIRECTION     E (90)
  AVERAGE WIND SPEED     3.7


SKY COVER
  POSSIBLE SUNSHINE  MM
  AVERAGE SKY COVER 0.6


WEATHER CONDITIONS
 THE FOLLOWING WEATHER WAS RECORDED YESTERDAY.
  FOG
  FOG W/VISIBILITY <= 1/4 MILE


RELATIVE HUMIDITY (PERCENT)
 HIGHEST   100           100 AM
 LOWEST     61          1200 PM
 AVERAGE    81

..........................................................


THE HOULTON ME CLIMATE NORMALS FOR TODAY
                         NORMAL    RECORD    YEAR
 MAXIMUM TEMPERATURE (F)   75        95      1976
 MINIMUM TEMPERATURE (F)   51        35      1982


SUNRISE AND SUNSET
AUGUST 22 2014........SUNRISE   539 AM EDT   SUNSET   728 PM EDT
AUGUST 23 2014........SUNRISE   540 AM EDT   SUNSET   726 PM EDT


-  INDICATES NEGATIVE NUMBERS.
R  INDICATES RECORD WAS SET OR TIED.
MM INDICATES DATA IS MISSING.
T  INDICATES TRACE AMOUNT.




$$
