000
CDUS41 KCAR 050536
CLIHUL


CLIMATE REPORT
NATIONAL WEATHER SERVICE CARIBOU, ME
1232 AM EST THU MAR 5 2015


...................................

...THE HOULTON ME CLIMATE SUMMARY FOR MARCH 4 2015...

CLIMATE NORMAL PERIOD 1981 TO 2010
CLIMATE RECORD PERIOD 1948 TO 2015


WEATHER ITEM   OBSERVED TIME   RECORD YEAR NORMAL DEPARTURE LAST
                VALUE   (LST)  VALUE       VALUE  FROM      YEAR
                                                  NORMAL
..................................................................
TEMPERATURE (F)
 YESTERDAY
  MAXIMUM         38    312 PM  47    1974  32      6       19
  MINIMUM         18   1220 AM -28    1938  10      8      -12
  AVERAGE         28                        21      7        4

PRECIPITATION (IN)
  YESTERDAY        0.07          1.16 1971   0.08  -0.01     0.00
  MONTH TO DATE    0.17                      0.33  -0.16      T
  SINCE MAR 1      0.17                      0.33  -0.16      T
  SINCE JAN 1      2.27                      5.19  -2.92     5.58

SNOWFALL (IN)
  YESTERDAY       MM            13.3  1971   0.7   MM       MM
  MONTH TO DATE   MM                         2.8   MM       MM
  SINCE MAR 1     MM                         2.8   MM       MM
  SINCE JUL 1     MM                        68.4   MM       MM
  SNOW DEPTH      MM

DEGREE DAYS
 HEATING
  YESTERDAY       37                        44     -7       61
  MONTH TO DATE  192                       179     13      245
  SINCE MAR 1    192                       179     13      245
  SINCE JUL 1   6760                      6752      8     6835

 COOLING
  YESTERDAY        0                         0      0        0
  MONTH TO DATE    0                         0      0        0
  SINCE MAR 1      0                         0      0        0
  SINCE JAN 1      0                         0      0        0
..................................................................


WIND (MPH)
  HIGHEST WIND SPEED    21   HIGHEST WIND DIRECTION     W (290)
  HIGHEST GUST SPEED    29   HIGHEST GUST DIRECTION     W (290)
  AVERAGE WIND SPEED     9.8


SKY COVER
  POSSIBLE SUNSHINE  MM
  AVERAGE SKY COVER 0.7


WEATHER CONDITIONS
 THE FOLLOWING WEATHER WAS RECORDED YESTERDAY.
  LIGHT SNOW
  FOG
  HAZE


RELATIVE HUMIDITY (PERCENT)
 HIGHEST    92           500 AM
 LOWEST     40           300 PM
 AVERAGE    66

..........................................................


THE HOULTON ME CLIMATE NORMALS FOR TODAY
                         NORMAL    RECORD    YEAR
 MAXIMUM TEMPERATURE (F)   32        51      1979
 MINIMUM TEMPERATURE (F)   10       -19      1967


SUNRISE AND SUNSET
MARCH  5 2015.........SUNRISE   603 AM EST   SUNSET   523 PM EST
MARCH  6 2015.........SUNRISE   601 AM EST   SUNSET   524 PM EST


-  INDICATES NEGATIVE NUMBERS.
R  INDICATES RECORD WAS SET OR TIED.
MM INDICATES DATA IS MISSING.
T  INDICATES TRACE AMOUNT.




$$
