000
CDUS45 KTFX 201013
CLIHVR


CLIMATE REPORT
NATIONAL WEATHER SERVICE GREAT FALLS MT
412 AM MDT SUN APR 20 2014


...................................

...THE HAVRE MT CLIMATE SUMMARY FOR APRIL 19 2014...

CLIMATE NORMAL PERIOD 1981 TO 2010
CLIMATE RECORD PERIOD 1880 TO 2014


WEATHER ITEM   OBSERVED TIME   RECORD YEAR NORMAL DEPARTURE LAST
                VALUE   (LST)  VALUE       VALUE  FROM      YEAR
                                                  NORMAL
..................................................................
TEMPERATURE (F)
 YESTERDAY
  MAXIMUM         64    455 PM  89    1910  60      4       49
  MINIMUM         30    546 AM   8    1951  32     -2       28
  AVERAGE         47                        46      1       39

PRECIPITATION (IN)
  YESTERDAY        0.00          0.98 2007   0.03  -0.03     0.01
  MONTH TO DATE    0.11                      0.46  -0.35     0.63
  SINCE OCT 1      3.92                      3.02   0.90     5.03
  SINCE JAN 1      1.91                      1.61   0.30     2.55

SNOWFALL (IN)
  YESTERDAY        0.0           2.8  1893   0.0    0.0      0.0
  MONTH TO DATE    T                         2.3   -2.3      3.5
  SINCE MAR 1      7.0                       8.6   -1.6      6.3
  SINCE JUL 1     44.4                      36.5    7.9     50.5
  SNOW DEPTH       0

DEGREE DAYS
 HEATING
  YESTERDAY       18                        19     -1       26
  MONTH TO DATE  427                       424      3      515
  SINCE MAR 1   1589                      1422    167     1562
  SINCE JUL 1   7830                      7542    288     7378

 COOLING
  YESTERDAY        0                         0      0        0
  MONTH TO DATE    0                         0      0        0
  SINCE MAR 1      0                         0      0        0
  SINCE JAN 1      0                         0      0        0
..................................................................


WIND (MPH)
  HIGHEST WIND SPEED    28   HIGHEST WIND DIRECTION     W (280)
  HIGHEST GUST SPEED    34   HIGHEST GUST DIRECTION     W (280)
  AVERAGE WIND SPEED     9.9


SKY COVER
  AVERAGE SKY COVER 0.2


WEATHER CONDITIONS
 THE FOLLOWING WEATHER WAS RECORDED YESTERDAY.
  NO SIGNIFICANT WEATHER WAS OBSERVED.


RELATIVE HUMIDITY (PERCENT)
 HIGHEST    92           600 AM
 LOWEST     14           400 PM
 AVERAGE    53

..........................................................


THE HAVRE MT CLIMATE NORMALS FOR TODAY
                         NORMAL    RECORD    YEAR
 MAXIMUM TEMPERATURE (F)   60        91      1980
 MINIMUM TEMPERATURE (F)   32        12      2008


SUNRISE AND SUNSET
APRIL 20 2014.........SUNRISE   619 AM MDT   SUNSET   818 PM MDT
APRIL 21 2014.........SUNRISE   617 AM MDT   SUNSET   819 PM MDT


-  INDICATES NEGATIVE NUMBERS.
R  INDICATES RECORD WAS SET OR TIED.
MM INDICATES DATA IS MISSING.
T  INDICATES TRACE AMOUNT.




$$
