000
CDUS45 KTFX 270937
CLIHVR


CLIMATE REPORT
NATIONAL WEATHER SERVICE GREAT FALLS MT
337 AM MDT WED JUL 27 2016


...................................

...THE HAVRE MT CLIMATE SUMMARY FOR JULY 26 2016...

CLIMATE NORMAL PERIOD 1981 TO 2010
CLIMATE RECORD PERIOD 1880 TO 2016


WEATHER ITEM   OBSERVED TIME   RECORD YEAR NORMAL DEPARTURE LAST
                VALUE   (LST)  VALUE       VALUE  FROM      YEAR
                                                  NORMAL
..................................................................
TEMPERATURE (F)
 YESTERDAY
  MAXIMUM         89    318 PM 102    1933  87      2       86
  MINIMUM         61    654 PM  39    1999  55      6       58
  AVERAGE         75                        71      4       72

PRECIPITATION (IN)
  YESTERDAY        0.33          1.86 1916   0.04   0.29     0.20
  MONTH TO DATE    2.43                      1.46   0.97     1.02
  SINCE OCT 1     14.18                      8.79   5.39     7.15
  SINCE JAN 1     12.25                      7.38   4.87     5.58

SNOWFALL (IN)
  YESTERDAY        0.0           0.0  1999   0.0    0.0      0.0
                                      1998
  MONTH TO DATE    0.0                       0.0    0.0       T
  SINCE JUN 1      0.0                       0.0    0.0       T
  SINCE JUL 1      0.0                       0.0    0.0       T
  SNOW DEPTH       0

DEGREE DAYS
 HEATING
  YESTERDAY        0                         0      0        0
  MONTH TO DATE   19                        29    -10       18
  SINCE JUN 1    104                       162    -58       75
  SINCE JUL 1     19                        29    -10       18

 COOLING
  YESTERDAY       10                         7      3        7
  MONTH TO DATE  117                       128    -11      137
  SINCE JUN 1    171                       176     -5      247
  SINCE JAN 1    172                       187    -15      247
..................................................................


WIND (MPH)
  HIGHEST WIND SPEED    47   HIGHEST WIND DIRECTION    NW (310)
  HIGHEST GUST SPEED    57   HIGHEST GUST DIRECTION    NW (320)
  AVERAGE WIND SPEED    14.8


SKY COVER
  AVERAGE SKY COVER 0.2


WEATHER CONDITIONS
 THE FOLLOWING WEATHER WAS RECORDED YESTERDAY.
  THUNDERSTORM
  HEAVY RAIN
  RAIN
  LIGHT RAIN
  FOG


RELATIVE HUMIDITY (PERCENT)
 HIGHEST    93           500 AM
 LOWEST     34           400 PM
 AVERAGE    64

..........................................................


THE HAVRE MT CLIMATE NORMALS FOR TODAY
                         NORMAL    RECORD    YEAR
 MAXIMUM TEMPERATURE (F)   87       106      1975
 MINIMUM TEMPERATURE (F)   55        40      1913


SUNRISE AND SUNSET
JULY 27 2016..........SUNRISE   548 AM MDT   SUNSET   903 PM MDT
JULY 28 2016..........SUNRISE   549 AM MDT   SUNSET   901 PM MDT


-  INDICATES NEGATIVE NUMBERS.
R  INDICATES RECORD WAS SET OR TIED.
MM INDICATES DATA IS MISSING.
T  INDICATES TRACE AMOUNT.




$$
