000
CDUS45 KTFX 240900
CLIHVR


CLIMATE REPORT
NATIONAL WEATHER SERVICE GREAT FALLS MT
259 AM MDT SAT JUN 24 2017


...................................

...THE HAVRE MT CLIMATE SUMMARY FOR JUNE 23 2017...

CLIMATE NORMAL PERIOD 1981 TO 2010
CLIMATE RECORD PERIOD 1880 TO 2017


WEATHER ITEM   OBSERVED TIME   RECORD YEAR NORMAL DEPARTURE LAST
                VALUE   (LST)  VALUE       VALUE  FROM      YEAR
                                                  NORMAL
..................................................................
TEMPERATURE (F)
 YESTERDAY
  MAXIMUM         74    431 PM 105    1941  78     -4       91
  MINIMUM         37   1233 AM  36    1967  50    -13       62
  AVERAGE         56                        64     -8       77

PRECIPITATION (IN)
  YESTERDAY        0.00          0.97 1907   0.07  -0.07     0.03
  MONTH TO DATE    0.54                      1.70  -1.16     1.34
  SINCE OCT 1      7.06                      6.84   0.22    11.16
  SINCE JAN 1      3.07                      5.43  -2.36     9.23

SNOWFALL (IN)
  YESTERDAY        0.0           0.0  1999   0.0    0.0      0.0
                                      2001
                                      1998
  MONTH TO DATE    0.0                       0.5   -0.5      0.0
  SINCE JUN 1      0.0                       0.5   -0.5      0.0
  SINCE JUL 1     32.9                      39.5   -6.6     17.3
  SNOW DEPTH       0

DEGREE DAYS
 HEATING
  YESTERDAY        9                         3      6        0
  MONTH TO DATE   68                       115    -47       66
  SINCE JUN 1     68                       115    -47       66
  SINCE JUL 1   7845                      8203   -358     7149

 COOLING
  YESTERDAY        0                         2     -2       12
  MONTH TO DATE   47                        31     16       33
  SINCE JUN 1     47                        31     16       33
  SINCE JAN 1     58                        42     16       34
..................................................................


WIND (MPH)
  HIGHEST WIND SPEED    22   HIGHEST WIND DIRECTION    NW (310)
  HIGHEST GUST SPEED    30   HIGHEST GUST DIRECTION     W (290)
  AVERAGE WIND SPEED    10.1


SKY COVER
  AVERAGE SKY COVER 0.4


WEATHER CONDITIONS
 THE FOLLOWING WEATHER WAS RECORDED YESTERDAY.
  NO SIGNIFICANT WEATHER WAS OBSERVED.


RELATIVE HUMIDITY (PERCENT)
 HIGHEST    92           400 AM
 LOWEST     23           700 PM
 AVERAGE    58

..........................................................


THE HAVRE MT CLIMATE NORMALS FOR TODAY
                         NORMAL    RECORD    YEAR
 MAXIMUM TEMPERATURE (F)   78        99      1974
                                             1941
 MINIMUM TEMPERATURE (F)   50        38      1905


SUNRISE AND SUNSET
JUNE 24 2017..........SUNRISE   518 AM MDT   SUNSET   925 PM MDT
JUNE 25 2017..........SUNRISE   518 AM MDT   SUNSET   925 PM MDT


-  INDICATES NEGATIVE NUMBERS.
R  INDICATES RECORD WAS SET OR TIED.
MM INDICATES DATA IS MISSING.
T  INDICATES TRACE AMOUNT.




$$
