000
CDUS45 KTFX 031013
CLIHVR


CLIMATE REPORT
NATIONAL WEATHER SERVICE GREAT FALLS MT
311 AM MST SAT DEC 3 2016


...................................

...THE HAVRE MT CLIMATE SUMMARY FOR DECEMBER 2 2016...

CLIMATE NORMAL PERIOD 1981 TO 2010
CLIMATE RECORD PERIOD 1880 TO 2016


WEATHER ITEM   OBSERVED TIME   RECORD YEAR NORMAL DEPARTURE LAST
                VALUE   (LST)  VALUE       VALUE  FROM      YEAR
                                                  NORMAL
..................................................................
TEMPERATURE (F)
 YESTERDAY
  MAXIMUM         38    325 PM  68    1885  34      4       39
  MINIMUM         16   1218 AM -43    1897  12      4       17
  AVERAGE         27                        23      4       28

PRECIPITATION (IN)
  YESTERDAY        T             0.33 1880   0.02  -0.02     0.00
  MONTH TO DATE    0.07                      0.03   0.04     0.00
  SINCE OCT 1      3.59                      1.04   2.55     1.51
  SINCE JAN 1     18.88                     10.83   8.05    11.75

SNOWFALL (IN)
  YESTERDAY        T             4.9  1928   0.2   -0.2      0.0
  MONTH TO DATE    T                         0.4   -0.4      0.0
  SINCE DEC 1      T                         0.4   -0.4      0.0
  SINCE JUL 1      5.5                       8.0   -2.5      3.0
  SNOW DEPTH       1

DEGREE DAYS
 HEATING
  YESTERDAY       38                        42     -4       37
  MONTH TO DATE   77                        84     -7       79
  SINCE DEC 1     77                        84     -7       79
  SINCE JUL 1   1824                      2127   -303     1932

 COOLING
  YESTERDAY        0                         0      0        0
  MONTH TO DATE    0                         0      0        0
  SINCE DEC 1      0                         0      0        0
  SINCE JAN 1    344                       387    -43      418
..................................................................


WIND (MPH)
  HIGHEST WIND SPEED    28   HIGHEST WIND DIRECTION    SW (220)
  HIGHEST GUST SPEED    34   HIGHEST GUST DIRECTION    SW (220)
  AVERAGE WIND SPEED    15.0


SKY COVER
  AVERAGE SKY COVER 0.3


WEATHER CONDITIONS
 THE FOLLOWING WEATHER WAS RECORDED YESTERDAY.
  LIGHT SNOW
  FOG


RELATIVE HUMIDITY (PERCENT)
 HIGHEST   100          1200 AM
 LOWEST     61           800 PM
 AVERAGE    81

..........................................................


THE HAVRE MT CLIMATE NORMALS FOR TODAY
                         NORMAL    RECORD    YEAR
 MAXIMUM TEMPERATURE (F)   33        66      1941
 MINIMUM TEMPERATURE (F)   12       -33      1897


SUNRISE AND SUNSET
DECEMBER  3 2016......SUNRISE   753 AM MST   SUNSET   425 PM MST
DECEMBER  4 2016......SUNRISE   754 AM MST   SUNSET   425 PM MST


-  INDICATES NEGATIVE NUMBERS.
R  INDICATES RECORD WAS SET OR TIED.
MM INDICATES DATA IS MISSING.
T  INDICATES TRACE AMOUNT.




$$
