000
CDUS45 KTFX 190915
CLIHVR


CLIMATE REPORT
NATIONAL WEATHER SERVICE GREAT FALLS MT
314 AM MDT THU OCT 19 2017


...................................

...THE HAVRE MT CLIMATE SUMMARY FOR OCTOBER 18 2017...

CLIMATE NORMAL PERIOD 1981 TO 2010
CLIMATE RECORD PERIOD 1880 TO 2017


WEATHER ITEM   OBSERVED TIME   RECORD YEAR NORMAL DEPARTURE LAST
                VALUE   (LST)  VALUE       VALUE  FROM      YEAR
                                                  NORMAL
..................................................................
TEMPERATURE (F)
 YESTERDAY
  MAXIMUM         65    351 PM  85    1958  58      7       46
  MINIMUM         26    544 AM   6    1905  30     -4       34
  AVERAGE         46                        44      2       40

PRECIPITATION (IN)
  YESTERDAY        0.00          0.63 1949   0.02  -0.02     0.04
                                      1920
  MONTH TO DATE    1.78                      0.38   1.40     2.68
  SINCE OCT 1      1.78                      0.38   1.40     2.68
  SINCE JAN 1      6.34                     10.17  -3.83    17.97

SNOWFALL (IN)
  YESTERDAY        0.0           5.8  1949   0.1   -0.1      0.0
  MONTH TO DATE   13.0                       0.9   12.1      5.5
  SINCE SEP 1     13.0                       1.2   11.8      5.5
  SINCE JUL 1     13.0                       1.2   11.8      5.5
  SNOW DEPTH       0

DEGREE DAYS
 HEATING
  YESTERDAY       19                        21     -2       25
  MONTH TO DATE  438                       322    116      459
  SINCE SEP 1    690                       596     94      714
  SINCE JUL 1    702                       679     23      775

 COOLING
  YESTERDAY        0                         0      0        0
  MONTH TO DATE    0                         0      0        0
  SINCE SEP 1     39                        19     20       20
  SINCE JAN 1    526                       386    140      344
..................................................................


WIND (MPH)
  HIGHEST WIND SPEED    26   HIGHEST WIND DIRECTION    SW (230)
  HIGHEST GUST SPEED    35   HIGHEST GUST DIRECTION    SW (220)
  AVERAGE WIND SPEED     9.9


SKY COVER
  AVERAGE SKY COVER 0.1


WEATHER CONDITIONS
 THE FOLLOWING WEATHER WAS RECORDED YESTERDAY.
  NO SIGNIFICANT WEATHER WAS OBSERVED.


RELATIVE HUMIDITY (PERCENT)
 HIGHEST    92           400 AM
 LOWEST     22          1200 PM
 AVERAGE    57

..........................................................


THE HAVRE MT CLIMATE NORMALS FOR TODAY
                         NORMAL    RECORD    YEAR
 MAXIMUM TEMPERATURE (F)   57        82      2003
                                             1940
                                             1927
 MINIMUM TEMPERATURE (F)   29        -7      1905


SUNRISE AND SUNSET
OCTOBER 19 2017.......SUNRISE   746 AM MDT   SUNSET   621 PM MDT
OCTOBER 20 2017.......SUNRISE   747 AM MDT   SUNSET   620 PM MDT


-  INDICATES NEGATIVE NUMBERS.
R  INDICATES RECORD WAS SET OR TIED.
MM INDICATES DATA IS MISSING.
T  INDICATES TRACE AMOUNT.




$$
