000
CDUS45 KTFX 211021
CLIHVR


CLIMATE REPORT
NATIONAL WEATHER SERVICE GREAT FALLS MT
417 AM MDT TUE OCT 21 2014


...................................

...THE HAVRE MT CLIMATE SUMMARY FOR OCTOBER 20 2014...

CLIMATE NORMAL PERIOD 1981 TO 2010
CLIMATE RECORD PERIOD 1880 TO 2014


WEATHER ITEM   OBSERVED TIME   RECORD YEAR NORMAL DEPARTURE LAST
                VALUE   (LST)  VALUE       VALUE  FROM      YEAR
                                                  NORMAL
..................................................................
TEMPERATURE (F)
 YESTERDAY
  MAXIMUM         81R   249 PM  79    1974  57     24       57
                                      1940
  MINIMUM         32    634 AM   5    1905  29      3       41
  AVERAGE         57                        43     14       49

PRECIPITATION (IN)
  YESTERDAY        0.00          0.85 1958   0.02  -0.02      T
  MONTH TO DATE    0.49                      0.41   0.08     0.16
  SINCE OCT 1      0.49                      0.41   0.08     0.16
  SINCE JAN 1     11.65                     10.20   1.45    17.31

SNOWFALL (IN)
  YESTERDAY        0.0           6.2  1908   0.1   -0.1      0.0
  MONTH TO DATE    T                         1.1   -1.1      0.0
  SINCE SEP 1      T                         1.4   -1.4      0.0
  SINCE JUL 1      T                         1.4   -1.4      0.0
  SNOW DEPTH       0

DEGREE DAYS
 HEATING
  YESTERDAY        8                        22    -14       16
  MONTH TO DATE  243                       366   -123      401
  SINCE SEP 1    484                       640   -156      551
  SINCE JUL 1    528                       723   -195      569

 COOLING
  YESTERDAY        0                         0      0        0
  MONTH TO DATE    0                         0      0        0
  SINCE SEP 1     12                        19     -7       70
  SINCE JAN 1    402                       386     16      445
..................................................................


WIND (MPH)
  HIGHEST WIND SPEED    18   HIGHEST WIND DIRECTION    SW (210)
  HIGHEST GUST SPEED    23   HIGHEST GUST DIRECTION    SW (220)
  AVERAGE WIND SPEED     3.6


SKY COVER
  AVERAGE SKY COVER 0.0


WEATHER CONDITIONS
 THE FOLLOWING WEATHER WAS RECORDED YESTERDAY.
  NO SIGNIFICANT WEATHER WAS OBSERVED.


RELATIVE HUMIDITY (PERCENT)
 HIGHEST    96           700 AM
 LOWEST     19           200 PM
 AVERAGE    58

..........................................................


THE HAVRE MT CLIMATE NORMALS FOR TODAY
                         NORMAL    RECORD    YEAR
 MAXIMUM TEMPERATURE (F)   56        83      2003
 MINIMUM TEMPERATURE (F)   29         9      1881


SUNRISE AND SUNSET
OCTOBER 21 2014.......SUNRISE   748 AM MDT   SUNSET   618 PM MDT
OCTOBER 22 2014.......SUNRISE   750 AM MDT   SUNSET   616 PM MDT


-  INDICATES NEGATIVE NUMBERS.
R  INDICATES RECORD WAS SET OR TIED.
MM INDICATES DATA IS MISSING.
T  INDICATES TRACE AMOUNT.




$$
