000
CDUS45 KTFX 272330
CLIHVR


CLIMATE REPORT
NATIONAL WEATHER SERVICE GREAT FALLS MT
430 PM MST MON FEB 27 2017


...................................

...THE HAVRE MT CLIMATE SUMMARY FOR FEBRUARY 27 2017...
VALID TODAY AS OF 0400 PM LOCAL TIME.

CLIMATE NORMAL PERIOD 1981 TO 2010
CLIMATE RECORD PERIOD 1880 TO 2017


WEATHER ITEM   OBSERVED TIME   RECORD YEAR NORMAL DEPARTURE LAST
                VALUE   (LST)  VALUE       VALUE  FROM      YEAR
                                                  NORMAL
..................................................................
TEMPERATURE (F)
 TODAY
  MAXIMUM         27    359 PM  74    1992  37    -10       56
  MINIMUM          8    732 AM -34    1891  14     -6       33
  AVERAGE         18                        26     -8       45

PRECIPITATION (IN)
  TODAY            0.01          0.59 1886   0.01   0.00     0.02
  MONTH TO DATE    0.66                      0.27   0.39     0.05
  SINCE OCT 1      5.34                      2.01   3.33     2.34
  SINCE JAN 1      1.35                      0.60   0.75     0.41

SNOWFALL (IN)
  TODAY           MM             3.4  1958   0.2   MM        0.0
  MONTH TO DATE    8.6                       5.6    3.0       T
  SINCE DEC 1     24.8                      20.1    4.7     10.8
  SINCE JUL 1     30.3                      27.7    2.6     13.8

DEGREE DAYS
 HEATING
  TODAY           47                        39      8       20
  MONTH TO DATE 1076                      1156    -80      803
  SINCE DEC 1   4206                      4036    170     3510
  SINCE JUL 1   5953                      6079   -126     5363

 COOLING
  TODAY            0                         0      0        0
  MONTH TO DATE    0                         0      0        0
  SINCE DEC 1      0                         0      0        0
  SINCE JAN 1      0                         0      0        0
..................................................................


WIND (MPH)
  HIGHEST WIND SPEED    16   HIGHEST WIND DIRECTION     E (90)
  HIGHEST GUST SPEED    18   HIGHEST GUST DIRECTION     E (90)
  AVERAGE WIND SPEED     8.1


SKY COVER
  AVERAGE SKY COVER 0.7


WEATHER CONDITIONS
 THE FOLLOWING WEATHER WAS RECORDED TODAY.
  LIGHT SNOW
  FOG


RELATIVE HUMIDITY (PERCENT)
 HIGHEST    92           400 AM
 LOWEST     55           200 PM
 AVERAGE    74

..........................................................


THE HAVRE MT CLIMATE NORMALS FOR TOMORROW
                         NORMAL    RECORD    YEAR
 MAXIMUM TEMPERATURE (F)   38        68      1992
 MINIMUM TEMPERATURE (F)   14       -30      1962


SUNRISE AND SUNSET
FEBRUARY 27 2017......SUNRISE   704 AM MST   SUNSET   600 PM MST
FEBRUARY 28 2017......SUNRISE   702 AM MST   SUNSET   602 PM MST


-  INDICATES NEGATIVE NUMBERS.
R  INDICATES RECORD WAS SET OR TIED.
MM INDICATES DATA IS MISSING.
T  INDICATES TRACE AMOUNT.




$$
