000
CDUS45 KTFX 250727
CLIHVR


CLIMATE REPORT
NATIONAL WEATHER SERVICE GREAT FALLS MT
1226 AM MST SUN FEB 25 2018


...................................

...THE HAVRE MT CLIMATE SUMMARY FOR FEBRUARY 24 2018...

CLIMATE NORMAL PERIOD 1981 TO 2010
CLIMATE RECORD PERIOD 1880 TO 2018


WEATHER ITEM   OBSERVED TIME   RECORD YEAR NORMAL DEPARTURE LAST
                VALUE   (LST)  VALUE       VALUE  FROM      YEAR
                                                  NORMAL
..................................................................
TEMPERATURE (F)
 YESTERDAY
  MAXIMUM         23    438 PM  73    1995  36    -13       31
  MINIMUM          6   1159 PM -31    2003  13     -7       12
  AVERAGE         15                        24     -9       22

PRECIPITATION (IN)
  YESTERDAY        T             0.32 1911   0.01  -0.01     0.02
  MONTH TO DATE    1.66                      0.24   1.42     0.57
  SINCE OCT 1      5.66                      1.98   3.68     5.25
  SINCE JAN 1      2.14                      0.57   1.57     1.26

SNOWFALL (IN)
  YESTERDAY        T             5.1  1936   0.2   -0.2      1.0
  MONTH TO DATE   31.8                       5.0   26.8      8.1
  SINCE DEC 1     60.8                      19.5   41.3     25.3
  SINCE JUL 1     78.3                      27.1   51.2     30.8
  SNOW DEPTH      26

DEGREE DAYS
 HEATING
  YESTERDAY       50                        40     10       43
  MONTH TO DATE 1580                      1037    543      948
  SINCE DEC 1   4544                      3917    627     4078
  SINCE JUL 1   6602                      5960    642     5825

 COOLING
  YESTERDAY        0                         0      0        0
  MONTH TO DATE    0                         0      0        0
  SINCE DEC 1      0                         0      0        0
  SINCE JAN 1      0                         0      0        0
..................................................................


WIND (MPH)
  HIGHEST WIND SPEED    29   HIGHEST WIND DIRECTION    SW (220)
  HIGHEST GUST SPEED    35   HIGHEST GUST DIRECTION    SW (230)
  AVERAGE WIND SPEED    21.0


SKY COVER
  AVERAGE SKY COVER 0.4


WEATHER CONDITIONS
 THE FOLLOWING WEATHER WAS RECORDED YESTERDAY.
  LIGHT SNOW
  FOG


RELATIVE HUMIDITY (PERCENT)
 HIGHEST    80           400 AM
 LOWEST     70          1200 AM
 AVERAGE    75

..........................................................


THE HAVRE MT CLIMATE NORMALS FOR TODAY
                         NORMAL    RECORD    YEAR
 MAXIMUM TEMPERATURE (F)   37        65      1988
 MINIMUM TEMPERATURE (F)   13       -35      1890


SUNRISE AND SUNSET
FEBRUARY 25 2018......SUNRISE   708 AM MST   SUNSET   557 PM MST
FEBRUARY 26 2018......SUNRISE   706 AM MST   SUNSET   558 PM MST


-  INDICATES NEGATIVE NUMBERS.
R  INDICATES RECORD WAS SET OR TIED.
MM INDICATES DATA IS MISSING.
T  INDICATES TRACE AMOUNT.




$$
