000
CDUS43 KUNR 180832
CLIICR


CLIMATE REPORT
NATIONAL WEATHER SERVICE RAPID CITY SD
132 AM MST MON DEC 18 2017


...................................

...THE WINNER REGIONAL AIRPORT SD CLIMATE SUMMARY FOR DECEMBER 17 2017...

CLIMATE NORMAL PERIOD 1981 TO 2010
CLIMATE RECORD PERIOD 9999 TO 9999


WEATHER ITEM   OBSERVED TIME   NORMAL DEPARTURE LAST
                VALUE   (LST)  VALUE  FROM      YEAR
                                      NORMAL
......................................................
TEMPERATURE (F)
 YESTERDAY
  MAXIMUM         43    351 PM  34      9        2
  MINIMUM         28    214 AM  15     13      -17
  AVERAGE         36            24     12       -7

PRECIPITATION (IN)
  YESTERDAY        T             0.01  -0.01      T
  MONTH TO DATE    0.12          0.23  -0.11     0.09
  SINCE DEC 1      0.12          0.23  -0.11     0.09
  SINCE JAN 1     19.34         21.48  -2.14    18.56

DEGREE DAYS
 HEATING
  YESTERDAY       29            41    -12       72
  MONTH TO DATE  466           665   -199      832
  SINCE DEC 1    466           665   -199      832
  SINCE JUL 1   1690          2136   -446     1702

 COOLING
  YESTERDAY        0             0      0        0
  MONTH TO DATE    0             0      0        0
  SINCE DEC 1      0             0      0        0
  SINCE JAN 1   1113           916    197     1193
......................................................


WIND (MPH)
  HIGHEST WIND SPEED    20   HIGHEST WIND DIRECTION     S (200)
  HIGHEST GUST SPEED    26   HIGHEST GUST DIRECTION    SW (210)
  AVERAGE WIND SPEED     6.1


SKY COVER
  AVERAGE SKY COVER 0.8


WEATHER CONDITIONS
 THE FOLLOWING WEATHER WAS RECORDED YESTERDAY.
  FOG


RELATIVE HUMIDITY (PERCENT)
 HIGHEST    92           200 AM
 LOWEST     62           200 PM
 AVERAGE    77

..........................................................




SUNRISE AND SUNSET
DECEMBER 18 2017......SUNRISE   807 AM CST   SUNSET   505 PM CST
DECEMBER 19 2017......SUNRISE   808 AM CST   SUNSET   506 PM CST


-  INDICATES NEGATIVE NUMBERS.
R  INDICATES RECORD WAS SET OR TIED.
MM INDICATES DATA IS MISSING.
T  INDICATES TRACE AMOUNT.




$$
