370
CDUS43 KUNR 280833
CLIICR


CLIMATE REPORT
NATIONAL WEATHER SERVICE RAPID CITY SD
232 AM MDT WED JUN 28 2017


...................................

...THE WINNER REGIONAL AIRPORT SD CLIMATE SUMMARY FOR JUNE 27 2017...

CLIMATE NORMAL PERIOD 1981 TO 2010
CLIMATE RECORD PERIOD 9999 TO 9999


WEATHER ITEM   OBSERVED TIME   NORMAL DEPARTURE LAST
                VALUE   (LST)  VALUE  FROM      YEAR
                                      NORMAL
......................................................
TEMPERATURE (F)
 YESTERDAY
  MAXIMUM         92    444 PM  84      8       87
  MINIMUM         58    533 AM  60     -2       58
  AVERAGE         75            72      3       73

PRECIPITATION (IN)
  YESTERDAY        0.00          0.09  -0.09      T
  MONTH TO DATE    0.22          3.43  -3.21     0.76
  SINCE JUN 1      0.22          3.43  -3.21     0.76
  SINCE JAN 1      7.31         11.50  -4.19    10.11

DEGREE DAYS
 HEATING
  YESTERDAY        0             1     -1        0
  MONTH TO DATE    8            54    -46        3
  SINCE JUN 1      8            54    -46        3
  SINCE JUL 1   5553          6699  -1146     5573

 COOLING
  YESTERDAY       10             7      3        8
  MONTH TO DATE  205           120     85      261
  SINCE JUN 1    205           120     85      261
  SINCE JAN 1    233           150     83      308
......................................................


WIND (MPH)
  HIGHEST WIND SPEED    33   HIGHEST WIND DIRECTION     S (170)
  HIGHEST GUST SPEED    44   HIGHEST GUST DIRECTION     S (170)
  AVERAGE WIND SPEED    20.7


SKY COVER
  AVERAGE SKY COVER 0.0


WEATHER CONDITIONS
 THE FOLLOWING WEATHER WAS RECORDED YESTERDAY.
  NO SIGNIFICANT WEATHER WAS OBSERVED.


RELATIVE HUMIDITY (PERCENT)
 HIGHEST    75           600 AM
 LOWEST     36           100 PM
 AVERAGE    56

..........................................................




SUNRISE AND SUNSET
JUNE 28 2017..........SUNRISE   601 AM CDT   SUNSET   924 PM CDT
JUNE 29 2017..........SUNRISE   602 AM CDT   SUNSET   924 PM CDT


-  INDICATES NEGATIVE NUMBERS.
R  INDICATES RECORD WAS SET OR TIED.
MM INDICATES DATA IS MISSING.
T  INDICATES TRACE AMOUNT.




$$
