000
CDUS43 KUNR 100934
CLIICR


CLIMATE REPORT
NATIONAL WEATHER SERVICE RAPID CITY SD
233 AM MST WED FEB 10 2016


...................................

...THE WINNER REGIONAL AIRPORT SD CLIMATE SUMMARY FOR FEBRUARY 9 2016...

CLIMATE NORMAL PERIOD 1981 TO 2010
CLIMATE RECORD PERIOD 9999 TO 9999


WEATHER ITEM   OBSERVED TIME   NORMAL DEPARTURE LAST
                VALUE   (LST)  VALUE  FROM      YEAR
                                      NORMAL
......................................................
TEMPERATURE (F)
 YESTERDAY
  MAXIMUM         37   1154 PM  36      1       39
  MINIMUM         23    900 AM  16      7       25
  AVERAGE         30            26      4       32

PRECIPITATION (IN)
  YESTERDAY        0.00          0.02  -0.02      T
  MONTH TO DATE    0.01          0.16  -0.15     0.01
  SINCE DEC 1      1.53          0.75   0.78     0.29
  SINCE JAN 1      0.08          0.41  -0.33     0.09

DEGREE DAYS
 HEATING
  YESTERDAY       35            39     -4       33
  MONTH TO DATE  312           356    -44      328
  SINCE DEC 1   2687          2840   -153     2517
  SINCE JUL 1   3782          4311   -529     3973

 COOLING
  YESTERDAY        0             0      0        0
  MONTH TO DATE    0             0      0        0
  SINCE DEC 1      0             0      0        0
  SINCE JAN 1      0             0      0        0
......................................................


WIND (MPH)
  HIGHEST WIND SPEED    16   HIGHEST WIND DIRECTION     N (10)
  HIGHEST GUST SPEED    19   HIGHEST GUST DIRECTION     N (340)
  AVERAGE WIND SPEED     7.3


SKY COVER
  AVERAGE SKY COVER 0.9


WEATHER CONDITIONS
 THE FOLLOWING WEATHER WAS RECORDED YESTERDAY.
  NO SIGNIFICANT WEATHER WAS OBSERVED.


RELATIVE HUMIDITY (PERCENT)
 HIGHEST    74           200 AM
 LOWEST     39           100 PM
 AVERAGE    57

..........................................................




SUNRISE AND SUNSET
FEBRUARY 10 2016......SUNRISE   745 AM CST   SUNSET   603 PM CST
FEBRUARY 11 2016......SUNRISE   744 AM CST   SUNSET   604 PM CST


-  INDICATES NEGATIVE NUMBERS.
R  INDICATES RECORD WAS SET OR TIED.
MM INDICATES DATA IS MISSING.
T  INDICATES TRACE AMOUNT.




$$
