000
CDUS43 KUNR 040903
CLIICR


CLIMATE REPORT
NATIONAL WEATHER SERVICE RAPID CITY SD
303 AM MDT SAT JUL 4 2015


...................................

...THE WINNER REGIONAL AIRPORT SD CLIMATE SUMMARY FOR JULY 3 2015...

CLIMATE NORMAL PERIOD 1981 TO 2010
CLIMATE RECORD PERIOD 9999 TO 9999


WEATHER ITEM   OBSERVED TIME   NORMAL DEPARTURE LAST
                VALUE   (LST)  VALUE  FROM      YEAR
                                      NORMAL
......................................................
TEMPERATURE (F)
 YESTERDAY
  MAXIMUM         86    531 PM  86      0       86
  MINIMUM         60    541 AM  61     -1       55
  AVERAGE         73            74     -1       71

PRECIPITATION (IN)
  YESTERDAY        T             0.12  -0.12     0.00
  MONTH TO DATE    0.01          0.37  -0.36     0.03
  SINCE JUN 1      4.03          4.02   0.01     4.19
  SINCE JAN 1      7.70         12.09  -4.39     8.98

DEGREE DAYS
 HEATING
  YESTERDAY        0             0      0        0
  MONTH TO DATE    0             0      0        7
  SINCE JUN 1      3            54    -51       44
  SINCE JUL 1      0             0      0        7

 COOLING
  YESTERDAY        8             9     -1        6
  MONTH TO DATE   26            26      0        6
  SINCE JUN 1    244           171     73      123
  SINCE JAN 1    279           201     78      204
......................................................


WIND (MPH)
  HIGHEST WIND SPEED    15   HIGHEST WIND DIRECTION     S (170)
  HIGHEST GUST SPEED    18   HIGHEST GUST DIRECTION     S (160)
  AVERAGE WIND SPEED     5.4


SKY COVER
  AVERAGE SKY COVER 0.2


WEATHER CONDITIONS
 THE FOLLOWING WEATHER WAS RECORDED YESTERDAY.
  LIGHT RAIN
  FOG
  FOG W/VISIBILITY <= 1/4 MILE


RELATIVE HUMIDITY (PERCENT)
 HIGHEST    93           300 AM
 LOWEST     30           400 PM
 AVERAGE    62

..........................................................




SUNRISE AND SUNSET
JULY  4 2015..........SUNRISE   604 AM CDT   SUNSET   923 PM CDT
JULY  5 2015..........SUNRISE   605 AM CDT   SUNSET   923 PM CDT


-  INDICATES NEGATIVE NUMBERS.
R  INDICATES RECORD WAS SET OR TIED.
MM INDICATES DATA IS MISSING.
T  INDICATES TRACE AMOUNT.




$$
