000
CDUS43 KUNR 240831
CLIICR


CLIMATE REPORT
NATIONAL WEATHER SERVICE RAPID CITY SD
231 AM MDT WED AUG 24 2016


...................................

...THE WINNER REGIONAL AIRPORT SD CLIMATE SUMMARY FOR AUGUST 23 2016...

CLIMATE NORMAL PERIOD 1981 TO 2010
CLIMATE RECORD PERIOD 9999 TO 9999


WEATHER ITEM   OBSERVED TIME   NORMAL DEPARTURE LAST
                VALUE   (LST)  VALUE  FROM      YEAR
                                      NORMAL
......................................................
TEMPERATURE (F)
 YESTERDAY
  MAXIMUM         89    106 PM  86      3       73
  MINIMUM         61   1159 PM  61      0       50
  AVERAGE         75            73      2       62

PRECIPITATION (IN)
  YESTERDAY        0.00          0.06  -0.06     0.00
  MONTH TO DATE    1.97          1.88   0.09     2.49
  SINCE JUN 1      5.49          8.49  -3.00     8.53
  SINCE JAN 1     14.84         16.56  -1.72    12.20

DEGREE DAYS
 HEATING
  YESTERDAY        0             0      0        3
  MONTH TO DATE    1             0      1       12
  SINCE JUN 1      5            59    -54       15
  SINCE JUL 1      2             5     -3       12

 COOLING
  YESTERDAY       10             9      1        0
  MONTH TO DATE  260           239     21      235
  SINCE JUN 1    932           715    217      828
  SINCE JAN 1    979           745    234      863
......................................................


WIND (MPH)
  HIGHEST WIND SPEED    29   HIGHEST WIND DIRECTION     S (190)
  HIGHEST GUST SPEED    41   HIGHEST GUST DIRECTION     S (190)
  AVERAGE WIND SPEED    15.2


SKY COVER
  AVERAGE SKY COVER 0.0


WEATHER CONDITIONS
 THE FOLLOWING WEATHER WAS RECORDED YESTERDAY.
  NO SIGNIFICANT WEATHER WAS OBSERVED.


RELATIVE HUMIDITY (PERCENT)
 HIGHEST    68           700 AM
 LOWEST     29           200 PM
 AVERAGE    49

..........................................................




SUNRISE AND SUNSET
AUGUST 24 2016........SUNRISE   655 AM CDT   SUNSET   827 PM CDT
AUGUST 25 2016........SUNRISE   656 AM CDT   SUNSET   826 PM CDT


-  INDICATES NEGATIVE NUMBERS.
R  INDICATES RECORD WAS SET OR TIED.
MM INDICATES DATA IS MISSING.
T  INDICATES TRACE AMOUNT.




$$
