000
CDUS43 KUNR 270854
CLIICR


CLIMATE REPORT
NATIONAL WEATHER SERVICE RAPID CITY SD
247 AM MDT MON MAR 27 2017


...................................

...THE WINNER REGIONAL AIRPORT SD CLIMATE SUMMARY FOR MARCH 26 2017...

CLIMATE NORMAL PERIOD 1981 TO 2010
CLIMATE RECORD PERIOD 9999 TO 9999


WEATHER ITEM   OBSERVED TIME   NORMAL DEPARTURE LAST
                VALUE   (LST)  VALUE  FROM      YEAR
                                      NORMAL
......................................................
TEMPERATURE (F)
 YESTERDAY
  MAXIMUM         50    542 PM  52     -2       32
  MINIMUM         36   1152 PM  29      7       23
  AVERAGE         43            40      3       28

PRECIPITATION (IN)
  YESTERDAY        0.00          0.07  -0.07     0.04
  MONTH TO DATE    0.07          0.97  -0.90     0.37
  SINCE MAR 1      0.07          0.97  -0.90     0.37
  SINCE JAN 1      1.71          1.73  -0.02     0.76

DEGREE DAYS
 HEATING
  YESTERDAY       22            25     -3       37
  MONTH TO DATE  646           758   -112      540
  SINCE MAR 1    646           758   -112      540
  SINCE JUL 1   4798          5767   -969     4833

 COOLING
  YESTERDAY        0             0      0        0
  MONTH TO DATE    0             0      0        1
  SINCE MAR 1      0             0      0        1
  SINCE JAN 1      0             0      0        1
......................................................


WIND (MPH)
  HIGHEST WIND SPEED    14   HIGHEST WIND DIRECTION     S (160)
  HIGHEST GUST SPEED    17   HIGHEST GUST DIRECTION     S (160)
  AVERAGE WIND SPEED     5.2


SKY COVER
  AVERAGE SKY COVER 0.8


WEATHER CONDITIONS
 THE FOLLOWING WEATHER WAS RECORDED YESTERDAY.
  FOG


RELATIVE HUMIDITY (PERCENT)
 HIGHEST   100           800 AM
 LOWEST     66           300 PM
 AVERAGE    83

..........................................................




SUNRISE AND SUNSET
MARCH 27 2017.........SUNRISE   730 AM CDT   SUNSET   800 PM CDT
MARCH 28 2017.........SUNRISE   728 AM CDT   SUNSET   802 PM CDT


-  INDICATES NEGATIVE NUMBERS.
R  INDICATES RECORD WAS SET OR TIED.
MM INDICATES DATA IS MISSING.
T  INDICATES TRACE AMOUNT.




$$
