000
CDUS43 KUNR 050832
CLIICR


CLIMATE REPORT
NATIONAL WEATHER SERVICE RAPID CITY SD
231 AM MDT WED AUG 5 2015


...................................

...THE WINNER REGIONAL AIRPORT SD CLIMATE SUMMARY FOR AUGUST 4 2015...

CLIMATE NORMAL PERIOD 1981 TO 2010
CLIMATE RECORD PERIOD 9999 TO 9999


WEATHER ITEM   OBSERVED TIME   NORMAL DEPARTURE LAST
                VALUE   (LST)  VALUE  FROM      YEAR
                                      NORMAL
......................................................
TEMPERATURE (F)
 YESTERDAY
  MAXIMUM         85    349 PM  89     -4       82
  MINIMUM         64    535 AM  64      0       67
  AVERAGE         75            76     -1       75

PRECIPITATION (IN)
  YESTERDAY        0.48          0.08   0.40      T
  MONTH TO DATE    0.50          0.31   0.19     0.16
  SINCE JUN 1      6.54          6.92  -0.38     4.57
  SINCE JAN 1     10.21         14.99  -4.78     9.36

DEGREE DAYS
 HEATING
  YESTERDAY        0             0      0        0
  MONTH TO DATE    0             0      0        0
  SINCE JUN 1      3            59    -56       49
  SINCE JUL 1      0             5     -5       12

 COOLING
  YESTERDAY       10            11     -1       10
  MONTH TO DATE   48            46      2       48
  SINCE JUN 1    641           522    119      451
  SINCE JAN 1    676           552    124      532
......................................................


WIND (MPH)
  HIGHEST WIND SPEED    23   HIGHEST WIND DIRECTION     S (170)
  HIGHEST GUST SPEED    29   HIGHEST GUST DIRECTION     S (170)
  AVERAGE WIND SPEED     9.7


SKY COVER
  AVERAGE SKY COVER 0.3


WEATHER CONDITIONS
 THE FOLLOWING WEATHER WAS RECORDED YESTERDAY.
  THUNDERSTORM
  RAIN
  LIGHT RAIN
  FOG


RELATIVE HUMIDITY (PERCENT)
 HIGHEST    87           300 AM
 LOWEST     48           300 PM
 AVERAGE    68

..........................................................




SUNRISE AND SUNSET
AUGUST  5 2015........SUNRISE   633 AM CDT   SUNSET   857 PM CDT
AUGUST  6 2015........SUNRISE   634 AM CDT   SUNSET   855 PM CDT


-  INDICATES NEGATIVE NUMBERS.
R  INDICATES RECORD WAS SET OR TIED.
MM INDICATES DATA IS MISSING.
T  INDICATES TRACE AMOUNT.




$$
