515
CDUS43 KUNR 270831
CLIICR


CLIMATE REPORT
NATIONAL WEATHER SERVICE RAPID CITY SD
231 AM MDT TUE SEP 27 2016


...................................

...THE WINNER REGIONAL AIRPORT SD CLIMATE SUMMARY FOR SEPTEMBER 26 2016...

CLIMATE NORMAL PERIOD 1981 TO 2010
CLIMATE RECORD PERIOD 9999 TO 9999


WEATHER ITEM   OBSERVED TIME   NORMAL DEPARTURE LAST
                VALUE   (LST)  VALUE  FROM      YEAR
                                      NORMAL
......................................................
TEMPERATURE (F)
 YESTERDAY
  MAXIMUM         77    344 PM  72      5       81
  MINIMUM         46    651 AM  46      0       60
  AVERAGE         62            59      3       71

PRECIPITATION (IN)
  YESTERDAY        0.00          0.06  -0.06     0.00
  MONTH TO DATE    2.03          1.75   0.28     1.11
  SINCE SEP 1      2.03          1.75   0.28     1.11
  SINCE JAN 1     16.89         18.75  -1.86    13.91

DEGREE DAYS
 HEATING
  YESTERDAY        3             7     -4        0
  MONTH TO DATE   47            97    -50       24
  SINCE SEP 1     47            97    -50       24
  SINCE JUL 1     55           111    -56       38

 COOLING
  YESTERDAY        0             1     -1        6
  MONTH TO DATE  116            97     19      181
  SINCE SEP 1    116            97     19      181
  SINCE JAN 1   1160           903    257     1121
......................................................


WIND (MPH)
  HIGHEST WIND SPEED    23   HIGHEST WIND DIRECTION    NW (330)
  HIGHEST GUST SPEED    29   HIGHEST GUST DIRECTION    NW (330)
  AVERAGE WIND SPEED     8.4


SKY COVER
  AVERAGE SKY COVER 0.0


WEATHER CONDITIONS
 THE FOLLOWING WEATHER WAS RECORDED YESTERDAY.
  NO SIGNIFICANT WEATHER WAS OBSERVED.


RELATIVE HUMIDITY (PERCENT)
 HIGHEST    71          1000 PM
 LOWEST     25           300 PM
 AVERAGE    48

..........................................................




SUNRISE AND SUNSET
SEPTEMBER 27 2016.....SUNRISE   733 AM CDT   SUNSET   727 PM CDT
SEPTEMBER 28 2016.....SUNRISE   734 AM CDT   SUNSET   725 PM CDT


-  INDICATES NEGATIVE NUMBERS.
R  INDICATES RECORD WAS SET OR TIED.
MM INDICATES DATA IS MISSING.
T  INDICATES TRACE AMOUNT.




$$
