000
CDUS43 KUNR 240833
CLIICR


CLIMATE REPORT
NATIONAL WEATHER SERVICE RAPID CITY SD
232 AM MDT THU APR 24 2014


...................................

...THE WINNER REGIONAL AIRPORT SD CLIMATE SUMMARY FOR APRIL 23 2014...

CLIMATE NORMAL PERIOD 1981 TO 2010
CLIMATE RECORD PERIOD 9999 TO 9999


WEATHER ITEM   OBSERVED TIME   NORMAL DEPARTURE LAST
                VALUE   (LST)  VALUE  FROM      YEAR
                                      NORMAL
......................................................
TEMPERATURE (F)
 YESTERDAY
  MAXIMUM         79    348 PM  62     17       39
  MINIMUM         53   1159 PM  39     14       13
  AVERAGE         66            50     16       26

PRECIPITATION (IN)
  YESTERDAY        0.00          0.09  -0.09     0.00
  MONTH TO DATE    0.15          1.74  -1.59     0.85
  SINCE MAR 1      0.19          3.12  -2.93     1.45
  SINCE JAN 1      0.27          3.88  -3.61     1.45

DEGREE DAYS
 HEATING
  YESTERDAY        0            15    -15       39
  MONTH TO DATE  387           426    -39      667
  SINCE MAR 1   1337          1302     35     1679
  SINCE JUL 1   6670          6311    359     6342

 COOLING
  YESTERDAY        1             0      1        0
  MONTH TO DATE    3             0      3        0
  SINCE MAR 1      3             0      3        0
  SINCE JAN 1      3             0      3        0
......................................................


WIND (MPH)
  HIGHEST WIND SPEED    37   HIGHEST WIND DIRECTION    NW (330)
  HIGHEST GUST SPEED    47   HIGHEST GUST DIRECTION    NW (330)
  AVERAGE WIND SPEED    17.8


SKY COVER
  AVERAGE SKY COVER 0.3


WEATHER CONDITIONS
 THE FOLLOWING WEATHER WAS RECORDED YESTERDAY.
  NO SIGNIFICANT WEATHER WAS OBSERVED.


RELATIVE HUMIDITY (PERCENT)
 HIGHEST    55           800 PM
 LOWEST     27           600 PM
 AVERAGE    41

..........................................................




SUNRISE AND SUNSET
APRIL 24 2014.........SUNRISE   643 AM CDT   SUNSET   833 PM CDT
APRIL 25 2014.........SUNRISE   641 AM CDT   SUNSET   834 PM CDT


-  INDICATES NEGATIVE NUMBERS.
R  INDICATES RECORD WAS SET OR TIED.
MM INDICATES DATA IS MISSING.
T  INDICATES TRACE AMOUNT.




$$
