000
CDUS43 KUNR 150841
CLIICR


CLIMATE REPORT
NATIONAL WEATHER SERVICE RAPID CITY SD
238 AM MDT MON SEP 15 2014


...................................

...THE WINNER REGIONAL AIRPORT SD CLIMATE SUMMARY FOR SEPTEMBER 14 2014...

CLIMATE NORMAL PERIOD 1981 TO 2010
CLIMATE RECORD PERIOD 9999 TO 9999


WEATHER ITEM   OBSERVED TIME   NORMAL DEPARTURE LAST
                VALUE   (LST)  VALUE  FROM      YEAR
                                      NORMAL
......................................................
TEMPERATURE (F)
 YESTERDAY
  MAXIMUM         62    214 PM  78    -16       85
  MINIMUM         39    707 AM  52    -13       63
  AVERAGE         51            65    -14       74

PRECIPITATION (IN)
  YESTERDAY        0.00          0.07  -0.07     0.04
  MONTH TO DATE    0.83          0.92  -0.09     0.31
  SINCE SEP 1      0.83          0.92  -0.09     0.31
  SINCE JAN 1     13.90         17.92  -4.02    16.30

DEGREE DAYS
 HEATING
  YESTERDAY       14             4     10        0
  MONTH TO DATE   89            34     55        0
  SINCE SEP 1     89            34     55        0
  SINCE JUL 1    102            48     54        7

 COOLING
  YESTERDAY        0             3     -3        9
  MONTH TO DATE   46            72    -26      160
  SINCE SEP 1     46            72    -26      160
  SINCE JAN 1    776           878   -102      951
......................................................


WIND (MPH)
  HIGHEST WIND SPEED    18   HIGHEST WIND DIRECTION    NE (50)
  HIGHEST GUST SPEED    22   HIGHEST GUST DIRECTION    NE (50)
  AVERAGE WIND SPEED     6.6


SKY COVER
  AVERAGE SKY COVER 0.6


WEATHER CONDITIONS
 THE FOLLOWING WEATHER WAS RECORDED YESTERDAY.
  HAZE


RELATIVE HUMIDITY (PERCENT)
 HIGHEST    86           500 AM
 LOWEST     51          1100 AM
 AVERAGE    69

..........................................................




SUNRISE AND SUNSET
SEPTEMBER 15 2014.....SUNRISE   719 AM CDT   SUNSET   749 PM CDT
SEPTEMBER 16 2014.....SUNRISE   720 AM CDT   SUNSET   748 PM CDT


-  INDICATES NEGATIVE NUMBERS.
R  INDICATES RECORD WAS SET OR TIED.
MM INDICATES DATA IS MISSING.
T  INDICATES TRACE AMOUNT.




$$
