000
CDUS43 KUNR 030842
CLIICR


CLIMATE REPORT
NATIONAL WEATHER SERVICE RAPID CITY SD
138 AM MST TUE MAR 3 2015


...................................

...THE WINNER REGIONAL AIRPORT SD CLIMATE SUMMARY FOR MARCH 2 2015...

CLIMATE NORMAL PERIOD 1981 TO 2010
CLIMATE RECORD PERIOD 9999 TO 9999


WEATHER ITEM   OBSERVED TIME   NORMAL DEPARTURE LAST
                VALUE   (LST)  VALUE  FROM      YEAR
                                      NORMAL
......................................................
TEMPERATURE (F)
 YESTERDAY
  MAXIMUM         45    247 PM  42      3        1
  MINIMUM         13    351 AM  21     -8      -16
  AVERAGE         29            32     -3       -7

PRECIPITATION (IN)
  YESTERDAY        0.00          0.01  -0.01     0.00
  MONTH TO DATE    T             0.02  -0.02     0.01
  SINCE MAR 1      T             0.02  -0.02     0.01
  SINCE JAN 1      0.09          0.78  -0.69     0.09

DEGREE DAYS
 HEATING
  YESTERDAY       36            33      3       72
  MONTH TO DATE   76            67      9      139
  SINCE MAR 1     76            67      9      139
  SINCE JUL 1   4836          5076   -240     5472

 COOLING
  YESTERDAY        0             0      0        0
  MONTH TO DATE    0             0      0        0
  SINCE MAR 1      0             0      0        0
  SINCE JAN 1      0             0      0        0
......................................................


WIND (MPH)
  HIGHEST WIND SPEED    37   HIGHEST WIND DIRECTION     S (180)
  HIGHEST GUST SPEED    46   HIGHEST GUST DIRECTION     S (180)
  AVERAGE WIND SPEED    17.3


SKY COVER
  AVERAGE SKY COVER 0.4


WEATHER CONDITIONS
 THE FOLLOWING WEATHER WAS RECORDED YESTERDAY.
  NO SIGNIFICANT WEATHER WAS OBSERVED.


RELATIVE HUMIDITY (PERCENT)
 HIGHEST    67           300 AM
 LOWEST     25           300 PM
 AVERAGE    46

..........................................................




SUNRISE AND SUNSET
MARCH  3 2015.........SUNRISE   713 AM CST   SUNSET   631 PM CST
MARCH  4 2015.........SUNRISE   711 AM CST   SUNSET   632 PM CST


-  INDICATES NEGATIVE NUMBERS.
R  INDICATES RECORD WAS SET OR TIED.
MM INDICATES DATA IS MISSING.
T  INDICATES TRACE AMOUNT.




$$
