000
CDUS43 KICT 030638
CLIICT


CLIMATE REPORT
NATIONAL WEATHER SERVICE WICHITA KS
138 AM CDT FRI JUL 3 2015


...................................

...THE WICHITA EISENHOWER NATIONAL CLIMATE SUMMARY FOR JULY 2 2015...

CLIMATE NORMAL PERIOD 1981 TO 2010
CLIMATE RECORD PERIOD 1888 TO 2015


WEATHER ITEM   OBSERVED TIME   RECORD YEAR NORMAL DEPARTURE LAST
                VALUE   (LST)  VALUE       VALUE  FROM      YEAR
                                                  NORMAL
..................................................................
TEMPERATURE (F)
 YESTERDAY
  MAXIMUM         81    954 AM 108    1990  91    -10       80
  MINIMUM         69   1159 PM  54    1959  69      0       62
                                      1924
  AVERAGE         75                        80     -5       71

PRECIPITATION (IN)
  YESTERDAY        0.17          2.04 1989   0.13   0.04     0.00
  MONTH TO DATE    0.17                      0.25  -0.08     1.12
  SINCE JUN 1      2.37                      5.45  -3.08    11.58
  SINCE JAN 1     18.81                     17.31   1.50    17.65

SNOWFALL (IN)
  YESTERDAY        0.0           0.0  2007   0.0    0.0      0.0
  MONTH TO DATE    0.0                       0.0    0.0      0.0
  SINCE JUN 1      0.0                       0.0    0.0      0.0
  SINCE JUL 1      0.0                       0.0    0.0      0.0
  SNOW DEPTH       0

DEGREE DAYS
 HEATING
  YESTERDAY        0                         0      0        0
  MONTH TO DATE    0                         0      0        0
  SINCE JUN 1      0                         6     -6        0
  SINCE JUL 1      0                         0      0        0

 COOLING
  YESTERDAY       10                        15     -5        6
  MONTH TO DATE   31                        30      1       17
  SINCE JUN 1    490                       359    131      359
  SINCE JAN 1    603                       495    108      626
..................................................................


WIND (MPH)
  HIGHEST WIND SPEED    18   HIGHEST WIND DIRECTION    NE (60)
  HIGHEST GUST SPEED    23   HIGHEST GUST DIRECTION    NE (60)
  AVERAGE WIND SPEED     6.0


SKY COVER
  POSSIBLE SUNSHINE  MM
  AVERAGE SKY COVER 0.7


WEATHER CONDITIONS
 THE FOLLOWING WEATHER WAS RECORDED YESTERDAY.
  RAIN
  LIGHT RAIN
  FOG


RELATIVE HUMIDITY (PERCENT)
 HIGHEST    88           100 PM
 LOWEST     67          1200 AM
 AVERAGE    78

..........................................................


THE WICHITA EISENHOWER NATIONAL CLIMATE NORMALS FOR TODAY
                         NORMAL    RECORD    YEAR
 MAXIMUM TEMPERATURE (F)   92       108      1990
 MINIMUM TEMPERATURE (F)   69        53      1924


SUNRISE AND SUNSET
JULY  3 2015..........SUNRISE   613 AM CDT   SUNSET   855 PM CDT
JULY  4 2015..........SUNRISE   613 AM CDT   SUNSET   855 PM CDT


-  INDICATES NEGATIVE NUMBERS.
R  INDICATES RECORD WAS SET OR TIED.
MM INDICATES DATA IS MISSING.
T  INDICATES TRACE AMOUNT.




$$
