000
CDUS45 KPIH 282321
CLIIDA


CLIMATE REPORT
NATIONAL WEATHER SERVICE POCATELLO ID
420 PM MST SAT FEB 28 2015


...................................

...THE IDAHO FALLS ID CLIMATE SUMMARY FOR FEBRUARY 28 2015...
VALID TODAY AS OF 0400 PM LOCAL TIME.

CLIMATE NORMAL PERIOD 1981 TO 2010
CLIMATE RECORD PERIOD 1948 TO 2015


WEATHER ITEM   OBSERVED TIME   RECORD YEAR NORMAL DEPARTURE LAST
                VALUE   (LST)  VALUE       VALUE  FROM      YEAR
                                                  NORMAL
..................................................................
TEMPERATURE (F)
 TODAY
  MAXIMUM         44    324 PM  59    1992  39      5       53
  MINIMUM         19    750 AM -20    1960  19      0       35
  AVERAGE         32                        29      3       44

PRECIPITATION (IN)
  TODAY            0.00          0.28 2006   0.03  -0.03     0.04
                                      1980
  MONTH TO DATE    0.17                      0.66  -0.49     0.38
  SINCE OCT 1      1.91                      3.92  -2.01     2.19
  SINCE JAN 1      0.45                      1.35  -0.90     0.89

SNOWFALL (IN)
  TODAY           MM
  MONTH TO DATE   MM
  SINCE DEC 1     MM
  SINCE JUL 1     MM
  SNOW DEPTH      MM

DEGREE DAYS
 HEATING
  TODAY           33                        36     -3       21
  MONTH TO DATE  782                      1140   -358      981
  SINCE DEC 1   3129                      3899   -770     3793
  SINCE JUL 1   4818                      5802   -984     5517

 COOLING
  TODAY            0                         0      0        0
  MONTH TO DATE    0                         0      0        0
  SINCE DEC 1      0                         0      0        0
  SINCE JAN 1      0                         0      0        0
..................................................................


WIND (MPH)
  HIGHEST WIND SPEED    21   HIGHEST WIND DIRECTION    NE (30)
  HIGHEST GUST SPEED    26   HIGHEST GUST DIRECTION    NE (30)
  AVERAGE WIND SPEED    13.2


SKY COVER
  POSSIBLE SUNSHINE  MM
  AVERAGE SKY COVER 0.0


WEATHER CONDITIONS
 THE FOLLOWING WEATHER WAS RECORDED TODAY.
  NO SIGNIFICANT WEATHER WAS OBSERVED.


RELATIVE HUMIDITY (PERCENT)
 HIGHEST    88          1200 AM
 LOWEST     22           300 PM
 AVERAGE    55

..........................................................


THE IDAHO FALLS ID CLIMATE NORMALS FOR TOMORROW
                         NORMAL    RECORD    YEAR
 MAXIMUM TEMPERATURE (F)   40        62      1992
 MINIMUM TEMPERATURE (F)   20       -15      1960


SUNRISE AND SUNSET
FEBRUARY 28 2015......SUNRISE   707 AM MST   SUNSET   616 PM MST
MARCH  1 2015.........SUNRISE   705 AM MST   SUNSET   617 PM MST


-  INDICATES NEGATIVE NUMBERS.
R  INDICATES RECORD WAS SET OR TIED.
MM INDICATES DATA IS MISSING.
T  INDICATES TRACE AMOUNT.




$$
