000
CDUS45 KPIH 290730
CLIIDA


CLIMATE REPORT
NATIONAL WEATHER SERVICE POCATELLO ID
129 AM MDT FRI MAY 29 2015


...................................

...THE IDAHO FALLS ID CLIMATE SUMMARY FOR MAY 28 2015...

CLIMATE NORMAL PERIOD 1981 TO 2010
CLIMATE RECORD PERIOD 1948 TO 2015


WEATHER ITEM   OBSERVED TIME   RECORD YEAR NORMAL DEPARTURE LAST
                VALUE   (LST)  VALUE       VALUE  FROM      YEAR
                                                  NORMAL
..................................................................
TEMPERATURE (F)
 YESTERDAY
  MAXIMUM         65    443 PM  94    2003  70     -5       83
  MINIMUM         47   1159 PM  30    1991  42      5       44
  AVERAGE         56                        56      0       64

PRECIPITATION (IN)
  YESTERDAY        0.26          0.57 1982   0.05   0.21     0.00
  MONTH TO DATE    4.02                      1.35   2.67     0.17
  SINCE OCT 1      6.41                      7.27  -0.86     4.73
  SINCE JAN 1      4.95                      4.70   0.25     3.43

SNOWFALL (IN)
  YESTERDAY       MM
  MONTH TO DATE   MM
  SINCE MAR 1     MM
  SINCE JUL 1     MM
  SNOW DEPTH      MM

DEGREE DAYS
 HEATING
  YESTERDAY        9                         9      0        1
  MONTH TO DATE  294                       352    -58      283
  SINCE MAR 1   1561                      1863   -302     1675
  SINCE JUL 1   6379                      7665  -1286     7192

 COOLING
  YESTERDAY        0                         0      0        0
  MONTH TO DATE    0                         0      0        1
  SINCE MAR 1      0                         0      0        1
  SINCE JAN 1      0                         0      0        1
..................................................................


WIND (MPH)
  HIGHEST WIND SPEED    13   HIGHEST WIND DIRECTION     N (10)
  HIGHEST GUST SPEED    15   HIGHEST GUST DIRECTION     N (10)
  AVERAGE WIND SPEED     4.3


SKY COVER
  POSSIBLE SUNSHINE  MM
  AVERAGE SKY COVER 0.7


WEATHER CONDITIONS
 THE FOLLOWING WEATHER WAS RECORDED YESTERDAY.
  THUNDERSTORM
  HEAVY RAIN
  LIGHT RAIN
  FOG


RELATIVE HUMIDITY (PERCENT)
 HIGHEST   100           700 AM
 LOWEST     51           100 PM
 AVERAGE    76

..........................................................


THE IDAHO FALLS ID CLIMATE NORMALS FOR TODAY
                         NORMAL    RECORD    YEAR
 MAXIMUM TEMPERATURE (F)   70        94      2003
 MINIMUM TEMPERATURE (F)   42        31      2007
                                             1979


SUNRISE AND SUNSET
MAY 29 2015...........SUNRISE   552 AM MDT   SUNSET   900 PM MDT
MAY 30 2015...........SUNRISE   551 AM MDT   SUNSET   901 PM MDT


-  INDICATES NEGATIVE NUMBERS.
R  INDICATES RECORD WAS SET OR TIED.
MM INDICATES DATA IS MISSING.
T  INDICATES TRACE AMOUNT.




$$
