000
CDUS45 KPIH 280735
CLIIDA


CLIMATE REPORT
NATIONAL WEATHER SERVICE POCATELLO ID
133 AM MDT THU JUL 28 2016


...................................

...THE IDAHO FALLS ID CLIMATE SUMMARY FOR JULY 27 2016...

CLIMATE NORMAL PERIOD 1981 TO 2010
CLIMATE RECORD PERIOD 1948 TO 2016


WEATHER ITEM   OBSERVED TIME   RECORD YEAR NORMAL DEPARTURE LAST
                VALUE   (LST)  VALUE       VALUE  FROM      YEAR
                                                  NORMAL
..................................................................
TEMPERATURE (F)
 YESTERDAY
  MAXIMUM         93    416 PM  97    1975  88      5       68
  MINIMUM         48    452 AM  39    2005  51     -3       45
  AVERAGE         71                        69      2       57

PRECIPITATION (IN)
  YESTERDAY        0.00          0.31 1962   0.02  -0.02     0.16
  MONTH TO DATE    0.19                      0.44  -0.25     0.94
  SINCE OCT 1      7.67                      8.95  -1.28     7.81
  SINCE JAN 1      5.35                      6.38  -1.03     6.35

SNOWFALL (IN)
  YESTERDAY       MM
  MONTH TO DATE   MM
  SINCE JUN 1     MM
  SINCE JUL 1     MM
  SNOW DEPTH      MM

DEGREE DAYS
 HEATING
  YESTERDAY        0                         0      0        8
  MONTH TO DATE   33                        25      8       26
  SINCE JUN 1    107                       178    -71       72
  SINCE JUL 1     33                        25      8       26

 COOLING
  YESTERDAY        6                         5      1        0
  MONTH TO DATE   83                       108    -25       96
  SINCE JUN 1    143                       138      5      192
  SINCE JAN 1    143                       140      3      193
..................................................................


WIND (MPH)
  HIGHEST WIND SPEED    16   HIGHEST WIND DIRECTION    NW (320)
  HIGHEST GUST SPEED    22   HIGHEST GUST DIRECTION    NW (320)
  AVERAGE WIND SPEED     6.9


SKY COVER
  POSSIBLE SUNSHINE  MM
  AVERAGE SKY COVER 0.0


WEATHER CONDITIONS
 THE FOLLOWING WEATHER WAS RECORDED YESTERDAY.
  NO SIGNIFICANT WEATHER WAS OBSERVED.


RELATIVE HUMIDITY (PERCENT)
 HIGHEST    80           400 AM
 LOWEST     13           300 PM
 AVERAGE    47

..........................................................


THE IDAHO FALLS ID CLIMATE NORMALS FOR TODAY
                         NORMAL    RECORD    YEAR
 MAXIMUM TEMPERATURE (F)   88        98      2006
 MINIMUM TEMPERATURE (F)   51        36      2015


SUNRISE AND SUNSET
JULY 28 2016..........SUNRISE   614 AM MDT   SUNSET   855 PM MDT
JULY 29 2016..........SUNRISE   615 AM MDT   SUNSET   854 PM MDT


-  INDICATES NEGATIVE NUMBERS.
R  INDICATES RECORD WAS SET OR TIED.
MM INDICATES DATA IS MISSING.
T  INDICATES TRACE AMOUNT.




$$
