885
CDUS45 KPIH 290730
CLIIDA


CLIMATE REPORT
NATIONAL WEATHER SERVICE POCATELLO ID
129 AM MDT THU JUN 29 2017


...................................

...THE IDAHO FALLS ID CLIMATE SUMMARY FOR JUNE 28 2017...

CLIMATE NORMAL PERIOD 1981 TO 2010
CLIMATE RECORD PERIOD 1948 TO 2017


WEATHER ITEM   OBSERVED TIME   RECORD YEAR NORMAL DEPARTURE LAST
                VALUE   (LST)  VALUE       VALUE  FROM      YEAR
                                                  NORMAL
..................................................................
TEMPERATURE (F)
 YESTERDAY
  MAXIMUM         72    617 PM  97    2015  81     -9       93
                                      1966
  MINIMUM         50   1223 AM  35    1965  48      2       46
  AVERAGE         61                        64     -3       70

PRECIPITATION (IN)
  YESTERDAY        0.09          0.28 1971   0.02   0.07     0.00
  MONTH TO DATE    0.76                      1.06  -0.30     0.05
  SINCE OCT 1      9.05                      8.48   0.57     7.48
  SINCE JAN 1      4.77                      5.91  -1.14     5.16

SNOWFALL (IN)
  YESTERDAY       MM
  MONTH TO DATE   MM
  SINCE JUN 1     MM
  SINCE JUL 1     MM
  SNOW DEPTH      MM

DEGREE DAYS
 HEATING
  YESTERDAY        4                         3      1        0
  MONTH TO DATE   96                       149    -53       74
  SINCE JUN 1     96                       149    -53       74
  SINCE JUL 1   7625                      7840   -215     7312

 COOLING
  YESTERDAY        0                         2     -2        5
  MONTH TO DATE   38                        24     14       49
  SINCE JUN 1     38                        24     14       49
  SINCE JAN 1     40                        26     14       49
..................................................................


WIND (MPH)
  HIGHEST WIND SPEED    28   HIGHEST WIND DIRECTION     W (290)
  HIGHEST GUST SPEED    34   HIGHEST GUST DIRECTION     W (280)
  AVERAGE WIND SPEED     7.2


SKY COVER
  POSSIBLE SUNSHINE  MM
  AVERAGE SKY COVER 0.3


WEATHER CONDITIONS
 THE FOLLOWING WEATHER WAS RECORDED YESTERDAY.
  THUNDERSTORM
  HEAVY RAIN
  RAIN
  LIGHT RAIN


RELATIVE HUMIDITY (PERCENT)
 HIGHEST   100           600 AM
 LOWEST     35           600 PM
 AVERAGE    68

..........................................................


THE IDAHO FALLS ID CLIMATE NORMALS FOR TODAY
                         NORMAL    RECORD    YEAR
 MAXIMUM TEMPERATURE (F)   82       101      2015
 MINIMUM TEMPERATURE (F)   48        36      1954


SUNRISE AND SUNSET
JUNE 29 2017..........SUNRISE   550 AM MDT   SUNSET   913 PM MDT
JUNE 30 2017..........SUNRISE   551 AM MDT   SUNSET   913 PM MDT


-  INDICATES NEGATIVE NUMBERS.
R  INDICATES RECORD WAS SET OR TIED.
MM INDICATES DATA IS MISSING.
T  INDICATES TRACE AMOUNT.




$$
