000
CDUS45 KPIH 180740
CLIIDA


CLIMATE REPORT
NATIONAL WEATHER SERVICE POCATELLO ID
1239 AM MST SUN FEB 18 2018


...................................

...THE IDAHO FALLS ID CLIMATE SUMMARY FOR FEBRUARY 17 2018...

CLIMATE NORMAL PERIOD 1981 TO 2010
CLIMATE RECORD PERIOD 1948 TO 2018


WEATHER ITEM   OBSERVED TIME   RECORD YEAR NORMAL DEPARTURE LAST
                VALUE   (LST)  VALUE       VALUE  FROM      YEAR
                                                  NORMAL
..................................................................
TEMPERATURE (F)
 YESTERDAY
  MAXIMUM         46   1114 PM  50    2014  34     12       39
  MINIMUM         25    352 AM -13    1993  15     10       25
  AVERAGE         36                        25     11       32

PRECIPITATION (IN)
  YESTERDAY        T             0.27 1963   0.03  -0.03     0.06
  MONTH TO DATE    0.04                      0.37  -0.33     0.48
  SINCE OCT 1      2.45                      3.63  -1.18     5.65
  SINCE JAN 1      0.52                      1.06  -0.54     1.37

SNOWFALL (IN)
  YESTERDAY       MM
  MONTH TO DATE   MM
  SINCE DEC 1     MM
  SINCE JUL 1     MM
  SNOW DEPTH      MM

DEGREE DAYS
 HEATING
  YESTERDAY       29                        40    -11       33
  MONTH TO DATE  511                       722   -211      605
  SINCE DEC 1   2976                      3482   -506     3764
  SINCE JUL 1   4800                      5385   -585     5382

 COOLING
  YESTERDAY        0                         0      0        0
  MONTH TO DATE    0                         0      0        0
  SINCE DEC 1      0                         0      0        0
  SINCE JAN 1      0                         0      0        0
..................................................................


WIND (MPH)
  HIGHEST WIND SPEED    33   HIGHEST WIND DIRECTION    SW (230)
  HIGHEST GUST SPEED    48   HIGHEST GUST DIRECTION    SW (230)
  AVERAGE WIND SPEED    21.2


SKY COVER
  POSSIBLE SUNSHINE  MM
  AVERAGE SKY COVER 0.8


WEATHER CONDITIONS
 THE FOLLOWING WEATHER WAS RECORDED YESTERDAY.
  LIGHT RAIN


RELATIVE HUMIDITY (PERCENT)
 HIGHEST    85           900 AM
 LOWEST     40           400 PM
 AVERAGE    63

..........................................................


THE IDAHO FALLS ID CLIMATE NORMALS FOR TODAY
                         NORMAL    RECORD    YEAR
 MAXIMUM TEMPERATURE (F)   35        49      2015
 MINIMUM TEMPERATURE (F)   15        -5      2006
                                             1956


SUNRISE AND SUNSET
FEBRUARY 18 2018......SUNRISE   722 AM MST   SUNSET   603 PM MST
FEBRUARY 19 2018......SUNRISE   720 AM MST   SUNSET   604 PM MST


-  INDICATES NEGATIVE NUMBERS.
R  INDICATES RECORD WAS SET OR TIED.
MM INDICATES DATA IS MISSING.
T  INDICATES TRACE AMOUNT.




$$
