000
CDUS45 KPIH 260732
CLIIDA


CLIMATE REPORT
NATIONAL WEATHER SERVICE POCATELLO ID
132 AM MDT SUN MAR 26 2017


...................................

...THE IDAHO FALLS ID CLIMATE SUMMARY FOR MARCH 25 2017...

CLIMATE NORMAL PERIOD 1981 TO 2010
CLIMATE RECORD PERIOD 1948 TO 2017


WEATHER ITEM   OBSERVED TIME   RECORD YEAR NORMAL DEPARTURE LAST
                VALUE   (LST)  VALUE       VALUE  FROM      YEAR
                                                  NORMAL
..................................................................
TEMPERATURE (F)
 YESTERDAY
  MAXIMUM         51    456 PM  71    2012  50      1       44
  MINIMUM         37   1159 PM   3    1964  28      9       28
  AVERAGE         44                        39      5       36

PRECIPITATION (IN)
  YESTERDAY        T             0.44 1975   0.03  -0.03     0.00
  MONTH TO DATE    0.09                      0.69  -0.60     1.55
  SINCE OCT 1      6.51                      4.61   1.90     4.93
  SINCE JAN 1      2.23                      2.04   0.19     2.61

SNOWFALL (IN)
  YESTERDAY       MM
  MONTH TO DATE   MM
  SINCE MAR 1     MM
  SINCE JUL 1     MM
  SNOW DEPTH      MM

DEGREE DAYS
 HEATING
  YESTERDAY       21                        26     -5       29
  MONTH TO DATE  599                       754   -155      647
  SINCE MAR 1    599                       754   -155      647
  SINCE JUL 1   6396                      6556   -160     6229

 COOLING
  YESTERDAY        0                         0      0        0
  MONTH TO DATE    0                         0      0        0
  SINCE MAR 1      0                         0      0        0
  SINCE JAN 1      0                         0      0        0
..................................................................


WIND (MPH)
  HIGHEST WIND SPEED    21   HIGHEST WIND DIRECTION    SW (210)
  HIGHEST GUST SPEED    24   HIGHEST GUST DIRECTION     S (200)
  AVERAGE WIND SPEED    13.3


SKY COVER
  POSSIBLE SUNSHINE  MM
  AVERAGE SKY COVER 0.6


WEATHER CONDITIONS
 THE FOLLOWING WEATHER WAS RECORDED YESTERDAY.
  LIGHT RAIN


RELATIVE HUMIDITY (PERCENT)
 HIGHEST    96           200 AM
 LOWEST     42           500 PM
 AVERAGE    69

..........................................................


THE IDAHO FALLS ID CLIMATE NORMALS FOR TODAY
                         NORMAL    RECORD    YEAR
 MAXIMUM TEMPERATURE (F)   51        68      2007
 MINIMUM TEMPERATURE (F)   29         8      1955


SUNRISE AND SUNSET
MARCH 26 2017.........SUNRISE   720 AM MDT   SUNSET   748 PM MDT
MARCH 27 2017.........SUNRISE   718 AM MDT   SUNSET   749 PM MDT


-  INDICATES NEGATIVE NUMBERS.
R  INDICATES RECORD WAS SET OR TIED.
MM INDICATES DATA IS MISSING.
T  INDICATES TRACE AMOUNT.




$$
