000
CDUS43 KUNR 250831
CLIIEN


CLIMATE REPORT
NATIONAL WEATHER SERVICE RAPID CITY SD
131 AM MST SUN FEB 25 2018


...................................

...THE PINE RIDGE SD CLIMATE SUMMARY FOR FEBRUARY 24 2018...

CLIMATE NORMAL PERIOD 1981 TO 2010
CLIMATE RECORD PERIOD 9999 TO 9999


WEATHER ITEM   OBSERVED TIME   NORMAL DEPARTURE LAST
                VALUE   (LST)  VALUE  FROM      YEAR
                                      NORMAL
......................................................
TEMPERATURE (F)
 YESTERDAY
  MAXIMUM         28    443 PM  42    -14       24
  MINIMUM         13    853 PM  16     -3        5
  AVERAGE         21            29     -8       15

PRECIPITATION (IN)
  YESTERDAY        0.02          0.02   0.00     0.07
  MONTH TO DATE    0.66          0.39   0.27     0.72
  SINCE DEC 1      1.35          1.06   0.29     1.96
  SINCE JAN 1      1.03          0.71   0.32     1.13

DEGREE DAYS
 HEATING
  YESTERDAY       44            36      8       50
  MONTH TO DATE 1193           933    260      784
  SINCE DEC 1   3653          3520    133     3811
  SINCE JUL 1   5150          5210    -60     4984

 COOLING
  YESTERDAY        0             0      0        0
  MONTH TO DATE    0             0      0        0
  SINCE DEC 1      0             0      0        0
  SINCE JAN 1      0             0      0        0
......................................................


WIND (MPH)
  HIGHEST WIND SPEED    24   HIGHEST WIND DIRECTION     S (180)
  HIGHEST GUST SPEED    31   HIGHEST GUST DIRECTION     W (280)
  AVERAGE WIND SPEED    10.5


SKY COVER
  AVERAGE SKY COVER 0.4


WEATHER CONDITIONS
 THE FOLLOWING WEATHER WAS RECORDED YESTERDAY.
  LIGHT SNOW
  FOG


RELATIVE HUMIDITY (PERCENT)
 HIGHEST   100           600 AM
 LOWEST     50          1000 AM
 AVERAGE    75

..........................................................




SUNRISE AND SUNSET
FEBRUARY 25 2018......SUNRISE   632 AM MST   SUNSET   534 PM MST
FEBRUARY 26 2018......SUNRISE   631 AM MST   SUNSET   536 PM MST


-  INDICATES NEGATIVE NUMBERS.
R  INDICATES RECORD WAS SET OR TIED.
MM INDICATES DATA IS MISSING.
T  INDICATES TRACE AMOUNT.




$$
