000
CDUS43 KUNR 300835
CLIIEN


CLIMATE REPORT
NATIONAL WEATHER SERVICE RAPID CITY SD
235 AM MDT MON MAY 30 2016


...................................

...THE PINE RIDGE SD CLIMATE SUMMARY FOR MAY 29 2016...

CLIMATE NORMAL PERIOD 1981 TO 2010
CLIMATE RECORD PERIOD 9999 TO 9999


WEATHER ITEM   OBSERVED TIME   NORMAL DEPARTURE LAST
                VALUE   (LST)  VALUE  FROM      YEAR
                                      NORMAL
......................................................
TEMPERATURE (F)
 YESTERDAY
  MAXIMUM         80    458 PM  74      6       56
  MINIMUM         36    427 AM  46    -10       34
  AVERAGE         58            60     -2       45

PRECIPITATION (IN)
  YESTERDAY        0.00          0.12  -0.12     0.07
  MONTH TO DATE    0.62          2.41  -1.79     7.16
  SINCE MAR 1      5.47          5.19   0.28     9.22
  SINCE JAN 1      5.97          5.98  -0.01     9.68

DEGREE DAYS
 HEATING
  YESTERDAY        7             6      1       20
  MONTH TO DATE  340           293     47      378
  SINCE MAR 1   1603          1763   -160     1638
  SINCE JUL 1   6472          7113   -641     6848

 COOLING
  YESTERDAY        0             1     -1        0
  MONTH TO DATE    6            12     -6        0
  SINCE MAR 1      7            12     -5        0
  SINCE JAN 1      7            12     -5        0
......................................................


WIND (MPH)
  HIGHEST WIND SPEED    15   HIGHEST WIND DIRECTION     S (190)
  HIGHEST GUST SPEED    23   HIGHEST GUST DIRECTION     S (190)
  AVERAGE WIND SPEED     4.6


SKY COVER
  AVERAGE SKY COVER 0.0


WEATHER CONDITIONS
 THE FOLLOWING WEATHER WAS RECORDED YESTERDAY.
  NO SIGNIFICANT WEATHER WAS OBSERVED.


RELATIVE HUMIDITY (PERCENT)
 HIGHEST   100           500 AM
 LOWEST     26           300 PM
 AVERAGE    63

..........................................................




SUNRISE AND SUNSET
MAY 30 2016...........SUNRISE   514 AM MDT   SUNSET   821 PM MDT
MAY 31 2016...........SUNRISE   514 AM MDT   SUNSET   822 PM MDT


-  INDICATES NEGATIVE NUMBERS.
R  INDICATES RECORD WAS SET OR TIED.
MM INDICATES DATA IS MISSING.
T  INDICATES TRACE AMOUNT.




$$
