000
CDUS43 KUNR 170832
CLIIEN


CLIMATE REPORT
NATIONAL WEATHER SERVICE RAPID CITY SD
231 AM MDT THU APR 17 2014


...................................

...THE PINE RIDGE SD CLIMATE SUMMARY FOR APRIL 16 2014...

CLIMATE NORMAL PERIOD 1981 TO 2010
CLIMATE RECORD PERIOD 9999 TO 9999


WEATHER ITEM   OBSERVED TIME   NORMAL DEPARTURE LAST
                VALUE   (LST)  VALUE  FROM      YEAR
                                      NORMAL
......................................................
TEMPERATURE (F)
 YESTERDAY
  MAXIMUM         47   1210 AM  60    -13       29
  MINIMUM         29    826 PM  31     -2       27
  AVERAGE         38            46     -8       28

PRECIPITATION (IN)
  YESTERDAY        0.46          0.07   0.39     0.01
  MONTH TO DATE    0.78          0.89  -0.11     0.03
  SINCE MAR 1      1.12          1.76  -0.64     0.34
  SINCE JAN 1      1.39          2.55  -1.16     1.28

DEGREE DAYS
 HEATING
  YESTERDAY       27            19      8       37
  MONTH TO DATE  414           343     71      455
  SINCE MAR 1   1347          1231    116     1356
  SINCE JUL 1   6829          6581    248     6457

 COOLING
  YESTERDAY        0             0      0        0
  MONTH TO DATE    0             0      0        0
  SINCE MAR 1      0             0      0        0
  SINCE JAN 1      0             0      0        0
......................................................


WIND (MPH)
  HIGHEST WIND SPEED    22   HIGHEST WIND DIRECTION     N (350)
  HIGHEST GUST SPEED    29   HIGHEST GUST DIRECTION     N (340)
  AVERAGE WIND SPEED    10.8


SKY COVER
  AVERAGE SKY COVER 0.8


WEATHER CONDITIONS
 THE FOLLOWING WEATHER WAS RECORDED YESTERDAY.
  RAIN
  LIGHT RAIN
  FOG


RELATIVE HUMIDITY (PERCENT)
 HIGHEST    92           400 AM
 LOWEST     57           500 PM
 AVERAGE    75

..........................................................




SUNRISE AND SUNSET
APRIL 17 2014.........SUNRISE   605 AM MDT   SUNSET   735 PM MDT
APRIL 18 2014.........SUNRISE   603 AM MDT   SUNSET   736 PM MDT


-  INDICATES NEGATIVE NUMBERS.
R  INDICATES RECORD WAS SET OR TIED.
MM INDICATES DATA IS MISSING.
T  INDICATES TRACE AMOUNT.




$$
