000
CDUS43 KUNR 260831
CLIIEN


CLIMATE REPORT
NATIONAL WEATHER SERVICE RAPID CITY SD
230 AM MDT MON JUN 26 2017


...................................

...THE PINE RIDGE SD CLIMATE SUMMARY FOR JUNE 25 2017...

CLIMATE NORMAL PERIOD 1981 TO 2010
CLIMATE RECORD PERIOD 9999 TO 9999


WEATHER ITEM   OBSERVED TIME   NORMAL DEPARTURE LAST
                VALUE   (LST)  VALUE  FROM      YEAR
                                      NORMAL
......................................................
TEMPERATURE (F)
 YESTERDAY
  MAXIMUM         82    314 PM  83     -1       87
  MINIMUM         43    401 AM  54    -11       55
  AVERAGE         63            69     -6       71

PRECIPITATION (IN)
  YESTERDAY        0.00          0.11  -0.11     0.00
  MONTH TO DATE    1.09          3.02  -1.93     1.39
  SINCE JUN 1      1.09          3.02  -1.93     1.39
  SINCE JAN 1     10.55          9.26   1.29     7.47

DEGREE DAYS
 HEATING
  YESTERDAY        2             1      1        0
  MONTH TO DATE   26            82    -56       26
  SINCE JUN 1     26            82    -56       26
  SINCE JUL 1   6710          7209   -499     6507

 COOLING
  YESTERDAY        0             5     -5        6
  MONTH TO DATE   85            80      5      192
  SINCE JUN 1     85            80      5      192
  SINCE JAN 1    101            97      4      200
......................................................


WIND (MPH)
  HIGHEST WIND SPEED    14   HIGHEST WIND DIRECTION     S (200)
  HIGHEST GUST SPEED    20   HIGHEST GUST DIRECTION     W (290)
  AVERAGE WIND SPEED     5.8


SKY COVER
  AVERAGE SKY COVER 0.2


WEATHER CONDITIONS
 THE FOLLOWING WEATHER WAS RECORDED YESTERDAY.
  NO SIGNIFICANT WEATHER WAS OBSERVED.


RELATIVE HUMIDITY (PERCENT)
 HIGHEST    77          1000 PM
 LOWEST     25           300 PM
 AVERAGE    51

..........................................................




SUNRISE AND SUNSET
JUNE 26 2017..........SUNRISE   513 AM MDT   SUNSET   833 PM MDT
JUNE 27 2017..........SUNRISE   513 AM MDT   SUNSET   833 PM MDT


-  INDICATES NEGATIVE NUMBERS.
R  INDICATES RECORD WAS SET OR TIED.
MM INDICATES DATA IS MISSING.
T  INDICATES TRACE AMOUNT.




$$
