000
CDUS43 KUNR 230833
CLIIEN


CLIMATE REPORT
NATIONAL WEATHER SERVICE RAPID CITY SD
232 AM MDT TUE SEP 23 2014


...................................

...THE PINE RIDGE SD CLIMATE SUMMARY FOR SEPTEMBER 22 2014...

CLIMATE NORMAL PERIOD 1981 TO 2010
CLIMATE RECORD PERIOD 9999 TO 9999


WEATHER ITEM   OBSERVED TIME   NORMAL DEPARTURE LAST
                VALUE   (LST)  VALUE  FROM      YEAR
                                      NORMAL
......................................................
TEMPERATURE (F)
 YESTERDAY
  MAXIMUM         75   1039 AM  75      0       94
  MINIMUM         59   1159 PM  42     17       58
  AVERAGE         67            58      9       76

PRECIPITATION (IN)
  YESTERDAY        0.00          0.07  -0.07     0.52
  MONTH TO DATE    0.41          1.24  -0.83     0.58
  SINCE SEP 1      0.41          1.24  -0.83     0.58
  SINCE JAN 1     18.64         15.03   3.61    14.85

DEGREE DAYS
 HEATING
  YESTERDAY        0             8     -8        0
  MONTH TO DATE  154           108     46       40
  SINCE SEP 1    154           108     46       40
  SINCE JUL 1    198           145     53       42

 COOLING
  YESTERDAY        2             1      1       11
  MONTH TO DATE   34            61    -27      148
  SINCE SEP 1     34            61    -27      148
  SINCE JAN 1    452           709   -257      800
......................................................


WIND (MPH)
  HIGHEST WIND SPEED    29   HIGHEST WIND DIRECTION     S (180)
  HIGHEST GUST SPEED    37   HIGHEST GUST DIRECTION     S (190)
  AVERAGE WIND SPEED    17.8


SKY COVER
  AVERAGE SKY COVER 0.3


WEATHER CONDITIONS
 THE FOLLOWING WEATHER WAS RECORDED YESTERDAY.
  NO SIGNIFICANT WEATHER WAS OBSERVED.


RELATIVE HUMIDITY (PERCENT)
 HIGHEST    73           700 PM
 LOWEST     36          1200 AM
 AVERAGE    55

..........................................................




SUNRISE AND SUNSET
SEPTEMBER 23 2014.....SUNRISE   638 AM MDT   SUNSET   646 PM MDT
SEPTEMBER 24 2014.....SUNRISE   640 AM MDT   SUNSET   644 PM MDT


-  INDICATES NEGATIVE NUMBERS.
R  INDICATES RECORD WAS SET OR TIED.
MM INDICATES DATA IS MISSING.
T  INDICATES TRACE AMOUNT.




$$
