000
CDUS43 KUNR 300836
CLIIEN


CLIMATE REPORT
NATIONAL WEATHER SERVICE RAPID CITY SD
234 AM MDT SAT MAY 30 2015


...................................

...THE PINE RIDGE SD CLIMATE SUMMARY FOR MAY 29 2015...

CLIMATE NORMAL PERIOD 1981 TO 2010
CLIMATE RECORD PERIOD 9999 TO 9999


WEATHER ITEM   OBSERVED TIME   NORMAL DEPARTURE LAST
                VALUE   (LST)  VALUE  FROM      YEAR
                                      NORMAL
......................................................
TEMPERATURE (F)
 YESTERDAY
  MAXIMUM         56    712 AM  74    -18       91
  MINIMUM         34   1159 PM  46    -12       63
  AVERAGE         45            60    -15       77

PRECIPITATION (IN)
  YESTERDAY        0.07          0.12  -0.05     0.00
  MONTH TO DATE    7.16          2.41   4.75     3.54
  SINCE MAR 1      9.22          5.19   4.03     7.04
  SINCE JAN 1      9.68          5.98   3.70     7.31

DEGREE DAYS
 HEATING
  YESTERDAY       20             6     14        0
  MONTH TO DATE  378           293     85      323
  SINCE MAR 1   1638          1763   -125     1878
  SINCE JUL 1   6848          7113   -265     7360

 COOLING
  YESTERDAY        0             1     -1       12
  MONTH TO DATE    0            12    -12       22
  SINCE MAR 1      0            12    -12       23
  SINCE JAN 1      0            12    -12       23
......................................................


WIND (MPH)
  HIGHEST WIND SPEED    22   HIGHEST WIND DIRECTION     N (20)
  HIGHEST GUST SPEED    30   HIGHEST GUST DIRECTION     N (360)
  AVERAGE WIND SPEED     9.2


SKY COVER
  AVERAGE SKY COVER 0.8


WEATHER CONDITIONS
 THE FOLLOWING WEATHER WAS RECORDED YESTERDAY.
  LIGHT RAIN
  FOG


RELATIVE HUMIDITY (PERCENT)
 HIGHEST    93          1200 AM
 LOWEST     63           600 PM
 AVERAGE    78

..........................................................




SUNRISE AND SUNSET
MAY 30 2015...........SUNRISE   515 AM MDT   SUNSET   821 PM MDT
MAY 31 2015...........SUNRISE   514 AM MDT   SUNSET   822 PM MDT


-  INDICATES NEGATIVE NUMBERS.
R  INDICATES RECORD WAS SET OR TIED.
MM INDICATES DATA IS MISSING.
T  INDICATES TRACE AMOUNT.




$$
