671
CDUS43 KUNR 190831
CLIIEN


CLIMATE REPORT
NATIONAL WEATHER SERVICE RAPID CITY SD
230 AM MDT THU OCT 19 2017


...................................

...THE PINE RIDGE SD CLIMATE SUMMARY FOR OCTOBER 18 2017...

CLIMATE NORMAL PERIOD 1981 TO 2010
CLIMATE RECORD PERIOD 9999 TO 9999


WEATHER ITEM   OBSERVED TIME   NORMAL DEPARTURE LAST
                VALUE   (LST)  VALUE  FROM      YEAR
                                      NORMAL
......................................................
TEMPERATURE (F)
 YESTERDAY
  MAXIMUM         69    320 PM  63      6       65
  MINIMUM         40    630 AM  32      8       43
  AVERAGE         55            47      8       54

PRECIPITATION (IN)
  YESTERDAY        0.00          0.04  -0.04     0.00
  MONTH TO DATE    0.81          0.74   0.07     0.07
  SINCE SEP 1      1.62          2.35  -0.73     0.75
  SINCE JAN 1     14.79         16.14  -1.35    13.67

DEGREE DAYS
 HEATING
  YESTERDAY       10            18     -8       11
  MONTH TO DATE  281           263     18      176
  SINCE SEP 1    449           448      1      307
  SINCE JUL 1    461           485    -24      340

 COOLING
  YESTERDAY        0             0      0        0
  MONTH TO DATE    0             0      0        8
  SINCE SEP 1    101            66     35       62
  SINCE JAN 1    774           714     60      774
......................................................


WIND (MPH)
  HIGHEST WIND SPEED    24   HIGHEST WIND DIRECTION     S (190)
  HIGHEST GUST SPEED    33   HIGHEST GUST DIRECTION     S (180)
  AVERAGE WIND SPEED     9.2


SKY COVER
  AVERAGE SKY COVER 0.0


WEATHER CONDITIONS
 THE FOLLOWING WEATHER WAS RECORDED YESTERDAY.
  HAZE


RELATIVE HUMIDITY (PERCENT)
 HIGHEST    57           200 AM
 LOWEST     22           300 PM
 AVERAGE    40

..........................................................




SUNRISE AND SUNSET
OCTOBER 19 2017.......SUNRISE   709 AM MDT   SUNSET   600 PM MDT
OCTOBER 20 2017.......SUNRISE   710 AM MDT   SUNSET   559 PM MDT


-  INDICATES NEGATIVE NUMBERS.
R  INDICATES RECORD WAS SET OR TIED.
MM INDICATES DATA IS MISSING.
T  INDICATES TRACE AMOUNT.




$$
