000
CDUS43 KUNR 010836
CLIIEN


CLIMATE REPORT
NATIONAL WEATHER SERVICE RAPID CITY SD
136 AM MST SUN FEB 1 2015


...................................

...THE PINE RIDGE SD CLIMATE SUMMARY FOR JANUARY 31 2015...

CLIMATE NORMAL PERIOD 1981 TO 2010
CLIMATE RECORD PERIOD 9999 TO 9999


WEATHER ITEM   OBSERVED TIME   NORMAL DEPARTURE LAST
                VALUE   (LST)  VALUE  FROM      YEAR
                                      NORMAL
......................................................
TEMPERATURE (F)
 YESTERDAY
  MAXIMUM         31   1158 AM  38     -7       32
  MINIMUM         13   1159 PM  11      2       10
  AVERAGE         22            24     -2       21

PRECIPITATION (IN)
  YESTERDAY        0.02          0.01   0.01     0.00
  MONTH TO DATE    0.19          0.32  -0.13     0.09
  SINCE DEC 1      0.74          0.67   0.07     0.32
  SINCE JAN 1      0.19          0.32  -0.13     0.09

DEGREE DAYS
 HEATING
  YESTERDAY       43            41      2       44
  MONTH TO DATE 1211          1286    -75     1194
  SINCE DEC 1   2397          2587   -190     2470
  SINCE JUL 1   4196          4277    -81     4185

 COOLING
  YESTERDAY        0             0      0        0
  MONTH TO DATE    0             0      0        0
  SINCE DEC 1      0             0      0        0
  SINCE JAN 1      0             0      0        0
......................................................


WIND (MPH)
  HIGHEST WIND SPEED    16   HIGHEST WIND DIRECTION     N (20)
  HIGHEST GUST SPEED    19   HIGHEST GUST DIRECTION    NE (40)
  AVERAGE WIND SPEED     7.9


SKY COVER
  AVERAGE SKY COVER 0.5


WEATHER CONDITIONS
 THE FOLLOWING WEATHER WAS RECORDED YESTERDAY.
  LIGHT SNOW
  FOG


RELATIVE HUMIDITY (PERCENT)
 HIGHEST    88           200 AM
 LOWEST     77           700 PM
 AVERAGE    83

..........................................................




SUNRISE AND SUNSET
FEBRUARY  1 2015......SUNRISE   705 AM MST   SUNSET   502 PM MST
FEBRUARY  2 2015......SUNRISE   704 AM MST   SUNSET   504 PM MST


-  INDICATES NEGATIVE NUMBERS.
R  INDICATES RECORD WAS SET OR TIED.
MM INDICATES DATA IS MISSING.
T  INDICATES TRACE AMOUNT.




$$
