000
CDUS45 KVEF 260827
CLIIGM


CLIMATE REPORT
NATIONAL WEATHER SERVICE LAS VEGAS, NV
126 AM PDT MON SEP 26 2016


...................................

...THE KINGMAN AZ CLIMATE SUMMARY FOR SEPTEMBER 25 2016...

CLIMATE NORMAL PERIOD 1981 TO 2010
CLIMATE RECORD PERIOD 1901 TO 2016


WEATHER ITEM   OBSERVED TIME   RECORD YEAR NORMAL DEPARTURE LAST
                VALUE   (LST)  VALUE       VALUE  FROM      YEAR
                                                  NORMAL
..................................................................
TEMPERATURE (F)
 YESTERDAY
  MAXIMUM         84    456 PM 100    1947  86     -2       99
  MINIMUM         50    610 AM  44    1959  58     -8       70
  AVERAGE         67                        72     -5       85

PRECIPITATION (IN)
  YESTERDAY        0.00          1.73 1939   0.02  -0.02     0.00
  MONTH TO DATE    0.22                      0.96  -0.74     0.20
  SINCE OCT 1      8.88                      8.33   0.55     8.81
  SINCE JAN 1      7.36                      6.23   1.13     6.68

DEGREE DAYS
 HEATING
  YESTERDAY        0                         0      0        0
  MONTH TO DATE   10                         0     10        0
  SINCE SEP 1     10                         0     10        0
  SINCE JUL 1     10                         0     10        0

 COOLING
  YESTERDAY        2                         8     -6       20
  MONTH TO DATE  223                       294    -71      352
  SINCE SEP 1    223                       294    -71      352
  SINCE JAN 1   2099                      1995    104     2039
..................................................................


WIND (MPH)
  RESULTANT WIND SPEED  11   RESULTANT WIND DIRECTION  NE (40)
  HIGHEST WIND SPEED    24   HIGHEST WIND DIRECTION    NE (30)
  HIGHEST GUST SPEED    33   HIGHEST GUST DIRECTION    NE (40)
  AVERAGE WIND SPEED    12.3


SKY COVER
  POSSIBLE SUNSHINE  MM
  AVERAGE SKY COVER 0.0


WEATHER CONDITIONS
 THE FOLLOWING WEATHER WAS RECORDED YESTERDAY.
  NO SIGNIFICANT WEATHER WAS OBSERVED.


RELATIVE HUMIDITY (PERCENT)
 HIGHEST    23           900 PM
 LOWEST     13           500 PM
 AVERAGE    18

..........................................................


THE KINGMAN AZ CLIMATE NORMALS FOR TODAY
                         NORMAL    RECORD    YEAR
 MAXIMUM TEMPERATURE (F)   86        99      1914
 MINIMUM TEMPERATURE (F)   57        40      1934


SUNRISE AND SUNSET
SEPTEMBER 26 2016.....SUNRISE   627 AM MST   SUNSET   626 PM MST
SEPTEMBER 27 2016.....SUNRISE   628 AM MST   SUNSET   625 PM MST


-  INDICATES NEGATIVE NUMBERS.
R  INDICATES RECORD WAS SET OR TIED.
MM INDICATES DATA IS MISSING.
T  INDICATES TRACE AMOUNT.




$$
