000
CDUS45 KIGM 280826
CLIIGM


CLIMATE REPORT
NATIONAL WEATHER SERVICE LAS VEGAS, NV
126 AM PDT THU AUG 28 2014


...................................

...THE KINGMAN AZ CLIMATE SUMMARY FOR AUGUST 27 2014...

CLIMATE NORMAL PERIOD 1981 TO 2010
CLIMATE RECORD PERIOD 1901 TO 2014


WEATHER ITEM   OBSERVED TIME   RECORD YEAR NORMAL DEPARTURE LAST
                VALUE   (LST)  VALUE       VALUE  FROM      YEAR
                                                  NORMAL
..................................................................
TEMPERATURE (F)
 YESTERDAY
  MAXIMUM         91    324 PM 103    2009  95     -4       91
  MINIMUM         66    246 AM  49    1921  68     -2       65
  AVERAGE         79                        81     -2       78

PRECIPITATION (IN)
  YESTERDAY        0.00          0.72 1953   0.04  -0.04     0.09
  MONTH TO DATE    2.05                      0.75   1.30     0.95
  SINCE OCT 1      4.97                      7.15  -2.18     4.79
  SINCE JAN 1      4.09                      5.05  -0.96     3.62

DEGREE DAYS
 HEATING
  YESTERDAY        0                         0      0        0
  MONTH TO DATE    0                         0      0        0
  SINCE JUN 1      0                         3     -3        0
  SINCE JUL 1      0                         0      0        0

 COOLING
  YESTERDAY       14                        16     -2       13
  MONTH TO DATE  367                       480   -113      464
  SINCE JUN 1   1392                      1441    -49     1596
  SINCE JAN 1   1617                      1639    -22     1818
..................................................................


WIND (MPH)
  RESULTANT WIND SPEED   5   RESULTANT WIND DIRECTION   S (180)
  HIGHEST WIND SPEED    18   HIGHEST WIND DIRECTION    SW (220)
  HIGHEST GUST SPEED    22   HIGHEST GUST DIRECTION    SW (220)
  AVERAGE WIND SPEED     9.0


SKY COVER
  POSSIBLE SUNSHINE  MM
  AVERAGE SKY COVER 0.1


WEATHER CONDITIONS
 THE FOLLOWING WEATHER WAS RECORDED YESTERDAY.
  NO SIGNIFICANT WEATHER WAS OBSERVED.


RELATIVE HUMIDITY (PERCENT)
 HIGHEST    73           300 AM
 LOWEST     18           600 PM
 AVERAGE    46

..........................................................


THE KINGMAN AZ CLIMATE NORMALS FOR TODAY
                         NORMAL    RECORD    YEAR
 MAXIMUM TEMPERATURE (F)   95       107      2009
 MINIMUM TEMPERATURE (F)   68        50      1920


SUNRISE AND SUNSET
AUGUST 28 2014........SUNRISE   605 AM MST   SUNSET   708 PM MST
AUGUST 29 2014........SUNRISE   606 AM MST   SUNSET   707 PM MST


-  INDICATES NEGATIVE NUMBERS.
R  INDICATES RECORD WAS SET OR TIED.
MM INDICATES DATA IS MISSING.
T  INDICATES TRACE AMOUNT.




$$
