000
CDUS45 KVEF 080827
CLIIGM


CLIMATE REPORT
NATIONAL WEATHER SERVICE LAS VEGAS, NV
1226 AM PST THU DEC 8 2016


...................................

...THE KINGMAN AZ CLIMATE SUMMARY FOR DECEMBER 7 2016...

CLIMATE NORMAL PERIOD 1981 TO 2010
CLIMATE RECORD PERIOD 1901 TO 2016


WEATHER ITEM   OBSERVED TIME   RECORD YEAR NORMAL DEPARTURE LAST
                VALUE   (LST)  VALUE       VALUE  FROM      YEAR
                                                  NORMAL
..................................................................
TEMPERATURE (F)
 YESTERDAY
  MAXIMUM         53    307 PM  74    1901  55     -2       63
  MINIMUM         32   1139 PM  12    1978  32      0       25
  AVERAGE         43                        44     -1       44

PRECIPITATION (IN)
  YESTERDAY        0.00          1.05 1918   0.02  -0.02     0.00
  MONTH TO DATE    0.00                      0.16  -0.16     0.00
  SINCE OCT 1      0.93                      1.52  -0.59     1.28
  SINCE JAN 1      8.36                      7.81   0.55     7.96

DEGREE DAYS
 HEATING
  YESTERDAY       22                        21      1       21
  MONTH TO DATE  149                       143      6      140
  SINCE DEC 1    149                       143      6      140
  SINCE JUL 1    471                       709   -238      716

 COOLING
  YESTERDAY        0                         0      0        0
  MONTH TO DATE    0                         0      0        0
  SINCE DEC 1      0                         0      0        0
  SINCE JAN 1   2244                      2093    151     2235
..................................................................


WIND (MPH)
  RESULTANT WIND SPEED   6   RESULTANT WIND DIRECTION   E (80)
  HIGHEST WIND SPEED    16   HIGHEST WIND DIRECTION     N (350)
  HIGHEST GUST SPEED    20   HIGHEST GUST DIRECTION     N (10)
  AVERAGE WIND SPEED    10.4


SKY COVER
  POSSIBLE SUNSHINE  MM
  AVERAGE SKY COVER 0.0


WEATHER CONDITIONS
 THE FOLLOWING WEATHER WAS RECORDED YESTERDAY.
  NO SIGNIFICANT WEATHER WAS OBSERVED.


RELATIVE HUMIDITY (PERCENT)
 HIGHEST    82           600 AM
 LOWEST     16           400 PM
 AVERAGE    49

..........................................................


THE KINGMAN AZ CLIMATE NORMALS FOR TODAY
                         NORMAL    RECORD    YEAR
 MAXIMUM TEMPERATURE (F)   55        74      1940
 MINIMUM TEMPERATURE (F)   32         8      1978


SUNRISE AND SUNSET
DECEMBER  8 2016......SUNRISE   732 AM MST   SUNSET   523 PM MST
DECEMBER  9 2016......SUNRISE   733 AM MST   SUNSET   524 PM MST


-  INDICATES NEGATIVE NUMBERS.
R  INDICATES RECORD WAS SET OR TIED.
MM INDICATES DATA IS MISSING.
T  INDICATES TRACE AMOUNT.




$$
