000
CDUS45 KVEF 240827
CLIIGM


CLIMATE REPORT
NATIONAL WEATHER SERVICE LAS VEGAS, NV
127 AM PDT SAT JUN 24 2017


...................................

...THE KINGMAN AZ CLIMATE SUMMARY FOR JUNE 23 2017...

CLIMATE NORMAL PERIOD 1981 TO 2010
CLIMATE RECORD PERIOD 1901 TO 2017


WEATHER ITEM   OBSERVED TIME   RECORD YEAR NORMAL DEPARTURE LAST
                VALUE   (LST)  VALUE       VALUE  FROM      YEAR
                                                  NORMAL
..................................................................
TEMPERATURE (F)
 YESTERDAY
  MAXIMUM        108R   353 PM 108    1961  95     13      103
  MINIMUM         73    603 AM  43    1907  65      8       72
  AVERAGE         91                        80     11       88

PRECIPITATION (IN)
  YESTERDAY        0.00          0.20 2000   0.01  -0.01     0.00
  MONTH TO DATE    0.00                      0.04  -0.04     0.00
  SINCE OCT 1      6.45                      5.60   0.85     4.61
  SINCE JAN 1      2.89                      3.50  -0.61     3.09

DEGREE DAYS
 HEATING
  YESTERDAY        0                         0      0        0
  MONTH TO DATE    0                         0      0        0
  SINCE JUN 1      0                         0      0        0
  SINCE JUL 1   2491                      3100   -609     2828

 COOLING
  YESTERDAY       26                        15     11       23
  MONTH TO DATE  366                       274     92      406
  SINCE JUN 1    366                       274     92      406
  SINCE JAN 1    526                       472     54      546
..................................................................


WIND (MPH)
  RESULTANT WIND SPEED   9   RESULTANT WIND DIRECTION  SW (220)
  HIGHEST WIND SPEED    22   HIGHEST WIND DIRECTION    SW (240)
  HIGHEST GUST SPEED    29   HIGHEST GUST DIRECTION    SW (240)
  AVERAGE WIND SPEED    11.0


SKY COVER
  POSSIBLE SUNSHINE  MM
  AVERAGE SKY COVER 0.0


WEATHER CONDITIONS
 THE FOLLOWING WEATHER WAS RECORDED YESTERDAY.
  NO SIGNIFICANT WEATHER WAS OBSERVED.


RELATIVE HUMIDITY (PERCENT)
 HIGHEST    38           500 AM
 LOWEST      8           600 PM
 AVERAGE    23

..........................................................


THE KINGMAN AZ CLIMATE NORMALS FOR TODAY
                         NORMAL    RECORD    YEAR
 MAXIMUM TEMPERATURE (F)   95       107      1938
 MINIMUM TEMPERATURE (F)   65        47      1907


SUNRISE AND SUNSET
JUNE 24 2017..........SUNRISE   522 AM MST   SUNSET   754 PM MST
JUNE 25 2017..........SUNRISE   523 AM MST   SUNSET   754 PM MST


-  INDICATES NEGATIVE NUMBERS.
R  INDICATES RECORD WAS SET OR TIED.
MM INDICATES DATA IS MISSING.
T  INDICATES TRACE AMOUNT.




$$
