000
CDUS45 KVEF 030834
CLIIGM


CLIMATE REPORT
NATIONAL WEATHER SERVICE LAS VEGAS, NV
134 AM PDT TUE MAY 3 2016


...................................

...THE KINGMAN AZ CLIMATE SUMMARY FOR MAY 2 2016...

CLIMATE NORMAL PERIOD 1981 TO 2010
CLIMATE RECORD PERIOD 1901 TO 2016


WEATHER ITEM   OBSERVED TIME   RECORD YEAR NORMAL DEPARTURE LAST
                VALUE   (LST)  VALUE       VALUE  FROM      YEAR
                                                  NORMAL
..................................................................
TEMPERATURE (F)
 YESTERDAY
  MAXIMUM         74    153 PM 102    1947  80     -6       89
  MINIMUM         49    602 AM  34    2008  49      0       60
  AVERAGE         62                        64     -2       75

PRECIPITATION (IN)
  YESTERDAY        0.00          0.30 1905   0.01  -0.01     0.00
  MONTH TO DATE    0.00                      0.02  -0.02     0.00
  SINCE OCT 1      4.23                      5.45  -1.22     4.94
  SINCE JAN 1      2.71                      3.35  -0.64     2.81

DEGREE DAYS
 HEATING
  YESTERDAY        3                         3      0        0
  MONTH TO DATE    9                         7      2        0
  SINCE MAR 1    438                       640   -202      462
  SINCE JUL 1   2790                      3053   -263     2442

 COOLING
  YESTERDAY        0                         3     -3       10
  MONTH TO DATE    0                         5     -5       15
  SINCE MAR 1     20                        36    -16       33
  SINCE JAN 1     20                        36    -16       33
..................................................................


WIND (MPH)
  RESULTANT WIND SPEED   5   RESULTANT WIND DIRECTION   E (90)
  HIGHEST WIND SPEED    33   HIGHEST WIND DIRECTION    SE (140)
  HIGHEST GUST SPEED    39   HIGHEST GUST DIRECTION    SE (140)
  AVERAGE WIND SPEED     8.3


SKY COVER
  POSSIBLE SUNSHINE  MM
  AVERAGE SKY COVER 0.1


WEATHER CONDITIONS
 THE FOLLOWING WEATHER WAS RECORDED YESTERDAY.
  THUNDERSTORM


RELATIVE HUMIDITY (PERCENT)
 HIGHEST    61          1100 PM
 LOWEST     23           200 PM
 AVERAGE    42

..........................................................


THE KINGMAN AZ CLIMATE NORMALS FOR TODAY
                         NORMAL    RECORD    YEAR
 MAXIMUM TEMPERATURE (F)   80       103      1947
 MINIMUM TEMPERATURE (F)   49        34      1942


SUNRISE AND SUNSET
MAY  3 2016...........SUNRISE   542 AM MST   SUNSET   724 PM MST
MAY  4 2016...........SUNRISE   541 AM MST   SUNSET   725 PM MST


-  INDICATES NEGATIVE NUMBERS.
R  INDICATES RECORD WAS SET OR TIED.
MM INDICATES DATA IS MISSING.
T  INDICATES TRACE AMOUNT.




$$
