000
CDUS45 KVEF 230828
CLIIGM


CLIMATE REPORT
NATIONAL WEATHER SERVICE LAS VEGAS, NV
128 AM PDT THU OCT 23 2014


...................................

...THE KINGMAN AZ CLIMATE SUMMARY FOR OCTOBER 22 2014...

CLIMATE NORMAL PERIOD 1981 TO 2010
CLIMATE RECORD PERIOD 1901 TO 2014


WEATHER ITEM   OBSERVED TIME   RECORD YEAR NORMAL DEPARTURE LAST
                VALUE   (LST)  VALUE       VALUE  FROM      YEAR
                                                  NORMAL
..................................................................
TEMPERATURE (F)
 YESTERDAY
  MAXIMUM         81    208 PM  93    2003  75      6       81
  MINIMUM         49    523 AM  30    1996  46      3       41
  AVERAGE         65                        60      5       61

PRECIPITATION (IN)
  YESTERDAY        0.00          0.42 1977   0.03  -0.03     0.00
  MONTH TO DATE    0.76                      0.46   0.30     0.12
  SINCE OCT 1      0.76                      0.46   0.30     0.12
  SINCE JAN 1      7.25                      6.75   0.50     5.96

DEGREE DAYS
 HEATING
  YESTERDAY        0                         6     -6        4
  MONTH TO DATE    7                        66    -59      146
  SINCE SEP 1     11                        72    -61      172
  SINCE JUL 1     11                        72    -61      172

 COOLING
  YESTERDAY        0                         1     -1        0
  MONTH TO DATE   40                        60    -20        6
  SINCE SEP 1    378                       385     -7      231
  SINCE JAN 1   2060                      2086    -26     2105
..................................................................


WIND (MPH)
  RESULTANT WIND SPEED   4   RESULTANT WIND DIRECTION   S (190)
  HIGHEST WIND SPEED    15   HIGHEST WIND DIRECTION    SW (220)
  HIGHEST GUST SPEED    19   HIGHEST GUST DIRECTION    SW (230)
  AVERAGE WIND SPEED     4.7


SKY COVER
  POSSIBLE SUNSHINE  MM
  AVERAGE SKY COVER 0.0


WEATHER CONDITIONS
 THE FOLLOWING WEATHER WAS RECORDED YESTERDAY.
  NO SIGNIFICANT WEATHER WAS OBSERVED.


RELATIVE HUMIDITY (PERCENT)
 HIGHEST    74           700 AM
 LOWEST     18           300 PM
 AVERAGE    46

..........................................................


THE KINGMAN AZ CLIMATE NORMALS FOR TODAY
                         NORMAL    RECORD    YEAR
 MAXIMUM TEMPERATURE (F)   74        90      2003
 MINIMUM TEMPERATURE (F)   46        30      1996


SUNRISE AND SUNSET
OCTOBER 23 2014.......SUNRISE   649 AM MST   SUNSET   551 PM MST
OCTOBER 24 2014.......SUNRISE   650 AM MST   SUNSET   550 PM MST


-  INDICATES NEGATIVE NUMBERS.
R  INDICATES RECORD WAS SET OR TIED.
MM INDICATES DATA IS MISSING.
T  INDICATES TRACE AMOUNT.




$$
