000
CDUS45 KVEF 010029
CLIIGM


CLIMATE REPORT
NATIONAL WEATHER SERVICE LAS VEGAS, NV
528 PM PDT TUE JUN 30 2015


...................................

...THE KINGMAN AZ CLIMATE SUMMARY FOR JUNE 30 2015...
VALID TODAY AS OF 0500 PM LOCAL TIME.

CLIMATE NORMAL PERIOD 1981 TO 2010
CLIMATE RECORD PERIOD 1901 TO 2015


WEATHER ITEM   OBSERVED TIME   RECORD YEAR NORMAL DEPARTURE LAST
                VALUE   (LST)  VALUE       VALUE  FROM      YEAR
                                                  NORMAL
..................................................................
TEMPERATURE (F)
 TODAY
  MAXIMUM        103    236 PM 110    2013  96      7      101
  MINIMUM         71   1228 AM  47    1910  67      4       71
  AVERAGE         87                        82      5       86

PRECIPITATION (IN)
  TODAY            T             0.18 1940   0.01  -0.01     0.00
  MONTH TO DATE    1.49                      0.09   1.40     0.00
  SINCE OCT 1      6.61                      5.65   0.96     1.67
  SINCE JAN 1      4.48                      3.55   0.93     0.79

DEGREE DAYS
 HEATING
  TODAY            0                         0      0        0
  MONTH TO DATE    0                         0      0        0
  SINCE JUN 1      0                         3     -3        0
  SINCE JUL 1   2530                      3103   -573     2834

 COOLING
  TODAY           22                        17      5       21
  MONTH TO DATE  477                       385     92      440
  SINCE JUN 1    477                       385     92      440
  SINCE JAN 1    583                       583      0      665
..................................................................


WIND (MPH)
  RESULTANT WIND SPEED   8   RESULTANT WIND DIRECTION   S (200)
  HIGHEST WIND SPEED    41   HIGHEST WIND DIRECTION    SE (140)
  HIGHEST GUST SPEED    48   HIGHEST GUST DIRECTION    SE (140)
  AVERAGE WIND SPEED    10.5


SKY COVER
  POSSIBLE SUNSHINE  MM
  AVERAGE SKY COVER 0.1


WEATHER CONDITIONS
 THE FOLLOWING WEATHER WAS RECORDED TODAY.
  THUNDERSTORM
  LIGHT RAIN


RELATIVE HUMIDITY (PERCENT)
 HIGHEST    57           600 AM
 LOWEST     18           300 PM
 AVERAGE    38

..........................................................


THE KINGMAN AZ CLIMATE NORMALS FOR TOMORROW
                         NORMAL    RECORD    YEAR
 MAXIMUM TEMPERATURE (F)   96       108      1967
 MINIMUM TEMPERATURE (F)   68        48      1910


SUNRISE AND SUNSET
JUNE 30 2015..........SUNRISE   524 AM MST   SUNSET   755 PM MST
JULY  1 2015..........SUNRISE   525 AM MST   SUNSET   754 PM MST


-  INDICATES NEGATIVE NUMBERS.
R  INDICATES RECORD WAS SET OR TIED.
MM INDICATES DATA IS MISSING.
T  INDICATES TRACE AMOUNT.




$$
