000
CDUS45 KIGM 110830
CLIIGM


CLIMATE REPORT
NATIONAL WEATHER SERVICE LAS VEGAS, NV
130 AM PDT FRI JUL 11 2014


...................................

...THE KINGMAN AZ CLIMATE SUMMARY FOR JULY 10 2014...

CLIMATE NORMAL PERIOD 1981 TO 2010
CLIMATE RECORD PERIOD 1901 TO 2014


WEATHER ITEM   OBSERVED TIME   RECORD YEAR NORMAL DEPARTURE LAST
                VALUE   (LST)  VALUE       VALUE  FROM      YEAR
                                                  NORMAL
..................................................................
TEMPERATURE (F)
 YESTERDAY
  MAXIMUM         86    113 PM 111    2003  97    -11       93
  MINIMUM         66    348 PM  53    1935  70     -4       76
  AVERAGE         76                        83     -7       85

PRECIPITATION (IN)
  YESTERDAY        0.23          1.04 1937   0.02   0.21     0.00
  MONTH TO DATE    1.08                      0.16   0.92      T
  SINCE OCT 1      2.75                      5.81  -3.06     2.36
  SINCE JAN 1      1.87                      3.71  -1.84     1.19

DEGREE DAYS
 HEATING
  YESTERDAY        0                         0      0        0
  MONTH TO DATE    0                         0      0        0
  SINCE JUN 1      0                         3     -3        0
  SINCE JUL 1      0                         0      0        0

 COOLING
  YESTERDAY       11                        18     -7       20
  MONTH TO DATE  189                       176     13      239
  SINCE JUN 1    629                       561     68      739
  SINCE JAN 1    854                       759     95      961
..................................................................


WIND (MPH)
  RESULTANT WIND SPEED   6   RESULTANT WIND DIRECTION  SE (120)
  HIGHEST WIND SPEED    31   HIGHEST WIND DIRECTION     N (360)
  HIGHEST GUST SPEED    37   HIGHEST GUST DIRECTION     N (360)
  AVERAGE WIND SPEED     8.2


SKY COVER
  POSSIBLE SUNSHINE  MM
  AVERAGE SKY COVER 0.0


WEATHER CONDITIONS
 THE FOLLOWING WEATHER WAS RECORDED YESTERDAY.
  THUNDERSTORM
  HEAVY RAIN
  RAIN
  LIGHT RAIN
  FOG


RELATIVE HUMIDITY (PERCENT)
 HIGHEST    87          1100 PM
 LOWEST     47          1000 AM
 AVERAGE    67

..........................................................


THE KINGMAN AZ CLIMATE NORMALS FOR TODAY
                         NORMAL    RECORD    YEAR
 MAXIMUM TEMPERATURE (F)   97       110      1961
 MINIMUM TEMPERATURE (F)   70        56      1974


SUNRISE AND SUNSET
JULY 11 2014..........SUNRISE   530 AM MST   SUNSET   752 PM MST
JULY 12 2014..........SUNRISE   531 AM MST   SUNSET   752 PM MST


-  INDICATES NEGATIVE NUMBERS.
R  INDICATES RECORD WAS SET OR TIED.
MM INDICATES DATA IS MISSING.
T  INDICATES TRACE AMOUNT.




$$
