000
CDUS45 KVEF 200827
CLIIGM


CLIMATE REPORT
NATIONAL WEATHER SERVICE LAS VEGAS, NV
126 AM PDT SUN AUG 20 2017


...................................

...THE KINGMAN AZ CLIMATE SUMMARY FOR AUGUST 19 2017...

CLIMATE NORMAL PERIOD 1981 TO 2010
CLIMATE RECORD PERIOD 1901 TO 2017


WEATHER ITEM   OBSERVED TIME   RECORD YEAR NORMAL DEPARTURE LAST
                VALUE   (LST)  VALUE       VALUE  FROM      YEAR
                                                  NORMAL
..................................................................
TEMPERATURE (F)
 YESTERDAY
  MAXIMUM         97    356 PM 111    1915  96      1       94
  MINIMUM         65    433 AM  50    1918  69     -4       63
  AVERAGE         81                        82     -1       79

PRECIPITATION (IN)
  YESTERDAY        0.00          0.56 1957   0.03  -0.03     0.00
  MONTH TO DATE    0.42                      0.46  -0.04     1.58
  SINCE OCT 1      9.76                      6.86   2.90     7.18
  SINCE JAN 1      6.20                      4.76   1.44     5.66

DEGREE DAYS
 HEATING
  YESTERDAY        0                         0      0        0
  MONTH TO DATE    0                         0      0        0
  SINCE JUN 1      0                         3     -3        0
  SINCE JUL 1      0                         0      0        0

 COOLING
  YESTERDAY       16                        17     -1       14
  MONTH TO DATE  327                       346    -19      348
  SINCE JUN 1   1486                      1307    179     1575
  SINCE JAN 1   1646                      1505    141     1715
..................................................................


WIND (MPH)
  RESULTANT WIND SPEED   8   RESULTANT WIND DIRECTION   S (200)
  HIGHEST WIND SPEED    25   HIGHEST WIND DIRECTION    SW (220)
  HIGHEST GUST SPEED    32   HIGHEST GUST DIRECTION    SW (220)
  AVERAGE WIND SPEED    10.7


SKY COVER
  POSSIBLE SUNSHINE  MM
  AVERAGE SKY COVER 0.0


WEATHER CONDITIONS
 THE FOLLOWING WEATHER WAS RECORDED YESTERDAY.
  NO SIGNIFICANT WEATHER WAS OBSERVED.


RELATIVE HUMIDITY (PERCENT)
 HIGHEST    31           700 AM
 LOWEST     13           400 PM
 AVERAGE    22

..........................................................


THE KINGMAN AZ CLIMATE NORMALS FOR TODAY
                         NORMAL    RECORD    YEAR
 MAXIMUM TEMPERATURE (F)   95       107      1915
 MINIMUM TEMPERATURE (F)   69        53      1918


SUNRISE AND SUNSET
AUGUST 20 2017........SUNRISE   559 AM MST   SUNSET   718 PM MST
AUGUST 21 2017........SUNRISE   600 AM MST   SUNSET   717 PM MST


-  INDICATES NEGATIVE NUMBERS.
R  INDICATES RECORD WAS SET OR TIED.
MM INDICATES DATA IS MISSING.
T  INDICATES TRACE AMOUNT.




$$
