979
CDUS45 KVEF 270831
CLIIGM


CLIMATE REPORT
NATIONAL WEATHER SERVICE LAS VEGAS, NV
131 AM PDT THU APR 27 2017


...................................

...THE KINGMAN AZ CLIMATE SUMMARY FOR APRIL 26 2017...

CLIMATE NORMAL PERIOD 1981 TO 2010
CLIMATE RECORD PERIOD 1901 TO 2017


WEATHER ITEM   OBSERVED TIME   RECORD YEAR NORMAL DEPARTURE LAST
                VALUE   (LST)  VALUE       VALUE  FROM      YEAR
                                                  NORMAL
..................................................................
TEMPERATURE (F)
 YESTERDAY
  MAXIMUM         79    315 PM  94    1927  77      2       70
  MINIMUM         39    620 AM  30    1984  47     -8       42
  AVERAGE         59                        62     -3       56

PRECIPITATION (IN)
  YESTERDAY        0.00          0.45 1931   0.01  -0.01     0.00
  MONTH TO DATE    0.00                      0.38  -0.38     0.69
  SINCE OCT 1      6.26                      5.40   0.86     3.55
  SINCE JAN 1      2.70                      3.30  -0.60     2.03

DEGREE DAYS
 HEATING
  YESTERDAY        6                         5      1        9
  MONTH TO DATE  141                       199    -58      110
  SINCE MAR 1    382                       617   -235      389
  SINCE JUL 1   2379                      3030   -651     2741

 COOLING
  YESTERDAY        0                         2     -2        0
  MONTH TO DATE    7                        21    -14       18
  SINCE MAR 1     13                        24    -11       20
  SINCE JAN 1     13                        24    -11       20
..................................................................


WIND (MPH)
  RESULTANT WIND SPEED   9   RESULTANT WIND DIRECTION  SW (210)
  HIGHEST WIND SPEED    33   HIGHEST WIND DIRECTION    SW (220)
  HIGHEST GUST SPEED    39   HIGHEST GUST DIRECTION    SW (220)
  AVERAGE WIND SPEED    11.6


SKY COVER
  POSSIBLE SUNSHINE  MM
  AVERAGE SKY COVER 0.0


WEATHER CONDITIONS
 THE FOLLOWING WEATHER WAS RECORDED YESTERDAY.
  NO SIGNIFICANT WEATHER WAS OBSERVED.


RELATIVE HUMIDITY (PERCENT)
 HIGHEST    48           600 AM
 LOWEST     13           200 PM
 AVERAGE    31

..........................................................


THE KINGMAN AZ CLIMATE NORMALS FOR TODAY
                         NORMAL    RECORD    YEAR
 MAXIMUM TEMPERATURE (F)   78        93      2000
 MINIMUM TEMPERATURE (F)   47        27      1932


SUNRISE AND SUNSET
APRIL 27 2017.........SUNRISE   549 AM MST   SUNSET   719 PM MST
APRIL 28 2017.........SUNRISE   547 AM MST   SUNSET   720 PM MST


-  INDICATES NEGATIVE NUMBERS.
R  INDICATES RECORD WAS SET OR TIED.
MM INDICATES DATA IS MISSING.
T  INDICATES TRACE AMOUNT.




$$
