000
CDUS45 KVEF 230826
CLIIGM


CLIMATE REPORT
NATIONAL WEATHER SERVICE LAS VEGAS, NV
126 AM PDT THU MAR 23 2017


...................................

...THE KINGMAN AZ CLIMATE SUMMARY FOR MARCH 22 2017...

CLIMATE NORMAL PERIOD 1981 TO 2010
CLIMATE RECORD PERIOD 1901 TO 2017


WEATHER ITEM   OBSERVED TIME   RECORD YEAR NORMAL DEPARTURE LAST
                VALUE   (LST)  VALUE       VALUE  FROM      YEAR
                                                  NORMAL
..................................................................
TEMPERATURE (F)
 YESTERDAY
  MAXIMUM         70    102 PM  87    2004  67      3       67
  MINIMUM         48   1117 PM  22    1923  38     10       43
  AVERAGE         59                        53      6       55

PRECIPITATION (IN)
  YESTERDAY        0.24          0.80 1954   0.02   0.22     0.00
  MONTH TO DATE    0.24                      0.58  -0.34     0.16
  SINCE OCT 1      6.26                      4.84   1.42     2.86
  SINCE JAN 1      2.70                      2.74  -0.04     1.34

DEGREE DAYS
 HEATING
  YESTERDAY        6                        12     -6       10
  MONTH TO DATE  143                       315   -172      163
  SINCE MAR 1    143                       315   -172      163
  SINCE JUL 1   2140                      2728   -588     2515

 COOLING
  YESTERDAY        0                         0      0        0
  MONTH TO DATE    6                         0      6        2
  SINCE MAR 1      6                         0      6        2
  SINCE JAN 1      6                         0      6        2
..................................................................


WIND (MPH)
  RESULTANT WIND SPEED  10   RESULTANT WIND DIRECTION   S (200)
  HIGHEST WIND SPEED    36   HIGHEST WIND DIRECTION    SW (240)
  HIGHEST GUST SPEED    41   HIGHEST GUST DIRECTION    SW (240)
  AVERAGE WIND SPEED    13.5


SKY COVER
  POSSIBLE SUNSHINE  MM
  AVERAGE SKY COVER 0.2


WEATHER CONDITIONS
 THE FOLLOWING WEATHER WAS RECORDED YESTERDAY.
  THUNDERSTORM
  RAIN
  LIGHT RAIN
  FOG


RELATIVE HUMIDITY (PERCENT)
 HIGHEST    77          1100 PM
 LOWEST     17          1200 AM
 AVERAGE    47

..........................................................


THE KINGMAN AZ CLIMATE NORMALS FOR TODAY
                         NORMAL    RECORD    YEAR
 MAXIMUM TEMPERATURE (F)   67        85      1956
 MINIMUM TEMPERATURE (F)   39        24      2009


SUNRISE AND SUNSET
MARCH 23 2017.........SUNRISE   635 AM MST   SUNSET   650 PM MST
MARCH 24 2017.........SUNRISE   633 AM MST   SUNSET   651 PM MST


-  INDICATES NEGATIVE NUMBERS.
R  INDICATES RECORD WAS SET OR TIED.
MM INDICATES DATA IS MISSING.
T  INDICATES TRACE AMOUNT.




$$
