000
CDUS45 KVEF 050845
CLIIGM


CLIMATE REPORT
NATIONAL WEATHER SERVICE LAS VEGAS, NV
1245 AM PST THU MAR 5 2015


...................................

...THE KINGMAN AZ CLIMATE SUMMARY FOR MARCH 4 2015...

CLIMATE NORMAL PERIOD 1981 TO 2010
CLIMATE RECORD PERIOD 1901 TO 2015


WEATHER ITEM   OBSERVED TIME   RECORD YEAR NORMAL DEPARTURE LAST
                VALUE   (LST)  VALUE       VALUE  FROM      YEAR
                                                  NORMAL
..................................................................
TEMPERATURE (F)
 YESTERDAY
  MAXIMUM         54    446 PM  87    1910  63     -9       67
  MINIMUM         32    728 AM  11    1976  36     -4       47
  AVERAGE         43                        49     -6       57

PRECIPITATION (IN)
  YESTERDAY        0.00          0.85 1912   0.03  -0.03     0.00
  MONTH TO DATE    1.27                      0.15   1.12     0.11
  SINCE OCT 1      4.83                      4.41   0.42     1.43
  SINCE JAN 1      2.70                      2.31   0.39     0.55

DEGREE DAYS
 HEATING
  YESTERDAY       22                        16      6        8
  MONTH TO DATE   86                        64     22       53
  SINCE MAR 1     86                        64     22       53
  SINCE JUL 1   2066                      2477   -411     2375

 COOLING
  YESTERDAY        0                         0      0        0
  MONTH TO DATE    0                         0      0        0
  SINCE MAR 1      0                         0      0        0
  SINCE JAN 1      0                         0      0        0
..................................................................


WIND (MPH)
  RESULTANT WIND SPEED   8   RESULTANT WIND DIRECTION  NE (30)
  HIGHEST WIND SPEED    21   HIGHEST WIND DIRECTION     N (360)
  HIGHEST GUST SPEED    25   HIGHEST GUST DIRECTION     N (360)
  AVERAGE WIND SPEED    10.7


SKY COVER
  POSSIBLE SUNSHINE  MM
  AVERAGE SKY COVER 0.0


WEATHER CONDITIONS
 THE FOLLOWING WEATHER WAS RECORDED YESTERDAY.
  NO SIGNIFICANT WEATHER WAS OBSERVED.


RELATIVE HUMIDITY (PERCENT)
 HIGHEST    96           100 AM
 LOWEST     32           400 PM
 AVERAGE    64

..........................................................


THE KINGMAN AZ CLIMATE NORMALS FOR TODAY
                         NORMAL    RECORD    YEAR
 MAXIMUM TEMPERATURE (F)   63        86      1910
 MINIMUM TEMPERATURE (F)   36        24      1976


SUNRISE AND SUNSET
MARCH  5 2015.........SUNRISE   700 AM MST   SUNSET   635 PM MST
MARCH  6 2015.........SUNRISE   659 AM MST   SUNSET   636 PM MST


-  INDICATES NEGATIVE NUMBERS.
R  INDICATES RECORD WAS SET OR TIED.
MM INDICATES DATA IS MISSING.
T  INDICATES TRACE AMOUNT.




$$
