000
CDUS45 KVEF 050026
CLIIGM


CLIMATE REPORT
NATIONAL WEATHER SERVICE LAS VEGAS, NV
526 PM PDT TUE AUG 4 2015


...................................

...THE KINGMAN AZ CLIMATE SUMMARY FOR AUGUST 4 2015...
VALID TODAY AS OF 0500 PM LOCAL TIME.

CLIMATE NORMAL PERIOD 1981 TO 2010
CLIMATE RECORD PERIOD 1901 TO 2015


WEATHER ITEM   OBSERVED TIME   RECORD YEAR NORMAL DEPARTURE LAST
                VALUE   (LST)  VALUE       VALUE  FROM      YEAR
                                                  NORMAL
..................................................................
TEMPERATURE (F)
 TODAY
  MAXIMUM        100    430 PM 105    1998  97      3       85
  MINIMUM         66    556 AM  52    1964  71     -5       63
  AVERAGE         83                        84     -1       74

PRECIPITATION (IN)
  TODAY            0.00          0.35 1955   0.03  -0.03     0.00
  MONTH TO DATE    0.01                      0.11  -0.10     0.79
  SINCE OCT 1      7.54                      6.51   1.03     3.71
  SINCE JAN 1      5.41                      4.41   1.00     2.83

DEGREE DAYS
 HEATING
  TODAY            0                         0      0        0
  MONTH TO DATE    0                         0      0        0
  SINCE JUN 1      0                         3     -3        0
  SINCE JUL 1      0                         0      0        0

 COOLING
  TODAY           18                        19     -1        9
  MONTH TO DATE   70                        76     -6       52
  SINCE JUN 1   1060                      1037     23     1077
  SINCE JAN 1   1166                      1235    -69     1302
..................................................................


WIND (MPH)
  RESULTANT WIND SPEED  10   RESULTANT WIND DIRECTION  SW (210)
  HIGHEST WIND SPEED    25   HIGHEST WIND DIRECTION     S (200)
  HIGHEST GUST SPEED    35   HIGHEST GUST DIRECTION     S (190)
  AVERAGE WIND SPEED    11.4


SKY COVER
  POSSIBLE SUNSHINE  MM
  AVERAGE SKY COVER 0.0


WEATHER CONDITIONS
 THE FOLLOWING WEATHER WAS RECORDED TODAY.
  NO SIGNIFICANT WEATHER WAS OBSERVED.


RELATIVE HUMIDITY (PERCENT)
 HIGHEST    32           600 AM
 LOWEST      7           400 PM
 AVERAGE    20

..........................................................


THE KINGMAN AZ CLIMATE NORMALS FOR TOMORROW
                         NORMAL    RECORD    YEAR
 MAXIMUM TEMPERATURE (F)   97       106      1969
 MINIMUM TEMPERATURE (F)   71        51      1920


SUNRISE AND SUNSET
AUGUST  4 2015........SUNRISE   547 AM MST   SUNSET   736 PM MST
AUGUST  5 2015........SUNRISE   548 AM MST   SUNSET   735 PM MST


-  INDICATES NEGATIVE NUMBERS.
R  INDICATES RECORD WAS SET OR TIED.
MM INDICATES DATA IS MISSING.
T  INDICATES TRACE AMOUNT.




$$
