000
CDUS41 KPHI 230627
CLIILG


CLIMATE REPORT
NATIONAL WEATHER SERVICE MOUNT HOLLY NJ
227 AM EDT THU OCT 23 2014


...................................

...THE WILMINGTON DE CLIMATE SUMMARY FOR OCTOBER 22 2014...

CLIMATE NORMAL PERIOD 1981 TO 2010
CLIMATE RECORD PERIOD 1894 TO 2014


WEATHER ITEM   OBSERVED TIME   RECORD YEAR NORMAL DEPARTURE LAST
                VALUE   (LST)  VALUE       VALUE  FROM      YEAR
                                                  NORMAL
..................................................................
TEMPERATURE (F)
 YESTERDAY
  MAXIMUM         57   1010 AM  81    1979  64     -7       67
                                      1975
  MINIMUM         52   1159 PM  26    1940  44      8       42
  AVERAGE         55                        54      1       55

PRECIPITATION (IN)
  YESTERDAY        0.52          1.63 1970   0.10   0.42      T
  MONTH TO DATE    2.71                      2.50   0.21     1.92
  SINCE SEP 1      5.55                      6.82  -1.27     3.84
  SINCE JAN 1     43.62                     35.58   8.04    40.17

SNOWFALL (IN)
  YESTERDAY        0.0           0.0  1894   0.0    0.0      0.0
  MONTH TO DATE    0.0                       0.0    0.0      0.0
  SINCE SEP 1      0.0                       0.0    0.0      0.0
  SINCE JUL 1      0.0                       0.0    0.0      0.0
  SNOW DEPTH       0

DEGREE DAYS
 HEATING
  YESTERDAY       10                        11     -1       10
  MONTH TO DATE  127                       177    -50       88
  SINCE SEP 1    165                       227    -62      157
  SINCE JUL 1    165                       229    -64      157

 COOLING
  YESTERDAY        0                         0      0        0
  MONTH TO DATE   18                        15      3       49
  SINCE SEP 1    167                       149     18      156
  SINCE JAN 1   1073                      1142    -69     1241
..................................................................


WIND (MPH)
  HIGHEST WIND SPEED    21   HIGHEST WIND DIRECTION    NW (320)
  HIGHEST GUST SPEED    29   HIGHEST GUST DIRECTION    NW (320)
  AVERAGE WIND SPEED    14.5


SKY COVER
  POSSIBLE SUNSHINE  MM
  AVERAGE SKY COVER 1.0


WEATHER CONDITIONS
 THE FOLLOWING WEATHER WAS RECORDED YESTERDAY.
  THUNDERSTORM
  RAIN
  LIGHT RAIN
  FOG


RELATIVE HUMIDITY (PERCENT)
 HIGHEST    93           400 AM
 LOWEST     77          1100 PM
 AVERAGE    85

..........................................................


THE WILMINGTON DE CLIMATE NORMALS FOR TODAY
                         NORMAL    RECORD    YEAR
 MAXIMUM TEMPERATURE (F)   64        86      1947
 MINIMUM TEMPERATURE (F)   44        28      1969


SUNRISE AND SUNSET
OCTOBER 23 2014.......SUNRISE   721 AM EDT   SUNSET   612 PM EDT
OCTOBER 24 2014.......SUNRISE   722 AM EDT   SUNSET   611 PM EDT


-  INDICATES NEGATIVE NUMBERS.
R  INDICATES RECORD WAS SET OR TIED.
MM INDICATES DATA IS MISSING.
T  INDICATES TRACE AMOUNT.




$$
