000
CDUS41 KPHI 182127
CLIILG


CLIMATE REPORT
NATIONAL WEATHER SERVICE MOUNT HOLLY NJ
426 PM EST MON DEC 18 2017


...................................

...THE WILMINGTON DE CLIMATE SUMMARY FOR DECEMBER 18 2017...
VALID TODAY AS OF 0400 PM LOCAL TIME.

CLIMATE NORMAL PERIOD 1981 TO 2010
CLIMATE RECORD PERIOD 1894 TO 2017


WEATHER ITEM   OBSERVED TIME   RECORD YEAR NORMAL DEPARTURE LAST
                VALUE   (LST)  VALUE       VALUE  FROM      YEAR
                                                  NORMAL
..................................................................
TEMPERATURE (F)
 TODAY
  MAXIMUM         52    248 PM  71    2006  44      8       62
  MINIMUM         35    720 AM   0    1919  28      7       34
  AVERAGE         44                        36      8       48

PRECIPITATION (IN)
  TODAY            T             1.99 1977   0.11  -0.11     0.05
  MONTH TO DATE    0.73                      2.16  -1.43     1.90
  SINCE DEC 1      0.73                      2.16  -1.43     1.90
  SINCE JAN 1     39.40                     41.76  -2.36    40.09

SNOWFALL (IN)
  TODAY            0.0           9.0  1932   0.2   -0.2      0.0
  MONTH TO DATE    7.0                       1.9    5.1       T
  SINCE DEC 1      7.0                       1.9    5.1       T
  SINCE JUL 1      7.0                       2.3    4.7       T
  SNOW DEPTH       0

DEGREE DAYS
 HEATING
  TODAY           21                        29     -8       17
  MONTH TO DATE  495                       479     16      480
  SINCE DEC 1    495                       479     16      480
  SINCE JUL 1   1223                      1377   -154     1204

 COOLING
  TODAY            0                         0      0        0
  MONTH TO DATE    0                         0      0        0
  SINCE DEC 1      0                         0      0        0
  SINCE JAN 1   1304                      1145    159     1489
..................................................................


WIND (MPH)
  HIGHEST WIND SPEED    10   HIGHEST WIND DIRECTION    NW (300)
  HIGHEST GUST SPEED    13   HIGHEST GUST DIRECTION    NW (300)
  AVERAGE WIND SPEED     4.6


SKY COVER
  POSSIBLE SUNSHINE  MM
  AVERAGE SKY COVER 0.7


WEATHER CONDITIONS
 THE FOLLOWING WEATHER WAS RECORDED TODAY.
  LIGHT RAIN
  FOG
  HAZE


RELATIVE HUMIDITY (PERCENT)
 HIGHEST    85           400 AM
 LOWEST     50           100 PM
 AVERAGE    68

..........................................................


THE WILMINGTON DE CLIMATE NORMALS FOR TOMORROW
                         NORMAL    RECORD    YEAR
 MAXIMUM TEMPERATURE (F)   43        62      1929
 MINIMUM TEMPERATURE (F)   28         8      1926
                                             1919


SUNRISE AND SUNSET
DECEMBER 18 2017......SUNRISE   718 AM EST   SUNSET   440 PM EST
DECEMBER 19 2017......SUNRISE   719 AM EST   SUNSET   441 PM EST


-  INDICATES NEGATIVE NUMBERS.
R  INDICATES RECORD WAS SET OR TIED.
MM INDICATES DATA IS MISSING.
T  INDICATES TRACE AMOUNT.




$$
