000
CDUS41 KPHI 040631
CLIILG


CLIMATE REPORT
NATIONAL WEATHER SERVICE MOUNT HOLLY NJ
131 AM EST WED MAR 4 2015


...................................

...THE WILMINGTON DE CLIMATE SUMMARY FOR MARCH 3 2015...

CLIMATE NORMAL PERIOD 1981 TO 2010
CLIMATE RECORD PERIOD 1894 TO 2015


WEATHER ITEM   OBSERVED TIME   RECORD YEAR NORMAL DEPARTURE LAST
                VALUE   (LST)  VALUE       VALUE  FROM      YEAR
                                                  NORMAL
..................................................................
TEMPERATURE (F)
 YESTERDAY
  MAXIMUM         34   1159 PM  69    1923  48    -14       33
  MINIMUM         23    339 AM   8    2014  30     -7        8
  AVERAGE         29                        39    -10       21

PRECIPITATION (IN)
  YESTERDAY        0.47          1.62 1942   0.10   0.37     0.26
  MONTH TO DATE    1.01                      0.31   0.70     0.35
  SINCE MAR 1      1.01                      0.31   0.70     0.35
  SINCE JAN 1      7.62                      6.00   1.62     8.93

SNOWFALL (IN)
  YESTERDAY        T             7.9  1960   0.1   -0.1      4.5
  MONTH TO DATE    0.3                       0.4   -0.1      4.5
  SINCE MAR 1      0.3                       0.4   -0.1      4.5
  SINCE JUL 1     15.1                      18.4   -3.3     52.9
  SNOW DEPTH       2

DEGREE DAYS
 HEATING
  YESTERDAY       36                        26     10       44
  MONTH TO DATE  108                        79     29      110
  SINCE MAR 1    108                        79     29      110
  SINCE JUL 1   3947                      3702    245     3965

 COOLING
  YESTERDAY        0                         0      0        0
  MONTH TO DATE    0                         0      0        0
  SINCE MAR 1      0                         0      0        0
  SINCE JAN 1      0                         0      0        0
..................................................................


WIND (MPH)
  HIGHEST WIND SPEED    16   HIGHEST WIND DIRECTION     S (200)
  HIGHEST GUST SPEED    20   HIGHEST GUST DIRECTION     S (190)
  AVERAGE WIND SPEED     8.6


SKY COVER
  POSSIBLE SUNSHINE  MM
  AVERAGE SKY COVER 0.6


WEATHER CONDITIONS
 THE FOLLOWING WEATHER WAS RECORDED YESTERDAY.
  FREEZING RAIN
  LT FREEZING RAIN
  FOG


RELATIVE HUMIDITY (PERCENT)
 HIGHEST   100           800 PM
 LOWEST     46           900 AM
 AVERAGE    73

..........................................................


THE WILMINGTON DE CLIMATE NORMALS FOR TODAY
                         NORMAL    RECORD    YEAR
 MAXIMUM TEMPERATURE (F)   48        76      1974
 MINIMUM TEMPERATURE (F)   30         5      1943


SUNRISE AND SUNSET
MARCH  4 2015.........SUNRISE   631 AM EST   SUNSET   558 PM EST
MARCH  5 2015.........SUNRISE   630 AM EST   SUNSET   559 PM EST


-  INDICATES NEGATIVE NUMBERS.
R  INDICATES RECORD WAS SET OR TIED.
MM INDICATES DATA IS MISSING.
T  INDICATES TRACE AMOUNT.




$$
