120
CDUS41 KPHI 280629
CLIILG


CLIMATE REPORT
NATIONAL WEATHER SERVICE MOUNT HOLLY NJ
229 AM EDT WED JUN 28 2017


...................................

...THE WILMINGTON DE CLIMATE SUMMARY FOR JUNE 27 2017...

CLIMATE NORMAL PERIOD 1981 TO 2010
CLIMATE RECORD PERIOD 1894 TO 2017


WEATHER ITEM   OBSERVED TIME   RECORD YEAR NORMAL DEPARTURE LAST
                VALUE   (LST)  VALUE       VALUE  FROM      YEAR
                                                  NORMAL
..................................................................
TEMPERATURE (F)
 YESTERDAY
  MAXIMUM         80    359 PM  97    1952  85     -5       82
  MINIMUM         59    454 AM  52    1979  66     -7       61
                                      1924
  AVERAGE         70                        75     -5       72

PRECIPITATION (IN)
  YESTERDAY        0.12          4.77 1938   0.13  -0.01     0.35
  MONTH TO DATE    3.99                      3.50   0.49     3.69
  SINCE JUN 1      3.99                      3.50   0.49     3.69
  SINCE JAN 1     21.17                     20.56   0.61    21.36

SNOWFALL (IN)
  YESTERDAY        0.0           0.0  1894   0.0    0.0      0.0
  MONTH TO DATE    0.0                       0.0    0.0      0.0
  SINCE JUN 1      0.0                       0.0    0.0      0.0
  SINCE JUL 1      9.0                      20.2  -11.2     25.4
  SNOW DEPTH      MM

DEGREE DAYS
 HEATING
  YESTERDAY        0                         0      0        0
  MONTH TO DATE   10                        13     -3        5
  SINCE JUN 1     10                        13     -3        5
  SINCE JUL 1   4087                      4817   -730     4065

 COOLING
  YESTERDAY        5                        10     -5        7
  MONTH TO DATE  232                       199     33      198
  SINCE JUN 1    232                       199     33      198
  SINCE JAN 1    323                       278     45      290
..................................................................


WIND (MPH)
  HIGHEST WIND SPEED    22   HIGHEST WIND DIRECTION    NW (320)
  HIGHEST GUST SPEED    27   HIGHEST GUST DIRECTION     W (290)
  AVERAGE WIND SPEED     7.5


SKY COVER
  POSSIBLE SUNSHINE  MM
  AVERAGE SKY COVER 0.2


WEATHER CONDITIONS
 THE FOLLOWING WEATHER WAS RECORDED YESTERDAY.
  LIGHT RAIN
  FOG


RELATIVE HUMIDITY (PERCENT)
 HIGHEST    81           800 AM
 LOWEST     36           600 PM
 AVERAGE    59

..........................................................


THE WILMINGTON DE CLIMATE NORMALS FOR TODAY
                         NORMAL    RECORD    YEAR
 MAXIMUM TEMPERATURE (F)   85        97      1898
 MINIMUM TEMPERATURE (F)   66        53      1970


SUNRISE AND SUNSET
JUNE 28 2017..........SUNRISE   537 AM EDT   SUNSET   834 PM EDT
JUNE 29 2017..........SUNRISE   538 AM EDT   SUNSET   834 PM EDT


-  INDICATES NEGATIVE NUMBERS.
R  INDICATES RECORD WAS SET OR TIED.
MM INDICATES DATA IS MISSING.
T  INDICATES TRACE AMOUNT.




$$
