000
CDUS41 KPHI 270627
CLIILG


CLIMATE REPORT
NATIONAL WEATHER SERVICE MOUNT HOLLY NJ
227 AM EDT WED AUG 27 2014


...................................

...THE WILMINGTON DE CLIMATE SUMMARY FOR AUGUST 26 2014...

CLIMATE NORMAL PERIOD 1981 TO 2010
CLIMATE RECORD PERIOD 1894 TO 2014


WEATHER ITEM   OBSERVED TIME   RECORD YEAR NORMAL DEPARTURE LAST
                VALUE   (LST)  VALUE       VALUE  FROM      YEAR
                                                  NORMAL
..................................................................
TEMPERATURE (F)
 YESTERDAY
  MAXIMUM         88    143 PM  98    1948  83      5       85
  MINIMUM         64    250 AM  49    1942  65     -1       61
  AVERAGE         76                        74      2       73

PRECIPITATION (IN)
  YESTERDAY        0.00          2.40 1908   0.10  -0.10     0.00
  MONTH TO DATE    3.43                      2.78   0.65     4.68
  SINCE JUN 1     14.40                     11.23   3.17    22.39
  SINCE JAN 1     36.73                     28.29   8.44    35.79

SNOWFALL (IN)
  YESTERDAY        0.0           0.0  1894   0.0    0.0      0.0
  MONTH TO DATE    0.0                       0.0    0.0      0.0
  SINCE JUN 1      0.0                       0.0    0.0      0.0
  SINCE JUL 1      0.0                       0.0    0.0      0.0
  SNOW DEPTH       0

DEGREE DAYS
 HEATING
  YESTERDAY        0                         0      0        0
  MONTH TO DATE    0                         0      0        0
  SINCE JUN 1      2                        15    -13        0
  SINCE JUL 1      0                         0      0        0

 COOLING
  YESTERDAY       11                         9      2        8
  MONTH TO DATE  203                       273    -70      207
  SINCE JUN 1    795                       871    -76      915
  SINCE JAN 1    862                       950    -88     1022
..................................................................


WIND (MPH)
  HIGHEST WIND SPEED    17   HIGHEST WIND DIRECTION     S (170)
  HIGHEST GUST SPEED    20   HIGHEST GUST DIRECTION     S (170)
  AVERAGE WIND SPEED     6.5


SKY COVER
  POSSIBLE SUNSHINE  MM
  AVERAGE SKY COVER 0.0


WEATHER CONDITIONS
 THE FOLLOWING WEATHER WAS RECORDED YESTERDAY.
  NO SIGNIFICANT WEATHER WAS OBSERVED.


RELATIVE HUMIDITY (PERCENT)
 HIGHEST    84           200 AM
 LOWEST     42          1200 PM
 AVERAGE    63

..........................................................


THE WILMINGTON DE CLIMATE NORMALS FOR TODAY
                         NORMAL    RECORD    YEAR
 MAXIMUM TEMPERATURE (F)   83        98      1948
 MINIMUM TEMPERATURE (F)   65        49      1944


SUNRISE AND SUNSET
AUGUST 27 2014........SUNRISE   626 AM EDT   SUNSET   741 PM EDT
AUGUST 28 2014........SUNRISE   627 AM EDT   SUNSET   740 PM EDT


-  INDICATES NEGATIVE NUMBERS.
R  INDICATES RECORD WAS SET OR TIED.
MM INDICATES DATA IS MISSING.
T  INDICATES TRACE AMOUNT.




$$
