000
CDUS41 KPHI 190635
CLIILG


CLIMATE REPORT
NATIONAL WEATHER SERVICE MOUNT HOLLY NJ
235 AM EDT FRI SEP 19 2014


...................................

...THE WILMINGTON DE CLIMATE SUMMARY FOR SEPTEMBER 18 2014...

CLIMATE NORMAL PERIOD 1981 TO 2010
CLIMATE RECORD PERIOD 1894 TO 2014


WEATHER ITEM   OBSERVED TIME   RECORD YEAR NORMAL DEPARTURE LAST
                VALUE   (LST)  VALUE       VALUE  FROM      YEAR
                                                  NORMAL
..................................................................
TEMPERATURE (F)
 YESTERDAY
  MAXIMUM         72    452 PM  89    1941  77     -5       70
  MINIMUM         51    454 AM  40    1990  57     -6       42
                                      1959
  AVERAGE         62                        67     -5       56

PRECIPITATION (IN)
  YESTERDAY        T             2.54 2004   0.16  -0.16     0.00
  MONTH TO DATE    1.57                      2.44  -0.87     0.46
  SINCE SEP 1      1.57                      2.44  -0.87     0.46
  SINCE JAN 1     39.64                     31.20   8.44    36.79

SNOWFALL (IN)
  YESTERDAY        0.0           0.0  1894   0.0    0.0      0.0
  MONTH TO DATE    0.0                       0.0    0.0      0.0
  SINCE SEP 1      0.0                       0.0    0.0      0.0
  SINCE JUL 1      0.0                       0.0    0.0      0.0
  SNOW DEPTH       0

DEGREE DAYS
 HEATING
  YESTERDAY        3                         2      1        9
  MONTH TO DATE   17                        13      4       31
  SINCE SEP 1     17                        13      4       31
  SINCE JUL 1     17                        15      2       31

 COOLING
  YESTERDAY        0                         4     -4        0
  MONTH TO DATE  126                       104     22      105
  SINCE SEP 1    126                       104     22      105
  SINCE JAN 1   1032                      1097    -65     1190
..................................................................


WIND (MPH)
  HIGHEST WIND SPEED    13   HIGHEST WIND DIRECTION     W (280)
  HIGHEST GUST SPEED    15   HIGHEST GUST DIRECTION     N (10)
  AVERAGE WIND SPEED     2.8


SKY COVER
  POSSIBLE SUNSHINE  MM
  AVERAGE SKY COVER 0.4


WEATHER CONDITIONS
 THE FOLLOWING WEATHER WAS RECORDED YESTERDAY.
  LIGHT RAIN


RELATIVE HUMIDITY (PERCENT)
 HIGHEST    96           400 AM
 LOWEST     57          1100 AM
 AVERAGE    77

..........................................................


THE WILMINGTON DE CLIMATE NORMALS FOR TODAY
                         NORMAL    RECORD    YEAR
 MAXIMUM TEMPERATURE (F)   76        94      1983
 MINIMUM TEMPERATURE (F)   57        40      1929


SUNRISE AND SUNSET
SEPTEMBER 19 2014.....SUNRISE   647 AM EDT   SUNSET   704 PM EDT
SEPTEMBER 20 2014.....SUNRISE   648 AM EDT   SUNSET   703 PM EDT


-  INDICATES NEGATIVE NUMBERS.
R  INDICATES RECORD WAS SET OR TIED.
MM INDICATES DATA IS MISSING.
T  INDICATES TRACE AMOUNT.




$$
