000
CDUS41 KPHI 282129
CLIILG


CLIMATE REPORT
NATIONAL WEATHER SERVICE MOUNT HOLLY NJ
529 PM EDT THU MAY 28 2015


...................................

...THE WILMINGTON DE CLIMATE SUMMARY FOR MAY 28 2015...
VALID TODAY AS OF 0500 PM LOCAL TIME.

CLIMATE NORMAL PERIOD 1981 TO 2010
CLIMATE RECORD PERIOD 1894 TO 2015


WEATHER ITEM   OBSERVED TIME   RECORD YEAR NORMAL DEPARTURE LAST
                VALUE   (LST)  VALUE       VALUE  FROM      YEAR
                                                  NORMAL
..................................................................
TEMPERATURE (F)
 TODAY
  MAXIMUM         87    115 PM  93    1941  76     11       76
  MINIMUM         69    303 AM  41    1997  57     12       55
  AVERAGE         78                        66     12       66

PRECIPITATION (IN)
  TODAY            0.55          2.14 1982   0.13   0.42     0.10
  MONTH TO DATE    2.39                      3.54  -1.15     3.07
  SINCE MAR 1     12.07                     10.96   1.11    13.73
  SINCE JAN 1     18.68                     16.65   2.03    22.31

SNOWFALL (IN)
  TODAY            0.0           0.0  1894   0.0    0.0      0.0
  MONTH TO DATE    0.0                       0.0    0.0      0.0
  SINCE MAR 1      8.6                       2.2    6.4      7.7
  SINCE JUL 1     23.4                      20.2    3.2     56.1
  SNOW DEPTH       0

DEGREE DAYS
 HEATING
  TODAY            0                         2     -2        0
  MONTH TO DATE   56                       128    -72       67
  SINCE MAR 1   1218                      1174     44     1261
  SINCE JUL 1   5057                      4797    260     5116

 COOLING
  TODAY           13                         4      9        1
  MONTH TO DATE  129                        55     74       58
  SINCE MAR 1    133                        67     66       65
  SINCE JAN 1    133                        67     66       65
..................................................................


WIND (MPH)
  HIGHEST WIND SPEED    25   HIGHEST WIND DIRECTION     S (160)
  HIGHEST GUST SPEED    35   HIGHEST GUST DIRECTION    SW (210)
  AVERAGE WIND SPEED     5.3


SKY COVER
  POSSIBLE SUNSHINE  MM
  AVERAGE SKY COVER 0.4


WEATHER CONDITIONS
 THE FOLLOWING WEATHER WAS RECORDED TODAY.
  THUNDERSTORM
  HEAVY RAIN
  RAIN
  LIGHT RAIN


RELATIVE HUMIDITY (PERCENT)
 HIGHEST    97           400 AM
 LOWEST     55           200 PM
 AVERAGE    76

..........................................................


THE WILMINGTON DE CLIMATE NORMALS FOR TOMORROW
                         NORMAL    RECORD    YEAR
 MAXIMUM TEMPERATURE (F)   77        93      1991
                                             1955
                                             1941
 MINIMUM TEMPERATURE (F)   57        40      1936


SUNRISE AND SUNSET
MAY 28 2015...........SUNRISE   539 AM EDT   SUNSET   821 PM EDT
MAY 29 2015...........SUNRISE   538 AM EDT   SUNSET   822 PM EDT


-  INDICATES NEGATIVE NUMBERS.
R  INDICATES RECORD WAS SET OR TIED.
MM INDICATES DATA IS MISSING.
T  INDICATES TRACE AMOUNT.




$$
