000
CDUS41 KPHI 050628
CLIILG


CLIMATE REPORT
NATIONAL WEATHER SERVICE MOUNT HOLLY NJ
227 AM EDT SAT SEP 5 2015


...................................

...THE WILMINGTON DE CLIMATE SUMMARY FOR SEPTEMBER 4 2015...

CLIMATE NORMAL PERIOD 1981 TO 2010
CLIMATE RECORD PERIOD 1894 TO 2015


WEATHER ITEM   OBSERVED TIME   RECORD YEAR NORMAL DEPARTURE LAST
                VALUE   (LST)  VALUE       VALUE  FROM      YEAR
                                                  NORMAL
..................................................................
TEMPERATURE (F)
 YESTERDAY
  MAXIMUM         92    126 PM  94    1953  81     11       85
  MINIMUM         70    450 AM  47    1997  63      7       63
  AVERAGE         81                        72      9       74

PRECIPITATION (IN)
  YESTERDAY        T             1.71 1935   0.12  -0.12     0.00
  MONTH TO DATE    T                         0.47  -0.47     0.61
  SINCE SEP 1      T                         0.47  -0.47     0.61
  SINCE JAN 1     35.04                     29.23   5.81    38.68

SNOWFALL (IN)
  YESTERDAY        0.0           0.0  1894   0.0    0.0      0.0
  MONTH TO DATE    0.0                       0.0    0.0      0.0
  SINCE SEP 1      0.0                       0.0    0.0      0.0
  SINCE JUL 1      0.0                       0.0    0.0      0.0
  SNOW DEPTH       0

DEGREE DAYS
 HEATING
  YESTERDAY        0                         0      0        0
  MONTH TO DATE    0                         0      0        0
  SINCE SEP 1      0                         0      0        0
  SINCE JUL 1      0                         2     -2        0

 COOLING
  YESTERDAY       16                         7      9        9
  MONTH TO DATE   66                        30     36       51
  SINCE SEP 1     66                        30     36       51
  SINCE JAN 1   1213                      1023    190      957
..................................................................


WIND (MPH)
  HIGHEST WIND SPEED    21   HIGHEST WIND DIRECTION    SE (120)
  HIGHEST GUST SPEED    25   HIGHEST GUST DIRECTION    SE (120)
  AVERAGE WIND SPEED     7.9


SKY COVER
  POSSIBLE SUNSHINE  MM
  AVERAGE SKY COVER 0.3


WEATHER CONDITIONS
 THE FOLLOWING WEATHER WAS RECORDED YESTERDAY.
  THUNDERSTORM
  LIGHT RAIN
  FOG
  HAZE


RELATIVE HUMIDITY (PERCENT)
 HIGHEST    84           200 AM
 LOWEST     44           100 PM
 AVERAGE    64

..........................................................


THE WILMINGTON DE CLIMATE NORMALS FOR TODAY
                         NORMAL    RECORD    YEAR
 MAXIMUM TEMPERATURE (F)   81        93      1983
                                             1961
 MINIMUM TEMPERATURE (F)   62        48      1997


SUNRISE AND SUNSET
SEPTEMBER  5 2015.....SUNRISE   634 AM EDT   SUNSET   728 PM EDT
SEPTEMBER  6 2015.....SUNRISE   635 AM EDT   SUNSET   726 PM EDT


-  INDICATES NEGATIVE NUMBERS.
R  INDICATES RECORD WAS SET OR TIED.
MM INDICATES DATA IS MISSING.
T  INDICATES TRACE AMOUNT.




$$
