000
CDUS41 KPHI 252134
CLIILG


CLIMATE REPORT
NATIONAL WEATHER SERVICE MOUNT HOLLY NJ
533 PM EDT WED MAY 25 2016


...................................

...THE WILMINGTON DE CLIMATE SUMMARY FOR MAY 25 2016...
VALID TODAY AS OF 0500 PM LOCAL TIME.

CLIMATE NORMAL PERIOD 1981 TO 2010
CLIMATE RECORD PERIOD 1894 TO 2016


WEATHER ITEM   OBSERVED TIME   RECORD YEAR NORMAL DEPARTURE LAST
                VALUE   (LST)  VALUE       VALUE  FROM      YEAR
                                                  NORMAL
..................................................................
TEMPERATURE (F)
 TODAY
  MAXIMUM         87    307 PM  92    1991  76     11       84
  MINIMUM         56    522 AM  39    1956  56      0       62
  AVERAGE         72                        66      6       73

PRECIPITATION (IN)
  TODAY            0.00          2.01 1952   0.13  -0.13     0.00
  MONTH TO DATE    5.55                      3.15   2.40     1.84
  SINCE MAR 1      9.19                     10.57  -1.38    11.52
  SINCE JAN 1     15.92                     16.26  -0.34    18.13

SNOWFALL (IN)
  TODAY            0.0           0.0  1894   0.0    0.0      0.0
  MONTH TO DATE    0.0                       0.0    0.0      0.0
  SINCE MAR 1      2.7                       2.2    0.5      8.6
  SINCE JUL 1     25.4                      20.2    5.2     23.4
  SNOW DEPTH       0

DEGREE DAYS
 HEATING
  TODAY            0                         3     -3        0
  MONTH TO DATE  171                       121     50       56
  SINCE MAR 1   1052                      1167   -115     1218
  SINCE JUL 1   4060                      4790   -730     5057

 COOLING
  TODAY            7                         3      4        8
  MONTH TO DATE   12                        44    -32       92
  SINCE MAR 1     26                        56    -30       96
  SINCE JAN 1     26                        56    -30       96
..................................................................


WIND (MPH)
  HIGHEST WIND SPEED    16   HIGHEST WIND DIRECTION     W (280)
  HIGHEST GUST SPEED    21   HIGHEST GUST DIRECTION     W (260)
  AVERAGE WIND SPEED     8.7


SKY COVER
  POSSIBLE SUNSHINE  MM
  AVERAGE SKY COVER 0.0


WEATHER CONDITIONS
 THE FOLLOWING WEATHER WAS RECORDED TODAY.
  NO SIGNIFICANT WEATHER WAS OBSERVED.


RELATIVE HUMIDITY (PERCENT)
 HIGHEST    77           500 AM
 LOWEST     27          1100 AM
 AVERAGE    52

..........................................................


THE WILMINGTON DE CLIMATE NORMALS FOR TOMORROW
                         NORMAL    RECORD    YEAR
 MAXIMUM TEMPERATURE (F)   76        92      2010
 MINIMUM TEMPERATURE (F)   56        40      1925


SUNRISE AND SUNSET
MAY 25 2016...........SUNRISE   540 AM EDT   SUNSET   819 PM EDT
MAY 26 2016...........SUNRISE   539 AM EDT   SUNSET   820 PM EDT


-  INDICATES NEGATIVE NUMBERS.
R  INDICATES RECORD WAS SET OR TIED.
MM INDICATES DATA IS MISSING.
T  INDICATES TRACE AMOUNT.




$$
