000
CDUS41 KPHI 022129
CLIILG


CLIMATE REPORT
NATIONAL WEATHER SERVICE MOUNT HOLLY NJ
529 PM EDT MON MAY 2 2016


...................................

...THE WILMINGTON DE CLIMATE SUMMARY FOR MAY 2 2016...
VALID TODAY AS OF 0500 PM LOCAL TIME.

CLIMATE NORMAL PERIOD 1981 TO 2010
CLIMATE RECORD PERIOD 1894 TO 2016


WEATHER ITEM   OBSERVED TIME   RECORD YEAR NORMAL DEPARTURE LAST
                VALUE   (LST)  VALUE       VALUE  FROM      YEAR
                                                  NORMAL
..................................................................
TEMPERATURE (F)
 TODAY
  MAXIMUM         63    359 PM  90    1894  69     -6       71
  MINIMUM         48    627 AM  34    1943  48      0       44
  AVERAGE         56                        58     -2       58

PRECIPITATION (IN)
  TODAY            0.01          1.68 1989   0.11  -0.10     0.00
  MONTH TO DATE    0.37                      0.22   0.15     0.00
  SINCE MAR 1      4.01                      7.64  -3.63     9.68
  SINCE JAN 1     10.74                     13.33  -2.59    16.29

SNOWFALL (IN)
  TODAY            0.0           0.0  1894   0.0    0.0      0.0
  MONTH TO DATE    0.0                       0.0    0.0      0.0
  SINCE MAR 1      2.7                       2.2    0.5      8.6
  SINCE JUL 1     25.4                      20.2    5.2     23.4
  SNOW DEPTH       0

DEGREE DAYS
 HEATING
  TODAY            9                         7      2        7
  MONTH TO DATE   24                        14     10       17
  SINCE MAR 1    905                      1060   -155     1179
  SINCE JUL 1   3913                      4683   -770     5018

 COOLING
  TODAY            0                         1     -1        0
  MONTH TO DATE    0                         2     -2        0
  SINCE MAR 1     14                        14      0        4
  SINCE JAN 1     14                        14      0        4
..................................................................


WIND (MPH)
  HIGHEST WIND SPEED    13   HIGHEST WIND DIRECTION    NE (50)
  HIGHEST GUST SPEED    15   HIGHEST GUST DIRECTION    NE (40)
  AVERAGE WIND SPEED     5.1


SKY COVER
  POSSIBLE SUNSHINE  MM
  AVERAGE SKY COVER 1.0


WEATHER CONDITIONS
 THE FOLLOWING WEATHER WAS RECORDED TODAY.
  LIGHT RAIN
  FOG
  HAZE


RELATIVE HUMIDITY (PERCENT)
 HIGHEST    96          1200 AM
 LOWEST     84           300 PM
 AVERAGE    90

..........................................................


THE WILMINGTON DE CLIMATE NORMALS FOR TOMORROW
                         NORMAL    RECORD    YEAR
 MAXIMUM TEMPERATURE (F)   69        88      1894
 MINIMUM TEMPERATURE (F)   48        33      2005
                                             1941


SUNRISE AND SUNSET
MAY  2 2016...........SUNRISE   601 AM EDT   SUNSET   758 PM EDT
MAY  3 2016...........SUNRISE   600 AM EDT   SUNSET   759 PM EDT


-  INDICATES NEGATIVE NUMBERS.
R  INDICATES RECORD WAS SET OR TIED.
MM INDICATES DATA IS MISSING.
T  INDICATES TRACE AMOUNT.




$$
