000
CDUS41 KPHI 022134
CLIILG


CLIMATE REPORT
NATIONAL WEATHER SERVICE MOUNT HOLLY NJ
533 PM EDT SUN AUG 2 2015


...................................

...THE WILMINGTON DE CLIMATE SUMMARY FOR AUGUST 2 2015...
VALID TODAY AS OF 0500 PM LOCAL TIME.

CLIMATE NORMAL PERIOD 1981 TO 2010
CLIMATE RECORD PERIOD 1894 TO 2015


WEATHER ITEM   OBSERVED TIME   RECORD YEAR NORMAL DEPARTURE LAST
                VALUE   (LST)  VALUE       VALUE  FROM      YEAR
                                                  NORMAL
..................................................................
TEMPERATURE (F)
 TODAY
  MAXIMUM         88    120 PM 101    1955  86      2       77
  MINIMUM         64    338 AM  55    1998  68     -4       66
                                      1976
  AVERAGE         76                        76      0       72

PRECIPITATION (IN)
  TODAY            0.00          2.52 1899   0.12  -0.12     0.37
  MONTH TO DATE    0.00                      0.24  -0.24     0.65
  SINCE JUN 1     14.84                      8.69   6.15    11.62
  SINCE JAN 1     33.52                     25.75   7.77    33.95

SNOWFALL (IN)
  TODAY            0.0           0.0  1894   0.0    0.0      0.0
  MONTH TO DATE    0.0                       0.0    0.0      0.0
  SINCE JUN 1      0.0                       0.0    0.0      0.0
  SINCE JUL 1      0.0                       0.0    0.0      0.0
  SNOW DEPTH       0

DEGREE DAYS
 HEATING
  TODAY            0                         0      0        0
  MONTH TO DATE    0                         0      0        0
  SINCE JUN 1     18                        15      3        2
  SINCE JUL 1      0                         0      0        0

 COOLING
  TODAY           11                        12     -1        7
  MONTH TO DATE   24                        24      0       17
  SINCE JUN 1    665                       622     43      609
  SINCE JAN 1    833                       701    132      676
..................................................................


WIND (MPH)
  HIGHEST WIND SPEED    14   HIGHEST WIND DIRECTION     W (250)
  HIGHEST GUST SPEED    18   HIGHEST GUST DIRECTION     W (290)
  AVERAGE WIND SPEED     4.3


SKY COVER
  POSSIBLE SUNSHINE  MM
  AVERAGE SKY COVER 0.0


WEATHER CONDITIONS
 THE FOLLOWING WEATHER WAS RECORDED TODAY.
  NO SIGNIFICANT WEATHER WAS OBSERVED.


RELATIVE HUMIDITY (PERCENT)
 HIGHEST    87           200 AM
 LOWEST     32          1100 AM
 AVERAGE    60

..........................................................


THE WILMINGTON DE CLIMATE NORMALS FOR TOMORROW
                         NORMAL    RECORD    YEAR
 MAXIMUM TEMPERATURE (F)   85        97      1957
 MINIMUM TEMPERATURE (F)   68        52      1920


SUNRISE AND SUNSET
AUGUST  2 2015........SUNRISE   602 AM EDT   SUNSET   814 PM EDT
AUGUST  3 2015........SUNRISE   603 AM EDT   SUNSET   813 PM EDT


-  INDICATES NEGATIVE NUMBERS.
R  INDICATES RECORD WAS SET OR TIED.
MM INDICATES DATA IS MISSING.
T  INDICATES TRACE AMOUNT.




$$
