000
CDUS42 KILM 250941
CLIILM


CLIMATE REPORT
NATIONAL WEATHER SERVICE WILMINGTON NC
441 AM EST SAT FEB 25 2017


...................................

...THE WILMINGTON NC CLIMATE SUMMARY FOR FEBRUARY 24 2017...

CLIMATE NORMAL PERIOD 1981 TO 2010
CLIMATE RECORD PERIOD 1871 TO 2017


WEATHER ITEM   OBSERVED TIME   RECORD YEAR NORMAL DEPARTURE LAST
                VALUE   (LST)  VALUE       VALUE  FROM      YEAR
                                                  NORMAL
..................................................................
TEMPERATURE (F)
 YESTERDAY
  MAXIMUM         76    247 PM  81    1982  62     14       76
  MINIMUM         52    521 AM  15    1951  39     13       60
  AVERAGE         64                        50     14       68

PRECIPITATION (IN)
  YESTERDAY        0.00          1.90 1994   0.14  -0.14     0.56
  MONTH TO DATE    1.32                      3.10  -1.78     7.62
  SINCE DEC 1     10.90                     10.48   0.42    17.57
  SINCE JAN 1      5.54                      6.86  -1.32    12.07

SNOWFALL (IN)
  YESTERDAY        0.0           1.3  1968   0.0    0.0      0.0
  MONTH TO DATE    0.0                       0.3   -0.3       T
  SINCE DEC 1      T                         1.5   -1.5       T
  SINCE JUL 1      T                         1.5   -1.5       T
  SNOW DEPTH       0

DEGREE DAYS
 HEATING
  YESTERDAY        1                        15    -14        0
  MONTH TO DATE  239                       397   -158      386
  SINCE DEC 1   1126                      1503   -377     1189
  SINCE JUL 1   1485                      1872   -387     1419

 COOLING
  YESTERDAY        0                         0      0        3
  MONTH TO DATE    5                         0      5        3
  SINCE DEC 1      8                         7      1       79
  SINCE JAN 1      5                         2      3        3
..................................................................


WIND (MPH)
  HIGHEST WIND SPEED    14   HIGHEST WIND DIRECTION     E (70)
  HIGHEST GUST SPEED    18   HIGHEST GUST DIRECTION     E (110)
  AVERAGE WIND SPEED     4.5


SKY COVER
  POSSIBLE SUNSHINE  MM
  AVERAGE SKY COVER 0.2


WEATHER CONDITIONS
 THE FOLLOWING WEATHER WAS RECORDED YESTERDAY.
  FOG
  FOG W/VISIBILITY <= 1/4 MILE


RELATIVE HUMIDITY (PERCENT)
 HIGHEST   100          1200 AM
 LOWEST     58           300 PM
 AVERAGE    79

..........................................................


THE WILMINGTON NC CLIMATE NORMALS FOR TODAY
                         NORMAL    RECORD    YEAR
 MAXIMUM TEMPERATURE (F)   62        81      1930
 MINIMUM TEMPERATURE (F)   39        18      1967


SUNRISE AND SUNSET
FEBRUARY 25 2017......SUNRISE   645 AM EST   SUNSET   605 PM EST
FEBRUARY 26 2017......SUNRISE   644 AM EST   SUNSET   606 PM EST


-  INDICATES NEGATIVE NUMBERS.
R  INDICATES RECORD WAS SET OR TIED.
MM INDICATES DATA IS MISSING.
T  INDICATES TRACE AMOUNT.




$$
