000
CDUS42 KILM 282140
CLIILM


CLIMATE REPORT
NATIONAL WEATHER SERVICE WILMINGTON NC
440 PM EST SAT FEB 28 2015


...................................

...THE WILMINGTON NC CLIMATE SUMMARY FOR FEBRUARY 28 2015...
VALID TODAY AS OF 0400 PM LOCAL TIME.

CLIMATE NORMAL PERIOD 1981 TO 2010
CLIMATE RECORD PERIOD 1871 TO 2015


WEATHER ITEM   OBSERVED TIME   RECORD YEAR NORMAL DEPARTURE LAST
                VALUE   (LST)  VALUE       VALUE  FROM      YEAR
                                                  NORMAL
..................................................................
TEMPERATURE (F)
 TODAY
  MAXIMUM         51    226 PM  85    1962  62    -11       52
  MINIMUM         29    635 AM  19    1934  40    -11       32
  AVERAGE         40                        51    -11       42

PRECIPITATION (IN)
  TODAY            0.00          2.68 1966   0.13  -0.13     0.00
  MONTH TO DATE    4.34                      3.62   0.72     2.69
  SINCE DEC 1     14.31                     11.00   3.31     7.19
  SINCE JAN 1      9.32                      7.38   1.94     5.46

SNOWFALL (IN)
  TODAY            0.0           1.6  1886   0.0    0.0      0.0
  MONTH TO DATE    0.3                       0.3    0.0       T
  SINCE DEC 1      0.3                       1.5   -1.2      1.0
  SINCE JUL 1      0.3                       1.5   -1.2      1.0
  SNOW DEPTH       0

DEGREE DAYS
 HEATING
  TODAY           25                        14     11       23
  MONTH TO DATE  672                       454    218      460
  SINCE DEC 1   1730                      1560    170     1532
  SINCE JUL 1   2183                      1929    254     1934

 COOLING
  TODAY            0                         0      0        0
  MONTH TO DATE    0                         3     -3        2
  SINCE DEC 1      6                        10     -4       27
  SINCE JAN 1      6                         5      1        5
..................................................................


WIND (MPH)
  HIGHEST WIND SPEED    20   HIGHEST WIND DIRECTION    NE (30)
  HIGHEST GUST SPEED    26   HIGHEST GUST DIRECTION    NE (30)
  AVERAGE WIND SPEED    12.9


SKY COVER
  POSSIBLE SUNSHINE  MM
  AVERAGE SKY COVER 0.2


WEATHER CONDITIONS
 THE FOLLOWING WEATHER WAS RECORDED TODAY.
  FOG


RELATIVE HUMIDITY (PERCENT)
 HIGHEST    85           300 AM
 LOWEST     36           300 PM
 AVERAGE    61

..........................................................


THE WILMINGTON NC CLIMATE NORMALS FOR TOMORROW
                         NORMAL    RECORD    YEAR
 MAXIMUM TEMPERATURE (F)   63        83      1918
 MINIMUM TEMPERATURE (F)   40        23      2002
                                             1980


SUNRISE AND SUNSET
FEBRUARY 28 2015......SUNRISE   642 AM EST   SUNSET   607 PM EST
MARCH  1 2015.........SUNRISE   641 AM EST   SUNSET   608 PM EST


-  INDICATES NEGATIVE NUMBERS.
R  INDICATES RECORD WAS SET OR TIED.
MM INDICATES DATA IS MISSING.
T  INDICATES TRACE AMOUNT.




$$
