000
CDUS42 KILM 200943
CLIILM


CLIMATE REPORT
NATIONAL WEATHER SERVICE WILMINGTON NC
442 AM EST FRI JAN 20 2017


...................................

...THE WILMINGTON NC CLIMATE SUMMARY FOR JANUARY 19 2017...

CLIMATE NORMAL PERIOD 1981 TO 2010
CLIMATE RECORD PERIOD 1871 TO 2017


WEATHER ITEM   OBSERVED TIME   RECORD YEAR NORMAL DEPARTURE LAST
                VALUE   (LST)  VALUE       VALUE  FROM      YEAR
                                                  NORMAL
..................................................................
TEMPERATURE (F)
 YESTERDAY
  MAXIMUM         61    114 PM  76    1950  56      5       38
                                      1937
  MINIMUM         38    743 AM  12    1994  36      2       21
  AVERAGE         50                        46      4       30

PRECIPITATION (IN)
  YESTERDAY        0.00          2.85 1900   0.12  -0.12     0.00
  MONTH TO DATE    1.74                      2.29  -0.55     2.42
  SINCE DEC 1      7.10                      5.91   1.19     7.92
  SINCE JAN 1      1.74                      2.29  -0.55     2.42

SNOWFALL (IN)
  YESTERDAY        0.0           1.4  1992   0.0    0.0      0.0
  MONTH TO DATE    T                         0.3   -0.3      0.0
  SINCE DEC 1      T                         1.1   -1.1      0.0
  SINCE JUL 1      T                         1.1   -1.1      0.0
  SNOW DEPTH       0

DEGREE DAYS
 HEATING
  YESTERDAY       15                        19     -4       35
  MONTH TO DATE  271                       361    -90      375
  SINCE DEC 1    741                       876   -135      551
  SINCE JUL 1   1100                      1245   -145      781

 COOLING
  YESTERDAY        0                         0      0        0
  MONTH TO DATE    0                         0      0        0
  SINCE DEC 1      3                         5     -2       76
  SINCE JAN 1      0                         0      0        0
..................................................................


WIND (MPH)
  HIGHEST WIND SPEED    10   HIGHEST WIND DIRECTION    SE (120)
  HIGHEST GUST SPEED    13   HIGHEST GUST DIRECTION     E (90)
  AVERAGE WIND SPEED     3.9


SKY COVER
  POSSIBLE SUNSHINE  MM
  AVERAGE SKY COVER 0.0


WEATHER CONDITIONS
 THE FOLLOWING WEATHER WAS RECORDED YESTERDAY.
  FOG


RELATIVE HUMIDITY (PERCENT)
 HIGHEST   100           200 AM
 LOWEST     51           100 PM
 AVERAGE    76

..........................................................


THE WILMINGTON NC CLIMATE NORMALS FOR TODAY
                         NORMAL    RECORD    YEAR
 MAXIMUM TEMPERATURE (F)   56        75      1990
 MINIMUM TEMPERATURE (F)   36        12      1985


SUNRISE AND SUNSET
JANUARY 20 2017.......SUNRISE   716 AM EST   SUNSET   530 PM EST
JANUARY 21 2017.......SUNRISE   715 AM EST   SUNSET   531 PM EST


-  INDICATES NEGATIVE NUMBERS.
R  INDICATES RECORD WAS SET OR TIED.
MM INDICATES DATA IS MISSING.
T  INDICATES TRACE AMOUNT.




$$
