000
CDUS42 KILM 280841
CLIILM


CLIMATE REPORT
NATIONAL WEATHER SERVICE WILMINGTON NC
441 AM EDT THU APR 28 2016


...................................

...THE WILMINGTON NC CLIMATE SUMMARY FOR APRIL 27 2016...

CLIMATE NORMAL PERIOD 1981 TO 2010
CLIMATE RECORD PERIOD 1871 TO 2016


WEATHER ITEM   OBSERVED TIME   RECORD YEAR NORMAL DEPARTURE LAST
                VALUE   (LST)  VALUE       VALUE  FROM      YEAR
                                                  NORMAL
..................................................................
TEMPERATURE (F)
 YESTERDAY
  MAXIMUM         85    253 PM  94    1990  77      8       73
  MINIMUM         66    530 AM  39    2001  55     11       48
                                      1972
  AVERAGE         76                        66     10       61

PRECIPITATION (IN)
  YESTERDAY        0.00          1.53 1973   0.10  -0.10     0.02
  MONTH TO DATE    1.89                      2.54  -0.65     1.83
  SINCE MAR 1      4.72                      6.75  -2.03     5.26
  SINCE JAN 1     16.79                     14.13   2.66    14.58

SNOWFALL (IN)
  YESTERDAY        0.0          MM      MM   0.0    0.0      0.0
  MONTH TO DATE    0.0                       0.0    0.0      0.0
  SINCE MAR 1      0.0                       0.2   -0.2      0.0
  SINCE JUL 1      T                         1.7   -1.7      0.3
  SNOW DEPTH       0

DEGREE DAYS
 HEATING
  YESTERDAY        0                         3     -3        4
  MONTH TO DATE  126                       125      1       72
  SINCE MAR 1    299                       448   -149      385
  SINCE JUL 1   1786                      2377   -591     2568

 COOLING
  YESTERDAY       11                         3      8        0
  MONTH TO DATE   51                        56     -5       63
  SINCE MAR 1    123                        72     51       83
  SINCE JAN 1    126                        77     49       89
..................................................................


WIND (MPH)
  HIGHEST WIND SPEED    21   HIGHEST WIND DIRECTION    SW (210)
  HIGHEST GUST SPEED    26   HIGHEST GUST DIRECTION    SW (210)
  AVERAGE WIND SPEED    12.0


SKY COVER
  POSSIBLE SUNSHINE  MM
  AVERAGE SKY COVER 0.2


WEATHER CONDITIONS
 THE FOLLOWING WEATHER WAS RECORDED YESTERDAY.
  THUNDERSTORM


RELATIVE HUMIDITY (PERCENT)
 HIGHEST    84          1000 PM
 LOWEST     48           500 PM
 AVERAGE    66

..........................................................


THE WILMINGTON NC CLIMATE NORMALS FOR TODAY
                         NORMAL    RECORD    YEAR
 MAXIMUM TEMPERATURE (F)   77        90      1981
 MINIMUM TEMPERATURE (F)   55        40      1993
                                             1898


SUNRISE AND SUNSET
APRIL 28 2016.........SUNRISE   625 AM EDT   SUNSET   754 PM EDT
APRIL 29 2016.........SUNRISE   624 AM EDT   SUNSET   755 PM EDT


-  INDICATES NEGATIVE NUMBERS.
R  INDICATES RECORD WAS SET OR TIED.
MM INDICATES DATA IS MISSING.
T  INDICATES TRACE AMOUNT.




$$
