000
CDUS42 KILM 100945
CLIILM


CLIMATE REPORT
NATIONAL WEATHER SERVICE WILMINGTON NC
445 AM EST SAT DEC 10 2016


...................................

...THE WILMINGTON NC CLIMATE SUMMARY FOR DECEMBER 9 2016...

CLIMATE NORMAL PERIOD 1981 TO 2010
CLIMATE RECORD PERIOD 1871 TO 2016


WEATHER ITEM   OBSERVED TIME   RECORD YEAR NORMAL DEPARTURE LAST
                VALUE   (LST)  VALUE       VALUE  FROM      YEAR
                                                  NORMAL
..................................................................
TEMPERATURE (F)
 YESTERDAY
  MAXIMUM         46        MM  78    1978  61    -15       67
                                      1951
                                      1943
  MINIMUM         28        MM  17    1882  39    -11       38
  AVERAGE         37                        50    -13       53

PRECIPITATION (IN)
  YESTERDAY        0.00          2.47 1989   0.11  -0.11      T
  MONTH TO DATE    2.49                      1.04   1.45     0.83
  SINCE DEC 1      2.49                      1.04   1.45     0.83
  SINCE JAN 1     68.77                     55.03  13.74    68.80

SNOWFALL (IN)
  YESTERDAY        0.0           T    1937   0.1   -0.1      0.0
  MONTH TO DATE    0.0                       0.1   -0.1      0.0
  SINCE DEC 1      0.0                       0.1   -0.1      0.0
  SINCE JUL 1      0.0                       0.1   -0.1      0.0
  SNOW DEPTH       0

DEGREE DAYS
 HEATING
  YESTERDAY       28                        15     13       12
  MONTH TO DATE  121                       127     -6       92
  SINCE DEC 1    121                       127     -6       92
  SINCE JUL 1    480                       496    -16      322

 COOLING
  YESTERDAY        0                         0      0        0
  MONTH TO DATE    0                         0      0        5
  SINCE DEC 1      0                         0      0        5
  SINCE JAN 1   2394                      2037    357     2278
..................................................................


WIND (MPH)
  HIGHEST WIND SPEED    16   HIGHEST WIND DIRECTION     N (340)
  HIGHEST GUST SPEED    20   HIGHEST GUST DIRECTION     N (360)
  AVERAGE WIND SPEED     8.0


SKY COVER
  POSSIBLE SUNSHINE  MM
  AVERAGE SKY COVER 0.0


WEATHER CONDITIONS
 THE FOLLOWING WEATHER WAS RECORDED YESTERDAY.
  NO SIGNIFICANT WEATHER WAS OBSERVED.


RELATIVE HUMIDITY (PERCENT)
 HIGHEST    85          1100 PM
 LOWEST     37           100 PM
 AVERAGE    61

..........................................................


THE WILMINGTON NC CLIMATE NORMALS FOR TODAY
                         NORMAL    RECORD    YEAR
 MAXIMUM TEMPERATURE (F)   61        78      2007
                                             1966
 MINIMUM TEMPERATURE (F)   39        15      1876


SUNRISE AND SUNSET
DECEMBER 10 2016......SUNRISE   707 AM EST   SUNSET   502 PM EST
DECEMBER 11 2016......SUNRISE   708 AM EST   SUNSET   502 PM EST


-  INDICATES NEGATIVE NUMBERS.
R  INDICATES RECORD WAS SET OR TIED.
MM INDICATES DATA IS MISSING.
T  INDICATES TRACE AMOUNT.




$$
