000
CDUS42 KILM 232040
CLIILM


CLIMATE REPORT
NATIONAL WEATHER SERVICE WILMINGTON NC
440 PM EDT WED AUG 23 2017


...................................

...THE WILMINGTON NC CLIMATE SUMMARY FOR AUGUST 23 2017...
VALID TODAY AS OF 0400 PM LOCAL TIME.

CLIMATE NORMAL PERIOD 1981 TO 2010
CLIMATE RECORD PERIOD 1871 TO 2017


WEATHER ITEM   OBSERVED TIME   RECORD YEAR NORMAL DEPARTURE LAST
                VALUE   (LST)  VALUE       VALUE  FROM      YEAR
                                                  NORMAL
..................................................................
TEMPERATURE (F)
 TODAY
  MAXIMUM         93    204 PM 100    1968  88      5       86
  MINIMUM         78    731 AM  57    1930  71      7       70
  AVERAGE         86                        79      7       78

PRECIPITATION (IN)
  TODAY            0.00          3.41 1877   0.24  -0.24     0.00
  MONTH TO DATE    7.44                      5.50   1.94     6.37
  SINCE JUN 1     24.14                     18.16   5.98    17.71
  SINCE JAN 1     44.64                     37.06   7.58    40.40

DEGREE DAYS
 HEATING
  TODAY            0                         0      0        0
  MONTH TO DATE    0                         0      0        0
  SINCE JUN 1      2                         2      0        0
  SINCE JUL 1      0                         0      0        0

 COOLING
  TODAY           21                        14      7       13
  MONTH TO DATE  360                       347     13      415
  SINCE JUN 1   1285                      1233     52     1420
  SINCE JAN 1   1722                      1514    208     1755
..................................................................


WIND (MPH)
  HIGHEST WIND SPEED    17   HIGHEST WIND DIRECTION     S (170)
  HIGHEST GUST SPEED    21   HIGHEST GUST DIRECTION     S (170)
  AVERAGE WIND SPEED     7.7


SKY COVER
  POSSIBLE SUNSHINE  MM
  AVERAGE SKY COVER 0.3


WEATHER CONDITIONS
 THE FOLLOWING WEATHER WAS RECORDED TODAY.
  NO SIGNIFICANT WEATHER WAS OBSERVED.


RELATIVE HUMIDITY (PERCENT)
 HIGHEST    91           200 AM
 LOWEST     56          1200 PM
 AVERAGE    74

..........................................................


THE WILMINGTON NC CLIMATE NORMALS FOR TOMORROW
                         NORMAL    RECORD    YEAR
 MAXIMUM TEMPERATURE (F)   88        98      2002
 MINIMUM TEMPERATURE (F)   71        59      1888


SUNRISE AND SUNSET
AUGUST 23 2017........SUNRISE   639 AM EDT   SUNSET   749 PM EDT
AUGUST 24 2017........SUNRISE   640 AM EDT   SUNSET   748 PM EDT


-  INDICATES NEGATIVE NUMBERS.
R  INDICATES RECORD WAS SET OR TIED.
MM INDICATES DATA IS MISSING.
T  INDICATES TRACE AMOUNT.




$$
