000
CDUS42 KILM 172102
CLIILM


CLIMATE REPORT
NATIONAL WEATHER SERVICE WILMINGTON NC
502 PM EDT TUE OCT 17 2017


...................................

...THE WILMINGTON NC CLIMATE SUMMARY FOR OCTOBER 17 2017...
VALID TODAY AS OF 0400 PM LOCAL TIME.

CLIMATE NORMAL PERIOD 1981 TO 2010
CLIMATE RECORD PERIOD 1871 TO 2017


WEATHER ITEM   OBSERVED TIME   RECORD YEAR NORMAL DEPARTURE LAST
                VALUE   (LST)  VALUE       VALUE  FROM      YEAR
                                                  NORMAL
..................................................................
TEMPERATURE (F)
 TODAY
  MAXIMUM         63    251 PM  90    1966  75    -12       82
  MINIMUM         50    633 AM  37    1982  54     -4       57
                                      1875
  AVERAGE         57                        65     -8       70

PRECIPITATION (IN)
  TODAY            0.00          2.80 1999   0.11  -0.11     0.00
  MONTH TO DATE    1.83                      2.48  -0.65     6.68
  SINCE SEP 1      5.65                     10.32  -4.67    22.54
  SINCE JAN 1     53.03                     49.29   3.74    64.08

DEGREE DAYS
 HEATING
  TODAY            8                         3      5        0
  MONTH TO DATE    8                        31    -23       10
  SINCE SEP 1      8                        36    -28       10
  SINCE JUL 1      8                        36    -28       10

 COOLING
  TODAY            0                         3     -3        5
  MONTH TO DATE  148                        70     78       87
  SINCE SEP 1    493                       364    129      466
  SINCE JAN 1   2307                      1987    320     2336
..................................................................


WIND (MPH)
  HIGHEST WIND SPEED    20   HIGHEST WIND DIRECTION     N (20)
  HIGHEST GUST SPEED    27   HIGHEST GUST DIRECTION    NE (40)
  AVERAGE WIND SPEED    12.2


SKY COVER
  POSSIBLE SUNSHINE  MM
  AVERAGE SKY COVER 0.1


WEATHER CONDITIONS
 THE FOLLOWING WEATHER WAS RECORDED TODAY.
  NO SIGNIFICANT WEATHER WAS OBSERVED.


RELATIVE HUMIDITY (PERCENT)
 HIGHEST    74           600 AM
 LOWEST     52           300 PM
 AVERAGE    63

..........................................................


THE WILMINGTON NC CLIMATE NORMALS FOR TOMORROW
                         NORMAL    RECORD    YEAR
 MAXIMUM TEMPERATURE (F)   75        86      1938
 MINIMUM TEMPERATURE (F)   54        35      1970


SUNRISE AND SUNSET
OCTOBER 17 2017.......SUNRISE   719 AM EDT   SUNSET   635 PM EDT
OCTOBER 18 2017.......SUNRISE   720 AM EDT   SUNSET   633 PM EDT


-  INDICATES NEGATIVE NUMBERS.
R  INDICATES RECORD WAS SET OR TIED.
MM INDICATES DATA IS MISSING.
T  INDICATES TRACE AMOUNT.




$$
