000
CDUS42 KILM 222043
CLIILM


CLIMATE REPORT
NATIONAL WEATHER SERVICE WILMINGTON NC
443 PM EDT TUE JUL 22 2014


...................................

...THE WILMINGTON NC CLIMATE SUMMARY FOR JULY 22 2014...
VALID TODAY AS OF 0400 PM LOCAL TIME.

CLIMATE NORMAL PERIOD 1981 TO 2010
CLIMATE RECORD PERIOD 1871 TO 2014


WEATHER ITEM   OBSERVED TIME   RECORD YEAR NORMAL DEPARTURE LAST
                VALUE   (LST)  VALUE       VALUE  FROM      YEAR
                                                  NORMAL
..................................................................
TEMPERATURE (F)
 TODAY
  MAXIMUM         83    247 PM 101    1952  90     -7       89
  MINIMUM         73    610 AM  60    1965  73      0       75
  AVERAGE         78                        81     -3       82

PRECIPITATION (IN)
  TODAY            0.49          6.49 1988   0.26   0.23     0.00
  MONTH TO DATE    9.50                      5.15   4.35     4.24
  SINCE JUN 1     11.98                     10.33   1.65    15.70
  SINCE JAN 1     31.22                     29.23   1.99    32.41

DEGREE DAYS
 HEATING
  TODAY            0                         0      0        0
  MONTH TO DATE    0                         0      0        0
  SINCE JUN 1      0                         2     -2        0
  SINCE JUL 1      0                         0      0        0

 COOLING
  TODAY           13                        16     -3       17
  MONTH TO DATE  328                       352    -24      336
  SINCE JUN 1    768                       737     31      716
  SINCE JAN 1   1175                      1018    157      942
..................................................................


WIND (MPH)
  HIGHEST WIND SPEED    10   HIGHEST WIND DIRECTION     E (90)
  HIGHEST GUST SPEED    14   HIGHEST GUST DIRECTION     E (100)
  AVERAGE WIND SPEED     4.7


SKY COVER
  POSSIBLE SUNSHINE  MM
  AVERAGE SKY COVER 0.8


WEATHER CONDITIONS
 THE FOLLOWING WEATHER WAS RECORDED TODAY.
  THUNDERSTORM
  HEAVY RAIN
  RAIN
  LIGHT RAIN
  FOG


RELATIVE HUMIDITY (PERCENT)
 HIGHEST   100           300 AM
 LOWEST     74           300 PM
 AVERAGE    87

..........................................................


THE WILMINGTON NC CLIMATE NORMALS FOR TOMORROW
                         NORMAL    RECORD    YEAR
 MAXIMUM TEMPERATURE (F)   90        99      1999
 MINIMUM TEMPERATURE (F)   73        63      1890


SUNRISE AND SUNSET
JULY 22 2014..........SUNRISE   615 AM EDT   SUNSET   820 PM EDT
JULY 23 2014..........SUNRISE   616 AM EDT   SUNSET   820 PM EDT


-  INDICATES NEGATIVE NUMBERS.
R  INDICATES RECORD WAS SET OR TIED.
MM INDICATES DATA IS MISSING.
T  INDICATES TRACE AMOUNT.




$$
