000
CDUS42 KILM 280845
CLIILM


CLIMATE REPORT
NATIONAL WEATHER SERVICE WILMINGTON NC
445 AM EDT THU JUL 28 2016


...................................

...THE WILMINGTON NC CLIMATE SUMMARY FOR JULY 27 2016...

CLIMATE NORMAL PERIOD 1981 TO 2010
CLIMATE RECORD PERIOD 1871 TO 2016


WEATHER ITEM   OBSERVED TIME   RECORD YEAR NORMAL DEPARTURE LAST
                VALUE   (LST)  VALUE       VALUE  FROM      YEAR
                                                  NORMAL
..................................................................
TEMPERATURE (F)
 YESTERDAY
  MAXIMUM         98    307 PM 101    2012  90      8       88
  MINIMUM         79    457 AM  60    1920  73      6       73
  AVERAGE         89                        81      8       81

PRECIPITATION (IN)
  YESTERDAY        0.00          2.97 1881   0.26  -0.26      T
  MONTH TO DATE    4.60                      6.47  -1.87     3.00
  SINCE JUN 1     11.23                     11.65  -0.42    10.11
  SINCE JAN 1     33.92                     30.55   3.37    30.68

DEGREE DAYS
 HEATING
  YESTERDAY        0                         0      0        0
  MONTH TO DATE    0                         0      0        0
  SINCE JUN 1      0                         2     -2        0
  SINCE JUL 1      0                         0      0        0

 COOLING
  YESTERDAY       24                        16      8       16
  MONTH TO DATE  496                       432     64      485
  SINCE JUN 1    914                       817     97      979
  SINCE JAN 1   1249                      1098    151     1272
..................................................................


WIND (MPH)
  HIGHEST WIND SPEED    17   HIGHEST WIND DIRECTION    SW (220)
  HIGHEST GUST SPEED    22   HIGHEST GUST DIRECTION    SW (220)
  AVERAGE WIND SPEED    10.5


SKY COVER
  POSSIBLE SUNSHINE  MM
  AVERAGE SKY COVER 0.1


WEATHER CONDITIONS
 THE FOLLOWING WEATHER WAS RECORDED YESTERDAY.
  NO SIGNIFICANT WEATHER WAS OBSERVED.


RELATIVE HUMIDITY (PERCENT)
 HIGHEST    88          1100 PM
 LOWEST     42           300 PM
 AVERAGE    65

..........................................................


THE WILMINGTON NC CLIMATE NORMALS FOR TODAY
                         NORMAL    RECORD    YEAR
 MAXIMUM TEMPERATURE (F)   90       102      1936
 MINIMUM TEMPERATURE (F)   73        58      1920


SUNRISE AND SUNSET
JULY 28 2016..........SUNRISE   620 AM EDT   SUNSET   816 PM EDT
JULY 29 2016..........SUNRISE   621 AM EDT   SUNSET   815 PM EDT


-  INDICATES NEGATIVE NUMBERS.
R  INDICATES RECORD WAS SET OR TIED.
MM INDICATES DATA IS MISSING.
T  INDICATES TRACE AMOUNT.




$$
