000
CDUS43 KILX 230641
CLIILX


CLIMATE REPORT
NATIONAL WEATHER SERVICE LINCOLN IL
134 AM CDT WED APR 23 2014


...................................

...THE LINCOLN IL CLIMATE SUMMARY FOR APRIL 22 2014...

CLIMATE NORMAL PERIOD 1981 TO 2010
CLIMATE RECORD PERIOD 1905 TO 2014


WEATHER ITEM   OBSERVED TIME   RECORD YEAR NORMAL DEPARTURE LAST
                VALUE   (LST)  VALUE       VALUE  FROM      YEAR
                                                  NORMAL
..................................................................
TEMPERATURE (F)
 YESTERDAY
  MAXIMUM         66        MM  88    1980  67     -1       68
  MINIMUM         41        MM  25    1936  43     -2       37
  AVERAGE         54                        55     -1       53

PRECIPITATION (IN)
  YESTERDAY        0.00          2.66 1961   0.13  -0.13      T
  MONTH TO DATE    2.10                      2.57  -0.47     4.64
  SINCE MAR 1      3.99                      5.17  -1.18     7.37
  SINCE JAN 1      8.65                      8.92  -0.27    12.23

SNOWFALL (IN)
  YESTERDAY        0.0           T    1927   0.0    0.0      0.0
  MONTH TO DATE    T                         0.3   -0.3       T
  SINCE MAR 1      4.7                       2.0    2.7     12.7
  SINCE JUL 1     46.3                      20.5   25.8     23.0
  SNOW DEPTH       0

DEGREE DAYS
 HEATING
  YESTERDAY       11                        11      0       12
  MONTH TO DATE  304                       318    -14      349
  SINCE MAR 1   1236                      1059    177     1291
  SINCE JUL 1   6480                      5482    998     5553

 COOLING
  YESTERDAY        0                         1     -1        0
  MONTH TO DATE    1                         5     -4        3
  SINCE MAR 1      1                         7     -6        3
  SINCE JAN 1      1                         7     -6        3
..................................................................


WIND (MPH)
  HIGHEST WIND SPEED    MM   HIGHEST WIND DIRECTION    MM
  HIGHEST GUST SPEED    MM   HIGHEST GUST DIRECTION    MM
  AVERAGE WIND SPEED    MM


SKY COVER
  POSSIBLE SUNSHINE  MM


WEATHER CONDITIONS
 THE FOLLOWING WEATHER WAS RECORDED YESTERDAY.
  NO SIGNIFICANT WEATHER WAS OBSERVED.


..........................................................


THE LINCOLN IL CLIMATE NORMALS FOR TODAY
                         NORMAL    RECORD    YEAR
 MAXIMUM TEMPERATURE (F)   67        89      1925
 MINIMUM TEMPERATURE (F)   44        22      1909


SUNRISE AND SUNSET
APRIL 23 2014.........SUNRISE   608 AM CDT   SUNSET   744 PM CDT
APRIL 24 2014.........SUNRISE   606 AM CDT   SUNSET   745 PM CDT


-  INDICATES NEGATIVE NUMBERS.
R  INDICATES RECORD WAS SET OR TIED.
MM INDICATES DATA IS MISSING.
T  INDICATES TRACE AMOUNT.




$$
