000
CDUS43 KILX 252230
CLIILX


CLIMATE REPORT
NATIONAL WEATHER SERVICE LINCOLN IL
430 PM CST SUN FEB 25 2018


...................................

...THE LINCOLN IL CLIMATE SUMMARY FOR FEBRUARY 25 2018...
VALID TODAY AS OF 0400 PM LOCAL TIME.

CLIMATE NORMAL PERIOD 1981 TO 2010
CLIMATE RECORD PERIOD 1905 TO 2018


WEATHER ITEM   OBSERVED TIME   RECORD YEAR NORMAL DEPARTURE LAST
                VALUE   (LST)  VALUE       VALUE  FROM      YEAR
                                                  NORMAL
..................................................................
TEMPERATURE (F)
 TODAY
  MAXIMUM         47        MM  72    1930  43      4       34
  MINIMUM         32        MM  -9    1914  25      7       19
  AVERAGE         40                        34      6       27

PRECIPITATION (IN)
  TODAY            0.00          0.80 1926   0.08  -0.08      T
  MONTH TO DATE    4.74                      1.60   3.14     0.50
  SINCE DEC 1      5.93                      6.17  -0.24     3.62
  SINCE JAN 1      5.47                      3.53   1.94     2.26

SNOWFALL (IN)
  TODAY            0.0           3.5  1934   0.1   -0.1       T
  MONTH TO DATE    2.8                       5.3   -2.5      3.4
  SINCE DEC 1      9.9                      17.4   -7.5      7.2
  SINCE JUL 1      9.9                      18.0   -8.1      7.2
  SNOW DEPTH       0

DEGREE DAYS
 HEATING
  TODAY           25                        31     -6       38
  MONTH TO DATE  892                       877     15      631
  SINCE DEC 1   3293                      3188    105     2769
  SINCE JUL 1   4346                      4331     15     3546

 COOLING
  TODAY            0                         0      0        0
  MONTH TO DATE    0                         0      0        0
  SINCE DEC 1      0                         0      0        0
  SINCE JAN 1      0                         0      0        0
..................................................................







THE LINCOLN IL CLIMATE NORMALS FOR TOMORROW
                         NORMAL    RECORD    YEAR
 MAXIMUM TEMPERATURE (F)   43        71      1996
 MINIMUM TEMPERATURE (F)   26       -16      1963


SUNRISE AND SUNSET
FEBRUARY 25 2018......SUNRISE   637 AM CST   SUNSET   545 PM CST
FEBRUARY 26 2018......SUNRISE   635 AM CST   SUNSET   546 PM CST


-  INDICATES NEGATIVE NUMBERS.
R  INDICATES RECORD WAS SET OR TIED.
MM INDICATES DATA IS MISSING.
T  INDICATES TRACE AMOUNT.




$$
