000
CDUS43 KILX 182127
CLIILX


CLIMATE REPORT
NATIONAL WEATHER SERVICE LINCOLN IL
427 PM CDT FRI APR 18 2014


...................................

...THE LINCOLN IL CLIMATE SUMMARY FOR APRIL 18 2014...
VALID TODAY AS OF 0400 PM LOCAL TIME.

CLIMATE NORMAL PERIOD 1981 TO 2010
CLIMATE RECORD PERIOD 1905 TO 2014


WEATHER ITEM   OBSERVED TIME   RECORD YEAR NORMAL DEPARTURE LAST
                VALUE   (LST)  VALUE       VALUE  FROM      YEAR
                                                  NORMAL
..................................................................
TEMPERATURE (F)
 TODAY
  MAXIMUM         67        MM  89    2002  65      2       69
  MINIMUM         39        MM  25    1990  42     -3       38
  AVERAGE         53                        53      0       54

PRECIPITATION (IN)
  TODAY            0.00          1.61 2013   0.12  -0.12     1.61
  MONTH TO DATE    2.02                      2.04  -0.02     4.64
  SINCE MAR 1      3.91                      4.64  -0.73     7.37
  SINCE JAN 1      8.57                      8.39   0.18    12.23

SNOWFALL (IN)
  TODAY           MM             0.5  1910   0.0   MM        0.0
  MONTH TO DATE    T                         0.3   -0.3      0.0
  SINCE MAR 1      4.7                       2.0    2.7     12.7
  SINCE JUL 1     46.3                      20.5   25.8     23.0
  SNOW DEPTH      MM

DEGREE DAYS
 HEATING
  TODAY           12                        12      0       11
  MONTH TO DATE  281                       273      8      268
  SINCE MAR 1   1213                      1014    199     1210
  SINCE JUL 1   6457                      5437   1020     5472

 COOLING
  TODAY            0                         1     -1        0
  MONTH TO DATE    1                         1      0        3
  SINCE MAR 1      1                         3     -2        3
  SINCE JAN 1      1                         3     -2        3
..................................................................







THE LINCOLN IL CLIMATE NORMALS FOR TOMORROW
                         NORMAL    RECORD    YEAR
 MAXIMUM TEMPERATURE (F)   65        86      2002
 MINIMUM TEMPERATURE (F)   42        22      1926


SUNRISE AND SUNSET
APRIL 18 2014.........SUNRISE   615 AM CDT   SUNSET   739 PM CDT
APRIL 19 2014.........SUNRISE   613 AM CDT   SUNSET   740 PM CDT


-  INDICATES NEGATIVE NUMBERS.
R  INDICATES RECORD WAS SET OR TIED.
MM INDICATES DATA IS MISSING.
T  INDICATES TRACE AMOUNT.




$$
