000
CDUS43 KILX 282129
CLIILX


CLIMATE REPORT
NATIONAL WEATHER SERVICE LINCOLN IL
429 PM CDT THU MAY 28 2015


...................................

...THE LINCOLN IL CLIMATE SUMMARY FOR MAY 28 2015...
VALID TODAY AS OF 0400 PM LOCAL TIME.

CLIMATE NORMAL PERIOD 1981 TO 2010
CLIMATE RECORD PERIOD 1905 TO 2015


WEATHER ITEM   OBSERVED TIME   RECORD YEAR NORMAL DEPARTURE LAST
                VALUE   (LST)  VALUE       VALUE  FROM      YEAR
                                                  NORMAL
..................................................................
TEMPERATURE (F)
 TODAY
  MAXIMUM         84        MM  94    2006  78      6       86
  MINIMUM         55        MM  37    1928  56     -1       62
  AVERAGE         70                        67      3       74

PRECIPITATION (IN)
  TODAY            0.00          1.20 1956   0.13  -0.13      T
  MONTH TO DATE    5.61                      3.76   1.85     1.48
  SINCE MAR 1      9.40                      9.97  -0.57     6.36
  SINCE JAN 1     12.16                     13.72  -1.56    11.02

SNOWFALL (IN)
  TODAY           MM             0.0    MM   0.0   MM        0.0
  MONTH TO DATE    0.0                       0.0    0.0      0.0
  SINCE MAR 1      3.7                       2.0    1.7      4.7
  SINCE JUL 1     21.9                      20.5    1.4     46.3
  SNOW DEPTH      MM

DEGREE DAYS
 HEATING
  TODAY            0                         2     -2        0
  MONTH TO DATE   91                       131    -40      136
  SINCE MAR 1   1243                      1263    -20     1425
  SINCE JUL 1   6180                      5686    494     6669

 COOLING
  TODAY            5                         4      1        9
  MONTH TO DATE  101                        62     39      100
  SINCE MAR 1    102                        77     25      101
  SINCE JAN 1    102                        77     25      101
..................................................................







THE LINCOLN IL CLIMATE NORMALS FOR TOMORROW
                         NORMAL    RECORD    YEAR
 MAXIMUM TEMPERATURE (F)   78        96      1934
 MINIMUM TEMPERATURE (F)   56        35      1950


SUNRISE AND SUNSET
MAY 28 2015...........SUNRISE   532 AM CDT   SUNSET   817 PM CDT
MAY 29 2015...........SUNRISE   532 AM CDT   SUNSET   818 PM CDT


-  INDICATES NEGATIVE NUMBERS.
R  INDICATES RECORD WAS SET OR TIED.
MM INDICATES DATA IS MISSING.
T  INDICATES TRACE AMOUNT.




$$
