437
CDUS43 KILX 210635
CLIILX


CLIMATE REPORT
NATIONAL WEATHER SERVICE LINCOLN IL
134 AM CDT SAT OCT 21 2017


...................................

...THE LINCOLN IL CLIMATE SUMMARY FOR OCTOBER 20 2017...

CLIMATE NORMAL PERIOD 1981 TO 2010
CLIMATE RECORD PERIOD 1905 TO 2017


WEATHER ITEM   OBSERVED TIME   RECORD YEAR NORMAL DEPARTURE LAST
                VALUE   (LST)  VALUE       VALUE  FROM      YEAR
                                                  NORMAL
..................................................................
TEMPERATURE (F)
 YESTERDAY
  MAXIMUM         79        MM  87    1953  64     15       61
  MINIMUM         48        MM  17    1930  41      7       44
  AVERAGE         64                        52     12       53

PRECIPITATION (IN)
  YESTERDAY        0.00          1.38 1995   0.11  -0.11     0.04
  MONTH TO DATE    3.80                      1.96   1.84     1.40
  SINCE SEP 1      4.51                      5.17  -0.66     5.83
  SINCE JAN 1     29.63                     32.59  -2.96    35.27

SNOWFALL (IN)
  YESTERDAY        0.0           2.0  1916   0.0    0.0      0.0
  MONTH TO DATE    0.0                       0.0    0.0      0.0
  SINCE SEP 1      0.0                       0.0    0.0      0.0
  SINCE JUL 1      T                         0.0    0.0      0.0
  SNOW DEPTH       0

DEGREE DAYS
 HEATING
  YESTERDAY        1                        13    -12       12
  MONTH TO DATE   69                       199   -130       87
  SINCE SEP 1    141                       285   -144      102
  SINCE JUL 1    147                       294   -147      111

 COOLING
  YESTERDAY        0                         0      0        0
  MONTH TO DATE   41                        11     30       41
  SINCE SEP 1    182                       125     57      235
  SINCE JAN 1    981                      1014    -33     1226
..................................................................


WIND (MPH)
  HIGHEST WIND SPEED    MM   HIGHEST WIND DIRECTION    MM
  HIGHEST GUST SPEED    MM   HIGHEST GUST DIRECTION    MM
  AVERAGE WIND SPEED    MM


SKY COVER
  POSSIBLE SUNSHINE  MM


WEATHER CONDITIONS
 THE FOLLOWING WEATHER WAS RECORDED YESTERDAY.
  NO SIGNIFICANT WEATHER WAS OBSERVED.


..........................................................


THE LINCOLN IL CLIMATE NORMALS FOR TODAY
                         NORMAL    RECORD    YEAR
 MAXIMUM TEMPERATURE (F)   64        87      1979
 MINIMUM TEMPERATURE (F)   41        16      1930


SUNRISE AND SUNSET
OCTOBER 21 2017.......SUNRISE   715 AM CDT   SUNSET   609 PM CDT
OCTOBER 22 2017.......SUNRISE   716 AM CDT   SUNSET   607 PM CDT


-  INDICATES NEGATIVE NUMBERS.
R  INDICATES RECORD WAS SET OR TIED.
MM INDICATES DATA IS MISSING.
T  INDICATES TRACE AMOUNT.




$$
