000
CDUS43 KILX 270631
CLIILX


CLIMATE REPORT
NATIONAL WEATHER SERVICE LINCOLN IL
130 AM CDT TUE JUN 27 2017


...................................

...THE LINCOLN IL CLIMATE SUMMARY FOR JUNE 26 2017...

CLIMATE NORMAL PERIOD 1981 TO 2010
CLIMATE RECORD PERIOD 1905 TO 2017


WEATHER ITEM   OBSERVED TIME   RECORD YEAR NORMAL DEPARTURE LAST
                VALUE   (LST)  VALUE       VALUE  FROM      YEAR
                                                  NORMAL
..................................................................
TEMPERATURE (F)
 YESTERDAY
  MAXIMUM         74        MM 101    1934  86    -12       89
  MINIMUM         49        MM  46    2004  64    -15       71
  AVERAGE         62                        75    -13       80

PRECIPITATION (IN)
  YESTERDAY        0.06          2.28 1942   0.16  -0.10     0.00
  MONTH TO DATE    0.95                      3.68  -2.73     2.35
  SINCE JUN 1      0.95                      3.68  -2.73     2.35
  SINCE JAN 1     17.08                     17.80  -0.72    14.30

SNOWFALL (IN)
  YESTERDAY        0.0           0.0    MM   0.0    0.0      0.0
  MONTH TO DATE    0.0                       0.0    0.0      0.0
  SINCE JUN 1      0.0                       0.0    0.0      0.0
  SINCE JUL 1     10.9                      20.5   -9.6     12.3
  SNOW DEPTH       0

DEGREE DAYS
 HEATING
  YESTERDAY        3                         0      3        0
  MONTH TO DATE    4                        15    -11        1
  SINCE JUN 1      4                        15    -11        1
  SINCE JUL 1   4717                      5706   -989     4874

 COOLING
  YESTERDAY        0                        10    -10       15
  MONTH TO DATE  242                       193     49      267
  SINCE JUN 1    242                       193     49      267
  SINCE JAN 1    332                       284     48      354
..................................................................


WIND (MPH)
  HIGHEST WIND SPEED    MM   HIGHEST WIND DIRECTION    MM
  HIGHEST GUST SPEED    MM   HIGHEST GUST DIRECTION    MM
  AVERAGE WIND SPEED    MM


SKY COVER
  POSSIBLE SUNSHINE  MM


WEATHER CONDITIONS
 THE FOLLOWING WEATHER WAS RECORDED YESTERDAY.
  THUNDERSTORM
  RAIN
  LIGHT RAIN


..........................................................


THE LINCOLN IL CLIMATE NORMALS FOR TODAY
                         NORMAL    RECORD    YEAR
 MAXIMUM TEMPERATURE (F)   86       104      1934
 MINIMUM TEMPERATURE (F)   64        46      1926


SUNRISE AND SUNSET
JUNE 27 2017..........SUNRISE   530 AM CDT   SUNSET   831 PM CDT
JUNE 28 2017..........SUNRISE   531 AM CDT   SUNSET   831 PM CDT


-  INDICATES NEGATIVE NUMBERS.
R  INDICATES RECORD WAS SET OR TIED.
MM INDICATES DATA IS MISSING.
T  INDICATES TRACE AMOUNT.




$$
