000
CDUS43 KIND 290540
CLIIND


CLIMATE REPORT
NATIONAL WEATHER SERVICE INDIANAPOLIS IN
140 AM EDT SAT AUG 29 2015


...................................

...THE INDIANAPOLIS IN CLIMATE SUMMARY FOR AUGUST 28 2015...

CLIMATE NORMAL PERIOD 1981 TO 2010
CLIMATE RECORD PERIOD 1871 TO 2015


WEATHER ITEM   OBSERVED TIME   RECORD YEAR NORMAL DEPARTURE LAST
                VALUE   (LST)  VALUE       VALUE  FROM      YEAR
                                                  NORMAL
..................................................................
TEMPERATURE (F)
 YESTERDAY
  MAXIMUM         80    324 PM  96    1953  83     -3       84
                                      1936
                                      1913
  MINIMUM         59    639 AM  43    1986  63     -4       66
  AVERAGE         70                        73     -3       75

PRECIPITATION (IN)
  YESTERDAY        0.00          2.44 1914   0.10  -0.10     0.00
  MONTH TO DATE    1.55                      2.83  -1.28     2.92
  SINCE JUN 1     23.05                     11.63  11.42    13.06
  SINCE JAN 1     36.18                     29.03   7.15    30.49

SNOWFALL (IN)
  YESTERDAY        0.0           0.0    MM   0.0    0.0      0.0
  MONTH TO DATE    0.0                       0.0    0.0      0.0
  SINCE JUN 1      T                         0.0    0.0      0.0
  SINCE JUL 1      0.0                       0.0    0.0      0.0
  SNOW DEPTH       0

DEGREE DAYS
 HEATING
  YESTERDAY        0                         0      0        0
  MONTH TO DATE    2                         0      2        2
  SINCE JUN 1     18                        17      1        8
  SINCE JUL 1      2                         1      1        6

 COOLING
  YESTERDAY        5                         8     -3       10
  MONTH TO DATE  218                       266    -48      249
  SINCE JUN 1    773                       815    -42      659
  SINCE JAN 1    921                       899     22      763
..................................................................


WIND (MPH)
  HIGHEST WIND SPEED    14   HIGHEST WIND DIRECTION     E (110)
  HIGHEST GUST SPEED    17   HIGHEST GUST DIRECTION    SE (120)
  AVERAGE WIND SPEED     5.7


SKY COVER
  AVERAGE SKY COVER 0.4


WEATHER CONDITIONS
 THE FOLLOWING WEATHER WAS RECORDED YESTERDAY.
  FOG


RELATIVE HUMIDITY (PERCENT)
 HIGHEST    84           100 AM
 LOWEST     42           500 PM
 AVERAGE    63

..........................................................


THE INDIANAPOLIS IN CLIMATE NORMALS FOR TODAY
                         NORMAL    RECORD    YEAR
 MAXIMUM TEMPERATURE (F)   83        97      1953
 MINIMUM TEMPERATURE (F)   63        41      1965


SUNRISE AND SUNSET
AUGUST 29 2015........SUNRISE   710 AM EDT   SUNSET   821 PM EDT
AUGUST 30 2015........SUNRISE   711 AM EDT   SUNSET   820 PM EDT


-  INDICATES NEGATIVE NUMBERS.
R  INDICATES RECORD WAS SET OR TIED.
MM INDICATES DATA IS MISSING.
T  INDICATES TRACE AMOUNT.




$$
