833
CDUS43 KIND 300535
CLIIND


CLIMATE REPORT
NATIONAL WEATHER SERVICE INDIANAPOLIS IN
133 AM EDT SUN APR 30 2017


...................................

...THE INDIANAPOLIS IN CLIMATE SUMMARY FOR APRIL 29 2017...

CLIMATE NORMAL PERIOD 1981 TO 2010
CLIMATE RECORD PERIOD 1871 TO 2017


WEATHER ITEM   OBSERVED TIME   RECORD YEAR NORMAL DEPARTURE LAST
                VALUE   (LST)  VALUE       VALUE  FROM      YEAR
                                                  NORMAL
..................................................................
TEMPERATURE (F)
 YESTERDAY
  MAXIMUM         74    612 PM  86    1942  68      6       64
                                      1899
  MINIMUM         57    909 AM  31    1977  47     10       49
                                      1976
  AVERAGE         66                        58      8       57

PRECIPITATION (IN)
  YESTERDAY        1.99R         1.71 1970   0.14   1.85     0.00
  MONTH TO DATE    4.84                      3.67   1.17     4.93
  SINCE MAR 1      9.56                      7.23   2.33     9.13
  SINCE JAN 1     15.01                     12.21   2.80    12.84

SNOWFALL (IN)
  YESTERDAY        0.0           T    1925   0.0    0.0      0.0
  MONTH TO DATE    0.0                       0.2   -0.2       T
  SINCE MAR 1      1.0                       2.8   -1.8      1.2
  SINCE JUL 1      9.7                      25.9  -16.2     13.3
  SNOW DEPTH       0

DEGREE DAYS
 HEATING
  YESTERDAY        0                         8     -8        8
  MONTH TO DATE  189                       362   -173      342
  SINCE MAR 1    840                      1069   -229      824
  SINCE JUL 1   4124                      5212  -1088     4277

 COOLING
  YESTERDAY        1                         1      0        0
  MONTH TO DATE   30                        12     18       18
  SINCE MAR 1     32                        14     18       18
  SINCE JAN 1     32                        14     18       18
..................................................................


WIND (MPH)
  HIGHEST WIND SPEED    25   HIGHEST WIND DIRECTION    NW (300)
  HIGHEST GUST SPEED    37   HIGHEST GUST DIRECTION    NW (310)
  AVERAGE WIND SPEED    10.0


SKY COVER
  AVERAGE SKY COVER 0.9


WEATHER CONDITIONS
 THE FOLLOWING WEATHER WAS RECORDED YESTERDAY.
  THUNDERSTORM
  HEAVY RAIN
  RAIN
  LIGHT RAIN
  FOG


RELATIVE HUMIDITY (PERCENT)
 HIGHEST   100          1200 PM
 LOWEST     68           400 PM
 AVERAGE    84

..........................................................


THE INDIANAPOLIS IN CLIMATE NORMALS FOR TODAY
                         NORMAL    RECORD    YEAR
 MAXIMUM TEMPERATURE (F)   68        90      1942
 MINIMUM TEMPERATURE (F)   48        31      1963
                                             1948


SUNRISE AND SUNSET
APRIL 30 2017.........SUNRISE   647 AM EDT   SUNSET   839 PM EDT
MAY  1 2017...........SUNRISE   645 AM EDT   SUNSET   840 PM EDT


-  INDICATES NEGATIVE NUMBERS.
R  INDICATES RECORD WAS SET OR TIED.
MM INDICATES DATA IS MISSING.
T  INDICATES TRACE AMOUNT.




$$
