000
CDUS43 KIND 272150
CLIIND


CLIMATE REPORT
NATIONAL WEATHER SERVICE INDIANAPOLIS IN
450 PM EST TUE JAN 27 2015


...................................

...THE INDIANAPOLIS IN CLIMATE SUMMARY FOR JANUARY 27 2015...
VALID TODAY AS OF 0400 PM LOCAL TIME.

CLIMATE NORMAL PERIOD 1981 TO 2010
CLIMATE RECORD PERIOD 1871 TO 2015


WEATHER ITEM   OBSERVED TIME   RECORD YEAR NORMAL DEPARTURE LAST
                VALUE   (LST)  VALUE       VALUE  FROM      YEAR
                                                  NORMAL
..................................................................
TEMPERATURE (F)
 TODAY
  MAXIMUM         29    359 PM  66    1916  36     -7       27
  MINIMUM         24   1110 AM -10    1936  21      3       -3
  AVERAGE         27                        28     -1       12

PRECIPITATION (IN)
  TODAY            0.01          1.14 1876   0.08  -0.07      T
  MONTH TO DATE    1.67                      2.34  -0.67     2.33
  SINCE DEC 1      4.22                      5.51  -1.29     6.77
  SINCE JAN 1      1.67                      2.34  -0.67     2.33

SNOWFALL (IN)
  TODAY           MM             5.6  1979   0.2   MM         T
  MONTH TO DATE    2.4                       7.4   -5.0     26.7
  SINCE DEC 1      2.5                      14.3  -11.8     35.5
  SINCE JUL 1      5.2                      15.4  -10.2     35.6
  SNOW DEPTH       0

..................................................................


WIND (MPH)
  HIGHEST WIND SPEED    10   HIGHEST WIND DIRECTION    NE (40)
  HIGHEST GUST SPEED    12   HIGHEST GUST DIRECTION    NE (40)
  AVERAGE WIND SPEED     4.9


SKY COVER
  AVERAGE SKY COVER 1.0


WEATHER CONDITIONS
 THE FOLLOWING WEATHER WAS RECORDED TODAY.
  LIGHT SNOW
  FOG


RELATIVE HUMIDITY (PERCENT)
 HIGHEST   100           200 AM
 LOWEST     46           300 PM

..........................................................


THE INDIANAPOLIS IN CLIMATE NORMALS FOR TOMORROW
                         NORMAL    RECORD    YEAR
 MAXIMUM TEMPERATURE (F)   36        65      2002
                                             1914
 MINIMUM TEMPERATURE (F)   21       -18      1963


SUNRISE AND SUNSET
JANUARY 27 2015.......SUNRISE   757 AM EST   SUNSET   559 PM EST
JANUARY 28 2015.......SUNRISE   757 AM EST   SUNSET   600 PM EST


-  INDICATES NEGATIVE NUMBERS.
R  INDICATES RECORD WAS SET OR TIED.
MM INDICATES DATA IS MISSING.
T  INDICATES TRACE AMOUNT.




$$
