965
CDUS43 KIND 260532
CLIIND


CLIMATE REPORT
NATIONAL WEATHER SERVICE INDIANAPOLIS IN
131 AM EDT THU MAY 26 2016


...................................

...THE INDIANAPOLIS IN CLIMATE SUMMARY FOR MAY 25 2016...

CLIMATE NORMAL PERIOD 1981 TO 2010
CLIMATE RECORD PERIOD 1871 TO 2016


WEATHER ITEM   OBSERVED TIME   RECORD YEAR NORMAL DEPARTURE LAST
                VALUE   (LST)  VALUE       VALUE  FROM      YEAR
                                                  NORMAL
..................................................................
TEMPERATURE (F)
 YESTERDAY
  MAXIMUM         84    425 PM  93    1965  76      8       79
  MINIMUM         65    134 AM  34    1925  56      9       67
  AVERAGE         75                        66      9       73

PRECIPITATION (IN)
  YESTERDAY        0.00          1.35 1997   0.16  -0.16     0.01
  MONTH TO DATE    3.51                      4.11  -0.60     0.95
  SINCE MAR 1     13.57                     11.48   2.09     8.48
  SINCE JAN 1     17.28                     16.46   0.82    11.63

SNOWFALL (IN)
  YESTERDAY        0.0           0.0    MM   0.0    0.0      0.0
  MONTH TO DATE    T                         0.0    0.0      0.0
  SINCE MAR 1      1.2                       2.8   -1.6      5.9
  SINCE JUL 1     13.3                      25.9  -12.6     25.6
  SNOW DEPTH       0

DEGREE DAYS
 HEATING
  YESTERDAY        0                         3     -3        0
  MONTH TO DATE  159                       127     32       75
  SINCE MAR 1    991                      1206   -215     1178
  SINCE JUL 1   4444                      5349   -905     5904

 COOLING
  YESTERDAY       10                         3      7        8
  MONTH TO DATE   23                        46    -23      100
  SINCE MAR 1     41                        61    -20      106
  SINCE JAN 1     41                        61    -20      106
..................................................................


WIND (MPH)
  HIGHEST WIND SPEED    22   HIGHEST WIND DIRECTION    SW (210)
  HIGHEST GUST SPEED    26   HIGHEST GUST DIRECTION    SW (210)
  AVERAGE WIND SPEED    11.2


SKY COVER
  AVERAGE SKY COVER 0.8


WEATHER CONDITIONS
 THE FOLLOWING WEATHER WAS RECORDED YESTERDAY.
  NO SIGNIFICANT WEATHER WAS OBSERVED.


RELATIVE HUMIDITY (PERCENT)
 HIGHEST    73           200 AM
 LOWEST     47           200 PM
 AVERAGE    60

..........................................................


THE INDIANAPOLIS IN CLIMATE NORMALS FOR TODAY
                         NORMAL    RECORD    YEAR
 MAXIMUM TEMPERATURE (F)   76        94      1911
 MINIMUM TEMPERATURE (F)   56        35      1961


SUNRISE AND SUNSET
MAY 26 2016...........SUNRISE   622 AM EDT   SUNSET   903 PM EDT
MAY 27 2016...........SUNRISE   621 AM EDT   SUNSET   904 PM EDT


-  INDICATES NEGATIVE NUMBERS.
R  INDICATES RECORD WAS SET OR TIED.
MM INDICATES DATA IS MISSING.
T  INDICATES TRACE AMOUNT.




$$
