000
CDUS43 KIND 190533
CLIIND


CLIMATE REPORT
NATIONAL WEATHER SERVICE INDIANAPOLIS IN
1233 AM EST SUN FEB 19 2017


...................................

...THE INDIANAPOLIS IN CLIMATE SUMMARY FOR FEBRUARY 18 2017...

CLIMATE NORMAL PERIOD 1981 TO 2010
CLIMATE RECORD PERIOD 1871 TO 2017


WEATHER ITEM   OBSERVED TIME   RECORD YEAR NORMAL DEPARTURE LAST
                VALUE   (LST)  VALUE       VALUE  FROM      YEAR
                                                  NORMAL
..................................................................
TEMPERATURE (F)
 YESTERDAY
  MAXIMUM         66R   246 PM  66    1961  41     25       45
                                      1948
  MINIMUM         43    701 AM -11    1936  25     18       28
  AVERAGE         55                        33     22       37

PRECIPITATION (IN)
  YESTERDAY        0.00          1.58 1871   0.08  -0.08     0.00
  MONTH TO DATE    0.41                      1.47  -1.06     0.46
  SINCE DEC 1      6.28                      7.30  -1.02     7.51
  SINCE JAN 1      4.76                      4.13   0.63     1.92

SNOWFALL (IN)
  YESTERDAY        0.0           4.4  1979   0.2   -0.2      0.0
  MONTH TO DATE    2.1                       4.6   -2.5      3.6
  SINCE DEC 1      8.7                      20.1  -11.4     10.0
  SINCE JUL 1      8.7                      21.2  -12.5     11.3
  SNOW DEPTH       0

DEGREE DAYS
 HEATING
  YESTERDAY       10                        32    -22       28
  MONTH TO DATE  467                       618   -151      634
  SINCE DEC 1   2459                      2797   -338     2431
  SINCE JUL 1   3152                      3839   -687     3218

 COOLING
  YESTERDAY        0                         0      0        0
  MONTH TO DATE    0                         0      0        0
  SINCE DEC 1      0                         0      0        0
  SINCE JAN 1      0                         0      0        0
..................................................................


WIND (MPH)
  HIGHEST WIND SPEED    18   HIGHEST WIND DIRECTION    SW (230)
  HIGHEST GUST SPEED    23   HIGHEST GUST DIRECTION    SW (230)
  AVERAGE WIND SPEED    11.1


SKY COVER
  AVERAGE SKY COVER 0.5


WEATHER CONDITIONS
 THE FOLLOWING WEATHER WAS RECORDED YESTERDAY.
  NO SIGNIFICANT WEATHER WAS OBSERVED.


RELATIVE HUMIDITY (PERCENT)
 HIGHEST    86          1100 PM
 LOWEST     40           400 PM
 AVERAGE    63

..........................................................


THE INDIANAPOLIS IN CLIMATE NORMALS FOR TODAY
                         NORMAL    RECORD    YEAR
 MAXIMUM TEMPERATURE (F)   41        69      1930
 MINIMUM TEMPERATURE (F)   25        -8      1979


SUNRISE AND SUNSET
FEBRUARY 19 2017......SUNRISE   732 AM EST   SUNSET   626 PM EST
FEBRUARY 20 2017......SUNRISE   731 AM EST   SUNSET   627 PM EST


-  INDICATES NEGATIVE NUMBERS.
R  INDICATES RECORD WAS SET OR TIED.
MM INDICATES DATA IS MISSING.
T  INDICATES TRACE AMOUNT.




$$
