860
CDUS45 KFGZ 090808
CLIINW
CLIMATE REPORT
NATIONAL WEATHER SERVICE FLAGSTAFF, AZ
107 AM MST FRI DEC 9 2016


...................................

...THE WINSLOW AZ AIRPORT CLIMATE SUMMARY FOR DECEMBER 8 2016...

CLIMATE NORMAL PERIOD 1981 TO 2010
CLIMATE RECORD PERIOD 1915 TO 2016


WEATHER ITEM   OBSERVED TIME   RECORD YEAR NORMAL DEPARTURE LAST
                VALUE   (LST)  VALUE       VALUE  FROM      YEAR
                                                  NORMAL
..................................................................
TEMPERATURE (F)
 YESTERDAY
  MAXIMUM         51    351 PM  72    1958  50      1       57
  MINIMUM         16    727 AM -10    1978  21     -5       23
  AVERAGE         34                        36     -2       40

PRECIPITATION (IN)
  YESTERDAY        0.00          0.27 1960   0.02  -0.02     0.00
  MONTH TO DATE    0.00                      0.14  -0.14     0.00
  SINCE SEP 1      2.02                      2.06  -0.04     3.67
  SINCE JAN 1      5.64                      6.59  -0.95    12.57

DEGREE DAYS
 HEATING
  YESTERDAY       31                        29      2       25
  MONTH TO DATE  228                       227      1      239
  SINCE JUL 1    919                      1163   -244     1102

 COOLING
  YESTERDAY        0                         0      0        0
  MONTH TO DATE    0                         0      0        0
  SINCE JAN 1   1278                      1208     70     1316
..................................................................


WIND (MPH)
  HIGHEST WIND SPEED     9   HIGHEST WIND DIRECTION    NW (330)
  HIGHEST GUST SPEED    10   HIGHEST GUST DIRECTION    NW (330)
  AVERAGE WIND SPEED     3.1


SKY COVER
  POSSIBLE SUNSHINE  MM
  AVERAGE SKY COVER 0.0


WEATHER CONDITIONS
 THE FOLLOWING WEATHER WAS RECORDED YESTERDAY.
  NO SIGNIFICANT WEATHER WAS OBSERVED.


RELATIVE HUMIDITY (PERCENT)
 HIGHEST    80           700 AM
 LOWEST     29           300 PM
 AVERAGE    55

..........................................................


THE WINSLOW AZ AIRPORT CLIMATE NORMALS FOR TODAY
                         NORMAL    RECORD    YEAR
 MAXIMUM TEMPERATURE (F)   50        71      1938
 MINIMUM TEMPERATURE (F)   21       -11      1978


SUNRISE AND SUNSET
DECEMBER  9 2016......SUNRISE   720 AM MST   SUNSET   511 PM MST
DECEMBER 10 2016......SUNRISE   720 AM MST   SUNSET   512 PM MST


-  INDICATES NEGATIVE NUMBERS.
R  INDICATES RECORD WAS SET OR TIED.
MM INDICATES DATA IS MISSING.
T  INDICATES TRACE AMOUNT.




$$
