000
CDUS45 KFGZ 230755
CLIINW
CLIMATE REPORT
NATIONAL WEATHER SERVICE FLAGSTAFF, AZ
1254 AM MST SAT JUL 23 2016


...................................

...THE WINSLOW AZ AIRPORT CLIMATE SUMMARY FOR JULY 22 2016...

CLIMATE NORMAL PERIOD 1981 TO 2010
CLIMATE RECORD PERIOD 1915 TO 2016


WEATHER ITEM   OBSERVED TIME   RECORD YEAR NORMAL DEPARTURE LAST
                VALUE   (LST)  VALUE       VALUE  FROM      YEAR
                                                  NORMAL
..................................................................
TEMPERATURE (F)
 YESTERDAY
  MAXIMUM         99    141 PM 104    1996  94      5       93
  MINIMUM         63    542 AM  50    1973  63      0       59
                                      1924
  AVERAGE         81                        78      3       76

PRECIPITATION (IN)
  YESTERDAY        T             1.12 1917   0.05  -0.05     0.00
  MONTH TO DATE    0.36                      0.67  -0.31     1.32
  SINCE SEP 1      5.99                      5.44   0.55     8.48
  SINCE JAN 1      1.97                      2.96  -0.99     5.63

DEGREE DAYS
 HEATING
  YESTERDAY        0                         0      0        0
  MONTH TO DATE    0                         0      0        0
  SINCE JUL 1      0                         0      0        0

 COOLING
  YESTERDAY       16                        14      2       11
  MONTH TO DATE  294                       293      1      246
  SINCE JAN 1    700                       601     99      599
..................................................................


WIND (MPH)
  HIGHEST WIND SPEED    32   HIGHEST WIND DIRECTION     S (190)
  HIGHEST GUST SPEED    43   HIGHEST GUST DIRECTION    SW (210)
  AVERAGE WIND SPEED     7.4


SKY COVER
  POSSIBLE SUNSHINE  MM
  AVERAGE SKY COVER 0.1


WEATHER CONDITIONS
 THE FOLLOWING WEATHER WAS RECORDED YESTERDAY.
  THUNDERSTORM
  LIGHT RAIN


RELATIVE HUMIDITY (PERCENT)
 HIGHEST    73           500 AM
 LOWEST     18           100 PM
 AVERAGE    46

..........................................................


THE WINSLOW AZ AIRPORT CLIMATE NORMALS FOR TODAY
                         NORMAL    RECORD    YEAR
 MAXIMUM TEMPERATURE (F)   94       104      1996
 MINIMUM TEMPERATURE (F)   63        51      1995
                                             1973


SUNRISE AND SUNSET
JULY 23 2016..........SUNRISE   526 AM MST   SUNSET   732 PM MST
JULY 24 2016..........SUNRISE   527 AM MST   SUNSET   732 PM MST


-  INDICATES NEGATIVE NUMBERS.
R  INDICATES RECORD WAS SET OR TIED.
MM INDICATES DATA IS MISSING.
T  INDICATES TRACE AMOUNT.




$$
