000
CDUS45 KFGZ 250840
CLIINW
CLIMATE REPORT
NATIONAL WEATHER SERVICE FLAGSTAFF, AZ
137 AM MST FRI JUL 25 2014


...................................

...THE WINSLOW AZ AIRPORT CLIMATE SUMMARY FOR JULY 24 2014...

CLIMATE NORMAL PERIOD 1981 TO 2010
CLIMATE RECORD PERIOD 1898 TO 2014


WEATHER ITEM   OBSERVED TIME   RECORD YEAR NORMAL DEPARTURE LAST
                VALUE   (LST)  VALUE       VALUE  FROM      YEAR
                                                  NORMAL
..................................................................
TEMPERATURE (F)
 YESTERDAY
  MAXIMUM        100    159 PM 105    1996  94      6       94
  MINIMUM         70   1151 PM  49    1973  63      7       63
  AVERAGE         85                        78      7       79

PRECIPITATION (IN)
  YESTERDAY        0.01          0.94 1992   0.04  -0.03     0.00
  MONTH TO DATE    0.32                      0.75  -0.43     1.14
  SINCE SEP 1      5.31                      5.52  -0.21     4.20
  SINCE JAN 1      1.50                      3.04  -1.54     2.93

DEGREE DAYS
 HEATING
  YESTERDAY        0                         0      0        0
  MONTH TO DATE    0                         0      0        0
  SINCE JUL 1      0                         0      0        0

 COOLING
  YESTERDAY       20                        13      7       14
  MONTH TO DATE  372                       319     53      371
  SINCE JAN 1    709                       627     82      798
..................................................................


WIND (MPH)
  HIGHEST WIND SPEED    23   HIGHEST WIND DIRECTION    NW (310)
  HIGHEST GUST SPEED    27   HIGHEST GUST DIRECTION    NW (310)
  AVERAGE WIND SPEED     8.1


SKY COVER
  POSSIBLE SUNSHINE  MM
  AVERAGE SKY COVER 0.3


WEATHER CONDITIONS
 THE FOLLOWING WEATHER WAS RECORDED YESTERDAY.
  LIGHT RAIN


RELATIVE HUMIDITY (PERCENT)
 HIGHEST    68           500 AM
 LOWEST     15           200 PM
 AVERAGE    42

..........................................................


THE WINSLOW AZ AIRPORT CLIMATE NORMALS FOR TODAY
                         NORMAL    RECORD    YEAR
 MAXIMUM TEMPERATURE (F)   94       104      1963
                                             1936
 MINIMUM TEMPERATURE (F)   63        48      1973


SUNRISE AND SUNSET
JULY 25 2014..........SUNRISE   527 AM MST   SUNSET   731 PM MST
JULY 26 2014..........SUNRISE   528 AM MST   SUNSET   731 PM MST


-  INDICATES NEGATIVE NUMBERS.
R  INDICATES RECORD WAS SET OR TIED.
MM INDICATES DATA IS MISSING.
T  INDICATES TRACE AMOUNT.




$$
