000
CDUS45 KFGZ 100108
CLIINW
CLIMATE REPORT
NATIONAL WEATHER SERVICE FLAGSTAFF, AZ
607 PM MST TUE FEB 9 2016


...................................

...THE WINSLOW AZ AIRPORT CLIMATE SUMMARY FOR FEBRUARY 9 2016...
VALID TODAY AS OF 0500 PM LOCAL TIME.

CLIMATE NORMAL PERIOD 1981 TO 2010
CLIMATE RECORD PERIOD 1915 TO 2016


WEATHER ITEM   OBSERVED TIME   RECORD YEAR NORMAL DEPARTURE LAST
                VALUE   (LST)  VALUE       VALUE  FROM      YEAR
                                                  NORMAL
..................................................................
TEMPERATURE (F)
 TODAY
  MAXIMUM         61    457 PM  74    1930  54      7       73
  MINIMUM         22    735 AM   1    2003  24     -2       31
  AVERAGE         42                        39      3       52

PRECIPITATION (IN)
  TODAY            0.00          0.37 1976   0.02  -0.02     0.00
  MONTH TO DATE    0.22                      0.15   0.07     0.00
  SINCE SEP 1      4.59                      3.15   1.44     4.48
  SINCE JAN 1      0.57                      0.67  -0.10     1.63

DEGREE DAYS
 HEATING
  TODAY           23                        26     -3       13
  MONTH TO DATE  294                       241     53      147
  SINCE JUL 1   2982                      3044    -62     2584

 COOLING
  TODAY            0                         0      0        0
  MONTH TO DATE    0                         0      0        0
  SINCE JAN 1      0                         0      0        0
..................................................................


WIND (MPH)
  HIGHEST WIND SPEED    12   HIGHEST WIND DIRECTION     W (260)
  HIGHEST GUST SPEED    12   HIGHEST GUST DIRECTION    NW (320)
  AVERAGE WIND SPEED     3.8


SKY COVER
  POSSIBLE SUNSHINE  MM
  AVERAGE SKY COVER 0.0


WEATHER CONDITIONS
 THE FOLLOWING WEATHER WAS RECORDED TODAY.
  NO SIGNIFICANT WEATHER WAS OBSERVED.


RELATIVE HUMIDITY (PERCENT)
 HIGHEST    84           700 AM
 LOWEST     20           400 PM
 AVERAGE    52

..........................................................


THE WINSLOW AZ AIRPORT CLIMATE NORMALS FOR TOMORROW
                         NORMAL    RECORD    YEAR
 MAXIMUM TEMPERATURE (F)   55        71      1962
 MINIMUM TEMPERATURE (F)   24        -5      1956


SUNRISE AND SUNSET
FEBRUARY  9 2016......SUNRISE   715 AM MST   SUNSET   559 PM MST
FEBRUARY 10 2016......SUNRISE   714 AM MST   SUNSET   600 PM MST


-  INDICATES NEGATIVE NUMBERS.
R  INDICATES RECORD WAS SET OR TIED.
MM INDICATES DATA IS MISSING.
T  INDICATES TRACE AMOUNT.




$$
