000
CDUS45 KFGZ 230105
CLIINW
CLIMATE REPORT
NATIONAL WEATHER SERVICE FLAGSTAFF, AZ
603 PM MST SUN OCT 22 2017


...................................

...THE WINSLOW AZ AIRPORT CLIMATE SUMMARY FOR OCTOBER 22 2017...
VALID TODAY AS OF 0500 PM LOCAL TIME.

CLIMATE NORMAL PERIOD 1981 TO 2010
CLIMATE RECORD PERIOD 1915 TO 2017


WEATHER ITEM   OBSERVED TIME   RECORD YEAR NORMAL DEPARTURE LAST
                VALUE   (LST)  VALUE       VALUE  FROM      YEAR
                                                  NORMAL
..................................................................
TEMPERATURE (F)
 TODAY
  MAXIMUM         73    428 PM  86    2016  71      2       86
  MINIMUM         28    528 AM  18    1996  37     -9       39
  AVERAGE         51                        54     -3       63

PRECIPITATION (IN)
  TODAY            0.00          0.42 1978   0.02  -0.02      T
  MONTH TO DATE    0.01                      0.39  -0.38      T
  SINCE SEP 1      0.22                      1.27  -1.05     0.85
  SINCE JAN 1      4.25                      5.80  -1.55     4.47

DEGREE DAYS
 HEATING
  TODAY           14                        11      3        2
  MONTH TO DATE  142                       159    -17       94
  SINCE JUL 1    193                       190      3      124

 COOLING
  TODAY            0                         0      0        0
  MONTH TO DATE   10                         6      4        6
  SINCE JAN 1   1443                      1207    236     1275
..................................................................


WIND (MPH)
  HIGHEST WIND SPEED     8   HIGHEST WIND DIRECTION     N (10)
  HIGHEST GUST SPEED    10   HIGHEST GUST DIRECTION     N (360)
  AVERAGE WIND SPEED     2.6


SKY COVER
  POSSIBLE SUNSHINE  MM
  AVERAGE SKY COVER 0.0


WEATHER CONDITIONS
 THE FOLLOWING WEATHER WAS RECORDED TODAY.
  NO SIGNIFICANT WEATHER WAS OBSERVED.


RELATIVE HUMIDITY (PERCENT)
 HIGHEST    33           700 AM
 LOWEST      9           200 PM
 AVERAGE    21

..........................................................


THE WINSLOW AZ AIRPORT CLIMATE NORMALS FOR TOMORROW
                         NORMAL    RECORD    YEAR
 MAXIMUM TEMPERATURE (F)   71        84      2003
 MINIMUM TEMPERATURE (F)   36        21      2008
                                             1995


SUNRISE AND SUNSET
OCTOBER 22 2017.......SUNRISE   635 AM MST   SUNSET   539 PM MST
OCTOBER 23 2017.......SUNRISE   636 AM MST   SUNSET   538 PM MST


-  INDICATES NEGATIVE NUMBERS.
R  INDICATES RECORD WAS SET OR TIED.
MM INDICATES DATA IS MISSING.
T  INDICATES TRACE AMOUNT.




$$
