000
CDUS45 KFGZ 300821
CLIINW
CLIMATE REPORT
NATIONAL WEATHER SERVICE FLAGSTAFF, AZ
119 AM MST TUE JUN 30 2015


...................................

...THE WINSLOW AZ AIRPORT CLIMATE SUMMARY FOR JUNE 29 2015...

CLIMATE NORMAL PERIOD 1981 TO 2010
CLIMATE RECORD PERIOD 1915 TO 2015


WEATHER ITEM   OBSERVED TIME   RECORD YEAR NORMAL DEPARTURE LAST
                VALUE   (LST)  VALUE       VALUE  FROM      YEAR
                                                  NORMAL
..................................................................
TEMPERATURE (F)
 YESTERDAY
  MAXIMUM        100    305 PM 105    2013  95      5      100
  MINIMUM         66    553 AM  45    2005  58      8       62
                                      1941
  AVERAGE         83                        77      6       81

PRECIPITATION (IN)
  YESTERDAY        0.00          0.22 1938   0.01  -0.01     0.00
  MONTH TO DATE    0.90                      0.17   0.73     0.00
  SINCE SEP 1      7.16                      4.76   2.40     4.99
  SINCE JAN 1      4.31                      2.28   2.03     1.18

DEGREE DAYS
 HEATING
  YESTERDAY        0                         0      0        0
  MONTH TO DATE    1                         8     -7        0
  SINCE JUL 1   3829                      4495   -666     4298

 COOLING
  YESTERDAY       18                        12      6       16
  MONTH TO DATE  315                       229     86      268
  SINCE JAN 1    334                       296     38      319
..................................................................


WIND (MPH)
  HIGHEST WIND SPEED    25   HIGHEST WIND DIRECTION    SW (210)
  HIGHEST GUST SPEED    30   HIGHEST GUST DIRECTION    SW (230)
  AVERAGE WIND SPEED     7.8


SKY COVER
  POSSIBLE SUNSHINE  MM
  AVERAGE SKY COVER 0.0


WEATHER CONDITIONS
 THE FOLLOWING WEATHER WAS RECORDED YESTERDAY.
  NO SIGNIFICANT WEATHER WAS OBSERVED.


RELATIVE HUMIDITY (PERCENT)
 HIGHEST    63           600 AM
 LOWEST     13           300 PM
 AVERAGE    38

..........................................................


THE WINSLOW AZ AIRPORT CLIMATE NORMALS FOR TODAY
                         NORMAL    RECORD    YEAR
 MAXIMUM TEMPERATURE (F)   95       105      2013
 MINIMUM TEMPERATURE (F)   59        44      2004


SUNRISE AND SUNSET
JUNE 30 2015..........SUNRISE   512 AM MST   SUNSET   741 PM MST
JULY  1 2015..........SUNRISE   513 AM MST   SUNSET   741 PM MST


-  INDICATES NEGATIVE NUMBERS.
R  INDICATES RECORD WAS SET OR TIED.
MM INDICATES DATA IS MISSING.
T  INDICATES TRACE AMOUNT.




$$
