000
CDUS45 KFGZ 240804
CLIINW
CLIMATE REPORT
NATIONAL WEATHER SERVICE FLAGSTAFF, AZ
103 AM MST THU APR 24 2014


...................................

...THE WINSLOW AZ AIRPORT CLIMATE SUMMARY FOR APRIL 23 2014...

CLIMATE NORMAL PERIOD 1981 TO 2010
CLIMATE RECORD PERIOD 1898 TO 2014


WEATHER ITEM   OBSERVED TIME   RECORD YEAR NORMAL DEPARTURE LAST
                VALUE   (LST)  VALUE       VALUE  FROM      YEAR
                                                  NORMAL
..................................................................
TEMPERATURE (F)
 YESTERDAY
  MAXIMUM         72    244 PM  90    2012  74     -2       70
  MINIMUM         43   1159 PM  24    1963  39      4       41
  AVERAGE         58                        56      2       56

PRECIPITATION (IN)
  YESTERDAY        0.00          0.95 1942   0.00   0.00     0.00
  MONTH TO DATE    0.03                      0.21  -0.18     0.31
  SINCE SEP 1      4.86                      4.21   0.65     3.06
  SINCE JAN 1      1.05                      1.73  -0.68     1.79

DEGREE DAYS
 HEATING
  YESTERDAY        7                         9     -2        9
  MONTH TO DATE  221                       274    -53      230
  SINCE JUL 1   4079                      4327   -248     4081

 COOLING
  YESTERDAY        0                         0      0        0
  MONTH TO DATE    1                         0      1        1
  SINCE JAN 1      1                         0      1        1
..................................................................


WIND (MPH)
  HIGHEST WIND SPEED    23   HIGHEST WIND DIRECTION     W (270)
  HIGHEST GUST SPEED    29   HIGHEST GUST DIRECTION     W (280)
  AVERAGE WIND SPEED    10.5


SKY COVER
  POSSIBLE SUNSHINE  MM
  AVERAGE SKY COVER 0.0


WEATHER CONDITIONS
 THE FOLLOWING WEATHER WAS RECORDED YESTERDAY.
  NO SIGNIFICANT WEATHER WAS OBSERVED.


RELATIVE HUMIDITY (PERCENT)
 HIGHEST    49           400 AM
 LOWEST      8           400 PM
 AVERAGE    29

..........................................................


THE WINSLOW AZ AIRPORT CLIMATE NORMALS FOR TODAY
                         NORMAL    RECORD    YEAR
 MAXIMUM TEMPERATURE (F)   74        89      2012
                                             1996
                                             1949
 MINIMUM TEMPERATURE (F)   39        23      1923


SUNRISE AND SUNSET
APRIL 24 2014.........SUNRISE   540 AM MST   SUNSET   703 PM MST
APRIL 25 2014.........SUNRISE   539 AM MST   SUNSET   704 PM MST


-  INDICATES NEGATIVE NUMBERS.
R  INDICATES RECORD WAS SET OR TIED.
MM INDICATES DATA IS MISSING.
T  INDICATES TRACE AMOUNT.




$$
