000
CDUS43 KDVN 020914
CLIIOW


CLIMATE REPORT
NATIONAL WEATHER SERVICE QUAD CITIES IA IL
412 AM CDT TUE JUN 2 2015


...................................

...THE IOWA CITY IA CLIMATE SUMMARY FOR JUNE 1 2015...

CLIMATE NORMAL PERIOD 1981 TO 2010
CLIMATE RECORD PERIOD 9999 TO 9999


WEATHER ITEM   OBSERVED TIME   RECORD YEAR NORMAL DEPARTURE LAST
                VALUE   (LST)  VALUE       VALUE  FROM      YEAR
                                                  NORMAL
..................................................................
TEMPERATURE (F)
 YESTERDAY
  MAXIMUM         71    456 PM  MM      MM  78     -7       89
  MINIMUM         47    454 AM  MM      MM  57    -10       69
  AVERAGE         59                        67     -8       79

PRECIPITATION (IN)
  YESTERDAY        0.00         MM      MM   0.16  -0.16     0.09
  MONTH TO DATE    0.00                      0.16  -0.16     0.09
  SINCE JUN 1      0.00                      0.16  -0.16     0.09
  SINCE JAN 1      9.85                     12.25  -2.40    11.14

DEGREE DAYS
 HEATING
  YESTERDAY        6                         2      4        0
  MONTH TO DATE    6                         2      4        0
  SINCE JUN 1      6                         2      4        0
  SINCE JUL 1   6727                      6363    364     7482

 COOLING
  YESTERDAY        0                         4     -4       14
  MONTH TO DATE    0                         4     -4       14
  SINCE JUN 1      0                         4     -4       14
  SINCE JAN 1     63                        65     -2      103
..................................................................


WIND (MPH)
  HIGHEST WIND SPEED    14   HIGHEST WIND DIRECTION     N (20)
  HIGHEST GUST SPEED    20   HIGHEST GUST DIRECTION     E (80)
  AVERAGE WIND SPEED     5.5


SKY COVER
  POSSIBLE SUNSHINE  MM
  AVERAGE SKY COVER 0.2


WEATHER CONDITIONS
 THE FOLLOWING WEATHER WAS RECORDED YESTERDAY.
  NO SIGNIFICANT WEATHER WAS OBSERVED.


RELATIVE HUMIDITY (PERCENT)
 HIGHEST    82           500 AM
 LOWEST     41           400 PM
 AVERAGE    62

..........................................................


THE IOWA CITY IA CLIMATE NORMALS FOR TODAY
                         NORMAL    RECORD    YEAR
 MAXIMUM TEMPERATURE (F)   78        MM        MM
 MINIMUM TEMPERATURE (F)   57        MM        MM


SUNRISE AND SUNSET
JUNE  2 2015..........SUNRISE   534 AM CDT   SUNSET   835 PM CDT
JUNE  3 2015..........SUNRISE   534 AM CDT   SUNSET   835 PM CDT


-  INDICATES NEGATIVE NUMBERS.
R  INDICATES RECORD WAS SET OR TIED.
MM INDICATES DATA IS MISSING.
T  INDICATES TRACE AMOUNT.




$$
