000
CDUS43 KDVN 250912
CLIIOW


CLIMATE REPORT
NATIONAL WEATHER SERVICE QUAD CITIES IA IL
411 AM CDT SAT MAR 25 2017


...................................

...THE IOWA CITY IA CLIMATE SUMMARY FOR MARCH 24 2017...

CLIMATE NORMAL PERIOD 1981 TO 2010
CLIMATE RECORD PERIOD 9999 TO 9999


WEATHER ITEM   OBSERVED TIME   RECORD YEAR NORMAL DEPARTURE LAST
                VALUE   (LST)  VALUE       VALUE  FROM      YEAR
                                                  NORMAL
..................................................................
TEMPERATURE (F)
 YESTERDAY
  MAXIMUM         76   1235 PM  MM      MM  53     23       37
  MINIMUM         41    230 AM  MM      MM  32      9       28
  AVERAGE         59                        43     16       33

PRECIPITATION (IN)
  YESTERDAY        0.27         MM      MM   0.06   0.21     0.05
  MONTH TO DATE    1.45                      1.71  -0.26     1.85
  SINCE MAR 1      1.45                      1.71  -0.26     1.85
  SINCE JAN 1      3.85                      3.87  -0.02     2.60

DEGREE DAYS
 HEATING
  YESTERDAY        6                        22    -16       32
  MONTH TO DATE  617                       672    -55      515
  SINCE MAR 1    617                       672    -55      515
  SINCE JUL 1   4512                      5622  -1110     4726

 COOLING
  YESTERDAY        0                         0      0        0
  MONTH TO DATE    0                         0      0        0
  SINCE MAR 1      0                         0      0        0
  SINCE JAN 1      0                         0      0        0
..................................................................


WIND (MPH)
  HIGHEST WIND SPEED    26   HIGHEST WIND DIRECTION    SW (220)
  HIGHEST GUST SPEED    33   HIGHEST GUST DIRECTION    SW (220)
  AVERAGE WIND SPEED     8.2


SKY COVER
  POSSIBLE SUNSHINE  MM
  AVERAGE SKY COVER 0.6


WEATHER CONDITIONS
 THE FOLLOWING WEATHER WAS RECORDED YESTERDAY.
  RAIN
  LIGHT RAIN
  FOG


RELATIVE HUMIDITY (PERCENT)
 HIGHEST    93           400 PM
 LOWEST     35          1200 PM
 AVERAGE    64

..........................................................


THE IOWA CITY IA CLIMATE NORMALS FOR TODAY
                         NORMAL    RECORD    YEAR
 MAXIMUM TEMPERATURE (F)   53        MM        MM
 MINIMUM TEMPERATURE (F)   33        MM        MM


SUNRISE AND SUNSET
MARCH 25 2017.........SUNRISE   701 AM CDT   SUNSET   724 PM CDT
MARCH 26 2017.........SUNRISE   659 AM CDT   SUNSET   725 PM CDT


-  INDICATES NEGATIVE NUMBERS.
R  INDICATES RECORD WAS SET OR TIED.
MM INDICATES DATA IS MISSING.
T  INDICATES TRACE AMOUNT.




$$
