000
CDUS43 KDVN 280916
CLIIOW

CLIMATE REPORT
NATIONAL WEATHER SERVICE QUAD CITIES IA IL
127 AM CDT WED JUN 28 2017


...................................

...THE IOWA CITY IA CLIMATE SUMMARY FOR JUNE 27 2017...

CLIMATE NORMAL PERIOD 1981 TO 2010
CLIMATE RECORD PERIOD 9999 TO 9999


WEATHER ITEM   OBSERVED NORMAL DEPARTURE LAST
                VALUE   VALUE  FROM      YEAR
                               NORMAL
...............................................
TEMPERATURE (F)
 YESTERDAY
  MAXIMUM         78     84     -6       86
  MINIMUM         48     64    -16       65
  AVERAGE         63     74    -11       76

PRECIPITATION (IN)
  YESTERDAY        0.00   0.19  -0.19     0.00
  MONTH TO DATE    3.45   4.08  -0.63     5.45
  SINCE JUN 1      3.45   4.08  -0.63     5.45
  SINCE JAN 1     17.17  16.17   1.00    14.06

DEGREE DAYS
 HEATING
  YESTERDAY        2      0      2        0
  MONTH TO DATE    7     14     -7        2
  SINCE JUN 1      7     14     -7        2
  SINCE JUL 1   5120   6375  -1255     5468

 COOLING
  YESTERDAY        0      9     -9       11
  MONTH TO DATE  246    183     63      279
  SINCE JUN 1    246    183     63      279
  SINCE JAN 1    299    244     55      351
...............................................


WIND (MPH)
  HIGHEST WIND SPEED    15   HIGHEST WIND DIRECTION     S (160)
  HIGHEST GUST SPEED    20   HIGHEST GUST DIRECTION     S (190)
  AVERAGE WIND SPEED     5.7




RELATIVE HUMIDITY (PERCENT)
 HIGHEST    89           600 AM
 LOWEST     30           400 PM
 AVERAGE    60

..........................................................


THE IOWA CITY IA CLIMATE NORMALS FOR TODAY
                         NORMAL
 MAXIMUM TEMPERATURE (F)   84
 MINIMUM TEMPERATURE (F)   64


SUNRISE AND SUNSET
JUNE 28 2017..........SUNRISE   534 AM CDT   SUNSET   845 PM CDT
JUNE 29 2017..........SUNRISE   535 AM CDT   SUNSET   844 PM CDT


-  INDICATES NEGATIVE NUMBERS.
R  INDICATES RECORD WAS SET OR TIED.
MM INDICATES DATA IS MISSING.
T  INDICATES TRACE AMOUNT.




$$
