000
CDUS43 KDVN 051013
CLIIOW


CLIMATE REPORT
NATIONAL WEATHER SERVICE QUAD CITIES IA IL
412 AM CST MON DEC 5 2016


...................................

...THE IOWA CITY IA CLIMATE SUMMARY FOR DECEMBER 4 2016...

CLIMATE NORMAL PERIOD 1981 TO 2010
CLIMATE RECORD PERIOD 9999 TO 9999


WEATHER ITEM   OBSERVED TIME   RECORD YEAR NORMAL DEPARTURE LAST
                VALUE   (LST)  VALUE       VALUE  FROM      YEAR
                                                  NORMAL
..................................................................
TEMPERATURE (F)
 YESTERDAY
  MAXIMUM         36    958 PM  MM      MM  37     -1       50
  MINIMUM         33    150 PM  MM      MM  21     12       21
  AVERAGE         35                        29      6       36

PRECIPITATION (IN)
  YESTERDAY        0.38         MM      MM   0.07   0.31     0.00
  MONTH TO DATE    0.38                      0.28   0.10     0.02
  SINCE DEC 1      0.38                      0.28   0.10     0.02
  SINCE JAN 1     32.09                     35.04  -2.95    34.32

DEGREE DAYS
 HEATING
  YESTERDAY       30                        36     -6       29
  MONTH TO DATE  115                       140    -25      123
  SINCE DEC 1    115                       140    -25      123
  SINCE JUL 1    917                      1447   -530     1173

 COOLING
  YESTERDAY        0                         0      0        0
  MONTH TO DATE    0                         0      0        0
  SINCE DEC 1      0                         0      0        0
  SINCE JAN 1   1192                       912    280      934
..................................................................


WIND (MPH)
  HIGHEST WIND SPEED    14   HIGHEST WIND DIRECTION    SE (150)
  HIGHEST GUST SPEED    17   HIGHEST GUST DIRECTION    SE (140)
  AVERAGE WIND SPEED     7.6


SKY COVER
  POSSIBLE SUNSHINE  MM
  AVERAGE SKY COVER 1.0


WEATHER CONDITIONS
 THE FOLLOWING WEATHER WAS RECORDED YESTERDAY.
  SNOW
  LIGHT SNOW
  FOG


RELATIVE HUMIDITY (PERCENT)
 HIGHEST    96           600 AM
 LOWEST     75          1200 AM
 AVERAGE    86

..........................................................


THE IOWA CITY IA CLIMATE NORMALS FOR TODAY
                         NORMAL    RECORD    YEAR
 MAXIMUM TEMPERATURE (F)   37        MM        MM
 MINIMUM TEMPERATURE (F)   21        MM        MM


SUNRISE AND SUNSET
DECEMBER  5 2016......SUNRISE   718 AM CST   SUNSET   436 PM CST
DECEMBER  6 2016......SUNRISE   719 AM CST   SUNSET   436 PM CST


-  INDICATES NEGATIVE NUMBERS.
R  INDICATES RECORD WAS SET OR TIED.
MM INDICATES DATA IS MISSING.
T  INDICATES TRACE AMOUNT.




$$
