000
CDUS43 KDVN 200921
CLIIOW


CLIMATE REPORT
NATIONAL WEATHER SERVICE QUAD CITIES IA IL
421 AM CDT SAT SEP 20 2014


...................................

...THE IOWA CITY IA CLIMATE SUMMARY FOR SEPTEMBER 19 2014...

CLIMATE NORMAL PERIOD 1981 TO 2010
CLIMATE RECORD PERIOD 9999 TO 9999


WEATHER ITEM   OBSERVED TIME   RECORD YEAR NORMAL DEPARTURE LAST
                VALUE   (LST)  VALUE       VALUE  FROM      YEAR
                                                  NORMAL
..................................................................
TEMPERATURE (F)
 YESTERDAY
  MAXIMUM         76    357 PM  MM      MM  75      1       93
  MINIMUM         49    525 AM  MM      MM  51     -2       67
  AVERAGE         63                        63      0       80

PRECIPITATION (IN)
  YESTERDAY        0.00         MM      MM   0.12  -0.12     0.24
  MONTH TO DATE    5.83                      2.26   3.57     1.61
  SINCE SEP 1      5.83                      2.26   3.57     1.61
  SINCE JAN 1     33.26                     28.41   4.85    29.87

DEGREE DAYS
 HEATING
  YESTERDAY        2                         4     -2        0
  MONTH TO DATE   93                        38     55       23
  SINCE SEP 1     93                        38     55       23
  SINCE JUL 1    105                        46     59       32

 COOLING
  YESTERDAY        0                         2     -2       15
  MONTH TO DATE   38                        65    -27      161
  SINCE SEP 1     38                        65    -27      161
  SINCE JAN 1    754                       887   -133     1029
..................................................................


WIND (MPH)
  HIGHEST WIND SPEED    22   HIGHEST WIND DIRECTION     S (190)
  HIGHEST GUST SPEED    28   HIGHEST GUST DIRECTION     S (160)
  AVERAGE WIND SPEED     9.3


SKY COVER
  POSSIBLE SUNSHINE  MM
  AVERAGE SKY COVER 0.0


WEATHER CONDITIONS
 THE FOLLOWING WEATHER WAS RECORDED YESTERDAY.
  FOG


RELATIVE HUMIDITY (PERCENT)
 HIGHEST    96           700 AM
 LOWEST     54           400 PM
 AVERAGE    75

..........................................................


THE IOWA CITY IA CLIMATE NORMALS FOR TODAY
                         NORMAL    RECORD    YEAR
 MAXIMUM TEMPERATURE (F)   75        MM        MM
 MINIMUM TEMPERATURE (F)   50        MM        MM


SUNRISE AND SUNSET
SEPTEMBER 20 2014.....SUNRISE   652 AM CDT   SUNSET   707 PM CDT
SEPTEMBER 21 2014.....SUNRISE   653 AM CDT   SUNSET   705 PM CDT


-  INDICATES NEGATIVE NUMBERS.
R  INDICATES RECORD WAS SET OR TIED.
MM INDICATES DATA IS MISSING.
T  INDICATES TRACE AMOUNT.




$$
