000
CDUS43 KDVN 232226
CLIIOW


CLIMATE REPORT
NATIONAL WEATHER SERVICE QUAD CITIES IA IL
424 PM CST TUE JAN 23 2018


...................................

...THE IOWA CITY IA CLIMATE SUMMARY FOR JANUARY 23 2018...
VALID TODAY AS OF 0400 PM LOCAL TIME.

CLIMATE NORMAL PERIOD 1981 TO 2010
CLIMATE RECORD PERIOD 9999 TO 9999


WEATHER ITEM   OBSERVED TIME   RECORD YEAR NORMAL DEPARTURE LAST
                VALUE   (LST)  VALUE       VALUE  FROM      YEAR
                                                  NORMAL
..................................................................
TEMPERATURE (F)
 TODAY
  MAXIMUM         37    152 AM  MM      MM  30      7       40
  MINIMUM         30    144 PM  MM      MM  14     16       33
  AVERAGE         34                        22     12       37

PRECIPITATION (IN)
  TODAY            T            MM      MM   0.04  -0.04      T
  MONTH TO DATE    0.29                      0.53  -0.24     1.37
  SINCE DEC 1      0.99                      2.05  -1.06     2.21
  SINCE JAN 1      0.29                      0.53  -0.24     1.37

DEGREE DAYS
 HEATING
  TODAY           31                        43    -12       28
  MONTH TO DATE 1059                       989     70      848
  SINCE DEC 1   2246                      2221     25     2066
  SINCE JUL 1   3341                      3528   -187     2868

 COOLING
  TODAY            0                         0      0        0
  MONTH TO DATE    0                         0      0        0
  SINCE DEC 1      0                         0      0        0
  SINCE JAN 1      0                         0      0        0
..................................................................


WIND (MPH)
  HIGHEST WIND SPEED    25   HIGHEST WIND DIRECTION    NW (300)
  HIGHEST GUST SPEED    35   HIGHEST GUST DIRECTION    NW (330)
  AVERAGE WIND SPEED    17.2


SKY COVER
  POSSIBLE SUNSHINE  MM
  AVERAGE SKY COVER 1.0


WEATHER CONDITIONS
 THE FOLLOWING WEATHER WAS RECORDED TODAY.
  LIGHT RAIN
  LIGHT SNOW
  FOG
  HAZE


RELATIVE HUMIDITY (PERCENT)
 HIGHEST    85           100 AM
 LOWEST     59           300 PM
 AVERAGE    72

..........................................................


THE IOWA CITY IA CLIMATE NORMALS FOR TOMORROW
                         NORMAL    RECORD    YEAR
 MAXIMUM TEMPERATURE (F)   30        MM        MM
 MINIMUM TEMPERATURE (F)   15        MM        MM


SUNRISE AND SUNSET
JANUARY 23 2018.......SUNRISE   726 AM CST   SUNSET   511 PM CST
JANUARY 24 2018.......SUNRISE   725 AM CST   SUNSET   512 PM CST


-  INDICATES NEGATIVE NUMBERS.
R  INDICATES RECORD WAS SET OR TIED.
MM INDICATES DATA IS MISSING.
T  INDICATES TRACE AMOUNT.




$$
