000
CDUS43 KDVN 300911
CLIIOW


CLIMATE REPORT
NATIONAL WEATHER SERVICE QUAD CITIES IA IL
410 AM CDT THU JUL 30 2015


...................................

...THE IOWA CITY IA CLIMATE SUMMARY FOR JULY 29 2015...

CLIMATE NORMAL PERIOD 1981 TO 2010
CLIMATE RECORD PERIOD 9999 TO 9999


WEATHER ITEM   OBSERVED TIME   RECORD YEAR NORMAL DEPARTURE LAST
                VALUE   (LST)  VALUE       VALUE  FROM      YEAR
                                                  NORMAL
..................................................................
TEMPERATURE (F)
 YESTERDAY
  MAXIMUM         84    414 PM  MM      MM  84      0       79
  MINIMUM         65   1159 PM  MM      MM  65      0       56
  AVERAGE         75                        74      1       68

PRECIPITATION (IN)
  YESTERDAY        0.11         MM      MM   0.13  -0.02     0.00
  MONTH TO DATE    2.68                      4.70  -2.02     2.96
  SINCE JUN 1      8.56                      9.31  -0.75    12.76
  SINCE JAN 1     18.41                     21.40  -2.99    23.81

DEGREE DAYS
 HEATING
  YESTERDAY        0                         0      0        0
  MONTH TO DATE    2                         0      2       12
  SINCE JUN 1      9                        17     -8       16
  SINCE JUL 1      2                         0      2       12

 COOLING
  YESTERDAY       10                        10      0        3
  MONTH TO DATE  261                       290    -29      155
  SINCE JUN 1    461                       501    -40      369
  SINCE JAN 1    524                       562    -38      458
..................................................................


WIND (MPH)
  HIGHEST WIND SPEED    18   HIGHEST WIND DIRECTION     W (290)
  HIGHEST GUST SPEED    25   HIGHEST GUST DIRECTION     W (290)
  AVERAGE WIND SPEED     9.1


SKY COVER
  POSSIBLE SUNSHINE  MM
  AVERAGE SKY COVER 0.0


WEATHER CONDITIONS
 THE FOLLOWING WEATHER WAS RECORDED YESTERDAY.
  LIGHT RAIN


RELATIVE HUMIDITY (PERCENT)
 HIGHEST   100          1200 AM
 LOWEST     37           200 PM
 AVERAGE    69

..........................................................


THE IOWA CITY IA CLIMATE NORMALS FOR TODAY
                         NORMAL    RECORD    YEAR
 MAXIMUM TEMPERATURE (F)   84        MM        MM
 MINIMUM TEMPERATURE (F)   65        MM        MM


SUNRISE AND SUNSET
JULY 30 2015..........SUNRISE   558 AM CDT   SUNSET   826 PM CDT
JULY 31 2015..........SUNRISE   559 AM CDT   SUNSET   825 PM CDT


-  INDICATES NEGATIVE NUMBERS.
R  INDICATES RECORD WAS SET OR TIED.
MM INDICATES DATA IS MISSING.
T  INDICATES TRACE AMOUNT.




$$
