000
CDUS43 KDVN 050920
CLIIOW


CLIMATE REPORT
NATIONAL WEATHER SERVICE QUAD CITIES IA IL
419 AM CDT THU MAY 5 2016


...................................

...THE IOWA CITY IA CLIMATE SUMMARY FOR MAY 4 2016...

CLIMATE NORMAL PERIOD 1981 TO 2010
CLIMATE RECORD PERIOD 9999 TO 9999


WEATHER ITEM   OBSERVED TIME   RECORD YEAR NORMAL DEPARTURE LAST
                VALUE   (LST)  VALUE       VALUE  FROM      YEAR
                                                  NORMAL
..................................................................
TEMPERATURE (F)
 YESTERDAY
  MAXIMUM         66    420 PM  MM      MM  68     -2       74
  MINIMUM         45    238 AM  MM      MM  46     -1       59
  AVERAGE         56                        57     -1       67

PRECIPITATION (IN)
  YESTERDAY        0.00         MM      MM   0.15  -0.15     1.45
  MONTH TO DATE    0.18                      0.60  -0.42     1.69
  SINCE MAR 1      4.38                      6.32  -1.94     5.32
  SINCE JAN 1      5.13                      8.48  -3.35     6.90

DEGREE DAYS
 HEATING
  YESTERDAY        9                         9      0        0
  MONTH TO DATE   51                        36     15       16
  SINCE MAR 1   1133                      1279   -146     1244
  SINCE JUL 1   5344                      6229   -885     6609

 COOLING
  YESTERDAY        0                         1     -1        2
  MONTH TO DATE    0                         1     -1        6
  SINCE MAR 1      6                         5      1        6
  SINCE JAN 1      6                         5      1        6
..................................................................


WIND (MPH)
  HIGHEST WIND SPEED    24   HIGHEST WIND DIRECTION    NW (330)
  HIGHEST GUST SPEED    36   HIGHEST GUST DIRECTION    NW (320)
  AVERAGE WIND SPEED    11.2


SKY COVER
  POSSIBLE SUNSHINE  MM
  AVERAGE SKY COVER 0.1


WEATHER CONDITIONS
 THE FOLLOWING WEATHER WAS RECORDED YESTERDAY.
  FOG


RELATIVE HUMIDITY (PERCENT)
 HIGHEST    93           200 AM
 LOWEST     28           400 PM
 AVERAGE    61

..........................................................


THE IOWA CITY IA CLIMATE NORMALS FOR TODAY
                         NORMAL    RECORD    YEAR
 MAXIMUM TEMPERATURE (F)   68        MM        MM
 MINIMUM TEMPERATURE (F)   47        MM        MM


SUNRISE AND SUNSET
MAY  5 2016...........SUNRISE   557 AM CDT   SUNSET   809 PM CDT
MAY  6 2016...........SUNRISE   556 AM CDT   SUNSET   810 PM CDT


-  INDICATES NEGATIVE NUMBERS.
R  INDICATES RECORD WAS SET OR TIED.
MM INDICATES DATA IS MISSING.
T  INDICATES TRACE AMOUNT.




$$
