000
CDUS43 KDVN 270910
CLIIOW


CLIMATE REPORT
NATIONAL WEATHER SERVICE QUAD CITIES IA IL
409 AM CDT THU APR 27 2017


...................................

...THE IOWA CITY IA CLIMATE SUMMARY FOR APRIL 26 2017...

CLIMATE NORMAL PERIOD 1981 TO 2010
CLIMATE RECORD PERIOD 9999 TO 9999


WEATHER ITEM   OBSERVED TIME   RECORD YEAR NORMAL DEPARTURE LAST
                VALUE   (LST)  VALUE       VALUE  FROM      YEAR
                                                  NORMAL
..................................................................
TEMPERATURE (F)
 YESTERDAY
  MAXIMUM         65    114 AM  MM      MM  65      0       62
  MINIMUM         43   1159 PM  MM      MM  44     -1       46
  AVERAGE         54                        54      0       54

PRECIPITATION (IN)
  YESTERDAY        0.15         MM      MM   0.14   0.01     0.00
  MONTH TO DATE    2.76                      2.83  -0.07     0.77
  SINCE MAR 1      5.82                      5.05   0.77     2.80
  SINCE JAN 1      8.22                      7.21   1.01     3.55

DEGREE DAYS
 HEATING
  YESTERDAY       11                        11      0       11
  MONTH TO DATE  231                       386   -155      368
  SINCE MAR 1    981                      1203   -222     1017
  SINCE JUL 1   4876                      6153  -1277     5228

 COOLING
  YESTERDAY        0                         0      0        0
  MONTH TO DATE   11                         0     11        6
  SINCE MAR 1     11                         0     11        6
  SINCE JAN 1     11                         0     11        6
..................................................................


WIND (MPH)
  HIGHEST WIND SPEED    21   HIGHEST WIND DIRECTION     W (280)
  HIGHEST GUST SPEED    25   HIGHEST GUST DIRECTION     W (290)
  AVERAGE WIND SPEED    11.1


SKY COVER
  POSSIBLE SUNSHINE  MM
  AVERAGE SKY COVER 0.9


WEATHER CONDITIONS
 THE FOLLOWING WEATHER WAS RECORDED YESTERDAY.
  RAIN
  LIGHT RAIN
  FOG


RELATIVE HUMIDITY (PERCENT)
 HIGHEST    89           600 AM
 LOWEST     67          1200 AM
 AVERAGE    78

..........................................................


THE IOWA CITY IA CLIMATE NORMALS FOR TODAY
                         NORMAL    RECORD    YEAR
 MAXIMUM TEMPERATURE (F)   65        MM        MM
 MINIMUM TEMPERATURE (F)   44        MM        MM


SUNRISE AND SUNSET
APRIL 27 2017.........SUNRISE   608 AM CDT   SUNSET   800 PM CDT
APRIL 28 2017.........SUNRISE   607 AM CDT   SUNSET   801 PM CDT


-  INDICATES NEGATIVE NUMBERS.
R  INDICATES RECORD WAS SET OR TIED.
MM INDICATES DATA IS MISSING.
T  INDICATES TRACE AMOUNT.




$$
