000
CDUS41 KCTP 290621
CLIIPT


CLIMATE REPORT
NATIONAL WEATHER SERVICE STATE COLLEGE PA
221 AM EDT WED JUL 29 2015


...................................

...THE WILLIAMSPORT PA CLIMATE SUMMARY FOR JULY 28 2015...

CLIMATE NORMAL PERIOD 1981 TO 2010
CLIMATE RECORD PERIOD 1895 TO 2015


WEATHER ITEM   OBSERVED TIME   RECORD YEAR NORMAL DEPARTURE LAST
                VALUE   (LST)  VALUE       VALUE  FROM      YEAR
                                                  NORMAL
..................................................................
TEMPERATURE (F)
 YESTERDAY
  MAXIMUM         91    257 PM 100    1949  84      7       79
  MINIMUM         67    659 AM  47    1903  62      5       61
  AVERAGE         79                        73      6       70

PRECIPITATION (IN)
  YESTERDAY        0.00          2.18 1945   0.14  -0.14     0.38
  MONTH TO DATE    3.88                      3.90  -0.02     3.77
  SINCE JUN 1     11.69                      7.82   3.87     7.23
  SINCE JAN 1     24.11                     22.73   1.38    21.98

DEGREE DAYS
 HEATING
  YESTERDAY        0                         0      0        0
  MONTH TO DATE    2                         0      2        0
  SINCE JUN 1     23                        37    -14        8
  SINCE JUL 1      2                         0      2        0

 COOLING
  YESTERDAY       14                         8      6        5
  MONTH TO DATE  220                       221     -1      231
  SINCE JUN 1    392                       367     25      400
  SINCE JAN 1    520                       410    110      452
..................................................................


WIND (MPH)
  HIGHEST WIND SPEED    10   HIGHEST WIND DIRECTION     S (190)
  HIGHEST GUST SPEED    12   HIGHEST GUST DIRECTION     S (200)
  AVERAGE WIND SPEED     2.8


SKY COVER
  POSSIBLE SUNSHINE  MM
  AVERAGE SKY COVER 0.4


WEATHER CONDITIONS
 THE FOLLOWING WEATHER WAS RECORDED YESTERDAY.
  FOG
  HAZE


RELATIVE HUMIDITY (PERCENT)
 HIGHEST   100           700 AM
 LOWEST     36           100 PM
 AVERAGE    68

..........................................................


THE WILLIAMSPORT PA CLIMATE NORMALS FOR TODAY
                         NORMAL    RECORD    YEAR
 MAXIMUM TEMPERATURE (F)   84        98      1949
 MINIMUM TEMPERATURE (F)   62        49      1965


SUNRISE AND SUNSET
JULY 29 2015..........SUNRISE   600 AM EDT   SUNSET   828 PM EDT
JULY 30 2015..........SUNRISE   601 AM EDT   SUNSET   827 PM EDT


-  INDICATES NEGATIVE NUMBERS.
R  INDICATES RECORD WAS SET OR TIED.
MM INDICATES DATA IS MISSING.
T  INDICATES TRACE AMOUNT.




$$
