000
CDUS41 KCTP 220657
CLIIPT


CLIMATE REPORT
NATIONAL WEATHER SERVICE STATE COLLEGE PA
157 AM EST MON JAN 22 2018


...................................

...THE WILLIAMSPORT PA CLIMATE SUMMARY FOR JANUARY 21 2018...

CLIMATE NORMAL PERIOD 1981 TO 2010
CLIMATE RECORD PERIOD 1895 TO 2018


WEATHER ITEM   OBSERVED TIME   RECORD YEAR NORMAL DEPARTURE LAST
                VALUE   (LST)  VALUE       VALUE  FROM      YEAR
                                                  NORMAL
..................................................................
TEMPERATURE (F)
 YESTERDAY
  MAXIMUM         40    431 PM  61    2006  34      6       46
  MINIMUM         24    336 AM -20    1994  19      5       39
  AVERAGE         32                        26      6       43

PRECIPITATION (IN)
  YESTERDAY        0.01          1.25 1903   0.09  -0.08      T
  MONTH TO DATE    3.21                      1.82   1.39     2.09
  SINCE DEC 1      4.40                      4.75  -0.35     5.05
  SINCE JAN 1      3.21                      1.82   1.39     2.09

SNOWFALL (IN)
  YESTERDAY        0.0           4.1  2012   0.3   -0.3      0.0
  MONTH TO DATE    5.8                       6.9   -1.1      1.0
  SINCE DEC 1      9.8                      13.8   -4.0      9.9
  SINCE JUL 1      9.9                      15.6   -5.7     10.0
  SNOW DEPTH       2

DEGREE DAYS
 HEATING
  YESTERDAY       33                        38     -5       22
  MONTH TO DATE  883                       806     77      699
  SINCE DEC 1   1913                      1854     59     1674
  SINCE JUL 1   2897                      3099   -202     2608

 COOLING
  YESTERDAY        0                         0      0        0
  MONTH TO DATE    0                         0      0        0
  SINCE DEC 1      0                         0      0        0
  SINCE JAN 1      0                         0      0        0
..................................................................


WIND (MPH)
  HIGHEST WIND SPEED     5   HIGHEST WIND DIRECTION     W (290)
  HIGHEST GUST SPEED     5   HIGHEST GUST DIRECTION    SW (220)
  AVERAGE WIND SPEED     0.4


SKY COVER
  POSSIBLE SUNSHINE  MM
  AVERAGE SKY COVER 0.9


WEATHER CONDITIONS
 THE FOLLOWING WEATHER WAS RECORDED YESTERDAY.
  LIGHT RAIN
  FOG


RELATIVE HUMIDITY (PERCENT)
 HIGHEST    92          1200 AM
 LOWEST     76           200 PM
 AVERAGE    84

..........................................................


THE WILLIAMSPORT PA CLIMATE NORMALS FOR TODAY
                         NORMAL    RECORD    YEAR
 MAXIMUM TEMPERATURE (F)   34        62      1906
 MINIMUM TEMPERATURE (F)   19       -13      1984
                                             1961


SUNRISE AND SUNSET
JANUARY 22 2018.......SUNRISE   727 AM EST   SUNSET   512 PM EST
JANUARY 23 2018.......SUNRISE   726 AM EST   SUNSET   513 PM EST


-  INDICATES NEGATIVE NUMBERS.
R  INDICATES RECORD WAS SET OR TIED.
MM INDICATES DATA IS MISSING.
T  INDICATES TRACE AMOUNT.




$$
