000
CDUS41 KCTP 240645
CLIIPT


CLIMATE REPORT
NATIONAL WEATHER SERVICE STATE COLLEGE PA
245 AM EDT THU JUL 24 2014


...................................

...THE WILLIAMSPORT PA CLIMATE SUMMARY FOR JULY 23 2014...

CLIMATE NORMAL PERIOD 1981 TO 2010
CLIMATE RECORD PERIOD 1895 TO 2014


WEATHER ITEM   OBSERVED TIME   RECORD YEAR NORMAL DEPARTURE LAST
                VALUE   (LST)  VALUE       VALUE  FROM      YEAR
                                                  NORMAL
..................................................................
TEMPERATURE (F)
 YESTERDAY
  MAXIMUM         91    332 PM  99    1955  84      7       87
  MINIMUM         69   1159 PM  47    1983  62      7       69
  AVERAGE         80                        73      7       78

PRECIPITATION (IN)
  YESTERDAY        T             3.00 2008   0.14  -0.14     0.01
  MONTH TO DATE    3.24                      3.16   0.08     2.36
  SINCE JUN 1      6.70                      7.08  -0.38     6.53
  SINCE JAN 1     21.45                     21.99  -0.54    19.10

DEGREE DAYS
 HEATING
  YESTERDAY        0                         0      0        0
  MONTH TO DATE    0                         0      0        0
  SINCE JUN 1      8                        37    -29        9
  SINCE JUL 1      0                         0      0        0

 COOLING
  YESTERDAY       15                         8      7       13
  MONTH TO DATE  205                       181     24      316
  SINCE JUN 1    374                       327     47      476
  SINCE JAN 1    426                       370     56      547
..................................................................


WIND (MPH)
  HIGHEST WIND SPEED    20   HIGHEST WIND DIRECTION    NW (320)
  HIGHEST GUST SPEED    26   HIGHEST GUST DIRECTION     W (270)
  AVERAGE WIND SPEED     4.9


SKY COVER
  POSSIBLE SUNSHINE  MM
  AVERAGE SKY COVER 0.4


WEATHER CONDITIONS
 THE FOLLOWING WEATHER WAS RECORDED YESTERDAY.
  THUNDERSTORM
  LIGHT RAIN
  FOG


RELATIVE HUMIDITY (PERCENT)
 HIGHEST    90           300 AM
 LOWEST     47           200 PM
 AVERAGE    69

..........................................................


THE WILLIAMSPORT PA CLIMATE NORMALS FOR TODAY
                         NORMAL    RECORD    YEAR
 MAXIMUM TEMPERATURE (F)   84        96      2001
 MINIMUM TEMPERATURE (F)   62        48      1985


SUNRISE AND SUNSET
JULY 24 2014..........SUNRISE   555 AM EDT   SUNSET   832 PM EDT
JULY 25 2014..........SUNRISE   556 AM EDT   SUNSET   831 PM EDT


-  INDICATES NEGATIVE NUMBERS.
R  INDICATES RECORD WAS SET OR TIED.
MM INDICATES DATA IS MISSING.
T  INDICATES TRACE AMOUNT.




$$
