000
CDUS41 KCTP 200632
CLIIPT


CLIMATE REPORT
NATIONAL WEATHER SERVICE STATE COLLEGE PA
132 AM EST MON FEB 20 2017


...................................

...THE WILLIAMSPORT PA CLIMATE SUMMARY FOR FEBRUARY 19 2017...

CLIMATE NORMAL PERIOD 1981 TO 2010
CLIMATE RECORD PERIOD 1895 TO 2017


WEATHER ITEM   OBSERVED TIME   RECORD YEAR NORMAL DEPARTURE LAST
                VALUE   (LST)  VALUE       VALUE  FROM      YEAR
                                                  NORMAL
..................................................................
TEMPERATURE (F)
 YESTERDAY
  MAXIMUM         69R   427 PM  60    1997  39     30       35
  MINIMUM         31    708 AM  -4    1903  22      9       15
  AVERAGE         50                        30     20       25

PRECIPITATION (IN)
  YESTERDAY        0.00          1.87 1972   0.09  -0.09      T
  MONTH TO DATE    1.50                      1.58  -0.08     3.06
  SINCE DEC 1      7.89                      7.21   0.68     8.48
  SINCE JAN 1      4.93                      4.28   0.65     5.12

SNOWFALL (IN)
  YESTERDAY        0.0          20.0  1972   0.3   -0.3       T
  MONTH TO DATE    6.2                       6.0    0.2      4.3
  SINCE DEC 1     18.4                      23.4   -5.0      5.6
  SINCE JUL 1     18.5                      25.2   -6.7      5.6
  SNOW DEPTH       0

DEGREE DAYS
 HEATING
  YESTERDAY       15                        35    -20       40
  MONTH TO DATE  569                       688   -119      674
  SINCE DEC 1   2525                      2922   -397     2474
  SINCE JUL 1   3459                      4167   -708     3401

 COOLING
  YESTERDAY        0                         0      0        0
  MONTH TO DATE    0                         0      0        0
  SINCE DEC 1      0                         0      0        0
  SINCE JAN 1      0                         0      0        0
..................................................................


WIND (MPH)
  HIGHEST WIND SPEED    17   HIGHEST WIND DIRECTION    NW (310)
  HIGHEST GUST SPEED    25   HIGHEST GUST DIRECTION     W (270)
  AVERAGE WIND SPEED     6.1


SKY COVER
  POSSIBLE SUNSHINE  MM
  AVERAGE SKY COVER 0.0


WEATHER CONDITIONS
 THE FOLLOWING WEATHER WAS RECORDED YESTERDAY.
  NO SIGNIFICANT WEATHER WAS OBSERVED.


RELATIVE HUMIDITY (PERCENT)
 HIGHEST    92           700 AM
 LOWEST     20           500 PM
 AVERAGE    56

..........................................................


THE WILLIAMSPORT PA CLIMATE NORMALS FOR TODAY
                         NORMAL    RECORD    YEAR
 MAXIMUM TEMPERATURE (F)   39        67      2016
                                             1930
 MINIMUM TEMPERATURE (F)   22        -7      1936


SUNRISE AND SUNSET
FEBRUARY 20 2017......SUNRISE   655 AM EST   SUNSET   548 PM EST
FEBRUARY 21 2017......SUNRISE   654 AM EST   SUNSET   549 PM EST


-  INDICATES NEGATIVE NUMBERS.
R  INDICATES RECORD WAS SET OR TIED.
MM INDICATES DATA IS MISSING.
T  INDICATES TRACE AMOUNT.




$$
