000
CDUS41 KCTP 232116
CLIIPT


CLIMATE REPORT
NATIONAL WEATHER SERVICE STATE COLLEGE PA
515 PM EDT TUE SEP 23 2014


...................................

...THE WILLIAMSPORT PA CLIMATE SUMMARY FOR SEPTEMBER 23 2014...
VALID TODAY AS OF 0500 PM LOCAL TIME.

CLIMATE NORMAL PERIOD 1981 TO 2010
CLIMATE RECORD PERIOD 1895 TO 2014


WEATHER ITEM   OBSERVED TIME   RECORD YEAR NORMAL DEPARTURE LAST
                VALUE   (LST)  VALUE       VALUE  FROM      YEAR
                                                  NORMAL
..................................................................
TEMPERATURE (F)
 TODAY
  MAXIMUM         71    359 PM  90    1941  71      0       65
                                      1895
  MINIMUM         40    443 AM  32    1904  50    -10       43
  AVERAGE         56                        60     -4       54

PRECIPITATION (IN)
  TODAY            0.00          1.56 2003   0.14  -0.14     0.00
  MONTH TO DATE    1.08                      3.20  -2.12     1.60
  SINCE SEP 1      1.08                      3.20  -2.12     1.60
  SINCE JAN 1     29.89                     30.23  -0.34    23.22

DEGREE DAYS
 HEATING
  TODAY            9                         6      3       11
  MONTH TO DATE   70                        66      4       90
  SINCE SEP 1     70                        66      4       90
  SINCE JUL 1     75                        80     -5       95

 COOLING
  TODAY            0                         1     -1        0
  MONTH TO DATE   84                        57     27       74
  SINCE SEP 1     84                        57     27       74
  SINCE JAN 1    701                       691     10      833
..................................................................


WIND (MPH)
  HIGHEST WIND SPEED     9   HIGHEST WIND DIRECTION     W (270)
  HIGHEST GUST SPEED    11   HIGHEST GUST DIRECTION    SW (240)
  AVERAGE WIND SPEED     3.0


SKY COVER
  POSSIBLE SUNSHINE  MM
  AVERAGE SKY COVER 0.2


WEATHER CONDITIONS
 THE FOLLOWING WEATHER WAS RECORDED TODAY.
  NO SIGNIFICANT WEATHER WAS OBSERVED.


RELATIVE HUMIDITY (PERCENT)
 HIGHEST    89           300 AM
 LOWEST     41           400 PM
 AVERAGE    65

..........................................................


THE WILLIAMSPORT PA CLIMATE NORMALS FOR TOMORROW
                         NORMAL    RECORD    YEAR
 MAXIMUM TEMPERATURE (F)   70        90      1961
 MINIMUM TEMPERATURE (F)   50        30      1963


SUNRISE AND SUNSET
SEPTEMBER 23 2014.....SUNRISE   656 AM EDT   SUNSET   703 PM EDT
SEPTEMBER 24 2014.....SUNRISE   657 AM EDT   SUNSET   701 PM EDT


-  INDICATES NEGATIVE NUMBERS.
R  INDICATES RECORD WAS SET OR TIED.
MM INDICATES DATA IS MISSING.
T  INDICATES TRACE AMOUNT.




$$
