000
CDUS41 KCTP 240623
CLIIPT


CLIMATE REPORT
NATIONAL WEATHER SERVICE STATE COLLEGE PA
222 AM EDT SUN MAY 24 2015


...................................

...THE WILLIAMSPORT PA CLIMATE SUMMARY FOR MAY 23 2015...

CLIMATE NORMAL PERIOD 1981 TO 2010
CLIMATE RECORD PERIOD 1895 TO 2015


WEATHER ITEM   OBSERVED TIME   RECORD YEAR NORMAL DEPARTURE LAST
                VALUE   (LST)  VALUE       VALUE  FROM      YEAR
                                                  NORMAL
..................................................................
TEMPERATURE (F)
 YESTERDAY
  MAXIMUM         72    515 PM  96    1925  74     -2       74
  MINIMUM         37    533 AM  34    1932  50    -13       47
  AVERAGE         55                        62     -7       61

PRECIPITATION (IN)
  YESTERDAY        0.00          1.48 1931   0.13  -0.13     0.02
  MONTH TO DATE    1.66                      2.69  -1.03     4.86
  SINCE MAR 1      8.22                      8.90  -0.68    10.62
  SINCE JAN 1     11.01                     13.94  -2.93    14.42

SNOWFALL (IN)
  YESTERDAY        0.0           0.0  2002   0.0    0.0      0.0
                                      2001
  MONTH TO DATE    0.0                       0.0    0.0      0.0
  SINCE MAR 1     11.4                       8.0    3.4      0.1
  SINCE JUL 1     44.4                      36.0    8.4     45.9
  SNOW DEPTH       0

DEGREE DAYS
 HEATING
  YESTERDAY       10                         5      5        4
  MONTH TO DATE   89                       171    -82      135
  SINCE MAR 1   1513                      1459     54     1618
  SINCE JUL 1   6150                      5926    224     6450

 COOLING
  YESTERDAY        0                         2     -2        0
  MONTH TO DATE   75                        20     55       26
  SINCE MAR 1     75                        25     50       35
  SINCE JAN 1     75                        25     50       35
..................................................................


WIND (MPH)
  HIGHEST WIND SPEED    13   HIGHEST WIND DIRECTION     W (250)
  HIGHEST GUST SPEED    18   HIGHEST GUST DIRECTION     W (270)
  AVERAGE WIND SPEED     4.5


SKY COVER
  POSSIBLE SUNSHINE  MM
  AVERAGE SKY COVER 0.0


WEATHER CONDITIONS
 THE FOLLOWING WEATHER WAS RECORDED YESTERDAY.
  NO SIGNIFICANT WEATHER WAS OBSERVED.


RELATIVE HUMIDITY (PERCENT)
 HIGHEST    71          1100 PM
 LOWEST     20           300 PM
 AVERAGE    46

..........................................................


THE WILLIAMSPORT PA CLIMATE NORMALS FOR TODAY
                         NORMAL    RECORD    YEAR
 MAXIMUM TEMPERATURE (F)   74        90      1964
 MINIMUM TEMPERATURE (F)   50        31      1963


SUNRISE AND SUNSET
MAY 24 2015...........SUNRISE   542 AM EDT   SUNSET   828 PM EDT
MAY 25 2015...........SUNRISE   541 AM EDT   SUNSET   828 PM EDT


-  INDICATES NEGATIVE NUMBERS.
R  INDICATES RECORD WAS SET OR TIED.
MM INDICATES DATA IS MISSING.
T  INDICATES TRACE AMOUNT.




$$
