149
CDUS43 KEAX 220635
CLIIRK


CLIMATE REPORT
NATIONAL WEATHER SERVICE KANSAS CITY/PLEASANT HILL MO
132 AM CDT FRI MAY 22 2015


...................................

...THE KIRKSVILLE MO CLIMATE SUMMARY FOR MAY 21 2015...

CLIMATE NORMAL PERIOD 1981 TO 2010
CLIMATE RECORD PERIOD 9999 TO 9999


WEATHER ITEM   OBSERVED TIME   NORMAL DEPARTURE LAST
                VALUE   (LST)  VALUE  FROM      YEAR
                                      NORMAL
......................................................
TEMPERATURE (F)
 YESTERDAY
  MAXIMUM         70    455 PM  74     -4       88
  MINIMUM         37   1218 AM  53    -16       68
  AVERAGE         54            64    -10       78

PRECIPITATION (IN)
  YESTERDAY        0.00          0.15  -0.15     0.00
  MONTH TO DATE    2.48          3.32  -0.84     1.08
  SINCE MAR 1      7.01          9.71  -2.70     5.13
  SINCE JAN 1      9.06         12.51  -3.45     8.68

DEGREE DAYS
 HEATING
  YESTERDAY       11             4      7        0
  MONTH TO DATE   99           127    -28      149
  SINCE MAR 1   1067          1284   -217     1452
  SINCE JUL 1   5746          5817    -71     6422

 COOLING
  YESTERDAY        0             2     -2       13
  MONTH TO DATE   42            28     14       57
  SINCE MAR 1     45            35     10       62
  SINCE JAN 1     45            35     10       62
......................................................


WIND (MPH)
  HIGHEST WIND SPEED    15   HIGHEST WIND DIRECTION     W (290)
  HIGHEST GUST SPEED    20   HIGHEST GUST DIRECTION     W (260)
  AVERAGE WIND SPEED     7.1


SKY COVER
  AVERAGE SKY COVER 0.2


WEATHER CONDITIONS
 THE FOLLOWING WEATHER WAS RECORDED YESTERDAY.
  FOG


RELATIVE HUMIDITY (PERCENT)
 HIGHEST   100          1200 AM
 LOWEST     44           400 PM
 AVERAGE    72

..........................................................


THE KIRKSVILLE MO CLIMATE NORMALS FOR TODAY
                         NORMAL
 MAXIMUM TEMPERATURE (F)   74
 MINIMUM TEMPERATURE (F)   54


SUNRISE AND SUNSET
MAY 22 2015...........SUNRISE   549 AM CDT   SUNSET   825 PM CDT
MAY 23 2015...........SUNRISE   548 AM CDT   SUNSET   826 PM CDT


-  INDICATES NEGATIVE NUMBERS.
R  INDICATES RECORD WAS SET OR TIED.
MM INDICATES DATA IS MISSING.
T  INDICATES TRACE AMOUNT.




$$
