661
CDUS43 KEAX 180033
CLIIRK


CLIMATE REPORT
NATIONAL WEATHER SERVICE KANSAS CITY/PLEASANT HILL MO
733 PM CDT THU AUG 17 2017


...................................

...THE KIRKSVILLE MO CLIMATE SUMMARY FOR AUGUST 17 2017...
VALID TODAY AS OF 0700 PM LOCAL TIME.

CLIMATE NORMAL PERIOD 1981 TO 2010
CLIMATE RECORD PERIOD 9999 TO 9999


WEATHER ITEM   OBSERVED TIME   NORMAL DEPARTURE LAST
                VALUE   (LST)  VALUE  FROM      YEAR
                                      NORMAL
......................................................
TEMPERATURE (F)
 TODAY
  MAXIMUM         84    437 PM  85     -1       89
  MINIMUM         69    612 AM  63      6       64
  AVERAGE         77            74      3       77

PRECIPITATION (IN)
  TODAY            0.00          0.13  -0.13     0.03
  MONTH TO DATE    0.46          1.93  -1.47     2.33
  SINCE JUN 1      6.38         11.37  -4.99     6.04
  SINCE JAN 1     19.80         25.52  -5.72    18.33

DEGREE DAYS
 HEATING
  TODAY            0             0      0        0
  MONTH TO DATE    1             0      1        0
  SINCE JUN 1      8            17     -9        6
  SINCE JUL 1      1             1      0        6

 COOLING
  TODAY           12             9      3       12
  MONTH TO DATE  110           168    -58      200
  SINCE JUN 1    763           673     90      882
  SINCE JAN 1    855           735    120      954
......................................................


WIND (MPH)
  HIGHEST WIND SPEED    22   HIGHEST WIND DIRECTION     W (280)
  HIGHEST GUST SPEED    29   HIGHEST GUST DIRECTION     W (290)
  AVERAGE WIND SPEED    11.0


SKY COVER
  AVERAGE SKY COVER 0.4


WEATHER CONDITIONS
 THE FOLLOWING WEATHER WAS RECORDED TODAY.
  NO SIGNIFICANT WEATHER WAS OBSERVED.


RELATIVE HUMIDITY (PERCENT)
 HIGHEST    90          1200 AM
 LOWEST     43           300 PM
 AVERAGE    67

..........................................................


THE KIRKSVILLE MO CLIMATE NORMALS FOR TOMORROW
                         NORMAL
 MAXIMUM TEMPERATURE (F)   85
 MINIMUM TEMPERATURE (F)   63


SUNRISE AND SUNSET
AUGUST 17 2017........SUNRISE   624 AM CDT   SUNSET   804 PM CDT
AUGUST 18 2017........SUNRISE   625 AM CDT   SUNSET   802 PM CDT


-  INDICATES NEGATIVE NUMBERS.
R  INDICATES RECORD WAS SET OR TIED.
MM INDICATES DATA IS MISSING.
T  INDICATES TRACE AMOUNT.




$$
